[INFO] cloning repository https://github.com/balena-io-playground/parallel-disk-duplicator
[INFO] running `Command { std: "git" "-c" "credential.helper=" "-c" "credential.helper=/workspace/cargo-home/bin/git-credential-null" "clone" "--bare" "https://github.com/balena-io-playground/parallel-disk-duplicator" "/workspace/cache/git-repos/https%3A%2F%2Fgithub.com%2Fbalena-io-playground%2Fparallel-disk-duplicator", kill_on_drop: false }`
[INFO] [stderr] Cloning into bare repository '/workspace/cache/git-repos/https%3A%2F%2Fgithub.com%2Fbalena-io-playground%2Fparallel-disk-duplicator'...
[INFO] running `Command { std: "git" "rev-parse" "HEAD", kill_on_drop: false }`
[INFO] [stdout] 384eb5660a348672de7fe1434a4a8b1e88db1468
[INFO] testing balena-io-playground/parallel-disk-duplicator against beta-2021-08-01 for beta-1.55-1
[INFO] running `Command { std: "git" "clone" "/workspace/cache/git-repos/https%3A%2F%2Fgithub.com%2Fbalena-io-playground%2Fparallel-disk-duplicator" "/workspace/builds/worker-0/source", kill_on_drop: false }`
[INFO] [stderr] Cloning into '/workspace/builds/worker-0/source'...
[INFO] [stderr] done.
[INFO] validating manifest of git repo https://github.com/balena-io-playground/parallel-disk-duplicator on toolchain beta-2021-08-01
[INFO] running `Command { std: "/workspace/cargo-home/bin/cargo" "+beta-2021-08-01" "metadata" "--manifest-path" "Cargo.toml" "--no-deps", kill_on_drop: false }`
[INFO] started tweaking git repo https://github.com/balena-io-playground/parallel-disk-duplicator
[INFO] finished tweaking git repo https://github.com/balena-io-playground/parallel-disk-duplicator
[INFO] tweaked toml for git repo https://github.com/balena-io-playground/parallel-disk-duplicator written to /workspace/builds/worker-0/source/Cargo.toml
[INFO] crate git repo https://github.com/balena-io-playground/parallel-disk-duplicator already has a lockfile, it will not be regenerated
[INFO] running `Command { std: "/workspace/cargo-home/bin/cargo" "+beta-2021-08-01" "fetch" "--manifest-path" "Cargo.toml", kill_on_drop: false }`
[INFO] [stderr]  Downloading crates ...
[INFO] [stderr]   Downloaded libc v0.2.67
[INFO] running `Command { std: "docker" "create" "-v" "/var/lib/crater-agent-workspace/builds/worker-0/target:/opt/rustwide/target:rw,Z" "-v" "/var/lib/crater-agent-workspace/builds/worker-0/source:/opt/rustwide/workdir:ro,Z" "-v" "/var/lib/crater-agent-workspace/cargo-home:/opt/rustwide/cargo-home:ro,Z" "-v" "/var/lib/crater-agent-workspace/rustup-home:/opt/rustwide/rustup-home:ro,Z" "-e" "SOURCE_DIR=/opt/rustwide/workdir" "-e" "CARGO_TARGET_DIR=/opt/rustwide/target" "-e" "CARGO_HOME=/opt/rustwide/cargo-home" "-e" "RUSTUP_HOME=/opt/rustwide/rustup-home" "-w" "/opt/rustwide/workdir" "-m" "1610612736" "--user" "0:0" "--network" "none" "ghcr.io/rust-lang/crates-build-env/linux@sha256:34b6a614d2c27851fe6cbf88fbd1137609cefab8b10d0615aaeb6fd47975d74e" "/opt/rustwide/cargo-home/bin/cargo" "+beta-2021-08-01" "metadata" "--no-deps" "--format-version=1", kill_on_drop: false }`
[INFO] [stdout] dd7f4ce8c88712e41671ffed721ebe3ff7babae8e9e80b73038cdccaa9491201
[INFO] [stderr] WARNING: Your kernel does not support swap limit capabilities or the cgroup is not mounted. Memory limited without swap.
[INFO] running `Command { std: "docker" "start" "-a" "dd7f4ce8c88712e41671ffed721ebe3ff7babae8e9e80b73038cdccaa9491201", kill_on_drop: false }`
[INFO] running `Command { std: "docker" "inspect" "dd7f4ce8c88712e41671ffed721ebe3ff7babae8e9e80b73038cdccaa9491201", kill_on_drop: false }`
[INFO] running `Command { std: "docker" "rm" "-f" "dd7f4ce8c88712e41671ffed721ebe3ff7babae8e9e80b73038cdccaa9491201", kill_on_drop: false }`
[INFO] [stdout] dd7f4ce8c88712e41671ffed721ebe3ff7babae8e9e80b73038cdccaa9491201
[INFO] running `Command { std: "docker" "create" "-v" "/var/lib/crater-agent-workspace/builds/worker-0/target:/opt/rustwide/target:rw,Z" "-v" "/var/lib/crater-agent-workspace/builds/worker-0/source:/opt/rustwide/workdir:ro,Z" "-v" "/var/lib/crater-agent-workspace/cargo-home:/opt/rustwide/cargo-home:ro,Z" "-v" "/var/lib/crater-agent-workspace/rustup-home:/opt/rustwide/rustup-home:ro,Z" "-e" "SOURCE_DIR=/opt/rustwide/workdir" "-e" "CARGO_TARGET_DIR=/opt/rustwide/target" "-e" "CARGO_INCREMENTAL=0" "-e" "RUST_BACKTRACE=full" "-e" "RUSTFLAGS=--cap-lints=warn" "-e" "CARGO_HOME=/opt/rustwide/cargo-home" "-e" "RUSTUP_HOME=/opt/rustwide/rustup-home" "-w" "/opt/rustwide/workdir" "-m" "1610612736" "--user" "0:0" "--network" "none" "ghcr.io/rust-lang/crates-build-env/linux@sha256:34b6a614d2c27851fe6cbf88fbd1137609cefab8b10d0615aaeb6fd47975d74e" "/opt/rustwide/cargo-home/bin/cargo" "+beta-2021-08-01" "build" "--frozen" "--message-format=json", kill_on_drop: false }`
[INFO] [stdout] 777aaefb07d3d891526cb696ec16800dd722044799a6de4637cfc3cc29de0a76
[INFO] [stderr] WARNING: Your kernel does not support swap limit capabilities or the cgroup is not mounted. Memory limited without swap.
[INFO] running `Command { std: "docker" "start" "-a" "777aaefb07d3d891526cb696ec16800dd722044799a6de4637cfc3cc29de0a76", kill_on_drop: false }`
[INFO] [stderr]    Compiling parking_lot_core v0.7.0
[INFO] [stderr]    Compiling parking_lot v0.10.0
[INFO] [stderr]    Compiling pdd v0.1.0 (/opt/rustwide/workdir)
[INFO] [stdout] error[E0425]: cannot find value `outputs` in this scope
[INFO] [stdout]   --> src/main.rs:70:29
[INFO] [stdout]    |
[INFO] [stdout] 70 |         for output_path in &outputs {
[INFO] [stdout]    |                             ^^^^^^^ not found in this scope
[INFO] [stdout] 
[INFO] [stdout] 
[INFO] [stdout] error[E0425]: cannot find value `input_path` in this scope
[INFO] [stdout]    --> src/main.rs:111:19
[INFO] [stdout]     |
[INFO] [stdout] 111 |             .open(input_path)
[INFO] [stdout]     |                   ^^^^^^^^^^ not found in this scope
[INFO] [stdout] 
[INFO] [stdout] 
[INFO] [stdout] error[E0425]: cannot find value `outputs` in this scope
[INFO] [stdout]    --> src/main.rs:125:31
[INFO] [stdout]     |
[INFO] [stdout] 125 |             *pending_writes = outputs.len() as u8;
[INFO] [stdout]     |                               ^^^^^^^ not found in this scope
[INFO] [stdout] 
[INFO] [stdout] 
[INFO] [stdout] error: aborting due to 3 previous errors
[INFO] [stdout] 
[INFO] [stdout] 
[INFO] [stdout] For more information about this error, try `rustc --explain E0425`.
[INFO] [stdout] 
[INFO] [stderr] error: could not compile `pdd` due to 4 previous errors
[INFO] running `Command { std: "docker" "inspect" "777aaefb07d3d891526cb696ec16800dd722044799a6de4637cfc3cc29de0a76", kill_on_drop: false }`
[INFO] running `Command { std: "docker" "rm" "-f" "777aaefb07d3d891526cb696ec16800dd722044799a6de4637cfc3cc29de0a76", kill_on_drop: false }`
[INFO] [stdout] 777aaefb07d3d891526cb696ec16800dd722044799a6de4637cfc3cc29de0a76
