[INFO] cloning repository https://github.com/bakaoh/ketos-dapp
[INFO] running `Command { std: "git" "-c" "credential.helper=" "-c" "credential.helper=/workspace/cargo-home/bin/git-credential-null" "clone" "--bare" "https://github.com/bakaoh/ketos-dapp" "/workspace/cache/git-repos/https%3A%2F%2Fgithub.com%2Fbakaoh%2Fketos-dapp", kill_on_drop: false }`
[INFO] [stderr] Cloning into bare repository '/workspace/cache/git-repos/https%3A%2F%2Fgithub.com%2Fbakaoh%2Fketos-dapp'...
[INFO] running `Command { std: "git" "rev-parse" "HEAD", kill_on_drop: false }`
[INFO] [stdout] c155c606bc4e69e1b5b6193294c16624dbca94ff
[INFO] testing bakaoh/ketos-dapp against 1.54.0 for beta-1.55-1
[INFO] running `Command { std: "git" "clone" "/workspace/cache/git-repos/https%3A%2F%2Fgithub.com%2Fbakaoh%2Fketos-dapp" "/workspace/builds/worker-1/source", kill_on_drop: false }`
[INFO] [stderr] Cloning into '/workspace/builds/worker-1/source'...
[INFO] [stderr] done.
[INFO] validating manifest of git repo https://github.com/bakaoh/ketos-dapp on toolchain 1.54.0
[INFO] running `Command { std: "/workspace/cargo-home/bin/cargo" "+1.54.0" "metadata" "--manifest-path" "Cargo.toml" "--no-deps", kill_on_drop: false }`
[INFO] removed /workspace/builds/worker-1/source/rust-toolchain
[INFO] started tweaking git repo https://github.com/bakaoh/ketos-dapp
[INFO] finished tweaking git repo https://github.com/bakaoh/ketos-dapp
[INFO] tweaked toml for git repo https://github.com/bakaoh/ketos-dapp written to /workspace/builds/worker-1/source/Cargo.toml
[INFO] crate git repo https://github.com/bakaoh/ketos-dapp already has a lockfile, it will not be regenerated
[INFO] running `Command { std: "/workspace/cargo-home/bin/cargo" "+1.54.0" "fetch" "--manifest-path" "Cargo.toml", kill_on_drop: false }`
[INFO] [stderr]     Blocking waiting for file lock on package cache
[INFO] [stderr]     Blocking waiting for file lock on package cache
[INFO] running `Command { std: "docker" "create" "-v" "/var/lib/crater-agent-workspace/builds/worker-1/target:/opt/rustwide/target:rw,Z" "-v" "/var/lib/crater-agent-workspace/builds/worker-1/source:/opt/rustwide/workdir:ro,Z" "-v" "/var/lib/crater-agent-workspace/cargo-home:/opt/rustwide/cargo-home:ro,Z" "-v" "/var/lib/crater-agent-workspace/rustup-home:/opt/rustwide/rustup-home:ro,Z" "-e" "SOURCE_DIR=/opt/rustwide/workdir" "-e" "CARGO_TARGET_DIR=/opt/rustwide/target" "-e" "CARGO_HOME=/opt/rustwide/cargo-home" "-e" "RUSTUP_HOME=/opt/rustwide/rustup-home" "-w" "/opt/rustwide/workdir" "-m" "1610612736" "--user" "0:0" "--network" "none" "ghcr.io/rust-lang/crates-build-env/linux@sha256:34b6a614d2c27851fe6cbf88fbd1137609cefab8b10d0615aaeb6fd47975d74e" "/opt/rustwide/cargo-home/bin/cargo" "+1.54.0" "metadata" "--no-deps" "--format-version=1", kill_on_drop: false }`
[INFO] [stdout] efa3e4daa1213c003bb01c1a237658e8530901fb4bb645cc6d3e3438070b44bd
[INFO] [stderr] WARNING: Your kernel does not support swap limit capabilities or the cgroup is not mounted. Memory limited without swap.
[INFO] running `Command { std: "docker" "start" "-a" "efa3e4daa1213c003bb01c1a237658e8530901fb4bb645cc6d3e3438070b44bd", kill_on_drop: false }`
[INFO] running `Command { std: "docker" "inspect" "efa3e4daa1213c003bb01c1a237658e8530901fb4bb645cc6d3e3438070b44bd", kill_on_drop: false }`
[INFO] running `Command { std: "docker" "rm" "-f" "efa3e4daa1213c003bb01c1a237658e8530901fb4bb645cc6d3e3438070b44bd", kill_on_drop: false }`
[INFO] [stdout] efa3e4daa1213c003bb01c1a237658e8530901fb4bb645cc6d3e3438070b44bd
[INFO] running `Command { std: "docker" "create" "-v" "/var/lib/crater-agent-workspace/builds/worker-1/target:/opt/rustwide/target:rw,Z" "-v" "/var/lib/crater-agent-workspace/builds/worker-1/source:/opt/rustwide/workdir:ro,Z" "-v" "/var/lib/crater-agent-workspace/cargo-home:/opt/rustwide/cargo-home:ro,Z" "-v" "/var/lib/crater-agent-workspace/rustup-home:/opt/rustwide/rustup-home:ro,Z" "-e" "SOURCE_DIR=/opt/rustwide/workdir" "-e" "CARGO_TARGET_DIR=/opt/rustwide/target" "-e" "CARGO_INCREMENTAL=0" "-e" "RUST_BACKTRACE=full" "-e" "RUSTFLAGS=--cap-lints=warn" "-e" "CARGO_HOME=/opt/rustwide/cargo-home" "-e" "RUSTUP_HOME=/opt/rustwide/rustup-home" "-w" "/opt/rustwide/workdir" "-m" "1610612736" "--user" "0:0" "--network" "none" "ghcr.io/rust-lang/crates-build-env/linux@sha256:34b6a614d2c27851fe6cbf88fbd1137609cefab8b10d0615aaeb6fd47975d74e" "/opt/rustwide/cargo-home/bin/cargo" "+1.54.0" "build" "--frozen" "--message-format=json", kill_on_drop: false }`
[INFO] [stderr] WARNING: Your kernel does not support swap limit capabilities or the cgroup is not mounted. Memory limited without swap.
[INFO] [stdout] 21e91c0784b25dcf3ad5115e4bd6b16a13e4df910634f9c337da106e4115f7d0
[INFO] running `Command { std: "docker" "start" "-a" "21e91c0784b25dcf3ad5115e4bd6b16a13e4df910634f9c337da106e4115f7d0", kill_on_drop: false }`
[INFO] [stderr]    Compiling num-traits v0.2.8
[INFO] [stderr]    Compiling num-rational v0.2.2
[INFO] [stderr]    Compiling num-iter v0.1.39
[INFO] [stderr]    Compiling num-complex v0.2.3
[INFO] [stderr]    Compiling syn v0.15.26
[INFO] [stderr]    Compiling syn v0.14.9
[INFO] [stderr]    Compiling rand v0.5.6
[INFO] [stderr]    Compiling num-integer v0.1.41
[INFO] [stderr]    Compiling num-bigint v0.2.2
[INFO] [stderr]    Compiling gumdrop_derive v0.5.0
[INFO] [stderr]    Compiling fluence-sdk-main v0.1.5
[INFO] [stdout] error[E0432]: unresolved import `std::alloc::AllocErr`
[INFO] [stdout]   --> /opt/rustwide/cargo-home/registry/src/github.com-1ecc6299db9ec823/fluence-sdk-main-0.1.5/src/memory/errors.rs:20:5
[INFO] [stdout]    |
[INFO] [stdout] 20 | use std::alloc::AllocErr;
[INFO] [stdout]    |     ^^^^^^^^^^^^--------
[INFO] [stdout]    |     |           |
[INFO] [stdout]    |     |           help: a similar name exists in the module: `AllocError`
[INFO] [stdout]    |     no `AllocErr` in `alloc`
[INFO] [stdout] 
[INFO] [stdout] 
[INFO] [stdout] error[E0432]: unresolved import `std::alloc::Alloc`
[INFO] [stdout]   --> /opt/rustwide/cargo-home/registry/src/github.com-1ecc6299db9ec823/fluence-sdk-main-0.1.5/src/memory/mod.rs:24:18
[INFO] [stdout]    |
[INFO] [stdout] 24 | use std::alloc::{Alloc, Global, Layout};
[INFO] [stdout]    |                  ^^^^^
[INFO] [stdout]    |                  |
[INFO] [stdout]    |                  no `Alloc` in `alloc`
[INFO] [stdout]    |                  help: a similar name exists in the module: `alloc`
[INFO] [stdout] 
[INFO] [stdout] 
[INFO] [stdout] error[E0554]: `#![feature]` may not be used on the stable release channel
[INFO] [stdout]   --> /opt/rustwide/cargo-home/registry/src/github.com-1ecc6299db9ec823/fluence-sdk-main-0.1.5/src/lib.rs:22:1
[INFO] [stdout]    |
[INFO] [stdout] 22 | #![feature(allocator_api)]
[INFO] [stdout]    | ^^^^^^^^^^^^^^^^^^^^^^^^^^
[INFO] [stdout] 
[INFO] [stdout] 
[INFO] [stdout] error[E0599]: no method named `alloc` found for struct `std::alloc::Global` in the current scope
[INFO] [stdout]   --> /opt/rustwide/cargo-home/registry/src/github.com-1ecc6299db9ec823/fluence-sdk-main-0.1.5/src/memory/mod.rs:46:12
[INFO] [stdout]    |
[INFO] [stdout] 46 |     Global.alloc(layout).map_err(Into::into)
[INFO] [stdout]    |            ^^^^^ method not found in `std::alloc::Global`
[INFO] [stdout] 
[INFO] [stdout] 
[INFO] [stdout] error[E0599]: no method named `dealloc` found for struct `std::alloc::Global` in the current scope
[INFO] [stdout]   --> /opt/rustwide/cargo-home/registry/src/github.com-1ecc6299db9ec823/fluence-sdk-main-0.1.5/src/memory/mod.rs:60:12
[INFO] [stdout]    |
[INFO] [stdout] 60 |     Global.dealloc(ptr, layout);
[INFO] [stdout]    |            ^^^^^^^ method not found in `std::alloc::Global`
[INFO] [stdout] 
[INFO] [stdout] 
[INFO] [stdout] error: aborting due to 5 previous errors
[INFO] [stdout] 
[INFO] [stdout] 
[INFO] [stdout] Some errors have detailed explanations: E0432, E0554, E0599.
[INFO] [stdout] 
[INFO] [stdout] For more information about an error, try `rustc --explain E0432`.
[INFO] [stdout] 
[INFO] [stderr] error: could not compile `fluence-sdk-main`
[INFO] [stderr] 
[INFO] [stderr] To learn more, run the command again with --verbose.
[INFO] [stderr] warning: build failed, waiting for other jobs to finish...
[INFO] [stderr] error: build failed
[INFO] running `Command { std: "docker" "inspect" "21e91c0784b25dcf3ad5115e4bd6b16a13e4df910634f9c337da106e4115f7d0", kill_on_drop: false }`
[INFO] running `Command { std: "docker" "rm" "-f" "21e91c0784b25dcf3ad5115e4bd6b16a13e4df910634f9c337da106e4115f7d0", kill_on_drop: false }`
[INFO] [stdout] 21e91c0784b25dcf3ad5115e4bd6b16a13e4df910634f9c337da106e4115f7d0
