[INFO] cloning repository https://github.com/azuma-chat/hagrid
[INFO] running `Command { std: "git" "-c" "credential.helper=" "-c" "credential.helper=/workspace/cargo-home/bin/git-credential-null" "clone" "--bare" "https://github.com/azuma-chat/hagrid" "/workspace/cache/git-repos/https%3A%2F%2Fgithub.com%2Fazuma-chat%2Fhagrid", kill_on_drop: false }`
[INFO] [stderr] Cloning into bare repository '/workspace/cache/git-repos/https%3A%2F%2Fgithub.com%2Fazuma-chat%2Fhagrid'...
[INFO] running `Command { std: "git" "rev-parse" "HEAD", kill_on_drop: false }`
[INFO] [stdout] 7be971713d100e32041db8a8c7110e4a368c906e
[INFO] testing azuma-chat/hagrid against 1.54.0 for beta-1.55-1
[INFO] running `Command { std: "git" "clone" "/workspace/cache/git-repos/https%3A%2F%2Fgithub.com%2Fazuma-chat%2Fhagrid" "/workspace/builds/worker-0/source", kill_on_drop: false }`
[INFO] [stderr] Cloning into '/workspace/builds/worker-0/source'...
[INFO] [stderr] done.
[INFO] validating manifest of git repo https://github.com/azuma-chat/hagrid on toolchain 1.54.0
[INFO] running `Command { std: "/workspace/cargo-home/bin/cargo" "+1.54.0" "metadata" "--manifest-path" "Cargo.toml" "--no-deps", kill_on_drop: false }`
[INFO] removed /workspace/builds/worker-0/source/rust-toolchain
[INFO] started tweaking git repo https://github.com/azuma-chat/hagrid
[INFO] finished tweaking git repo https://github.com/azuma-chat/hagrid
[INFO] tweaked toml for git repo https://github.com/azuma-chat/hagrid written to /workspace/builds/worker-0/source/Cargo.toml
[INFO] crate git repo https://github.com/azuma-chat/hagrid already has a lockfile, it will not be regenerated
[INFO] running `Command { std: "/workspace/cargo-home/bin/cargo" "+1.54.0" "fetch" "--manifest-path" "Cargo.toml", kill_on_drop: false }`
[INFO] [stderr]     Updating crates.io index
[INFO] running `Command { std: "docker" "create" "-v" "/var/lib/crater-agent-workspace/builds/worker-0/target:/opt/rustwide/target:rw,Z" "-v" "/var/lib/crater-agent-workspace/builds/worker-0/source:/opt/rustwide/workdir:ro,Z" "-v" "/var/lib/crater-agent-workspace/cargo-home:/opt/rustwide/cargo-home:ro,Z" "-v" "/var/lib/crater-agent-workspace/rustup-home:/opt/rustwide/rustup-home:ro,Z" "-e" "SOURCE_DIR=/opt/rustwide/workdir" "-e" "CARGO_TARGET_DIR=/opt/rustwide/target" "-e" "CARGO_HOME=/opt/rustwide/cargo-home" "-e" "RUSTUP_HOME=/opt/rustwide/rustup-home" "-w" "/opt/rustwide/workdir" "-m" "1610612736" "--user" "0:0" "--network" "none" "ghcr.io/rust-lang/crates-build-env/linux@sha256:34b6a614d2c27851fe6cbf88fbd1137609cefab8b10d0615aaeb6fd47975d74e" "/opt/rustwide/cargo-home/bin/cargo" "+1.54.0" "metadata" "--no-deps" "--format-version=1", kill_on_drop: false }`
[INFO] [stderr] WARNING: Your kernel does not support swap limit capabilities or the cgroup is not mounted. Memory limited without swap.
[INFO] [stdout] 7158e4171fbc53da0717a2681bc68356b34aaf61b5c36f33b4a92e1ccf2d8cdf
[INFO] running `Command { std: "docker" "start" "-a" "7158e4171fbc53da0717a2681bc68356b34aaf61b5c36f33b4a92e1ccf2d8cdf", kill_on_drop: false }`
[INFO] running `Command { std: "docker" "inspect" "7158e4171fbc53da0717a2681bc68356b34aaf61b5c36f33b4a92e1ccf2d8cdf", kill_on_drop: false }`
[INFO] running `Command { std: "docker" "rm" "-f" "7158e4171fbc53da0717a2681bc68356b34aaf61b5c36f33b4a92e1ccf2d8cdf", kill_on_drop: false }`
[INFO] [stdout] 7158e4171fbc53da0717a2681bc68356b34aaf61b5c36f33b4a92e1ccf2d8cdf
[INFO] running `Command { std: "docker" "create" "-v" "/var/lib/crater-agent-workspace/builds/worker-0/target:/opt/rustwide/target:rw,Z" "-v" "/var/lib/crater-agent-workspace/builds/worker-0/source:/opt/rustwide/workdir:ro,Z" "-v" "/var/lib/crater-agent-workspace/cargo-home:/opt/rustwide/cargo-home:ro,Z" "-v" "/var/lib/crater-agent-workspace/rustup-home:/opt/rustwide/rustup-home:ro,Z" "-e" "SOURCE_DIR=/opt/rustwide/workdir" "-e" "CARGO_TARGET_DIR=/opt/rustwide/target" "-e" "CARGO_INCREMENTAL=0" "-e" "RUST_BACKTRACE=full" "-e" "RUSTFLAGS=--cap-lints=warn" "-e" "CARGO_HOME=/opt/rustwide/cargo-home" "-e" "RUSTUP_HOME=/opt/rustwide/rustup-home" "-w" "/opt/rustwide/workdir" "-m" "1610612736" "--user" "0:0" "--network" "none" "ghcr.io/rust-lang/crates-build-env/linux@sha256:34b6a614d2c27851fe6cbf88fbd1137609cefab8b10d0615aaeb6fd47975d74e" "/opt/rustwide/cargo-home/bin/cargo" "+1.54.0" "build" "--frozen" "--message-format=json", kill_on_drop: false }`
[INFO] [stderr] WARNING: Your kernel does not support swap limit capabilities or the cgroup is not mounted. Memory limited without swap.
[INFO] [stdout] 1bce7daf5a4922b94cc07cb43bb237b2c60ab76181d4c144df2074e88649a29d
[INFO] running `Command { std: "docker" "start" "-a" "1bce7daf5a4922b94cc07cb43bb237b2c60ab76181d4c144df2074e88649a29d", kill_on_drop: false }`
[INFO] [stderr]    Compiling bindgen v0.51.1
[INFO] [stderr]    Compiling lalrpop-util v0.19.1
[INFO] [stderr]    Compiling diff v0.1.12
[INFO] [stderr]    Compiling prometheus v0.6.1
[INFO] [stderr]    Compiling memsec v0.6.0
[INFO] [stderr]    Compiling ascii_utils v0.9.3
[INFO] [stderr]    Compiling zbase32 v0.1.2
[INFO] [stderr]    Compiling rfc2047 v0.1.1
[INFO] [stderr]    Compiling nom v4.2.3
[INFO] [stderr]    Compiling email v0.0.20
[INFO] [stderr]    Compiling runtime-fmt v0.4.1 (https://github.com/Valodim/runtime-fmt?rev=44c15d832cb327ef33f95548a9a964d98c006fe4#44c15d83)
[INFO] [stderr]    Compiling libloading v0.5.2
[INFO] [stderr]    Compiling ring v0.13.5
[INFO] [stderr]    Compiling proc-macro2 v0.4.30
[INFO] [stderr]    Compiling pear_codegen v0.1.4
[INFO] [stderr]    Compiling rocket_codegen v0.4.5
[INFO] [stderr] error: failed to run custom build command for `pear_codegen v0.1.4`
[INFO] [stderr] 
[INFO] [stderr] Caused by:
[INFO] [stderr]   process didn't exit successfully: `/opt/rustwide/target/debug/build/pear_codegen-6b748e2f788c6e14/build-script-build` (exit status: 101)
[INFO] [stderr]   --- stderr
[INFO] [stderr]   [1;31mError:[0m [1mPear requires a 'dev' or 'nightly' version of rustc.[0m
[INFO] [stderr]   Installed version: [33m1.54.0 (2021-07-26)[0m
[INFO] [stderr]   Minimum required:  [33m1.31.0-nightly (2018-10-05)[0m
[INFO] [stderr]   thread 'main' panicked at 'Aborting compilation due to incompatible compiler.', /opt/rustwide/cargo-home/registry/src/github.com-1ecc6299db9ec823/pear_codegen-0.1.4/build.rs:24:13
[INFO] [stderr]   stack backtrace:
[INFO] [stderr]      0:     0x55cc12132d30 - std::backtrace_rs::backtrace::libunwind::trace::h34055254b57d8e79
[INFO] [stderr]                                  at /rustc/a178d0322ce20e33eac124758e837cbd80a6f633/library/std/src/../../backtrace/src/backtrace/libunwind.rs:90:5
[INFO] [stderr]      1:     0x55cc12132d30 - std::backtrace_rs::backtrace::trace_unsynchronized::h8f1e3fbd9afff6ec
[INFO] [stderr]                                  at /rustc/a178d0322ce20e33eac124758e837cbd80a6f633/library/std/src/../../backtrace/src/backtrace/mod.rs:66:5
[INFO] [stderr]      2:     0x55cc12132d30 - std::sys_common::backtrace::_print_fmt::h3a99a796b770c360
[INFO] [stderr]                                  at /rustc/a178d0322ce20e33eac124758e837cbd80a6f633/library/std/src/sys_common/backtrace.rs:67:5
[INFO] [stderr]      3:     0x55cc12132d30 - <std::sys_common::backtrace::_print::DisplayBacktrace as core::fmt::Display>::fmt::h32d1f94a80615d18
[INFO] [stderr]                                  at /rustc/a178d0322ce20e33eac124758e837cbd80a6f633/library/std/src/sys_common/backtrace.rs:46:22
[INFO] [stderr]      4:     0x55cc1214fd4c - core::fmt::write::h306731c068f7162c
[INFO] [stderr]                                  at /rustc/a178d0322ce20e33eac124758e837cbd80a6f633/library/core/src/fmt/mod.rs:1110:17
[INFO] [stderr]      5:     0x55cc12130bb5 - std::io::Write::write_fmt::hd2fa90334eee2a21
[INFO] [stderr]                                  at /rustc/a178d0322ce20e33eac124758e837cbd80a6f633/library/std/src/io/mod.rs:1588:15
[INFO] [stderr]      6:     0x55cc1213495b - std::sys_common::backtrace::_print::h5abaa2601a852287
[INFO] [stderr]                                  at /rustc/a178d0322ce20e33eac124758e837cbd80a6f633/library/std/src/sys_common/backtrace.rs:49:5
[INFO] [stderr]      7:     0x55cc1213495b - std::sys_common::backtrace::print::h8d81445442bb638f
[INFO] [stderr]                                  at /rustc/a178d0322ce20e33eac124758e837cbd80a6f633/library/std/src/sys_common/backtrace.rs:36:9
[INFO] [stderr]      8:     0x55cc1213495b - std::panicking::default_hook::{{closure}}::hcfe804496a9fa747
[INFO] [stderr]                                  at /rustc/a178d0322ce20e33eac124758e837cbd80a6f633/library/std/src/panicking.rs:208:50
[INFO] [stderr]      9:     0x55cc12134431 - std::panicking::default_hook::hbea8e3ccf2ba8901
[INFO] [stderr]                                  at /rustc/a178d0322ce20e33eac124758e837cbd80a6f633/library/std/src/panicking.rs:225:9
[INFO] [stderr]     10:     0x55cc12135024 - std::panicking::rust_panic_with_hook::h7ee9e1a2d0f8975a
[INFO] [stderr]                                  at /rustc/a178d0322ce20e33eac124758e837cbd80a6f633/library/std/src/panicking.rs:622:17
[INFO] [stderr]     11:     0x55cc12103a8f - std::panicking::begin_panic::{{closure}}::h7166a5ba67cced5a
[INFO] [stderr]                                  at /rustc/a178d0322ce20e33eac124758e837cbd80a6f633/library/std/src/panicking.rs:542:9
[INFO] [stderr]     12:     0x55cc12104538 - std::sys_common::backtrace::__rust_end_short_backtrace::h557e81fe762c4aca
[INFO] [stderr]                                  at /rustc/a178d0322ce20e33eac124758e837cbd80a6f633/library/std/src/sys_common/backtrace.rs:141:18
[INFO] [stderr]     13:     0x55cc121039d5 - std::panicking::begin_panic::he9e3d83549f71500
[INFO] [stderr]                                  at /rustc/a178d0322ce20e33eac124758e837cbd80a6f633/library/std/src/panicking.rs:541:12
[INFO] [stderr]     14:     0x55cc121052cd - build_script_build::main::h95d116ef32495c84
[INFO] [stderr]                                  at /opt/rustwide/cargo-home/registry/src/github.com-1ecc6299db9ec823/pear_codegen-0.1.4/build.rs:24:13
[INFO] [stderr]     15:     0x55cc12103e5b - core::ops::function::FnOnce::call_once::h10fa1358406fad61
[INFO] [stderr]                                  at /rustc/a178d0322ce20e33eac124758e837cbd80a6f633/library/core/src/ops/function.rs:227:5
[INFO] [stderr]     16:     0x55cc1210457e - std::sys_common::backtrace::__rust_begin_short_backtrace::h6302d736a202d0e0
[INFO] [stderr]                                  at /rustc/a178d0322ce20e33eac124758e837cbd80a6f633/library/std/src/sys_common/backtrace.rs:125:18
[INFO] [stderr]     17:     0x55cc121036b1 - std::rt::lang_start::{{closure}}::h2d84fba602a1c5be
[INFO] [stderr]                                  at /rustc/a178d0322ce20e33eac124758e837cbd80a6f633/library/std/src/rt.rs:49:18
[INFO] [stderr]     18:     0x55cc12135529 - core::ops::function::impls::<impl core::ops::function::FnOnce<A> for &F>::call_once::h2aabc384aab89b7b
[INFO] [stderr]                                  at /rustc/a178d0322ce20e33eac124758e837cbd80a6f633/library/core/src/ops/function.rs:259:13
[INFO] [stderr]     19:     0x55cc12135529 - std::panicking::try::do_call::hc5fcacb7a85fc7b1
[INFO] [stderr]                                  at /rustc/a178d0322ce20e33eac124758e837cbd80a6f633/library/std/src/panicking.rs:401:40
[INFO] [stderr]     20:     0x55cc12135529 - std::panicking::try::hb5d9603af3abbe3a
[INFO] [stderr]                                  at /rustc/a178d0322ce20e33eac124758e837cbd80a6f633/library/std/src/panicking.rs:365:19
[INFO] [stderr]     21:     0x55cc12135529 - std::panic::catch_unwind::h98fe6ac3925e64b4
[INFO] [stderr]                                  at /rustc/a178d0322ce20e33eac124758e837cbd80a6f633/library/std/src/panic.rs:434:14
[INFO] [stderr]     22:     0x55cc12135529 - std::rt::lang_start_internal::h22ac7383c516f93e
[INFO] [stderr]                                  at /rustc/a178d0322ce20e33eac124758e837cbd80a6f633/library/std/src/rt.rs:34:21
[INFO] [stderr]     23:     0x55cc12103690 - std::rt::lang_start::hbf1e59d2c4b006d1
[INFO] [stderr]                                  at /rustc/a178d0322ce20e33eac124758e837cbd80a6f633/library/std/src/rt.rs:48:5
[INFO] [stderr]     24:     0x55cc121058cc - main
[INFO] [stderr]     25:     0x7f16b03140b3 - __libc_start_main
[INFO] [stderr]     26:     0x55cc1210296e - _start
[INFO] [stderr]     27:                0x0 - <unknown>
[INFO] [stderr] warning: build failed, waiting for other jobs to finish...
[INFO] [stdout] error[E0554]: `#![feature]` may not be used on the stable release channel
[INFO] [stdout]   --> /opt/rustwide/cargo-home/git/checkouts/runtime-fmt-e54d8f8c63e77028/44c15d8/src/lib.rs:17:1
[INFO] [stdout]    |
[INFO] [stdout] 17 | #![feature(fmt_internals)]
[INFO] [stdout]    | ^^^^^^^^^^^^^^^^^^^^^^^^^^
[INFO] [stdout] 
[INFO] [stdout] 
[INFO] [stdout] error[E0554]: `#![feature]` may not be used on the stable release channel
[INFO] [stdout]   --> /opt/rustwide/cargo-home/git/checkouts/runtime-fmt-e54d8f8c63e77028/44c15d8/src/lib.rs:18:1
[INFO] [stdout]    |
[INFO] [stdout] 18 | #![feature(unicode_internals)]
[INFO] [stdout]    | ^^^^^^^^^^^^^^^^^^^^^^^^^^^^^^
[INFO] [stdout] 
[INFO] [stdout] 
[INFO] [stdout] error[E0554]: `#![feature]` may not be used on the stable release channel
[INFO] [stdout]   --> /opt/rustwide/cargo-home/git/checkouts/runtime-fmt-e54d8f8c63e77028/44c15d8/src/lib.rs:19:1
[INFO] [stdout]    |
[INFO] [stdout] 19 | #![feature(specialization)]
[INFO] [stdout]    | ^^^^^^^^^^^^^^^^^^^^^^^^^^^
[INFO] [stdout] 
[INFO] [stdout] 
[INFO] [stdout] error[E0554]: `#![feature]` may not be used on the stable release channel
[INFO] [stdout]   --> /opt/rustwide/cargo-home/git/checkouts/runtime-fmt-e54d8f8c63e77028/44c15d8/src/lib.rs:20:1
[INFO] [stdout]    |
[INFO] [stdout] 20 | #![feature(print_internals)]
[INFO] [stdout]    | ^^^^^^^^^^^^^^^^^^^^^^^^^^^^
[INFO] [stdout] 
[INFO] [stdout] 
[INFO] [stdout] error[E0554]: `#![feature]` may not be used on the stable release channel
[INFO] [stdout]   --> /opt/rustwide/cargo-home/git/checkouts/runtime-fmt-e54d8f8c63e77028/44c15d8/src/lib.rs:21:1
[INFO] [stdout]    |
[INFO] [stdout] 21 | #![feature(rustc_private)]
[INFO] [stdout]    | ^^^^^^^^^^^^^^^^^^^^^^^^^^
[INFO] [stdout] 
[INFO] [stdout] 
[INFO] [stdout] error[E0495]: cannot infer an appropriate lifetime for autoref due to conflicting requirements
[INFO] [stdout]    --> /opt/rustwide/cargo-home/git/checkouts/runtime-fmt-e54d8f8c63e77028/44c15d8/src/lib.rs:194:33
[INFO] [stdout]     |
[INFO] [stdout] 194 |         let pieces = self.inner.pieces();
[INFO] [stdout]     |                                 ^^^^^^
[INFO] [stdout]     |
[INFO] [stdout] note: first, the lifetime cannot outlive the lifetime `'s` as defined on the impl at 174:6...
[INFO] [stdout]    --> /opt/rustwide/cargo-home/git/checkouts/runtime-fmt-e54d8f8c63e77028/44c15d8/src/lib.rs:174:6
[INFO] [stdout]     |
[INFO] [stdout] 174 | impl<'s, T: FormatArgs> PreparedFormat<'s, T> {
[INFO] [stdout]     |      ^^
[INFO] [stdout] note: ...so that the type `Parsed<'s, DelayedParse<T>>` is not borrowed for too long
[INFO] [stdout]    --> /opt/rustwide/cargo-home/git/checkouts/runtime-fmt-e54d8f8c63e77028/44c15d8/src/lib.rs:194:22
[INFO] [stdout]     |
[INFO] [stdout] 194 |         let pieces = self.inner.pieces();
[INFO] [stdout]     |                      ^^^^^^^^^^
[INFO] [stdout]     = note: but, the lifetime must be valid for the static lifetime...
[INFO] [stdout] note: ...so that the expression is assignable
[INFO] [stdout]    --> /opt/rustwide/cargo-home/git/checkouts/runtime-fmt-e54d8f8c63e77028/44c15d8/src/lib.rs:200:58
[INFO] [stdout]     |
[INFO] [stdout] 200 |             Some(ref fmt) => Arguments::new_v1_formatted(&pieces, &args, fmt),
[INFO] [stdout]     |                                                          ^^^^^^^
[INFO] [stdout]     = note: expected `&[&'static str]`
[INFO] [stdout]                found `&[&str]`
[INFO] [stdout] 
[INFO] [stdout] 
[INFO] [stdout] error[E0495]: cannot infer an appropriate lifetime for autoref due to conflicting requirements
[INFO] [stdout]    --> /opt/rustwide/cargo-home/git/checkouts/runtime-fmt-e54d8f8c63e77028/44c15d8/src/lib.rs:265:33
[INFO] [stdout]     |
[INFO] [stdout] 265 |         let pieces = self.inner.pieces();
[INFO] [stdout]     |                                 ^^^^^^
[INFO] [stdout]     |
[INFO] [stdout] note: first, the lifetime cannot outlive the lifetime `'s` as defined on the impl at 245:6...
[INFO] [stdout]    --> /opt/rustwide/cargo-home/git/checkouts/runtime-fmt-e54d8f8c63e77028/44c15d8/src/lib.rs:245:6
[INFO] [stdout]     |
[INFO] [stdout] 245 | impl<'s> FormatBuf<'s> {
[INFO] [stdout]     |      ^^
[INFO] [stdout] note: ...so that the type `Parsed<'s, ImmediateParse<'s>>` is not borrowed for too long
[INFO] [stdout]    --> /opt/rustwide/cargo-home/git/checkouts/runtime-fmt-e54d8f8c63e77028/44c15d8/src/lib.rs:265:22
[INFO] [stdout]     |
[INFO] [stdout] 265 |         let pieces = self.inner.pieces();
[INFO] [stdout]     |                      ^^^^^^^^^^
[INFO] [stdout]     = note: but, the lifetime must be valid for the static lifetime...
[INFO] [stdout] note: ...so that the expression is assignable
[INFO] [stdout]    --> /opt/rustwide/cargo-home/git/checkouts/runtime-fmt-e54d8f8c63e77028/44c15d8/src/lib.rs:267:58
[INFO] [stdout]     |
[INFO] [stdout] 267 |             Some(ref fmt) => Arguments::new_v1_formatted(&pieces, &self.inner.args, fmt),
[INFO] [stdout]     |                                                          ^^^^^^^
[INFO] [stdout]     = note: expected `&[&'static str]`
[INFO] [stdout]                found `&[&str]`
[INFO] [stdout] 
[INFO] [stdout] 
[INFO] [stdout] error: aborting due to 7 previous errors
[INFO] [stdout] 
[INFO] [stdout] 
[INFO] [stdout] Some errors have detailed explanations: E0495, E0554.
[INFO] [stdout] 
[INFO] [stdout] For more information about an error, try `rustc --explain E0495`.
[INFO] [stdout] 
[INFO] [stderr] error: build failed
[INFO] running `Command { std: "docker" "inspect" "1bce7daf5a4922b94cc07cb43bb237b2c60ab76181d4c144df2074e88649a29d", kill_on_drop: false }`
[INFO] running `Command { std: "docker" "rm" "-f" "1bce7daf5a4922b94cc07cb43bb237b2c60ab76181d4c144df2074e88649a29d", kill_on_drop: false }`
[INFO] [stdout] 1bce7daf5a4922b94cc07cb43bb237b2c60ab76181d4c144df2074e88649a29d
