[INFO] cloning repository https://github.com/ayax79/piston-spinning-square
[INFO] running `Command { std: "git" "-c" "credential.helper=" "-c" "credential.helper=/workspace/cargo-home/bin/git-credential-null" "clone" "--bare" "https://github.com/ayax79/piston-spinning-square" "/workspace/cache/git-repos/https%3A%2F%2Fgithub.com%2Fayax79%2Fpiston-spinning-square", kill_on_drop: false }`
[INFO] [stderr] Cloning into bare repository '/workspace/cache/git-repos/https%3A%2F%2Fgithub.com%2Fayax79%2Fpiston-spinning-square'...
[INFO] running `Command { std: "git" "rev-parse" "HEAD", kill_on_drop: false }`
[INFO] [stdout] 92e2028cd4b40f33d1b8a4e733d141f72759a21f
[INFO] testing ayax79/piston-spinning-square against beta-2021-08-01 for beta-1.55-1
[INFO] running `Command { std: "git" "clone" "/workspace/cache/git-repos/https%3A%2F%2Fgithub.com%2Fayax79%2Fpiston-spinning-square" "/workspace/builds/worker-0/source", kill_on_drop: false }`
[INFO] [stderr] Cloning into '/workspace/builds/worker-0/source'...
[INFO] [stderr] done.
[INFO] validating manifest of git repo https://github.com/ayax79/piston-spinning-square on toolchain beta-2021-08-01
[INFO] running `Command { std: "/workspace/cargo-home/bin/cargo" "+beta-2021-08-01" "metadata" "--manifest-path" "Cargo.toml" "--no-deps", kill_on_drop: false }`
[INFO] started tweaking git repo https://github.com/ayax79/piston-spinning-square
[INFO] finished tweaking git repo https://github.com/ayax79/piston-spinning-square
[INFO] tweaked toml for git repo https://github.com/ayax79/piston-spinning-square written to /workspace/builds/worker-0/source/Cargo.toml
[INFO] crate git repo https://github.com/ayax79/piston-spinning-square already has a lockfile, it will not be regenerated
[INFO] running `Command { std: "/workspace/cargo-home/bin/cargo" "+beta-2021-08-01" "fetch" "--manifest-path" "Cargo.toml", kill_on_drop: false }`
[INFO] [stderr] warning: An explicit [[bin]] section is specified in Cargo.toml which currently
[INFO] [stderr] disables Cargo from automatically inferring other binary targets.
[INFO] [stderr] This inference behavior will change in the Rust 2018 edition and the following
[INFO] [stderr] files will be included as a binary target:
[INFO] [stderr] 
[INFO] [stderr] * /workspace/builds/worker-0/source/src/main.rs
[INFO] [stderr] 
[INFO] [stderr] This is likely to break cargo build or cargo test as these files may not be
[INFO] [stderr] ready to be compiled as a binary target today. You can future-proof yourself
[INFO] [stderr] and disable this warning by adding `autobins = false` to your [package]
[INFO] [stderr] section. You may also move the files to a location where Cargo would not
[INFO] [stderr] automatically infer them to be a target, such as in subfolders.
[INFO] [stderr] 
[INFO] [stderr] For more information on this warning you can consult
[INFO] [stderr] https://github.com/rust-lang/cargo/issues/5330
[INFO] [stderr] warning: path `/workspace/builds/worker-0/source/src/main.rs` was erroneously implicitly accepted for binary `spinning-square`,
[INFO] [stderr] please set bin.path in Cargo.toml
[INFO] [stderr]     Blocking waiting for file lock on package cache
[INFO] [stderr]  Downloading crates ...
[INFO] [stderr]   Downloaded dwmapi-sys v0.1.0
[INFO] [stderr]   Downloaded pistoncore-glutin_window v0.26.1
[INFO] [stderr]   Downloaded serde v0.7.5
[INFO] [stderr]   Downloaded euclid v0.6.6
[INFO] [stderr]   Downloaded wayland-client v0.5.12
[INFO] [stderr]   Downloaded osmesa-sys v0.1.0
[INFO] [stderr]   Downloaded fs2 v0.2.4
[INFO] [stderr]   Downloaded wayland-kbd v0.3.6
[INFO] [stderr]   Downloaded wayland-sys v0.5.11
[INFO] [stderr]   Downloaded core-graphics v0.3.0
[INFO] [stderr]   Downloaded core-foundation-sys v0.2.2
[INFO] [stderr]   Downloaded gleam v0.2.19
[INFO] [stderr]   Downloaded piston-texture v0.4.0
[INFO] [stderr]   Downloaded jpeg-decoder v0.1.4
[INFO] [stderr]   Downloaded inflate v0.1.1
[INFO] [stderr]   Downloaded piston v0.22.1
[INFO] [stderr]   Downloaded freetype-sys v0.3.1
[INFO] [stderr]   Downloaded flate2 v0.2.14
[INFO] [stderr]   Downloaded libz-sys v1.0.3
[INFO] [stderr]   Downloaded khronos_api v0.0.8
[INFO] [stderr]   Downloaded pistoncore-event_loop v0.22.1
[INFO] [stderr]   Downloaded wayland-scanner v0.5.11
[INFO] [stderr]   Downloaded libloading v0.2.2
[INFO] [stderr]   Downloaded dlib v0.3.0
[INFO] [stderr]   Downloaded crossbeam v0.2.9
[INFO] [stderr]   Downloaded objc v0.2.1
[INFO] [stderr]   Downloaded cgl v0.1.4
[INFO] [stderr]   Downloaded gl v0.6.0
[INFO] [stderr]   Downloaded fnv v1.0.2
[INFO] [stderr]   Downloaded shared_library v0.1.4
[INFO] [stderr]   Downloaded tempfile v2.1.3
[INFO] [stderr]   Downloaded piston-viewport v0.2.0
[INFO] [stderr]   Downloaded xml-rs v0.3.4
[INFO] [stderr]   Downloaded wayland-window v0.2.3
[INFO] [stderr]   Downloaded glutin v0.5.2
[INFO] [stderr]   Downloaded bitflags v0.6.0
[INFO] [stderr]   Downloaded pistoncore-input v0.12.0
[INFO] [stderr]   Downloaded shader_version v0.2.1
[INFO] [stderr]   Downloaded image v0.9.1
[INFO] [stderr]   Downloaded core-foundation v0.2.2
[INFO] [stderr]   Downloaded gl_generator v0.5.1
[INFO] [stderr]   Downloaded x11-dl v2.5.1
[INFO] [stderr]   Downloaded pistoncore-window v0.19.0
[INFO] [stderr]   Downloaded android_glue v0.1.3
[INFO] [stderr]   Downloaded cocoa v0.3.3
[INFO] [stderr]   Downloaded piston2d-graphics v0.16.0
[INFO] [stderr]   Downloaded png v0.5.1
[INFO] [stderr]   Downloaded vecmath v0.2.0
[INFO] [stderr]   Downloaded piston-float v0.2.0
[INFO] [stderr]   Downloaded khronos_api v1.0.0
[INFO] [stderr]   Downloaded memmap v0.2.3
[INFO] [stderr]   Downloaded libc v0.2.11
[INFO] [stderr]   Downloaded freetype-rs v0.7.0
[INFO] [stderr]   Downloaded piston2d-opengl_graphics v0.28.2
[INFO] running `Command { std: "docker" "create" "-v" "/var/lib/crater-agent-workspace/builds/worker-0/target:/opt/rustwide/target:rw,Z" "-v" "/var/lib/crater-agent-workspace/builds/worker-0/source:/opt/rustwide/workdir:ro,Z" "-v" "/var/lib/crater-agent-workspace/cargo-home:/opt/rustwide/cargo-home:ro,Z" "-v" "/var/lib/crater-agent-workspace/rustup-home:/opt/rustwide/rustup-home:ro,Z" "-e" "SOURCE_DIR=/opt/rustwide/workdir" "-e" "CARGO_TARGET_DIR=/opt/rustwide/target" "-e" "CARGO_HOME=/opt/rustwide/cargo-home" "-e" "RUSTUP_HOME=/opt/rustwide/rustup-home" "-w" "/opt/rustwide/workdir" "-m" "1610612736" "--user" "0:0" "--network" "none" "ghcr.io/rust-lang/crates-build-env/linux@sha256:34b6a614d2c27851fe6cbf88fbd1137609cefab8b10d0615aaeb6fd47975d74e" "/opt/rustwide/cargo-home/bin/cargo" "+beta-2021-08-01" "metadata" "--no-deps" "--format-version=1", kill_on_drop: false }`
[INFO] [stdout] 2836ef5611de15e73442d2d9944cea7691aac985a7be25a5c5eeb2c900698c0a
[INFO] [stderr] WARNING: Your kernel does not support swap limit capabilities or the cgroup is not mounted. Memory limited without swap.
[INFO] running `Command { std: "docker" "start" "-a" "2836ef5611de15e73442d2d9944cea7691aac985a7be25a5c5eeb2c900698c0a", kill_on_drop: false }`
[INFO] running `Command { std: "docker" "inspect" "2836ef5611de15e73442d2d9944cea7691aac985a7be25a5c5eeb2c900698c0a", kill_on_drop: false }`
[INFO] running `Command { std: "docker" "rm" "-f" "2836ef5611de15e73442d2d9944cea7691aac985a7be25a5c5eeb2c900698c0a", kill_on_drop: false }`
[INFO] [stdout] 2836ef5611de15e73442d2d9944cea7691aac985a7be25a5c5eeb2c900698c0a
[INFO] running `Command { std: "docker" "create" "-v" "/var/lib/crater-agent-workspace/builds/worker-0/target:/opt/rustwide/target:rw,Z" "-v" "/var/lib/crater-agent-workspace/builds/worker-0/source:/opt/rustwide/workdir:ro,Z" "-v" "/var/lib/crater-agent-workspace/cargo-home:/opt/rustwide/cargo-home:ro,Z" "-v" "/var/lib/crater-agent-workspace/rustup-home:/opt/rustwide/rustup-home:ro,Z" "-e" "SOURCE_DIR=/opt/rustwide/workdir" "-e" "CARGO_TARGET_DIR=/opt/rustwide/target" "-e" "CARGO_INCREMENTAL=0" "-e" "RUST_BACKTRACE=full" "-e" "RUSTFLAGS=--cap-lints=warn" "-e" "CARGO_HOME=/opt/rustwide/cargo-home" "-e" "RUSTUP_HOME=/opt/rustwide/rustup-home" "-w" "/opt/rustwide/workdir" "-m" "1610612736" "--user" "0:0" "--network" "none" "ghcr.io/rust-lang/crates-build-env/linux@sha256:34b6a614d2c27851fe6cbf88fbd1137609cefab8b10d0615aaeb6fd47975d74e" "/opt/rustwide/cargo-home/bin/cargo" "+beta-2021-08-01" "build" "--frozen" "--message-format=json", kill_on_drop: false }`
[INFO] [stderr] WARNING: Your kernel does not support swap limit capabilities or the cgroup is not mounted. Memory limited without swap.
[INFO] [stdout] e2df00400dab2d5e42aa3988ee56351216b805b894af81cf142e7b15253f8fbb
[INFO] running `Command { std: "docker" "start" "-a" "e2df00400dab2d5e42aa3988ee56351216b805b894af81cf142e7b15253f8fbb", kill_on_drop: false }`
[INFO] [stderr] warning: An explicit [[bin]] section is specified in Cargo.toml which currently
[INFO] [stderr] disables Cargo from automatically inferring other binary targets.
[INFO] [stderr] This inference behavior will change in the Rust 2018 edition and the following
[INFO] [stderr] files will be included as a binary target:
[INFO] [stderr] 
[INFO] [stderr] * /opt/rustwide/workdir/src/main.rs
[INFO] [stderr] 
[INFO] [stderr] This is likely to break cargo build or cargo test as these files may not be
[INFO] [stderr] ready to be compiled as a binary target today. You can future-proof yourself
[INFO] [stderr] and disable this warning by adding `autobins = false` to your [package]
[INFO] [stderr] section. You may also move the files to a location where Cargo would not
[INFO] [stderr] automatically infer them to be a target, such as in subfolders.
[INFO] [stderr] 
[INFO] [stderr] For more information on this warning you can consult
[INFO] [stderr] https://github.com/rust-lang/cargo/issues/5330
[INFO] [stderr] warning: path `/opt/rustwide/workdir/src/main.rs` was erroneously implicitly accepted for binary `spinning-square`,
[INFO] [stderr] please set bin.path in Cargo.toml
[INFO] [stderr]    Compiling rustc-serialize v0.3.19
[INFO] [stderr]    Compiling piston-float v0.2.0
[INFO] [stderr]    Compiling byteorder v0.5.1
[INFO] [stderr]    Compiling shader_version v0.2.1
[INFO] [stderr]    Compiling piston-texture v0.4.0
[INFO] [stderr]    Compiling read_color v0.1.0
[INFO] [stderr]    Compiling fnv v1.0.2
[INFO] [stderr]    Compiling piston-shaders_graphics2d v0.1.0
[INFO] [stderr]    Compiling num_cpus v0.2.12
[INFO] [stderr]    Compiling miniz-sys v0.1.7
[INFO] [stderr]    Compiling libz-sys v1.0.3
[INFO] [stderr]    Compiling freetype-sys v0.3.1
[INFO] [stderr]    Compiling gif v0.8.0
[INFO] [stderr]    Compiling deque v0.3.1
[INFO] [stderr]    Compiling wayland-client v0.5.12
[INFO] [stderr]    Compiling gl v0.6.0
[INFO] [stdout] error[E0642]: patterns aren't allowed in functions without bodies
[INFO] [stdout]    --> /opt/rustwide/cargo-home/registry/src/github.com-1ecc6299db9ec823/rustc-serialize-0.3.19/src/serialize.rs:147:45
[INFO] [stdout]     |
[INFO] [stdout] 147 | ...                   &f_name: &str,
[INFO] [stdout]     |                       ^^^^^^^ pattern not allowed in function without body
[INFO] [stdout] 
[INFO] [stdout] 
[INFO] [stderr]    Compiling glutin v0.5.2
[INFO] [stderr]    Compiling num v0.1.32
[INFO] [stderr]    Compiling time v0.1.35
[INFO] [stderr]    Compiling piston-viewport v0.2.0
[INFO] [stderr]    Compiling vecmath v0.2.0
[INFO] [stderr]    Compiling rayon v0.3.1
[INFO] [stderr]    Compiling enum_primitive v0.1.0
[INFO] [stdout] error[E0277]: the size for values of type `Self` cannot be known at compilation time
[INFO] [stdout]   --> /opt/rustwide/cargo-home/registry/src/github.com-1ecc6299db9ec823/rayon-0.3.1/src/par_iter/internal.rs:25:40
[INFO] [stdout]    |
[INFO] [stdout] 25 |     fn split_at(self, index: usize) -> (Self, Self);
[INFO] [stdout]    |                                        ^^^^^^^^^^^^ doesn't have a size known at compile-time
[INFO] [stdout]    |
[INFO] [stdout]    = note: only the last element of a tuple may have a dynamically sized type
[INFO] [stdout] help: consider further restricting `Self`
[INFO] [stdout]    |
[INFO] [stdout] 25 |     fn split_at(self, index: usize) -> (Self, Self) where Self: Sized;
[INFO] [stdout]    |                                                     ^^^^^^^^^^^^^^^^^
[INFO] [stdout] 
[INFO] [stdout] 
[INFO] [stdout] error[E0277]: the size for values of type `Self` cannot be known at compilation time
[INFO] [stdout]   --> /opt/rustwide/cargo-home/registry/src/github.com-1ecc6299db9ec823/rayon-0.3.1/src/par_iter/internal.rs:42:40
[INFO] [stdout]    |
[INFO] [stdout] 42 |     fn split_at(self, index: usize) -> (Self, Self, Self::Reducer);
[INFO] [stdout]    |                                        ^^^^^^^^^^^^^^^^^^^^^^^^^^^ doesn't have a size known at compile-time
[INFO] [stdout]    |
[INFO] [stdout]    = note: only the last element of a tuple may have a dynamically sized type
[INFO] [stdout] help: consider further restricting `Self`
[INFO] [stdout]    |
[INFO] [stdout] 42 |     fn split_at(self, index: usize) -> (Self, Self, Self::Reducer) where Self: Sized;
[INFO] [stdout]    |                                                                    ^^^^^^^^^^^^^^^^^
[INFO] [stdout] 
[INFO] [stdout] 
[INFO] [stdout] error: aborting due to 2 previous errors
[INFO] [stdout] 
[INFO] [stdout] 
[INFO] [stdout] For more information about this error, try `rustc --explain E0277`.
[INFO] [stdout] 
[INFO] [stderr] error: could not compile `rayon` due to 3 previous errors
[INFO] [stderr] warning: build failed, waiting for other jobs to finish...
[INFO] [stdout] error: aborting due to previous error
[INFO] [stdout] 
[INFO] [stdout] 
[INFO] [stdout] For more information about this error, try `rustc --explain E0642`.
[INFO] [stdout] 
[INFO] [stderr] error: build failed
[INFO] running `Command { std: "docker" "inspect" "e2df00400dab2d5e42aa3988ee56351216b805b894af81cf142e7b15253f8fbb", kill_on_drop: false }`
[INFO] running `Command { std: "docker" "rm" "-f" "e2df00400dab2d5e42aa3988ee56351216b805b894af81cf142e7b15253f8fbb", kill_on_drop: false }`
[INFO] [stdout] e2df00400dab2d5e42aa3988ee56351216b805b894af81cf142e7b15253f8fbb
