[INFO] cloning repository https://github.com/att-innovate/taep-controller
[INFO] running `Command { std: "git" "-c" "credential.helper=" "-c" "credential.helper=/workspace/cargo-home/bin/git-credential-null" "clone" "--bare" "https://github.com/att-innovate/taep-controller" "/workspace/cache/git-repos/https%3A%2F%2Fgithub.com%2Fatt-innovate%2Ftaep-controller", kill_on_drop: false }`
[INFO] [stderr] Cloning into bare repository '/workspace/cache/git-repos/https%3A%2F%2Fgithub.com%2Fatt-innovate%2Ftaep-controller'...
[INFO] running `Command { std: "git" "rev-parse" "HEAD", kill_on_drop: false }`
[INFO] [stdout] 031976ef2bf7343828a71400dbe48efcbd296841
[INFO] testing att-innovate/taep-controller against beta-2021-08-01 for beta-1.55-1
[INFO] running `Command { std: "git" "clone" "/workspace/cache/git-repos/https%3A%2F%2Fgithub.com%2Fatt-innovate%2Ftaep-controller" "/workspace/builds/worker-3/source", kill_on_drop: false }`
[INFO] [stderr] Cloning into '/workspace/builds/worker-3/source'...
[INFO] [stderr] done.
[INFO] validating manifest of git repo https://github.com/att-innovate/taep-controller on toolchain beta-2021-08-01
[INFO] running `Command { std: "/workspace/cargo-home/bin/cargo" "+beta-2021-08-01" "metadata" "--manifest-path" "Cargo.toml" "--no-deps", kill_on_drop: false }`
[INFO] started tweaking git repo https://github.com/att-innovate/taep-controller
[INFO] finished tweaking git repo https://github.com/att-innovate/taep-controller
[INFO] tweaked toml for git repo https://github.com/att-innovate/taep-controller written to /workspace/builds/worker-3/source/Cargo.toml
[INFO] crate git repo https://github.com/att-innovate/taep-controller already has a lockfile, it will not be regenerated
[INFO] running `Command { std: "/workspace/cargo-home/bin/cargo" "+beta-2021-08-01" "fetch" "--manifest-path" "Cargo.toml", kill_on_drop: false }`
[INFO] [stderr]  Downloading crates ...
[INFO] [stderr]   Downloaded uuid v0.2.3
[INFO] [stderr]   Downloaded unicode-bidi v0.2.6
[INFO] [stderr]   Downloaded aster v0.41.0
[INFO] [stderr]   Downloaded nom v3.2.0
[INFO] [stderr]   Downloaded quasi_codegen v0.32.0
[INFO] [stderr]   Downloaded syntex_pos v0.58.1
[INFO] [stderr]   Downloaded syntex_errors v0.58.1
[INFO] [stderr]   Downloaded syntex_syntax v0.58.1
[INFO] [stderr]   Downloaded url v0.5.10
[INFO] [stderr]   Downloaded iron v0.5.1
[INFO] [stderr]   Downloaded route-recognizer v0.1.12
[INFO] [stderr]   Downloaded router v0.5.1
[INFO] [stderr]   Downloaded which v1.0.2
[INFO] [stderr]   Downloaded bindgen v0.30.0
[INFO] [stderr]   Downloaded quasi v0.32.0
[INFO] [stderr]   Downloaded syntex v0.58.1
[INFO] [stderr]   Downloaded cexpr v0.2.2
[INFO] [stderr]   Downloaded libloading v0.4.1
[INFO] [stderr]   Downloaded clang-sys v0.19.0
[INFO] running `Command { std: "docker" "create" "-v" "/var/lib/crater-agent-workspace/builds/worker-3/target:/opt/rustwide/target:rw,Z" "-v" "/var/lib/crater-agent-workspace/builds/worker-3/source:/opt/rustwide/workdir:ro,Z" "-v" "/var/lib/crater-agent-workspace/cargo-home:/opt/rustwide/cargo-home:ro,Z" "-v" "/var/lib/crater-agent-workspace/rustup-home:/opt/rustwide/rustup-home:ro,Z" "-e" "SOURCE_DIR=/opt/rustwide/workdir" "-e" "CARGO_TARGET_DIR=/opt/rustwide/target" "-e" "CARGO_HOME=/opt/rustwide/cargo-home" "-e" "RUSTUP_HOME=/opt/rustwide/rustup-home" "-w" "/opt/rustwide/workdir" "-m" "1610612736" "--user" "0:0" "--network" "none" "ghcr.io/rust-lang/crates-build-env/linux@sha256:34b6a614d2c27851fe6cbf88fbd1137609cefab8b10d0615aaeb6fd47975d74e" "/opt/rustwide/cargo-home/bin/cargo" "+beta-2021-08-01" "metadata" "--no-deps" "--format-version=1", kill_on_drop: false }`
[INFO] [stderr] WARNING: Your kernel does not support swap limit capabilities or the cgroup is not mounted. Memory limited without swap.
[INFO] [stdout] 72aa69b640dd5864ec6631cbdb534f0a62d8a3c19c81bec708c132dca378ef86
[INFO] running `Command { std: "docker" "start" "-a" "72aa69b640dd5864ec6631cbdb534f0a62d8a3c19c81bec708c132dca378ef86", kill_on_drop: false }`
[INFO] running `Command { std: "docker" "inspect" "72aa69b640dd5864ec6631cbdb534f0a62d8a3c19c81bec708c132dca378ef86", kill_on_drop: false }`
[INFO] running `Command { std: "docker" "rm" "-f" "72aa69b640dd5864ec6631cbdb534f0a62d8a3c19c81bec708c132dca378ef86", kill_on_drop: false }`
[INFO] [stdout] 72aa69b640dd5864ec6631cbdb534f0a62d8a3c19c81bec708c132dca378ef86
[INFO] running `Command { std: "docker" "create" "-v" "/var/lib/crater-agent-workspace/builds/worker-3/target:/opt/rustwide/target:rw,Z" "-v" "/var/lib/crater-agent-workspace/builds/worker-3/source:/opt/rustwide/workdir:ro,Z" "-v" "/var/lib/crater-agent-workspace/cargo-home:/opt/rustwide/cargo-home:ro,Z" "-v" "/var/lib/crater-agent-workspace/rustup-home:/opt/rustwide/rustup-home:ro,Z" "-e" "SOURCE_DIR=/opt/rustwide/workdir" "-e" "CARGO_TARGET_DIR=/opt/rustwide/target" "-e" "CARGO_INCREMENTAL=0" "-e" "RUST_BACKTRACE=full" "-e" "RUSTFLAGS=--cap-lints=warn" "-e" "CARGO_HOME=/opt/rustwide/cargo-home" "-e" "RUSTUP_HOME=/opt/rustwide/rustup-home" "-w" "/opt/rustwide/workdir" "-m" "1610612736" "--user" "0:0" "--network" "none" "ghcr.io/rust-lang/crates-build-env/linux@sha256:34b6a614d2c27851fe6cbf88fbd1137609cefab8b10d0615aaeb6fd47975d74e" "/opt/rustwide/cargo-home/bin/cargo" "+beta-2021-08-01" "build" "--frozen" "--message-format=json", kill_on_drop: false }`
[INFO] [stdout] 5a1bc585189ebff045315a900174750e56ccad7c23cefa111c7330361a6943da
[INFO] [stderr] WARNING: Your kernel does not support swap limit capabilities or the cgroup is not mounted. Memory limited without swap.
[INFO] running `Command { std: "docker" "start" "-a" "5a1bc585189ebff045315a900174750e56ccad7c23cefa111c7330361a6943da", kill_on_drop: false }`
[INFO] [stderr]    Compiling libc v0.2.30
[INFO] [stderr]    Compiling term v0.4.6
[INFO] [stderr]    Compiling bitflags v0.8.2
[INFO] [stderr]    Compiling libloading v0.4.1
[INFO] [stderr]    Compiling unicode-segmentation v1.2.0
[INFO] [stderr]    Compiling modifier v0.1.0
[INFO] [stderr]    Compiling traitobject v0.0.1
[INFO] [stderr]    Compiling route-recognizer v0.1.12
[INFO] [stderr]    Compiling yaml-rust v0.3.5
[INFO] [stderr]    Compiling syntex_pos v0.58.1
[INFO] [stderr]    Compiling openssl-sys v0.7.17
[INFO] [stderr]    Compiling openssl-sys-extras v0.7.14
[INFO] [stderr]    Compiling mime v0.2.6
[INFO] [stderr]    Compiling openssl v0.7.14
[INFO] [stderr]    Compiling conduit-mime-types v0.7.3
[INFO] [stderr]    Compiling unicode-bidi v0.2.6
[INFO] [stderr]    Compiling hpack v0.2.0
[INFO] [stderr]    Compiling clang-sys v0.19.0
[INFO] [stderr]    Compiling error v0.1.9
[INFO] [stderr]    Compiling url v1.5.1
[INFO] [stderr]    Compiling plugin v0.2.6
[INFO] [stderr]    Compiling solicit v0.4.4
[INFO] [stderr]    Compiling memchr v1.0.1
[INFO] [stderr]    Compiling time v0.1.38
[INFO] [stderr]    Compiling term_size v0.3.0
[INFO] [stderr]    Compiling atty v0.2.2
[INFO] [stderr]    Compiling which v1.0.2
[INFO] [stderr]    Compiling num_cpus v1.6.2
[INFO] [stderr]    Compiling rand v0.3.17
[INFO] [stderr]    Compiling num_cpus v0.2.13
[INFO] [stderr]    Compiling syntex_errors v0.58.1
[INFO] [stderr]    Compiling aho-corasick v0.6.3
[INFO] [stderr]    Compiling nom v3.2.0
[INFO] [stderr]    Compiling textwrap v0.7.0
[INFO] [stdout] error[E0713]: borrow may still be in use when destructor runs
[INFO] [stdout]    --> /opt/rustwide/cargo-home/registry/src/github.com-1ecc6299db9ec823/url-1.5.1/src/form_urlencoded.rs:251:40
[INFO] [stdout]     |
[INFO] [stdout] 249 | impl<'a> Target for ::UrlQuery<'a> {
[INFO] [stdout]     |      -- lifetime `'a` defined here
[INFO] [stdout] 250 |     fn as_mut_string(&mut self) -> &mut String { &mut self.url.serialization }
[INFO] [stdout] 251 |     fn finish(self) -> &'a mut ::Url { self.url }
[INFO] [stdout]     |                                        ^^^^^^^^ - here, drop of `self` needs exclusive access to `*self.url`, because the type `UrlQuery<'_>` implements the `Drop` trait
[INFO] [stdout]     |                                        |
[INFO] [stdout]     |                                        returning this value requires that `*self.url` is borrowed for `'a`
[INFO] [stdout] 
[INFO] [stdout] 
[INFO] [stdout] error: aborting due to previous error
[INFO] [stdout] 
[INFO] [stdout] 
[INFO] [stdout] For more information about this error, try `rustc --explain E0713`.
[INFO] [stdout] 
[INFO] [stderr] error: could not compile `url` due to 2 previous errors
[INFO] [stderr] warning: build failed, waiting for other jobs to finish...
[INFO] [stderr] The following warnings were emitted during compilation:
[INFO] [stderr] 
[INFO] [stderr] warning: src/openssl_shim.c: In function 'SSL_CTX_set_ecdh_auto_shim':
[INFO] [stderr] warning: src/openssl_shim.c:121:41: warning: unused parameter 'ctx' [-Wunused-parameter]
[INFO] [stderr] warning:   121 | int SSL_CTX_set_ecdh_auto_shim(SSL_CTX *ctx, int onoff) {
[INFO] [stderr] warning:       |                                ~~~~~~~~~^~~
[INFO] [stderr] warning: src/openssl_shim.c: In function 'DH_new_from_params':
[INFO] [stderr] warning: src/openssl_shim.c:132:7: error: dereferencing pointer to incomplete type 'DH' {aka 'struct dh_st'}
[INFO] [stderr] warning:   132 |     dh->p = p;
[INFO] [stderr] warning:       |       ^~
[INFO] [stderr] warning: src/openssl_shim.c: In function 'X509_get_extensions_shim':
[INFO] [stderr] warning: src/openssl_shim.c:143:13: error: dereferencing pointer to incomplete type 'X509' {aka 'struct x509_st'}
[INFO] [stderr] warning:   143 |     return x->cert_info ? x->cert_info->extensions : NULL;
[INFO] [stderr] warning:       |             ^~
[INFO] [stderr] warning: src/openssl_shim.c:144:1: warning: control reaches end of non-void function [-Wreturn-type]
[INFO] [stderr] warning:   144 | }
[INFO] [stderr] warning:       | ^
[INFO] [stderr] 
[INFO] [stderr] error: build failed
[INFO] running `Command { std: "docker" "inspect" "5a1bc585189ebff045315a900174750e56ccad7c23cefa111c7330361a6943da", kill_on_drop: false }`
[INFO] running `Command { std: "docker" "rm" "-f" "5a1bc585189ebff045315a900174750e56ccad7c23cefa111c7330361a6943da", kill_on_drop: false }`
[INFO] [stdout] 5a1bc585189ebff045315a900174750e56ccad7c23cefa111c7330361a6943da
