[INFO] cloning repository https://github.com/archaelus/rello
[INFO] running `Command { std: "git" "-c" "credential.helper=" "-c" "credential.helper=/workspace/cargo-home/bin/git-credential-null" "clone" "--bare" "https://github.com/archaelus/rello" "/workspace/cache/git-repos/https%3A%2F%2Fgithub.com%2Farchaelus%2Frello", kill_on_drop: false }`
[INFO] [stderr] Cloning into bare repository '/workspace/cache/git-repos/https%3A%2F%2Fgithub.com%2Farchaelus%2Frello'...
[INFO] running `Command { std: "git" "rev-parse" "HEAD", kill_on_drop: false }`
[INFO] [stdout] c072a8e57532613eb410177f1cababdef8d48eef
[INFO] testing archaelus/rello against 1.54.0 for beta-1.55-1
[INFO] running `Command { std: "git" "clone" "/workspace/cache/git-repos/https%3A%2F%2Fgithub.com%2Farchaelus%2Frello" "/workspace/builds/worker-90/source", kill_on_drop: false }`
[INFO] [stderr] Cloning into '/workspace/builds/worker-90/source'...
[INFO] [stderr] done.
[INFO] validating manifest of git repo https://github.com/archaelus/rello on toolchain 1.54.0
[INFO] running `Command { std: "/workspace/cargo-home/bin/cargo" "+1.54.0" "metadata" "--manifest-path" "Cargo.toml" "--no-deps", kill_on_drop: false }`
[INFO] started tweaking git repo https://github.com/archaelus/rello
[INFO] finished tweaking git repo https://github.com/archaelus/rello
[INFO] tweaked toml for git repo https://github.com/archaelus/rello written to /workspace/builds/worker-90/source/Cargo.toml
[INFO] crate git repo https://github.com/archaelus/rello already has a lockfile, it will not be regenerated
[INFO] running `Command { std: "/workspace/cargo-home/bin/cargo" "+1.54.0" "fetch" "--manifest-path" "Cargo.toml", kill_on_drop: false }`
[INFO] [stderr] warning: unused manifest key: target.heroku.version
[INFO] [stderr]     Blocking waiting for file lock on package cache
[INFO] [stderr]     Blocking waiting for file lock on package cache
[INFO] [stderr] warning: TOML file found which contains invalid syntax and will soon not parse
[INFO] [stderr] at `/workspace/cargo-home/registry/src/github.com-1ecc6299db9ec823/url-0.5.7/Cargo.toml`.
[INFO] [stderr] 
[INFO] [stderr] The TOML spec requires newlines after table definitions (e.g., `[a] b = 1` is
[INFO] [stderr] invalid), but this file has a table header which does not have a newline after
[INFO] [stderr] it. A newline needs to be added and this warning will soon become a hard error
[INFO] [stderr] in the future.
[INFO] running `Command { std: "docker" "create" "-v" "/var/lib/crater-agent-workspace/builds/worker-90/target:/opt/rustwide/target:rw,Z" "-v" "/var/lib/crater-agent-workspace/builds/worker-90/source:/opt/rustwide/workdir:ro,Z" "-v" "/var/lib/crater-agent-workspace/cargo-home:/opt/rustwide/cargo-home:ro,Z" "-v" "/var/lib/crater-agent-workspace/rustup-home:/opt/rustwide/rustup-home:ro,Z" "-e" "SOURCE_DIR=/opt/rustwide/workdir" "-e" "CARGO_TARGET_DIR=/opt/rustwide/target" "-e" "CARGO_HOME=/opt/rustwide/cargo-home" "-e" "RUSTUP_HOME=/opt/rustwide/rustup-home" "-w" "/opt/rustwide/workdir" "-m" "1610612736" "--user" "0:0" "--network" "none" "ghcr.io/rust-lang/crates-build-env/linux@sha256:34b6a614d2c27851fe6cbf88fbd1137609cefab8b10d0615aaeb6fd47975d74e" "/opt/rustwide/cargo-home/bin/cargo" "+1.54.0" "metadata" "--no-deps" "--format-version=1", kill_on_drop: false }`
[INFO] [stdout] 59bc62cc6d2624468edd4838314774673558cf107d0329c865f1c5b9ee9eec2f
[INFO] running `Command { std: "docker" "start" "-a" "59bc62cc6d2624468edd4838314774673558cf107d0329c865f1c5b9ee9eec2f", kill_on_drop: false }`
[INFO] running `Command { std: "docker" "inspect" "59bc62cc6d2624468edd4838314774673558cf107d0329c865f1c5b9ee9eec2f", kill_on_drop: false }`
[INFO] running `Command { std: "docker" "rm" "-f" "59bc62cc6d2624468edd4838314774673558cf107d0329c865f1c5b9ee9eec2f", kill_on_drop: false }`
[INFO] [stdout] 59bc62cc6d2624468edd4838314774673558cf107d0329c865f1c5b9ee9eec2f
[INFO] running `Command { std: "docker" "create" "-v" "/var/lib/crater-agent-workspace/builds/worker-90/target:/opt/rustwide/target:rw,Z" "-v" "/var/lib/crater-agent-workspace/builds/worker-90/source:/opt/rustwide/workdir:ro,Z" "-v" "/var/lib/crater-agent-workspace/cargo-home:/opt/rustwide/cargo-home:ro,Z" "-v" "/var/lib/crater-agent-workspace/rustup-home:/opt/rustwide/rustup-home:ro,Z" "-e" "SOURCE_DIR=/opt/rustwide/workdir" "-e" "CARGO_TARGET_DIR=/opt/rustwide/target" "-e" "CARGO_INCREMENTAL=0" "-e" "RUST_BACKTRACE=full" "-e" "RUSTFLAGS=--cap-lints=warn" "-e" "CARGO_HOME=/opt/rustwide/cargo-home" "-e" "RUSTUP_HOME=/opt/rustwide/rustup-home" "-w" "/opt/rustwide/workdir" "-m" "1610612736" "--user" "0:0" "--network" "none" "ghcr.io/rust-lang/crates-build-env/linux@sha256:34b6a614d2c27851fe6cbf88fbd1137609cefab8b10d0615aaeb6fd47975d74e" "/opt/rustwide/cargo-home/bin/cargo" "+1.54.0" "build" "--frozen" "--message-format=json", kill_on_drop: false }`
[INFO] [stdout] 069a64053090fb014f5933b4dcd5afa49834299db07e9005bd0510b88675e33b
[INFO] running `Command { std: "docker" "start" "-a" "069a64053090fb014f5933b4dcd5afa49834299db07e9005bd0510b88675e33b", kill_on_drop: false }`
[INFO] [stderr] warning: unused manifest key: target.heroku.version
[INFO] [stderr] warning: TOML file found which contains invalid syntax and will soon not parse
[INFO] [stderr] at `/opt/rustwide/cargo-home/registry/src/github.com-1ecc6299db9ec823/url-0.5.7/Cargo.toml`.
[INFO] [stderr] 
[INFO] [stderr] The TOML spec requires newlines after table definitions (e.g., `[a] b = 1` is
[INFO] [stderr] invalid), but this file has a table header which does not have a newline after
[INFO] [stderr] it. A newline needs to be added and this warning will soon become a hard error
[INFO] [stderr] in the future.
[INFO] [stderr]    Compiling libc v0.2.8
[INFO] [stderr]    Compiling winapi-build v0.1.1
[INFO] [stderr]    Compiling rustc-serialize v0.3.18
[INFO] [stderr]    Compiling winapi v0.2.6
[INFO] [stderr]    Compiling unicode-xid v0.0.3
[INFO] [stderr]    Compiling bitflags v0.5.0
[INFO] [stderr]    Compiling pkg-config v0.3.8
[INFO] [stderr]    Compiling gcc v0.3.25
[INFO] [stderr]    Compiling encoding_index_tests v0.1.4
[INFO] [stderr]    Compiling semver v0.1.20
[INFO] [stderr]    Compiling phf_shared v0.7.13
[INFO] [stderr]    Compiling lazy_static v0.1.15
[INFO] [stderr]    Compiling matches v0.1.2
[INFO] [stderr]    Compiling serde v0.7.0
[INFO] [stderr]    Compiling unicode-normalization v0.1.2
[INFO] [stderr]    Compiling bitflags v0.4.0
[INFO] [stderr]    Compiling utf8-ranges v0.1.3
[INFO] [stderr]    Compiling regex-syntax v0.3.0
[INFO] [stderr]    Compiling httparse v1.1.1
[INFO] [stderr]    Compiling typeable v0.1.2
[INFO] [stderr]    Compiling traitobject v0.0.1
[INFO] [stderr]    Compiling traitobject v0.0.3
[INFO] [stderr]    Compiling language-tags v0.2.2
[INFO] [stderr]    Compiling quick-error v0.1.4
[INFO] [stderr]    Compiling itertools v0.4.11
[INFO] [stderr]    Compiling encoding-index-tradchinese v1.20141219.5
[INFO] [stderr]    Compiling encoding-index-singlebyte v1.20141219.5
[INFO] [stderr]    Compiling encoding-index-japanese v1.20141219.5
[INFO] [stderr]    Compiling encoding-index-korean v1.20141219.5
[INFO] [stderr]    Compiling encoding-index-simpchinese v1.20141219.5
[INFO] [stderr]    Compiling unicode-bidi v0.2.3
[INFO] [stderr]    Compiling phf v0.7.13
[INFO] [stdout] error[E0642]: patterns aren't allowed in functions without bodies
[INFO] [stdout]    --> /opt/rustwide/cargo-home/registry/src/github.com-1ecc6299db9ec823/rustc-serialize-0.3.18/src/serialize.rs:145:45
[INFO] [stdout]     |
[INFO] [stdout] 145 | ...                   &f_name: &str,
[INFO] [stdout]     |                       ^^^^^^^ pattern not allowed in function without body
[INFO] [stdout] 
[INFO] [stdout] 
[INFO] [stderr]    Compiling kernel32-sys v0.2.1
[INFO] [stderr]    Compiling unsafe-any v0.4.1
[INFO] [stderr]    Compiling log v0.3.5
[INFO] [stderr]    Compiling rand v0.3.14
[INFO] [stderr]    Compiling memchr v0.1.10
[INFO] [stderr]    Compiling num_cpus v0.2.11
[INFO] [stderr]    Compiling rustc_version v0.1.7
[INFO] [stderr]    Compiling typemap v0.3.3
[INFO] [stderr]    Compiling openssl-sys v0.7.8
[INFO] [stderr]    Compiling aho-corasick v0.5.1
[INFO] [stderr]    Compiling hpack v0.2.0
[INFO] [stderr]    Compiling openssl-sys-extras v0.7.8
[INFO] [stderr]    Compiling openssl v0.7.8
[INFO] [stderr]    Compiling term v0.2.14
[INFO] [stderr]    Compiling time v0.1.34
[INFO] [stderr]    Compiling encoding v0.2.32
[INFO] [stderr]    Compiling unicase v1.4.0
[INFO] [stderr]    Compiling solicit v0.4.4
[INFO] [stderr]    Compiling phf_generator v0.7.13
[INFO] [stderr]    Compiling tempdir v0.3.4
[INFO] [stderr]    Compiling regex v0.1.58
[INFO] [stderr] error: failed to run custom build command for `openssl-sys-extras v0.7.8`
[INFO] [stderr] 
[INFO] [stderr] Caused by:
[INFO] [stderr]   process didn't exit successfully: `/opt/rustwide/target/debug/build/openssl-sys-extras-9c1752306118be01/build-script-build` (exit status: 101)
[INFO] [stderr]   --- stdout
[INFO] [stderr]   TARGET = Some("x86_64-unknown-linux-gnu")
[INFO] [stderr]   OPT_LEVEL = Some("0")
[INFO] [stderr]   PROFILE = Some("debug")
[INFO] [stderr]   TARGET = Some("x86_64-unknown-linux-gnu")
[INFO] [stderr]   debug=true opt-level=0
[INFO] [stderr]   HOST = Some("x86_64-unknown-linux-gnu")
[INFO] [stderr]   TARGET = Some("x86_64-unknown-linux-gnu")
[INFO] [stderr]   TARGET = Some("x86_64-unknown-linux-gnu")
[INFO] [stderr]   HOST = Some("x86_64-unknown-linux-gnu")
[INFO] [stderr]   CC_x86_64-unknown-linux-gnu = None
[INFO] [stderr]   CC_x86_64_unknown_linux_gnu = None
[INFO] [stderr]   HOST_CC = None
[INFO] [stderr]   CC = None
[INFO] [stderr]   HOST = Some("x86_64-unknown-linux-gnu")
[INFO] [stderr]   TARGET = Some("x86_64-unknown-linux-gnu")
[INFO] [stderr]   HOST = Some("x86_64-unknown-linux-gnu")
[INFO] [stderr]   CFLAGS_x86_64-unknown-linux-gnu = None
[INFO] [stderr]   CFLAGS_x86_64_unknown_linux_gnu = None
[INFO] [stderr]   HOST_CFLAGS = None
[INFO] [stderr]   CFLAGS = None
[INFO] [stderr]   running: "cc" "-O0" "-ffunction-sections" "-fdata-sections" "-g" "-m64" "-fPIC" "-o" "/opt/rustwide/target/debug/build/openssl-sys-extras-a9404169d0a3d7ff/out/src/openssl_shim.o" "-c" "src/openssl_shim.c"
[INFO] [stderr]   ExitStatus(ExitStatus(256))
[INFO] [stderr] 
[INFO] [stderr] 
[INFO] [stderr]   command did not execute successfully, got: exit status: 1
[INFO] [stderr] 
[INFO] [stderr] 
[INFO] [stderr] 
[INFO] [stderr]   --- stderr
[INFO] [stderr]   src/openssl_shim.c: In function 'DH_new_from_params':
[INFO] [stderr]   src/openssl_shim.c:154:7: error: dereferencing pointer to incomplete type 'DH' {aka 'struct dh_st'}
[INFO] [stderr]     154 |     dh->p = p;
[INFO] [stderr]         |       ^~
[INFO] [stderr]   src/openssl_shim.c: In function 'X509_get_extensions_shim':
[INFO] [stderr]   src/openssl_shim.c:165:13: error: dereferencing pointer to incomplete type 'X509' {aka 'struct x509_st'}
[INFO] [stderr]     165 |     return x->cert_info ? x->cert_info->extensions : NULL;
[INFO] [stderr]         |             ^~
[INFO] [stderr]   thread 'main' panicked at 'explicit panic', /opt/rustwide/cargo-home/registry/src/github.com-1ecc6299db9ec823/gcc-0.3.25/src/lib.rs:818:5
[INFO] [stderr]   stack backtrace:
[INFO] [stderr]      0:     0x5558fd663d20 - std::backtrace_rs::backtrace::libunwind::trace::h34055254b57d8e79
[INFO] [stderr]                                  at /rustc/a178d0322ce20e33eac124758e837cbd80a6f633/library/std/src/../../backtrace/src/backtrace/libunwind.rs:90:5
[INFO] [stderr]      1:     0x5558fd663d20 - std::backtrace_rs::backtrace::trace_unsynchronized::h8f1e3fbd9afff6ec
[INFO] [stderr]                                  at /rustc/a178d0322ce20e33eac124758e837cbd80a6f633/library/std/src/../../backtrace/src/backtrace/mod.rs:66:5
[INFO] [stderr]      2:     0x5558fd663d20 - std::sys_common::backtrace::_print_fmt::h3a99a796b770c360
[INFO] [stderr]                                  at /rustc/a178d0322ce20e33eac124758e837cbd80a6f633/library/std/src/sys_common/backtrace.rs:67:5
[INFO] [stderr]      3:     0x5558fd663d20 - <std::sys_common::backtrace::_print::DisplayBacktrace as core::fmt::Display>::fmt::h32d1f94a80615d18
[INFO] [stderr]                                  at /rustc/a178d0322ce20e33eac124758e837cbd80a6f633/library/std/src/sys_common/backtrace.rs:46:22
[INFO] [stderr]      4:     0x5558fd68291c - core::fmt::write::h306731c068f7162c
[INFO] [stderr]                                  at /rustc/a178d0322ce20e33eac124758e837cbd80a6f633/library/core/src/fmt/mod.rs:1110:17
[INFO] [stderr]      5:     0x5558fd660c95 - std::io::Write::write_fmt::hd2fa90334eee2a21
[INFO] [stderr]                                  at /rustc/a178d0322ce20e33eac124758e837cbd80a6f633/library/std/src/io/mod.rs:1588:15
[INFO] [stderr]      6:     0x5558fd665bbb - std::sys_common::backtrace::_print::h5abaa2601a852287
[INFO] [stderr]                                  at /rustc/a178d0322ce20e33eac124758e837cbd80a6f633/library/std/src/sys_common/backtrace.rs:49:5
[INFO] [stderr]      7:     0x5558fd665bbb - std::sys_common::backtrace::print::h8d81445442bb638f
[INFO] [stderr]                                  at /rustc/a178d0322ce20e33eac124758e837cbd80a6f633/library/std/src/sys_common/backtrace.rs:36:9
[INFO] [stderr]      8:     0x5558fd665bbb - std::panicking::default_hook::{{closure}}::hcfe804496a9fa747
[INFO] [stderr]                                  at /rustc/a178d0322ce20e33eac124758e837cbd80a6f633/library/std/src/panicking.rs:208:50
[INFO] [stderr]      9:     0x5558fd665691 - std::panicking::default_hook::hbea8e3ccf2ba8901
[INFO] [stderr]                                  at /rustc/a178d0322ce20e33eac124758e837cbd80a6f633/library/std/src/panicking.rs:225:9
[INFO] [stderr]     10:     0x5558fd666284 - std::panicking::rust_panic_with_hook::h7ee9e1a2d0f8975a
[INFO] [stderr]                                  at /rustc/a178d0322ce20e33eac124758e837cbd80a6f633/library/std/src/panicking.rs:622:17
[INFO] [stderr]     11:     0x5558fd62b243 - std::panicking::begin_panic::{{closure}}::heddd2d57a2abdd70
[INFO] [stderr]                                  at /rustc/a178d0322ce20e33eac124758e837cbd80a6f633/library/std/src/panicking.rs:542:9
[INFO] [stderr]     12:     0x5558fd62f4b9 - std::sys_common::backtrace::__rust_end_short_backtrace::h1daaf28f6fbfbef1
[INFO] [stderr]                                  at /rustc/a178d0322ce20e33eac124758e837cbd80a6f633/library/std/src/sys_common/backtrace.rs:141:18
[INFO] [stderr]     13:     0x5558fd62b179 - std::panicking::begin_panic::h7f6ac371cd7fae56
[INFO] [stderr]                                  at /rustc/a178d0322ce20e33eac124758e837cbd80a6f633/library/std/src/panicking.rs:541:12
[INFO] [stderr]     14:     0x5558fd63a3c5 - gcc::fail::hcf17b0a6d7a79091
[INFO] [stderr]                                  at /opt/rustwide/cargo-home/registry/src/github.com-1ecc6299db9ec823/gcc-0.3.25/src/lib.rs:818:5
[INFO] [stderr]     15:     0x5558fd63a2f4 - gcc::run::h25c37c06567392cc
[INFO] [stderr]                                  at /opt/rustwide/cargo-home/registry/src/github.com-1ecc6299db9ec823/gcc-0.3.25/src/lib.rs:812:9
[INFO] [stderr]     16:     0x5558fd6330fb - gcc::Config::compile_object::hf1b7ec416407845e
[INFO] [stderr]                                  at /opt/rustwide/cargo-home/registry/src/github.com-1ecc6299db9ec823/gcc-0.3.25/src/lib.rs:375:9
[INFO] [stderr]     17:     0x5558fd632072 - gcc::Config::compile::ha7dd307b87131b3f
[INFO] [stderr]                                  at /opt/rustwide/cargo-home/registry/src/github.com-1ecc6299db9ec823/gcc-0.3.25/src/lib.rs:330:13
[INFO] [stderr]     18:     0x5558fd6273ee - build_script_build::main::hcffed2739f902b3b
[INFO] [stderr]                                  at /opt/rustwide/cargo-home/registry/src/github.com-1ecc6299db9ec823/openssl-sys-extras-0.7.8/build.rs:19:5
[INFO] [stderr]     19:     0x5558fd629adb - core::ops::function::FnOnce::call_once::h6f3cd3f938ecafec
[INFO] [stderr]                                  at /rustc/a178d0322ce20e33eac124758e837cbd80a6f633/library/core/src/ops/function.rs:227:5
[INFO] [stderr]     20:     0x5558fd629a6e - std::sys_common::backtrace::__rust_begin_short_backtrace::h6314b8f17c239431
[INFO] [stderr]                                  at /rustc/a178d0322ce20e33eac124758e837cbd80a6f633/library/std/src/sys_common/backtrace.rs:125:18
[INFO] [stderr]     21:     0x5558fd62a1f1 - std::rt::lang_start::{{closure}}::h4a6f77d37e0dc801
[INFO] [stderr]                                  at /rustc/a178d0322ce20e33eac124758e837cbd80a6f633/library/std/src/rt.rs:49:18
[INFO] [stderr]     22:     0x5558fd666789 - core::ops::function::impls::<impl core::ops::function::FnOnce<A> for &F>::call_once::h2aabc384aab89b7b
[INFO] [stderr]                                  at /rustc/a178d0322ce20e33eac124758e837cbd80a6f633/library/core/src/ops/function.rs:259:13
[INFO] [stderr]     23:     0x5558fd666789 - std::panicking::try::do_call::hc5fcacb7a85fc7b1
[INFO] [stderr]                                  at /rustc/a178d0322ce20e33eac124758e837cbd80a6f633/library/std/src/panicking.rs:401:40
[INFO] [stderr]     24:     0x5558fd666789 - std::panicking::try::hb5d9603af3abbe3a
[INFO] [stderr]                                  at /rustc/a178d0322ce20e33eac124758e837cbd80a6f633/library/std/src/panicking.rs:365:19
[INFO] [stderr]     25:     0x5558fd666789 - std::panic::catch_unwind::h98fe6ac3925e64b4
[INFO] [stderr]                                  at /rustc/a178d0322ce20e33eac124758e837cbd80a6f633/library/std/src/panic.rs:434:14
[INFO] [stderr]     26:     0x5558fd666789 - std::rt::lang_start_internal::h22ac7383c516f93e
[INFO] [stderr]                                  at /rustc/a178d0322ce20e33eac124758e837cbd80a6f633/library/std/src/rt.rs:34:21
[INFO] [stderr]     27:     0x5558fd62a1d0 - std::rt::lang_start::h6c0f2e7a57ea54bf
[INFO] [stderr]                                  at /rustc/a178d0322ce20e33eac124758e837cbd80a6f633/library/std/src/rt.rs:48:5
[INFO] [stderr]     28:     0x5558fd62857c - main
[INFO] [stderr]     29:     0x7f73ccb870b3 - __libc_start_main
[INFO] [stderr]     30:     0x5558fd626a4e - _start
[INFO] [stderr]     31:                0x0 - <unknown>
[INFO] [stderr] warning: build failed, waiting for other jobs to finish...
[INFO] [stdout] error: aborting due to previous error
[INFO] [stdout] 
[INFO] [stdout] 
[INFO] [stdout] For more information about this error, try `rustc --explain E0642`.
[INFO] [stdout] 
[INFO] [stderr] error: build failed
[INFO] running `Command { std: "docker" "inspect" "069a64053090fb014f5933b4dcd5afa49834299db07e9005bd0510b88675e33b", kill_on_drop: false }`
[INFO] running `Command { std: "docker" "rm" "-f" "069a64053090fb014f5933b4dcd5afa49834299db07e9005bd0510b88675e33b", kill_on_drop: false }`
[INFO] [stdout] 069a64053090fb014f5933b4dcd5afa49834299db07e9005bd0510b88675e33b
