[INFO] cloning repository https://github.com/archaelus/bitzn
[INFO] running `Command { std: "git" "-c" "credential.helper=" "-c" "credential.helper=/workspace/cargo-home/bin/git-credential-null" "clone" "--bare" "https://github.com/archaelus/bitzn" "/workspace/cache/git-repos/https%3A%2F%2Fgithub.com%2Farchaelus%2Fbitzn", kill_on_drop: false }`
[INFO] [stderr] Cloning into bare repository '/workspace/cache/git-repos/https%3A%2F%2Fgithub.com%2Farchaelus%2Fbitzn'...
[INFO] running `Command { std: "git" "rev-parse" "HEAD", kill_on_drop: false }`
[INFO] [stdout] dfb3ca626896ffc27faaa71dcee85730356134ba
[INFO] testing archaelus/bitzn against beta-2021-08-01 for beta-1.55-1
[INFO] running `Command { std: "git" "clone" "/workspace/cache/git-repos/https%3A%2F%2Fgithub.com%2Farchaelus%2Fbitzn" "/workspace/builds/worker-50/source", kill_on_drop: false }`
[INFO] [stderr] Cloning into '/workspace/builds/worker-50/source'...
[INFO] [stderr] done.
[INFO] validating manifest of git repo https://github.com/archaelus/bitzn on toolchain beta-2021-08-01
[INFO] running `Command { std: "/workspace/cargo-home/bin/cargo" "+beta-2021-08-01" "metadata" "--manifest-path" "Cargo.toml" "--no-deps", kill_on_drop: false }`
[INFO] removed /workspace/builds/worker-50/source/.cargo/config
[INFO] started tweaking git repo https://github.com/archaelus/bitzn
[INFO] finished tweaking git repo https://github.com/archaelus/bitzn
[INFO] tweaked toml for git repo https://github.com/archaelus/bitzn written to /workspace/builds/worker-50/source/Cargo.toml
[INFO] crate git repo https://github.com/archaelus/bitzn already has a lockfile, it will not be regenerated
[INFO] running `Command { std: "/workspace/cargo-home/bin/cargo" "+beta-2021-08-01" "fetch" "--manifest-path" "Cargo.toml", kill_on_drop: false }`
[INFO] [stderr]     Blocking waiting for file lock on package cache
[INFO] [stderr]     Updating git repository `https://github.com/hackndev/zinc.git`
[INFO] running `Command { std: "docker" "create" "-v" "/var/lib/crater-agent-workspace/builds/worker-50/target:/opt/rustwide/target:rw,Z" "-v" "/var/lib/crater-agent-workspace/builds/worker-50/source:/opt/rustwide/workdir:ro,Z" "-v" "/var/lib/crater-agent-workspace/cargo-home:/opt/rustwide/cargo-home:ro,Z" "-v" "/var/lib/crater-agent-workspace/rustup-home:/opt/rustwide/rustup-home:ro,Z" "-e" "SOURCE_DIR=/opt/rustwide/workdir" "-e" "CARGO_TARGET_DIR=/opt/rustwide/target" "-e" "CARGO_HOME=/opt/rustwide/cargo-home" "-e" "RUSTUP_HOME=/opt/rustwide/rustup-home" "-w" "/opt/rustwide/workdir" "-m" "1610612736" "--user" "0:0" "--network" "none" "ghcr.io/rust-lang/crates-build-env/linux@sha256:34b6a614d2c27851fe6cbf88fbd1137609cefab8b10d0615aaeb6fd47975d74e" "/opt/rustwide/cargo-home/bin/cargo" "+beta-2021-08-01" "metadata" "--no-deps" "--format-version=1", kill_on_drop: false }`
[INFO] [stdout] 74db0ccb4ebffffe6c188c5656e73290644e11def1c13e84a3b38872042bd0cc
[INFO] running `Command { std: "docker" "start" "-a" "74db0ccb4ebffffe6c188c5656e73290644e11def1c13e84a3b38872042bd0cc", kill_on_drop: false }`
[INFO] running `Command { std: "docker" "inspect" "74db0ccb4ebffffe6c188c5656e73290644e11def1c13e84a3b38872042bd0cc", kill_on_drop: false }`
[INFO] running `Command { std: "docker" "rm" "-f" "74db0ccb4ebffffe6c188c5656e73290644e11def1c13e84a3b38872042bd0cc", kill_on_drop: false }`
[INFO] [stdout] 74db0ccb4ebffffe6c188c5656e73290644e11def1c13e84a3b38872042bd0cc
[INFO] running `Command { std: "docker" "create" "-v" "/var/lib/crater-agent-workspace/builds/worker-50/target:/opt/rustwide/target:rw,Z" "-v" "/var/lib/crater-agent-workspace/builds/worker-50/source:/opt/rustwide/workdir:ro,Z" "-v" "/var/lib/crater-agent-workspace/cargo-home:/opt/rustwide/cargo-home:ro,Z" "-v" "/var/lib/crater-agent-workspace/rustup-home:/opt/rustwide/rustup-home:ro,Z" "-e" "SOURCE_DIR=/opt/rustwide/workdir" "-e" "CARGO_TARGET_DIR=/opt/rustwide/target" "-e" "CARGO_INCREMENTAL=0" "-e" "RUST_BACKTRACE=full" "-e" "RUSTFLAGS=--cap-lints=warn" "-e" "CARGO_HOME=/opt/rustwide/cargo-home" "-e" "RUSTUP_HOME=/opt/rustwide/rustup-home" "-w" "/opt/rustwide/workdir" "-m" "1610612736" "--user" "0:0" "--network" "none" "ghcr.io/rust-lang/crates-build-env/linux@sha256:34b6a614d2c27851fe6cbf88fbd1137609cefab8b10d0615aaeb6fd47975d74e" "/opt/rustwide/cargo-home/bin/cargo" "+beta-2021-08-01" "build" "--frozen" "--message-format=json", kill_on_drop: false }`
[INFO] [stdout] 62621cd636d324ae2f22a5910b0e3045ba42257ee0f090be6ebddc9df4bcdfc3
[INFO] running `Command { std: "docker" "start" "-a" "62621cd636d324ae2f22a5910b0e3045ba42257ee0f090be6ebddc9df4bcdfc3", kill_on_drop: false }`
[INFO] [stderr]     Blocking waiting for file lock on package cache
[INFO] [stderr]    Compiling zinc v0.1.0 (https://github.com/hackndev/zinc.git?branch=master#64aa6051)
[INFO] [stderr]    Compiling rlibc v1.0.0
[INFO] [stderr]    Compiling volatile_cell v1.0.0 (https://github.com/hackndev/zinc.git?branch=master#64aa6051)
[INFO] [stderr]    Compiling ioreg v0.1.0 (https://github.com/hackndev/zinc.git?branch=master#64aa6051)
[INFO] [stderr]    Compiling macro_zinc v0.1.0 (https://github.com/hackndev/zinc.git?branch=master#64aa6051)
[INFO] [stdout] error[E0557]: feature has been removed
[INFO] [stdout]    --> /opt/rustwide/cargo-home/git/checkouts/zinc-81c783c18d834726/64aa605/ioreg/src/lib.rs:330:12
[INFO] [stdout]     |
[INFO] [stdout] 330 | #![feature(quote, plugin_registrar, rustc_private)]
[INFO] [stdout]     |            ^^^^^ feature has been removed
[INFO] [stdout] 
[INFO] [stdout] 
[INFO] [stdout] error[E0462]: found staticlib `rustc` instead of rlib or dylib
[INFO] [stdout]    --> /opt/rustwide/cargo-home/git/checkouts/zinc-81c783c18d834726/64aa605/ioreg/src/lib.rs:332:1
[INFO] [stdout]     |
[INFO] [stdout] 332 | extern crate rustc;
[INFO] [stdout]     | ^^^^^^^^^^^^^^^^^^^
[INFO] [stdout]     |
[INFO] [stdout]     = help: please recompile that crate using --crate-type lib
[INFO] [stdout]     = note: the following crate versions were found:
[INFO] [stdout]             crate `rustc`: /opt/rustwide/rustup-home/toolchains/beta-2021-08-01-x86_64-unknown-linux-gnu/lib/rustlib/x86_64-unknown-linux-gnu/lib/librustc-beta_rt.asan.a
[INFO] [stdout]             crate `rustc`: /opt/rustwide/rustup-home/toolchains/beta-2021-08-01-x86_64-unknown-linux-gnu/lib/rustlib/x86_64-unknown-linux-gnu/lib/librustc-beta_rt.tsan.a
[INFO] [stdout]             crate `rustc`: /opt/rustwide/rustup-home/toolchains/beta-2021-08-01-x86_64-unknown-linux-gnu/lib/rustlib/x86_64-unknown-linux-gnu/lib/librustc-beta_rt.msan.a
[INFO] [stdout]             crate `rustc`: /opt/rustwide/rustup-home/toolchains/beta-2021-08-01-x86_64-unknown-linux-gnu/lib/rustlib/x86_64-unknown-linux-gnu/lib/librustc-beta_rt.lsan.a
[INFO] [stdout] 
[INFO] [stdout] 
[INFO] [stdout] error: aborting due to 2 previous errors
[INFO] [stdout] 
[INFO] [stdout] 
[INFO] [stdout] For more information about this error, try `rustc --explain E0557`.
[INFO] [stdout] 
[INFO] [stderr] error: could not compile `ioreg` due to 3 previous errors
[INFO] [stdout] error[E0554]: `#![feature]` may not be used on the beta release channel
[INFO] [stdout]   --> /opt/rustwide/cargo-home/git/checkouts/zinc-81c783c18d834726/64aa605/volatile_cell/lib.rs:18:1
[INFO] [stdout]    |
[INFO] [stdout] 18 | #![feature(core_intrinsics)]
[INFO] [stdout]    | ^^^^^^^^^^^^^^^^^^^^^^^^^^^^
[INFO] [stdout] 
[INFO] [stdout] 
[INFO] [stderr] warning: build failed, waiting for other jobs to finish...
[INFO] [stdout] error[E0557]: feature has been removed
[INFO] [stdout]   --> /opt/rustwide/cargo-home/git/checkouts/zinc-81c783c18d834726/64aa605/macro_zinc/src/lib.rs:16:45
[INFO] [stdout]    |
[INFO] [stdout] 16 | #![feature(rustc_private, plugin_registrar, quote)]
[INFO] [stdout]    |                                             ^^^^^ feature has been removed
[INFO] [stdout] 
[INFO] [stdout] 
[INFO] [stdout] error: aborting due to previous error
[INFO] [stdout] 
[INFO] [stdout] 
[INFO] [stdout] For more information about this error, try `rustc --explain E0554`.
[INFO] [stdout] 
[INFO] [stdout] error[E0462]: found staticlib `rustc` instead of rlib or dylib
[INFO] [stdout]   --> /opt/rustwide/cargo-home/git/checkouts/zinc-81c783c18d834726/64aa605/macro_zinc/src/lib.rs:18:1
[INFO] [stdout]    |
[INFO] [stdout] 18 | extern crate rustc;
[INFO] [stdout]    | ^^^^^^^^^^^^^^^^^^^
[INFO] [stdout]    |
[INFO] [stdout]    = help: please recompile that crate using --crate-type lib
[INFO] [stdout]    = note: the following crate versions were found:
[INFO] [stdout]            crate `rustc`: /opt/rustwide/rustup-home/toolchains/beta-2021-08-01-x86_64-unknown-linux-gnu/lib/rustlib/x86_64-unknown-linux-gnu/lib/librustc-beta_rt.asan.a
[INFO] [stdout]            crate `rustc`: /opt/rustwide/rustup-home/toolchains/beta-2021-08-01-x86_64-unknown-linux-gnu/lib/rustlib/x86_64-unknown-linux-gnu/lib/librustc-beta_rt.tsan.a
[INFO] [stdout]            crate `rustc`: /opt/rustwide/rustup-home/toolchains/beta-2021-08-01-x86_64-unknown-linux-gnu/lib/rustlib/x86_64-unknown-linux-gnu/lib/librustc-beta_rt.msan.a
[INFO] [stdout]            crate `rustc`: /opt/rustwide/rustup-home/toolchains/beta-2021-08-01-x86_64-unknown-linux-gnu/lib/rustlib/x86_64-unknown-linux-gnu/lib/librustc-beta_rt.lsan.a
[INFO] [stdout] 
[INFO] [stdout] 
[INFO] [stdout] error: aborting due to 2 previous errors
[INFO] [stdout] 
[INFO] [stdout] 
[INFO] [stdout] For more information about this error, try `rustc --explain E0557`.
[INFO] [stdout] 
[INFO] [stderr] error: build failed
[INFO] running `Command { std: "docker" "inspect" "62621cd636d324ae2f22a5910b0e3045ba42257ee0f090be6ebddc9df4bcdfc3", kill_on_drop: false }`
[INFO] running `Command { std: "docker" "rm" "-f" "62621cd636d324ae2f22a5910b0e3045ba42257ee0f090be6ebddc9df4bcdfc3", kill_on_drop: false }`
[INFO] [stdout] 62621cd636d324ae2f22a5910b0e3045ba42257ee0f090be6ebddc9df4bcdfc3
