[INFO] cloning repository https://github.com/anlumo/cellardoor
[INFO] running `Command { std: "git" "-c" "credential.helper=" "-c" "credential.helper=/workspace/cargo-home/bin/git-credential-null" "clone" "--bare" "https://github.com/anlumo/cellardoor" "/workspace/cache/git-repos/https%3A%2F%2Fgithub.com%2Fanlumo%2Fcellardoor", kill_on_drop: false }`
[INFO] [stderr] Cloning into bare repository '/workspace/cache/git-repos/https%3A%2F%2Fgithub.com%2Fanlumo%2Fcellardoor'...
[INFO] running `Command { std: "git" "rev-parse" "HEAD", kill_on_drop: false }`
[INFO] [stdout] c3445dda52e4690afc0063990c312e53e8f01448
[INFO] testing anlumo/cellardoor against beta-2021-08-01 for beta-1.55-1
[INFO] running `Command { std: "git" "clone" "/workspace/cache/git-repos/https%3A%2F%2Fgithub.com%2Fanlumo%2Fcellardoor" "/workspace/builds/worker-0/source", kill_on_drop: false }`
[INFO] [stderr] Cloning into '/workspace/builds/worker-0/source'...
[INFO] [stderr] done.
[INFO] validating manifest of git repo https://github.com/anlumo/cellardoor on toolchain beta-2021-08-01
[INFO] running `Command { std: "/workspace/cargo-home/bin/cargo" "+beta-2021-08-01" "metadata" "--manifest-path" "Cargo.toml" "--no-deps", kill_on_drop: false }`
[INFO] started tweaking git repo https://github.com/anlumo/cellardoor
[INFO] finished tweaking git repo https://github.com/anlumo/cellardoor
[INFO] tweaked toml for git repo https://github.com/anlumo/cellardoor written to /workspace/builds/worker-0/source/Cargo.toml
[INFO] crate git repo https://github.com/anlumo/cellardoor already has a lockfile, it will not be regenerated
[INFO] running `Command { std: "/workspace/cargo-home/bin/cargo" "+beta-2021-08-01" "fetch" "--manifest-path" "Cargo.toml", kill_on_drop: false }`
[INFO] [stderr]     Blocking waiting for file lock on package cache
[INFO] [stderr]     Updating git repository `https://github.com/Peltoche/ical-rs`
[INFO] [stderr]     Blocking waiting for file lock on package cache
[INFO] [stderr]  Downloading crates ...
[INFO] [stderr]   Downloaded redis v0.10.0
[INFO] [stderr]   Downloaded curl-sys v0.4.17
[INFO] [stderr]   Downloaded futures-channel-preview v0.3.0-alpha.13
[INFO] [stderr]   Downloaded futures-executor-preview v0.3.0-alpha.13
[INFO] [stderr]   Downloaded futures-util-preview v0.3.0-alpha.13
[INFO] [stderr]   Downloaded futures-preview v0.3.0-alpha.13
[INFO] [stderr]   Downloaded futures-select-macro-preview v0.3.0-alpha.13
[INFO] [stderr]   Downloaded curl v0.4.20
[INFO] [stderr]   Downloaded futures-core-preview v0.3.0-alpha.13
[INFO] [stderr]   Downloaded tokio-async-await v0.1.6
[INFO] [stderr]   Downloaded futures-io-preview v0.3.0-alpha.13
[INFO] [stderr]   Downloaded futures-sink-preview v0.3.0-alpha.13
[INFO] running `Command { std: "docker" "create" "-v" "/var/lib/crater-agent-workspace/builds/worker-0/target:/opt/rustwide/target:rw,Z" "-v" "/var/lib/crater-agent-workspace/builds/worker-0/source:/opt/rustwide/workdir:ro,Z" "-v" "/var/lib/crater-agent-workspace/cargo-home:/opt/rustwide/cargo-home:ro,Z" "-v" "/var/lib/crater-agent-workspace/rustup-home:/opt/rustwide/rustup-home:ro,Z" "-e" "SOURCE_DIR=/opt/rustwide/workdir" "-e" "CARGO_TARGET_DIR=/opt/rustwide/target" "-e" "CARGO_HOME=/opt/rustwide/cargo-home" "-e" "RUSTUP_HOME=/opt/rustwide/rustup-home" "-w" "/opt/rustwide/workdir" "-m" "1610612736" "--user" "0:0" "--network" "none" "ghcr.io/rust-lang/crates-build-env/linux@sha256:34b6a614d2c27851fe6cbf88fbd1137609cefab8b10d0615aaeb6fd47975d74e" "/opt/rustwide/cargo-home/bin/cargo" "+beta-2021-08-01" "metadata" "--no-deps" "--format-version=1", kill_on_drop: false }`
[INFO] [stdout] 5bab9665791f83971f2bca159e8ba018d06fd7372a73251e9f03ad056cd2e955
[INFO] running `Command { std: "docker" "start" "-a" "5bab9665791f83971f2bca159e8ba018d06fd7372a73251e9f03ad056cd2e955", kill_on_drop: false }`
[INFO] running `Command { std: "docker" "inspect" "5bab9665791f83971f2bca159e8ba018d06fd7372a73251e9f03ad056cd2e955", kill_on_drop: false }`
[INFO] running `Command { std: "docker" "rm" "-f" "5bab9665791f83971f2bca159e8ba018d06fd7372a73251e9f03ad056cd2e955", kill_on_drop: false }`
[INFO] [stdout] 5bab9665791f83971f2bca159e8ba018d06fd7372a73251e9f03ad056cd2e955
[INFO] running `Command { std: "docker" "create" "-v" "/var/lib/crater-agent-workspace/builds/worker-0/target:/opt/rustwide/target:rw,Z" "-v" "/var/lib/crater-agent-workspace/builds/worker-0/source:/opt/rustwide/workdir:ro,Z" "-v" "/var/lib/crater-agent-workspace/cargo-home:/opt/rustwide/cargo-home:ro,Z" "-v" "/var/lib/crater-agent-workspace/rustup-home:/opt/rustwide/rustup-home:ro,Z" "-e" "SOURCE_DIR=/opt/rustwide/workdir" "-e" "CARGO_TARGET_DIR=/opt/rustwide/target" "-e" "CARGO_INCREMENTAL=0" "-e" "RUST_BACKTRACE=full" "-e" "RUSTFLAGS=--cap-lints=warn" "-e" "CARGO_HOME=/opt/rustwide/cargo-home" "-e" "RUSTUP_HOME=/opt/rustwide/rustup-home" "-w" "/opt/rustwide/workdir" "-m" "1610612736" "--user" "0:0" "--network" "none" "ghcr.io/rust-lang/crates-build-env/linux@sha256:34b6a614d2c27851fe6cbf88fbd1137609cefab8b10d0615aaeb6fd47975d74e" "/opt/rustwide/cargo-home/bin/cargo" "+beta-2021-08-01" "build" "--frozen" "--message-format=json", kill_on_drop: false }`
[INFO] [stdout] bac04d8826bf8bf8bb2f7bab562827cd78f23cc9f54ab1f089547dcdbef3a3a6
[INFO] running `Command { std: "docker" "start" "-a" "bac04d8826bf8bf8bb2f7bab562827cd78f23cc9f54ab1f089547dcdbef3a3a6", kill_on_drop: false }`
[INFO] [stderr]     Blocking waiting for file lock on package cache
[INFO] [stderr]     Blocking waiting for file lock on package cache
[INFO] [stderr]    Compiling libc v0.2.50
[INFO] [stderr]    Compiling cfg-if v0.1.7
[INFO] [stderr]    Compiling autocfg v0.1.2
[INFO] [stderr]    Compiling rand_core v0.4.0
[INFO] [stderr]    Compiling lazy_static v1.3.0
[INFO] [stderr]    Compiling semver-parser v0.7.0
[INFO] [stderr]    Compiling futures v0.1.25
[INFO] [stderr]    Compiling byteorder v1.3.1
[INFO] [stderr]    Compiling cc v1.0.31
[INFO] [stderr]    Compiling slab v0.4.2
[INFO] [stderr]    Compiling pkg-config v0.3.14
[INFO] [stderr]    Compiling scopeguard v0.3.3
[INFO] [stderr]    Compiling smallvec v0.6.9
[INFO] [stderr]    Compiling stable_deref_trait v1.1.1
[INFO] [stderr]    Compiling fnv v1.0.6
[INFO] [stderr]    Compiling lazycell v1.2.1
[INFO] [stderr]    Compiling either v1.5.1
[INFO] [stderr]    Compiling version_check v0.1.5
[INFO] [stderr]    Compiling arrayvec v0.4.10
[INFO] [stderr]    Compiling proc-macro2 v0.4.27
[INFO] [stderr]    Compiling memchr v2.2.0
[INFO] [stderr]    Compiling nodrop v0.1.13
[INFO] [stderr]    Compiling unicode-xid v0.1.0
[INFO] [stderr]    Compiling syn v0.15.29
[INFO] [stderr]    Compiling memoffset v0.2.1
[INFO] [stderr]    Compiling matches v0.1.8
[INFO] [stderr]    Compiling siphasher v0.2.3
[INFO] [stderr]    Compiling percent-encoding v1.0.1
[INFO] [stderr]    Compiling proc-macro-nested v0.1.3
[INFO] [stderr]    Compiling openssl-probe v0.1.2
[INFO] [stderr]    Compiling openssl v0.10.19
[INFO] [stderr]    Compiling itoa v0.4.3
[INFO] [stderr]    Compiling regex v1.1.2
[INFO] [stderr]    Compiling foreign-types-shared v0.1.1
[INFO] [stderr]    Compiling httparse v1.3.3
[INFO] [stderr]    Compiling ucd-util v0.1.3
[INFO] [stderr]    Compiling void v1.0.2
[INFO] [stderr]    Compiling num-traits v0.2.6
[INFO] [stderr]    Compiling sha1 v0.6.0
[INFO] [stderr]    Compiling quick-error v1.2.2
[INFO] [stderr]    Compiling bitflags v1.0.4
[INFO] [stderr]    Compiling native-tls v0.2.2
[INFO] [stderr]    Compiling pin-utils v0.1.0-alpha.4
[INFO] [stderr]    Compiling utf8-ranges v1.0.2
[INFO] [stderr]    Compiling serde v1.0.89
[INFO] [stderr]    Compiling num-integer v0.1.39
[INFO] [stderr]    Compiling rustc-demangle v0.1.13
[INFO] [stderr]    Compiling safemem v0.3.0
[INFO] [stderr]    Compiling redis v0.10.0
[INFO] [stderr]    Compiling ascii v0.9.1
[INFO] [stderr]    Compiling termcolor v1.0.4
[INFO] [stderr]    Compiling ryu v0.2.7
[INFO] [stderr]    Compiling indexmap v1.0.2
[INFO] [stderr]    Compiling typeable v0.1.2
[INFO] [stderr]    Compiling string v0.1.3
[INFO] [stderr]    Compiling traitobject v0.1.0
[INFO] [stderr]    Compiling try-lock v0.2.2
[INFO] [stderr]    Compiling language-tags v0.2.2
[INFO] [stderr]    Compiling unicode-bidi v0.3.4
[INFO] [stderr]    Compiling log v0.4.6
[INFO] [stderr]    Compiling foreign-types v0.3.2
[INFO] [stderr]    Compiling owning_ref v0.4.0
[INFO] [stderr]    Compiling rand_core v0.3.1
[INFO] [stderr]    Compiling rand_jitter v0.1.3
[INFO] [stderr]    Compiling unreachable v1.0.0
[INFO] [stderr]    Compiling regex-syntax v0.6.5
[INFO] [stderr]    Compiling rand_hc v0.1.0
[INFO] [stderr]    Compiling rand_isaac v0.1.1
[INFO] [stderr]    Compiling rand_xorshift v0.1.1
[INFO] [stderr]    Compiling crossbeam-utils v0.6.5
[INFO] [stderr]    Compiling tokio-trace-core v0.1.0
[INFO] [stderr]    Compiling thread_local v0.3.6
[INFO] [stderr]    Compiling humantime v1.2.0
[INFO] [stderr]    Compiling unicode-normalization v0.1.8
[INFO] [stderr]    Compiling lock_api v0.1.5
[INFO] [stderr]    Compiling futures-core-preview v0.3.0-alpha.13
[INFO] [stderr]    Compiling log v0.3.9
[INFO] [stdout] error[E0554]: `#![feature]` may not be used on the beta release channel
[INFO] [stdout]    --> /opt/rustwide/cargo-home/registry/src/github.com-1ecc6299db9ec823/futures-0.1.25/src/lib.rs:161:34
[INFO] [stdout]     |
[INFO] [stdout] 161 | #![cfg_attr(feature = "nightly", feature(pin))]
[INFO] [stdout]     |                                  ^^^^^^^^^^^^
[INFO] [stdout] 
[INFO] [stdout] 
[INFO] [stdout] error[E0554]: `#![feature]` may not be used on the beta release channel
[INFO] [stdout]  --> /opt/rustwide/cargo-home/registry/src/github.com-1ecc6299db9ec823/futures-core-preview-0.3.0-alpha.13/src/lib.rs:3:1
[INFO] [stdout]   |
[INFO] [stdout] 3 | #![feature(futures_api)]
[INFO] [stdout]   | ^^^^^^^^^^^^^^^^^^^^^^^^
[INFO] [stdout] 
[INFO] [stdout] 
[INFO] [stdout] error[E0053]: method `poll` has an incompatible type for trait
[INFO] [stdout]   --> /opt/rustwide/cargo-home/registry/src/github.com-1ecc6299db9ec823/futures-core-preview-0.3.0-alpha.13/src/future/future_obj.rs:64:42
[INFO] [stdout]    |
[INFO] [stdout] 64 |     fn poll(self: Pin<&mut Self>, waker: &Waker) -> Poll<T> {
[INFO] [stdout]    |                                          ^^^^^^
[INFO] [stdout]    |                                          |
[INFO] [stdout]    |                                          types differ in mutability
[INFO] [stdout]    |                                          help: change the parameter type to match the trait: `&mut Context<'_>`
[INFO] [stdout]    |
[INFO] [stdout]    = note: expected fn pointer `fn(std::pin::Pin<&mut future_obj::LocalFutureObj<'a, T>>, &mut Context<'_>) -> std::task::Poll<_>`
[INFO] [stdout]               found fn pointer `fn(std::pin::Pin<&mut future_obj::LocalFutureObj<'a, T>>, &std::task::Waker) -> std::task::Poll<_>`
[INFO] [stdout] 
[INFO] [stdout] 
[INFO] [stdout] error[E0053]: method `poll` has an incompatible type for trait
[INFO] [stdout]    --> /opt/rustwide/cargo-home/registry/src/github.com-1ecc6299db9ec823/futures-core-preview-0.3.0-alpha.13/src/future/future_obj.rs:114:42
[INFO] [stdout]     |
[INFO] [stdout] 114 |     fn poll(self: Pin<&mut Self>, waker: &Waker) -> Poll<T> {
[INFO] [stdout]     |                                          ^^^^^^
[INFO] [stdout]     |                                          |
[INFO] [stdout]     |                                          types differ in mutability
[INFO] [stdout]     |                                          help: change the parameter type to match the trait: `&mut Context<'_>`
[INFO] [stdout]     |
[INFO] [stdout]     = note: expected fn pointer `fn(std::pin::Pin<&mut future_obj::FutureObj<'a, T>>, &mut Context<'_>) -> std::task::Poll<_>`
[INFO] [stdout]                found fn pointer `fn(std::pin::Pin<&mut future_obj::FutureObj<'a, T>>, &std::task::Waker) -> std::task::Poll<_>`
[INFO] [stdout] 
[INFO] [stdout] 
[INFO] [stdout] error[E0308]: mismatched types
[INFO] [stdout]   --> /opt/rustwide/cargo-home/registry/src/github.com-1ecc6299db9ec823/futures-core-preview-0.3.0-alpha.13/src/future/mod.rs:86:19
[INFO] [stdout]    |
[INFO] [stdout] 86 |         self.poll(waker)
[INFO] [stdout]    |                   ^^^^^ types differ in mutability
[INFO] [stdout]    |
[INFO] [stdout]    = note: expected mutable reference `&mut Context<'_>`
[INFO] [stdout]                       found reference `&std::task::Waker`
[INFO] [stdout] 
[INFO] [stdout] 
[INFO] [stderr]    Compiling semver v0.9.0
[INFO] [stdout] error[E0308]: mismatched types
[INFO] [stdout]    --> /opt/rustwide/cargo-home/registry/src/github.com-1ecc6299db9ec823/futures-core-preview-0.3.0-alpha.13/src/future/future_obj.rs:118:44
[INFO] [stdout]     |
[INFO] [stdout] 118 |         LocalFutureObj::poll(pinned_field, waker)
[INFO] [stdout]     |                                            ^^^^^ types differ in mutability
[INFO] [stdout]     |
[INFO] [stdout]     = note: expected mutable reference `&mut Context<'_>`
[INFO] [stdout]                        found reference `&std::task::Waker`
[INFO] [stdout] 
[INFO] [stdout] 
[INFO] [stdout] error[E0308]: mismatched types
[INFO] [stdout]    --> /opt/rustwide/cargo-home/registry/src/github.com-1ecc6299db9ec823/futures-core-preview-0.3.0-alpha.13/src/future/future_obj.rs:165:20
[INFO] [stdout]     |
[INFO] [stdout] 165 |         F::poll(p, waker)
[INFO] [stdout]     |                    ^^^^^ types differ in mutability
[INFO] [stdout]     |
[INFO] [stdout]     = note: expected mutable reference `&mut Context<'_>`
[INFO] [stdout]                        found reference `&std::task::Waker`
[INFO] [stdout] 
[INFO] [stdout] 
[INFO] [stdout] error[E0308]: mismatched types
[INFO] [stdout]    --> /opt/rustwide/cargo-home/registry/src/github.com-1ecc6299db9ec823/futures-core-preview-0.3.0-alpha.13/src/future/future_obj.rs:182:25
[INFO] [stdout]     |
[INFO] [stdout] 182 |         F::poll(future, waker)
[INFO] [stdout]     |                         ^^^^^ types differ in mutability
[INFO] [stdout]     |
[INFO] [stdout]     = note: expected mutable reference `&mut Context<'_>`
[INFO] [stdout]                        found reference `&std::task::Waker`
[INFO] [stdout] 
[INFO] [stdout] 
[INFO] [stdout] error[E0308]: mismatched types
[INFO] [stdout]    --> /opt/rustwide/cargo-home/registry/src/github.com-1ecc6299db9ec823/futures-core-preview-0.3.0-alpha.13/src/future/future_obj.rs:203:26
[INFO] [stdout]     |
[INFO] [stdout] 203 |             F::poll(pin, waker)
[INFO] [stdout]     |                          ^^^^^ types differ in mutability
[INFO] [stdout]     |
[INFO] [stdout]     = note: expected mutable reference `&mut Context<'_>`
[INFO] [stdout]                        found reference `&std::task::Waker`
[INFO] [stdout] 
[INFO] [stdout] 
[INFO] [stdout] error[E0308]: mismatched types
[INFO] [stdout]    --> /opt/rustwide/cargo-home/registry/src/github.com-1ecc6299db9ec823/futures-core-preview-0.3.0-alpha.13/src/future/future_obj.rs:225:26
[INFO] [stdout]     |
[INFO] [stdout] 225 |             F::poll(pin, waker)
[INFO] [stdout]     |                          ^^^^^ types differ in mutability
[INFO] [stdout]     |
[INFO] [stdout]     = note: expected mutable reference `&mut Context<'_>`
[INFO] [stdout]                        found reference `&std::task::Waker`
[INFO] [stdout] 
[INFO] [stdout] 
[INFO] [stdout] error: aborting due to 9 previous errors
[INFO] [stdout] 
[INFO] [stdout] 
[INFO] [stdout] Some errors have detailed explanations: E0053, E0308, E0554.
[INFO] [stdout] 
[INFO] [stdout] For more information about an error, try `rustc --explain E0053`.
[INFO] [stdout] 
[INFO] [stderr] error: could not compile `futures-core-preview` due to 10 previous errors
[INFO] [stderr] warning: build failed, waiting for other jobs to finish...
[INFO] [stdout] error: aborting due to previous error
[INFO] [stdout] 
[INFO] [stdout] 
[INFO] [stdout] For more information about this error, try `rustc --explain E0554`.
[INFO] [stdout] 
[INFO] [stderr] error: build failed
[INFO] running `Command { std: "docker" "inspect" "bac04d8826bf8bf8bb2f7bab562827cd78f23cc9f54ab1f089547dcdbef3a3a6", kill_on_drop: false }`
[INFO] running `Command { std: "docker" "rm" "-f" "bac04d8826bf8bf8bb2f7bab562827cd78f23cc9f54ab1f089547dcdbef3a3a6", kill_on_drop: false }`
[INFO] [stdout] bac04d8826bf8bf8bb2f7bab562827cd78f23cc9f54ab1f089547dcdbef3a3a6
