[INFO] cloning repository https://github.com/angelini/rocksql
[INFO] running `Command { std: "git" "-c" "credential.helper=" "-c" "credential.helper=/workspace/cargo-home/bin/git-credential-null" "clone" "--bare" "https://github.com/angelini/rocksql" "/workspace/cache/git-repos/https%3A%2F%2Fgithub.com%2Fangelini%2Frocksql", kill_on_drop: false }`
[INFO] [stderr] Cloning into bare repository '/workspace/cache/git-repos/https%3A%2F%2Fgithub.com%2Fangelini%2Frocksql'...
[INFO] running `Command { std: "git" "rev-parse" "HEAD", kill_on_drop: false }`
[INFO] [stdout] 2dc4aba53fa95bc54f35d8ba46d4287d4499695d
[INFO] testing angelini/rocksql against beta-2021-08-01 for beta-1.55-1
[INFO] running `Command { std: "git" "clone" "/workspace/cache/git-repos/https%3A%2F%2Fgithub.com%2Fangelini%2Frocksql" "/workspace/builds/worker-95/source", kill_on_drop: false }`
[INFO] [stderr] Cloning into '/workspace/builds/worker-95/source'...
[INFO] [stderr] done.
[INFO] validating manifest of git repo https://github.com/angelini/rocksql on toolchain beta-2021-08-01
[INFO] running `Command { std: "/workspace/cargo-home/bin/cargo" "+beta-2021-08-01" "metadata" "--manifest-path" "Cargo.toml" "--no-deps", kill_on_drop: false }`
[INFO] started tweaking git repo https://github.com/angelini/rocksql
[INFO] finished tweaking git repo https://github.com/angelini/rocksql
[INFO] tweaked toml for git repo https://github.com/angelini/rocksql written to /workspace/builds/worker-95/source/Cargo.toml
[INFO] crate git repo https://github.com/angelini/rocksql already has a lockfile, it will not be regenerated
[INFO] running `Command { std: "/workspace/cargo-home/bin/cargo" "+beta-2021-08-01" "fetch" "--manifest-path" "Cargo.toml", kill_on_drop: false }`
[INFO] [stderr]     Updating git repository `https://github.com/pingcap/rust-rocksdb.git`
[INFO] [stderr]     Updating git repository `https://github.com/alexcrichton/bzip2-rs.git`
[INFO] [stderr]     Updating git repository `https://github.com/busyjay/libz-sys.git`
[INFO] [stderr]     Updating git submodule `https://github.com/madler/zlib`
[INFO] [stderr]     Updating git repository `https://github.com/busyjay/lz4-rs.git`
[INFO] [stderr]     Updating git submodule `https://github.com/lz4/lz4.git`
[INFO] [stderr]     Updating git repository `https://github.com/busyjay/rust-snappy.git`
[INFO] [stderr]     Updating git submodule `https://github.com/google/snappy.git`
[INFO] [stderr]     Updating git repository `https://github.com/gyscos/zstd-rs.git`
[INFO] [stderr]     Updating git submodule `https://github.com/facebook/zstd`
[INFO] [stderr]  Downloading crates ...
[INFO] [stderr]   Downloaded blob v0.2.0
[INFO] [stderr]   Downloaded cmake v0.1.34
[INFO] running `Command { std: "docker" "create" "-v" "/var/lib/crater-agent-workspace/builds/worker-95/target:/opt/rustwide/target:rw,Z" "-v" "/var/lib/crater-agent-workspace/builds/worker-95/source:/opt/rustwide/workdir:ro,Z" "-v" "/var/lib/crater-agent-workspace/cargo-home:/opt/rustwide/cargo-home:ro,Z" "-v" "/var/lib/crater-agent-workspace/rustup-home:/opt/rustwide/rustup-home:ro,Z" "-e" "SOURCE_DIR=/opt/rustwide/workdir" "-e" "CARGO_TARGET_DIR=/opt/rustwide/target" "-e" "CARGO_HOME=/opt/rustwide/cargo-home" "-e" "RUSTUP_HOME=/opt/rustwide/rustup-home" "-w" "/opt/rustwide/workdir" "-m" "1610612736" "--user" "0:0" "--network" "none" "ghcr.io/rust-lang/crates-build-env/linux@sha256:34b6a614d2c27851fe6cbf88fbd1137609cefab8b10d0615aaeb6fd47975d74e" "/opt/rustwide/cargo-home/bin/cargo" "+beta-2021-08-01" "metadata" "--no-deps" "--format-version=1", kill_on_drop: false }`
[INFO] [stdout] 4739ffd3209dbc8fccd87958386ba42785cdd6e454666a0a0fcb22fe74c28d0a
[INFO] running `Command { std: "docker" "start" "-a" "4739ffd3209dbc8fccd87958386ba42785cdd6e454666a0a0fcb22fe74c28d0a", kill_on_drop: false }`
[INFO] running `Command { std: "docker" "inspect" "4739ffd3209dbc8fccd87958386ba42785cdd6e454666a0a0fcb22fe74c28d0a", kill_on_drop: false }`
[INFO] running `Command { std: "docker" "rm" "-f" "4739ffd3209dbc8fccd87958386ba42785cdd6e454666a0a0fcb22fe74c28d0a", kill_on_drop: false }`
[INFO] [stdout] 4739ffd3209dbc8fccd87958386ba42785cdd6e454666a0a0fcb22fe74c28d0a
[INFO] running `Command { std: "docker" "create" "-v" "/var/lib/crater-agent-workspace/builds/worker-95/target:/opt/rustwide/target:rw,Z" "-v" "/var/lib/crater-agent-workspace/builds/worker-95/source:/opt/rustwide/workdir:ro,Z" "-v" "/var/lib/crater-agent-workspace/cargo-home:/opt/rustwide/cargo-home:ro,Z" "-v" "/var/lib/crater-agent-workspace/rustup-home:/opt/rustwide/rustup-home:ro,Z" "-e" "SOURCE_DIR=/opt/rustwide/workdir" "-e" "CARGO_TARGET_DIR=/opt/rustwide/target" "-e" "CARGO_INCREMENTAL=0" "-e" "RUST_BACKTRACE=full" "-e" "RUSTFLAGS=--cap-lints=warn" "-e" "CARGO_HOME=/opt/rustwide/cargo-home" "-e" "RUSTUP_HOME=/opt/rustwide/rustup-home" "-w" "/opt/rustwide/workdir" "-m" "1610612736" "--user" "0:0" "--network" "none" "ghcr.io/rust-lang/crates-build-env/linux@sha256:34b6a614d2c27851fe6cbf88fbd1137609cefab8b10d0615aaeb6fd47975d74e" "/opt/rustwide/cargo-home/bin/cargo" "+beta-2021-08-01" "build" "--frozen" "--message-format=json", kill_on_drop: false }`
[INFO] [stdout] 2b821bc5ff62c40e5f92720049cbf35cedaeb40c5b6eb641b75402ec8c0b4d23
[INFO] running `Command { std: "docker" "start" "-a" "2b821bc5ff62c40e5f92720049cbf35cedaeb40c5b6eb641b75402ec8c0b4d23", kill_on_drop: false }`
[INFO] [stderr]     Blocking waiting for file lock on package cache
[INFO] [stderr]    Compiling cc v1.0.25
[INFO] [stderr]    Compiling serde v1.0.79
[INFO] [stderr]    Compiling pkg-config v0.3.14
[INFO] [stderr]    Compiling byteorder v1.2.6
[INFO] [stderr]    Compiling base64 v0.5.2
[INFO] [stderr]    Compiling cmake v0.1.34
[INFO] [stderr]    Compiling libz-sys v1.0.18 (https://github.com/busyjay/libz-sys.git?branch=static-link#bb77b618)
[INFO] [stderr]    Compiling snappy-sys v0.1.0 (https://github.com/busyjay/rust-snappy.git?branch=static-link#be021783)
[INFO] [stderr]    Compiling bzip2-sys v0.1.6 (https://github.com/alexcrichton/bzip2-rs.git#54aef435)
[INFO] [stderr]    Compiling lz4-sys v1.8.0 (https://github.com/busyjay/lz4-rs.git?branch=adjust-build#41509fea)
[INFO] [stderr]    Compiling librocksdb_sys v0.1.0 (https://github.com/pingcap/rust-rocksdb.git#f7205e63)
[INFO] [stderr]    Compiling blob v0.2.0
[INFO] [stderr]    Compiling bincode v1.0.1
[INFO] [stderr]    Compiling zstd-sys v1.4.4+zstd.1.3.5 (https://github.com/gyscos/zstd-rs.git#0100c848)
[INFO] [stderr] error: failed to run custom build command for `librocksdb_sys v0.1.0 (https://github.com/pingcap/rust-rocksdb.git#f7205e63)`
[INFO] [stderr] 
[INFO] [stderr] Caused by:
[INFO] [stderr]   process didn't exit successfully: `/opt/rustwide/target/debug/build/librocksdb_sys-305766dfad3e475e/build-script-build` (exit status: 101)
[INFO] [stderr]   --- stdout
[INFO] [stderr]   ("CARGO", "/opt/rustwide/rustup-home/toolchains/beta-2021-08-01-x86_64-unknown-linux-gnu/bin/cargo")
[INFO] [stderr]   ("CARGO_CFG_TARGET_ARCH", "x86_64")
[INFO] [stderr]   ("CARGO_CFG_TARGET_ENDIAN", "little")
[INFO] [stderr]   ("CARGO_CFG_TARGET_ENV", "gnu")
[INFO] [stderr]   ("CARGO_CFG_TARGET_FAMILY", "unix")
[INFO] [stderr]   ("CARGO_CFG_TARGET_FEATURE", "fxsr,sse,sse2")
[INFO] [stderr]   ("CARGO_CFG_TARGET_OS", "linux")
[INFO] [stderr]   ("CARGO_CFG_TARGET_POINTER_WIDTH", "64")
[INFO] [stderr]   ("CARGO_CFG_TARGET_VENDOR", "unknown")
[INFO] [stderr]   ("CARGO_CFG_UNIX", "")
[INFO] [stderr]   ("CARGO_ENCODED_RUSTFLAGS", "--cap-lints=warn")
[INFO] [stderr]   ("CARGO_FEATURE_DEFAULT", "1")
[INFO] [stderr]   ("CARGO_HOME", "/opt/rustwide/cargo-home")
[INFO] [stderr]   ("CARGO_INCREMENTAL", "0")
[INFO] [stderr]   ("CARGO_MAKEFLAGS", "-j --jobserver-fds=6,7 --jobserver-auth=6,7")
[INFO] [stderr]   ("CARGO_MANIFEST_DIR", "/opt/rustwide/cargo-home/git/checkouts/rust-rocksdb-82ef6e5337b3fbe6/f7205e6/librocksdb_sys")
[INFO] [stderr]   ("CARGO_MANIFEST_LINKS", "rocksdb")
[INFO] [stderr]   ("CARGO_PKG_AUTHORS", "Jay Lee <busyjaylee@gmail.com>")
[INFO] [stderr]   ("CARGO_PKG_DESCRIPTION", "")
[INFO] [stderr]   ("CARGO_PKG_HOMEPAGE", "")
[INFO] [stderr]   ("CARGO_PKG_LICENSE", "")
[INFO] [stderr]   ("CARGO_PKG_LICENSE_FILE", "")
[INFO] [stderr]   ("CARGO_PKG_NAME", "librocksdb_sys")
[INFO] [stderr]   ("CARGO_PKG_REPOSITORY", "")
[INFO] [stderr]   ("CARGO_PKG_VERSION", "0.1.0")
[INFO] [stderr]   ("CARGO_PKG_VERSION_MAJOR", "0")
[INFO] [stderr]   ("CARGO_PKG_VERSION_MINOR", "1")
[INFO] [stderr]   ("CARGO_PKG_VERSION_PATCH", "0")
[INFO] [stderr]   ("CARGO_PKG_VERSION_PRE", "")
[INFO] [stderr]   ("CARGO_TARGET_DIR", "/opt/rustwide/target")
[INFO] [stderr]   ("DEBUG", "true")
[INFO] [stderr]   ("DEP_BZIP2_ROOT", "/opt/rustwide/target/debug/build/bzip2-sys-9a6aba6385b76f40/out")
[INFO] [stderr]   ("DEP_LZ4_ROOT", "/opt/rustwide/target/debug/build/lz4-sys-97d43710ccce93d7/out")
[INFO] [stderr]   ("DEP_SNAPPY_ROOT", "/opt/rustwide/target/debug/build/snappy-sys-6c955ae025d73371/out/build")
[INFO] [stderr]   ("DEP_ZSTD_ROOT", "/opt/rustwide/target/debug/build/zstd-sys-8f3e443b50ba858c/out")
[INFO] [stderr]   ("DEP_Z_INCLUDE", "/opt/rustwide/target/debug/build/libz-sys-32018c9cf158ea7b/out/include")
[INFO] [stderr]   ("DEP_Z_ROOT", "/opt/rustwide/target/debug/build/libz-sys-32018c9cf158ea7b/out")
[INFO] [stderr]   ("HOME", "/root")
[INFO] [stderr]   ("HOST", "x86_64-unknown-linux-gnu")
[INFO] [stderr]   ("HOSTNAME", "2b821bc5ff62")
[INFO] [stderr]   ("LD_LIBRARY_PATH", "/opt/rustwide/target/debug/deps:/opt/rustwide/target/debug:/opt/rustwide/rustup-home/toolchains/beta-2021-08-01-x86_64-unknown-linux-gnu/lib/rustlib/x86_64-unknown-linux-gnu/lib:/opt/rustwide/rustup-home/toolchains/beta-2021-08-01-x86_64-unknown-linux-gnu/lib")
[INFO] [stderr]   ("NUM_JOBS", "128")
[INFO] [stderr]   ("OPT_LEVEL", "0")
[INFO] [stderr]   ("OUT_DIR", "/opt/rustwide/target/debug/build/librocksdb_sys-5cbf011c938ad56f/out")
[INFO] [stderr]   ("PATH", "/opt/rustwide/cargo-home/bin:/usr/local/sbin:/usr/local/bin:/usr/sbin:/usr/bin:/sbin:/bin")
[INFO] [stderr]   ("PROFILE", "debug")
[INFO] [stderr]   ("RUSTC", "rustc")
[INFO] [stderr]   ("RUSTDOC", "rustdoc")
[INFO] [stderr]   ("RUSTUP_HOME", "/opt/rustwide/rustup-home")
[INFO] [stderr]   ("RUSTUP_TOOLCHAIN", "beta-2021-08-01-x86_64-unknown-linux-gnu")
[INFO] [stderr]   ("RUST_BACKTRACE", "full")
[INFO] [stderr]   ("RUST_RECURSION_COUNT", "1")
[INFO] [stderr]   ("SOURCE_DIR", "/opt/rustwide/workdir")
[INFO] [stderr]   ("SSL_CERT_DIR", "/usr/lib/ssl/certs")
[INFO] [stderr]   ("SSL_CERT_FILE", "/usr/lib/ssl/certs/ca-certificates.crt")
[INFO] [stderr]   ("TARGET", "x86_64-unknown-linux-gnu")
[INFO] [stderr]   running: "cmake" "/opt/rustwide/cargo-home/git/checkouts/rust-rocksdb-82ef6e5337b3fbe6/f7205e6/librocksdb_sys/rocksdb" "-DWITH_ZLIB=ON" "-DWITH_BZ2=ON" "-DWITH_LZ4=ON" "-DWITH_ZSTD=ON" "-DWITH_SNAPPY=ON" "-DCMAKE_INSTALL_PREFIX=/opt/rustwide/target/debug/build/librocksdb_sys-5cbf011c938ad56f/out" "-DCMAKE_C_FLAGS= -ffunction-sections -fdata-sections -fPIC -m64" "-DCMAKE_C_COMPILER=/usr/bin/cc" "-DCMAKE_CXX_FLAGS= -ffunction-sections -fdata-sections -fPIC -m64" "-DCMAKE_CXX_COMPILER=/usr/bin/c++" "-DCMAKE_BUILD_TYPE=Debug"
[INFO] [stderr]   -- The C compiler identification is GNU 9.3.0
[INFO] [stderr]   -- The CXX compiler identification is GNU 9.3.0
[INFO] [stderr]   -- Check for working C compiler: /usr/bin/cc
[INFO] [stderr]   -- Check for working C compiler: /usr/bin/cc -- works
[INFO] [stderr]   -- Detecting C compiler ABI info
[INFO] [stderr]   -- Detecting C compiler ABI info - done
[INFO] [stderr]   -- Detecting C compile features
[INFO] [stderr]   -- Detecting C compile features - done
[INFO] [stderr]   -- Check for working CXX compiler: /usr/bin/c++
[INFO] [stderr]   -- Check for working CXX compiler: /usr/bin/c++ -- works
[INFO] [stderr]   -- Detecting CXX compiler ABI info
[INFO] [stderr]   -- Detecting CXX compiler ABI info - done
[INFO] [stderr]   -- Detecting CXX compile features
[INFO] [stderr]   -- Detecting CXX compile features - done
[INFO] [stderr]   -- Found snappy: /opt/rustwide/target/debug/build/snappy-sys-6c955ae025d73371/out/build/libsnappy.a  
[INFO] [stderr]   -- Found zlib: /opt/rustwide/target/debug/build/libz-sys-32018c9cf158ea7b/out/lib/libz.a  
[INFO] [stderr]   -- Found bzip2: /opt/rustwide/target/debug/build/bzip2-sys-9a6aba6385b76f40/out/libbz2.a  
[INFO] [stderr]   -- Found lz4: /opt/rustwide/target/debug/build/lz4-sys-97d43710ccce93d7/out/liblz4.a  
[INFO] [stderr]   -- Found zstd: /opt/rustwide/target/debug/build/zstd-sys-8f3e443b50ba858c/out/libzstd.a  
[INFO] [stderr]   -- Found Git: /usr/bin/git (found version "2.25.1") 
[INFO] [stderr]   -- Performing Test HAVE_SSE42
[INFO] [stderr]   -- Performing Test HAVE_SSE42 - Success
[INFO] [stderr]   -- Performing Test HAVE_THREAD_LOCAL
[INFO] [stderr]   -- Performing Test HAVE_THREAD_LOCAL - Success
[INFO] [stderr]   -- Found NUMA: /usr/lib/x86_64-linux-gnu/libnuma.so  
[INFO] [stderr]   -- Could NOT find TBB (missing: TBB_LIBRARIES TBB_INCLUDE_DIR) 
[INFO] [stderr]   -- Performing Test HAVE_FALLOCATE
[INFO] [stderr]   -- Performing Test HAVE_FALLOCATE - Success
[INFO] [stderr]   -- Performing Test HAVE_SYNC_FILE_RANGE_WRITE
[INFO] [stderr]   -- Performing Test HAVE_SYNC_FILE_RANGE_WRITE - Success
[INFO] [stderr]   -- Performing Test HAVE_PTHREAD_MUTEX_ADAPTIVE_NP
[INFO] [stderr]   -- Performing Test HAVE_PTHREAD_MUTEX_ADAPTIVE_NP - Success
[INFO] [stderr]   -- Looking for malloc_usable_size
[INFO] [stderr]   -- Looking for malloc_usable_size - found
[INFO] [stderr]   -- Looking for sched_getcpu
[INFO] [stderr]   -- Looking for sched_getcpu - found
[INFO] [stderr]   -- Looking for pthread.h
[INFO] [stderr]   -- Looking for pthread.h - found
[INFO] [stderr]   -- Performing Test CMAKE_HAVE_LIBC_PTHREAD
[INFO] [stderr]   -- Performing Test CMAKE_HAVE_LIBC_PTHREAD - Failed
[INFO] [stderr]   -- Looking for pthread_create in pthreads
[INFO] [stderr]   -- Looking for pthread_create in pthreads - not found
[INFO] [stderr]   -- Looking for pthread_create in pthread
[INFO] [stderr]   -- Looking for pthread_create in pthread - found
[INFO] [stderr]   -- Found Threads: TRUE  
[INFO] [stderr]   -- JNI library is disabled
[INFO] [stderr]   -- Configuring done
[INFO] [stderr]   -- Generating done
[INFO] [stderr]   -- Build files have been written to: /opt/rustwide/target/debug/build/librocksdb_sys-5cbf011c938ad56f/out/build
[INFO] [stderr]   running: "cmake" "--build" "." "--target" "rocksdb" "--config" "Debug" "--"
[INFO] [stderr]   Scanning dependencies of target build_version
[INFO] [stderr]   [  0%] Building CXX object CMakeFiles/build_version.dir/build_version.cc.o
[INFO] [stderr]   [  0%] Built target build_version
[INFO] [stderr]   Scanning dependencies of target rocksdb
[INFO] [stderr]   [  0%] Building CXX object CMakeFiles/rocksdb.dir/cache/clock_cache.cc.o
[INFO] [stderr]   [  0%] Building CXX object CMakeFiles/rocksdb.dir/cache/lru_cache.cc.o
[INFO] [stderr]   [  0%] Building CXX object CMakeFiles/rocksdb.dir/cache/sharded_cache.cc.o
[INFO] [stderr]   [  0%] Building CXX object CMakeFiles/rocksdb.dir/db/builder.cc.o
[INFO] [stderr]   [  0%] Building CXX object CMakeFiles/rocksdb.dir/db/column_family.cc.o
[INFO] [stderr]   [  3%] Building CXX object CMakeFiles/rocksdb.dir/db/compaction_picker.cc.o
[INFO] [stderr]   [  3%] Building CXX object CMakeFiles/rocksdb.dir/db/compaction.cc.o
[INFO] [stderr]   [  3%] Building CXX object CMakeFiles/rocksdb.dir/db/c.cc.o
[INFO] [stderr]   [  3%] Building CXX object CMakeFiles/rocksdb.dir/db/compacted_db_impl.cc.o
[INFO] [stderr]   [  3%] Building CXX object CMakeFiles/rocksdb.dir/db/compaction_iterator.cc.o
[INFO] [stderr]   [  3%] Building CXX object CMakeFiles/rocksdb.dir/db/convenience.cc.o
[INFO] [stderr]   [  3%] Building CXX object CMakeFiles/rocksdb.dir/db/compaction_job.cc.o
[INFO] [stderr]   [  6%] Building CXX object CMakeFiles/rocksdb.dir/db/compaction_picker_universal.cc.o
[INFO] [stderr]   [  6%] Building CXX object CMakeFiles/rocksdb.dir/db/db_impl.cc.o
[INFO] [stderr]   [  6%] Building CXX object CMakeFiles/rocksdb.dir/db/db_filesnapshot.cc.o
[INFO] [stderr]   [  6%] Building CXX object CMakeFiles/rocksdb.dir/db/db_impl_write.cc.o
[INFO] [stderr]   [  6%] Building CXX object CMakeFiles/rocksdb.dir/db/db_impl_experimental.cc.o
[INFO] [stderr]   [  6%] Building CXX object CMakeFiles/rocksdb.dir/db/db_impl_compaction_flush.cc.o
[INFO] [stderr]   [  6%] Building CXX object CMakeFiles/rocksdb.dir/db/db_impl_files.cc.o
[INFO] [stderr]   [  6%] Building CXX object CMakeFiles/rocksdb.dir/db/db_impl_open.cc.o
[INFO] [stderr]   [ 10%] Building CXX object CMakeFiles/rocksdb.dir/db/db_info_dumper.cc.o
[INFO] [stderr]   [ 10%] Building CXX object CMakeFiles/rocksdb.dir/db/db_impl_debug.cc.o
[INFO] [stderr]   [ 10%] Building CXX object CMakeFiles/rocksdb.dir/db/dbformat.cc.o
[INFO] [stderr]   [ 10%] Building CXX object CMakeFiles/rocksdb.dir/db/db_impl_readonly.cc.o
[INFO] [stderr]   [ 10%] Building CXX object CMakeFiles/rocksdb.dir/db/event_helpers.cc.o
[INFO] [stderr]   [ 10%] Building CXX object CMakeFiles/rocksdb.dir/db/external_sst_file_ingestion_job.cc.o
[INFO] [stderr]   [ 10%] Building CXX object CMakeFiles/rocksdb.dir/db/db_iter.cc.o
[INFO] [stderr]   [ 13%] Building CXX object CMakeFiles/rocksdb.dir/db/experimental.cc.o
[INFO] [stderr]   [ 13%] Building CXX object CMakeFiles/rocksdb.dir/db/file_indexer.cc.o
[INFO] [stderr]   [ 13%] Building CXX object CMakeFiles/rocksdb.dir/db/flush_job.cc.o
[INFO] [stderr]   [ 13%] Building CXX object CMakeFiles/rocksdb.dir/db/flush_scheduler.cc.o
[INFO] [stderr]   [ 13%] Building CXX object CMakeFiles/rocksdb.dir/db/forward_iterator.cc.o
[INFO] [stderr]   [ 13%] Building CXX object CMakeFiles/rocksdb.dir/db/internal_stats.cc.o
[INFO] [stderr]   [ 17%] Building CXX object CMakeFiles/rocksdb.dir/db/log_writer.cc.o
[INFO] [stderr]   [ 17%] Building CXX object CMakeFiles/rocksdb.dir/db/malloc_stats.cc.o
[INFO] [stderr]   [ 17%] Building CXX object CMakeFiles/rocksdb.dir/db/memtable_list.cc.o
[INFO] [stderr]   [ 17%] Building CXX object CMakeFiles/rocksdb.dir/db/managed_iterator.cc.o
[INFO] [stderr]   [ 17%] Building CXX object CMakeFiles/rocksdb.dir/db/memtable.cc.o
[INFO] [stderr]   [ 17%] Building CXX object CMakeFiles/rocksdb.dir/db/snapshot_impl.cc.o
[INFO] [stderr]   [ 17%] Building CXX object CMakeFiles/rocksdb.dir/db/range_del_aggregator.cc.o
[INFO] [stderr]   [ 17%] Building CXX object CMakeFiles/rocksdb.dir/db/merge_helper.cc.o
[INFO] [stderr]   [ 17%] Building CXX object CMakeFiles/rocksdb.dir/db/log_reader.cc.o
[INFO] [stderr]   [ 17%] Building CXX object CMakeFiles/rocksdb.dir/db/table_properties_collector.cc.o
[INFO] [stderr]   [ 17%] Building CXX object CMakeFiles/rocksdb.dir/db/transaction_log_impl.cc.o
[INFO] [stderr]   [ 17%] Building CXX object CMakeFiles/rocksdb.dir/db/repair.cc.o
[INFO] [stderr]   [ 17%] Building CXX object CMakeFiles/rocksdb.dir/db/table_cache.cc.o
[INFO] [stderr]   [ 20%] Building CXX object CMakeFiles/rocksdb.dir/db/version_builder.cc.o
[INFO] [stderr]   [ 20%] Building CXX object CMakeFiles/rocksdb.dir/db/merge_operator.cc.o
[INFO] [stderr]   [ 24%] Building CXX object CMakeFiles/rocksdb.dir/db/version_edit.cc.o
[INFO] [stderr]   [ 24%] Building CXX object CMakeFiles/rocksdb.dir/db/version_set.cc.o
[INFO] [stderr]   [ 24%] Building CXX object CMakeFiles/rocksdb.dir/db/write_controller.cc.o
[INFO] [stderr]   [ 24%] Building CXX object CMakeFiles/rocksdb.dir/db/write_batch_base.cc.o
[INFO] [stderr]   [ 24%] Building CXX object CMakeFiles/rocksdb.dir/db/wal_manager.cc.o
[INFO] [stderr]   [ 24%] Building CXX object CMakeFiles/rocksdb.dir/db/write_batch.cc.o
[INFO] [stderr]   [ 27%] Building CXX object CMakeFiles/rocksdb.dir/env/env_chroot.cc.o
[INFO] [stderr]   [ 27%] Building CXX object CMakeFiles/rocksdb.dir/env/env_encryption.cc.o
[INFO] [stderr]   [ 27%] Building CXX object CMakeFiles/rocksdb.dir/db/write_thread.cc.o
[INFO] [stderr]   [ 27%] Building CXX object CMakeFiles/rocksdb.dir/env/env.cc.o
[INFO] [stderr]   [ 27%] Building CXX object CMakeFiles/rocksdb.dir/env/env_hdfs.cc.o
[INFO] [stderr]   [ 27%] Building CXX object CMakeFiles/rocksdb.dir/memtable/alloc_tracker.cc.o
[INFO] [stderr]   [ 27%] Building CXX object CMakeFiles/rocksdb.dir/memtable/hash_cuckoo_rep.cc.o
[INFO] [stderr]   [ 27%] Building CXX object CMakeFiles/rocksdb.dir/env/mock_env.cc.o
[INFO] [stderr]   [ 27%] Building CXX object CMakeFiles/rocksdb.dir/memtable/skiplistrep.cc.o
[INFO] [stderr]   [ 31%] Building CXX object CMakeFiles/rocksdb.dir/memtable/vectorrep.cc.o
[INFO] [stderr]   [ 31%] Building CXX object CMakeFiles/rocksdb.dir/memtable/hash_skiplist_rep.cc.o
[INFO] [stderr]   [ 31%] Building CXX object CMakeFiles/rocksdb.dir/memtable/write_buffer_manager.cc.o
[INFO] [stderr]   [ 31%] Building CXX object CMakeFiles/rocksdb.dir/memtable/hash_linklist_rep.cc.o
[INFO] [stderr]   [ 31%] Building CXX object CMakeFiles/rocksdb.dir/monitoring/perf_level.cc.o
[INFO] [stderr]   [ 31%] Building CXX object CMakeFiles/rocksdb.dir/monitoring/perf_context.cc.o
[INFO] [stderr]   [ 31%] Building CXX object CMakeFiles/rocksdb.dir/monitoring/histogram_windowing.cc.o
[INFO] [stderr]   [ 31%] Building CXX object CMakeFiles/rocksdb.dir/monitoring/histogram.cc.o
[INFO] [stderr]   [ 34%] Building CXX object CMakeFiles/rocksdb.dir/monitoring/statistics.cc.o
[INFO] [stderr]   [ 34%] Building CXX object CMakeFiles/rocksdb.dir/monitoring/iostats_context.cc.o
[INFO] [stderr]   [ 34%] Building CXX object CMakeFiles/rocksdb.dir/monitoring/instrumented_mutex.cc.o
[INFO] [stderr]   [ 34%] Building CXX object CMakeFiles/rocksdb.dir/monitoring/thread_status_impl.cc.o
[INFO] [stderr]   [ 37%] Building CXX object CMakeFiles/rocksdb.dir/options/options.cc.o
[INFO] [stderr]   [ 37%] Building CXX object CMakeFiles/rocksdb.dir/monitoring/thread_status_util_debug.cc.o
[INFO] [stderr]   [ 37%] Building CXX object CMakeFiles/rocksdb.dir/monitoring/thread_status_updater.cc.o
[INFO] [stderr]   [ 37%] Building CXX object CMakeFiles/rocksdb.dir/monitoring/thread_status_util.cc.o
[INFO] [stderr]   [ 37%] Building CXX object CMakeFiles/rocksdb.dir/options/db_options.cc.o
[INFO] [stderr]   [ 37%] Building CXX object CMakeFiles/rocksdb.dir/options/cf_options.cc.o
[INFO] [stderr]   [ 37%] Building CXX object CMakeFiles/rocksdb.dir/options/options_helper.cc.o
[INFO] [stderr]   [ 37%] Building CXX object CMakeFiles/rocksdb.dir/options/options_parser.cc.o
[INFO] [stderr]   [ 37%] Building CXX object CMakeFiles/rocksdb.dir/options/options_sanity_check.cc.o
[INFO] [stderr]   [ 41%] Building CXX object CMakeFiles/rocksdb.dir/port/stack_trace.cc.o
[INFO] [stderr]   [ 41%] Building CXX object CMakeFiles/rocksdb.dir/table/block_based_table_factory.cc.o
[INFO] [stderr]   [ 41%] Building CXX object CMakeFiles/rocksdb.dir/table/bloom_block.cc.o
[INFO] [stderr]   [ 41%] Building CXX object CMakeFiles/rocksdb.dir/table/block_based_filter_block.cc.o
[INFO] [stderr]   [ 41%] Building CXX object CMakeFiles/rocksdb.dir/table/block_prefix_index.cc.o
[INFO] [stderr]   [ 41%] Building CXX object CMakeFiles/rocksdb.dir/table/cuckoo_table_builder.cc.o
[INFO] [stderr]   [ 41%] Building CXX object CMakeFiles/rocksdb.dir/table/block_based_table_builder.cc.o
[INFO] [stderr]   [ 41%] Building CXX object CMakeFiles/rocksdb.dir/table/flush_block_policy.cc.o
[INFO] [stderr]   [ 41%] Building CXX object CMakeFiles/rocksdb.dir/table/block.cc.o
[INFO] [stderr]   [ 41%] Building CXX object CMakeFiles/rocksdb.dir/table/cuckoo_table_factory.cc.o
[INFO] [stderr]   [ 41%] Building CXX object CMakeFiles/rocksdb.dir/table/adaptive_table_factory.cc.o
[INFO] [stderr]   [ 44%] Building CXX object CMakeFiles/rocksdb.dir/table/cuckoo_table_reader.cc.o
[INFO] [stderr]   [ 48%] Building CXX object CMakeFiles/rocksdb.dir/table/format.cc.o
[INFO] [stderr]   [ 48%] Building CXX object CMakeFiles/rocksdb.dir/table/block_builder.cc.o
[INFO] [stderr]   [ 44%] Building CXX object CMakeFiles/rocksdb.dir/table/block_based_table_reader.cc.o
[INFO] [stderr]   [ 48%] Building CXX object CMakeFiles/rocksdb.dir/table/get_context.cc.o
[INFO] [stderr]   [ 48%] Building CXX object CMakeFiles/rocksdb.dir/table/iterator.cc.o
[INFO] [stderr]   [ 48%] Building CXX object CMakeFiles/rocksdb.dir/table/index_builder.cc.o
[INFO] [stderr]   [ 48%] Building CXX object CMakeFiles/rocksdb.dir/table/full_filter_block.cc.o
[INFO] [stderr]   [ 48%] Building CXX object CMakeFiles/rocksdb.dir/table/meta_blocks.cc.o
[INFO] [stderr]   [ 48%] Building CXX object CMakeFiles/rocksdb.dir/table/merging_iterator.cc.o
[INFO] [stderr]   [ 48%] Building CXX object CMakeFiles/rocksdb.dir/table/partitioned_filter_block.cc.o
[INFO] [stderr]   [ 51%] Building CXX object CMakeFiles/rocksdb.dir/table/plain_table_index.cc.o
[INFO] [stderr]   [ 51%] Building CXX object CMakeFiles/rocksdb.dir/table/persistent_cache_helper.cc.o
[INFO] [stderr]   [ 51%] Building CXX object CMakeFiles/rocksdb.dir/table/plain_table_builder.cc.o
[INFO] [stderr]   [ 51%] Building CXX object CMakeFiles/rocksdb.dir/table/sst_file_writer.cc.o
[INFO] [stderr]   [ 51%] Building CXX object CMakeFiles/rocksdb.dir/table/plain_table_key_coding.cc.o
[INFO] [stderr]   [ 51%] Building CXX object CMakeFiles/rocksdb.dir/table/two_level_iterator.cc.o
[INFO] [stderr]   [ 51%] Building CXX object CMakeFiles/rocksdb.dir/table/plain_table_reader.cc.o
[INFO] [stderr]   [ 55%] Building CXX object CMakeFiles/rocksdb.dir/table/plain_table_factory.cc.o
[INFO] [stderr]   [ 55%] Building CXX object CMakeFiles/rocksdb.dir/table/table_properties.cc.o
[INFO] [stderr]   [ 55%] Building CXX object CMakeFiles/rocksdb.dir/tools/ldb_cmd.cc.o
[INFO] [stderr]   [ 55%] Building CXX object CMakeFiles/rocksdb.dir/tools/sst_dump_tool.cc.o
[INFO] [stderr]   [ 55%] Building CXX object CMakeFiles/rocksdb.dir/tools/ldb_tool.cc.o
[INFO] [stderr]   [ 55%] Building CXX object CMakeFiles/rocksdb.dir/util/coding.cc.o
[INFO] [stderr]   [ 55%] Building CXX object CMakeFiles/rocksdb.dir/tools/dump/db_dump_tool.cc.o
[INFO] [stderr]   [ 55%] Building CXX object CMakeFiles/rocksdb.dir/util/comparator.cc.o
[INFO] [stderr]   [ 55%] Building CXX object CMakeFiles/rocksdb.dir/util/concurrent_arena.cc.o
[INFO] [stderr]   [ 58%] Building CXX object CMakeFiles/rocksdb.dir/util/auto_roll_logger.cc.o
[INFO] [stderr]   [ 58%] Building CXX object CMakeFiles/rocksdb.dir/util/arena.cc.o
[INFO] [stderr]   [ 58%] Building CXX object CMakeFiles/rocksdb.dir/util/bloom.cc.o
[INFO] [stderr]   [ 58%] Building CXX object CMakeFiles/rocksdb.dir/util/compaction_job_stats_impl.cc.o
[INFO] [stderr]   [ 58%] Building CXX object CMakeFiles/rocksdb.dir/tools/db_bench_tool.cc.o
[INFO] [stderr]   [ 58%] Building CXX object CMakeFiles/rocksdb.dir/util/crc32c.cc.o
[INFO] [stderr]   [ 62%] Building CXX object CMakeFiles/rocksdb.dir/util/delete_scheduler.cc.o
[INFO] [stderr]   [ 62%] Building CXX object CMakeFiles/rocksdb.dir/util/dynamic_bloom.cc.o
[INFO] [stderr]   [ 62%] Building CXX object CMakeFiles/rocksdb.dir/util/event_logger.cc.o
[INFO] [stderr] 
[INFO] [stderr]   --- stderr
[INFO] [stderr]   c++: fatal error: Killed signal terminated program cc1plus
[INFO] [stderr]   compilation terminated.
[INFO] [stderr]   make[3]: *** [CMakeFiles/rocksdb.dir/build.make:89: CMakeFiles/rocksdb.dir/cache/sharded_cache.cc.o] Error 1
[INFO] [stderr]   make[3]: *** Waiting for unfinished jobs....
[INFO] [stderr]   c++: fatal error: Killed signal terminated program cc1plus
[INFO] [stderr]   compilation terminated.
[INFO] [stderr]   make[3]: *** [CMakeFiles/rocksdb.dir/build.make:63: CMakeFiles/rocksdb.dir/cache/clock_cache.cc.o] Error 1
[INFO] [stderr]   c++: fatal error: Killed signal terminated program cc1plus
[INFO] [stderr]   compilation terminated.
[INFO] [stderr]   make[3]: *** [CMakeFiles/rocksdb.dir/build.make:583: CMakeFiles/rocksdb.dir/db/merge_operator.cc.o] Error 1
[INFO] [stderr]   c++: fatal error: Killed signal terminated program cc1plus
[INFO] [stderr]   compilation terminated.
[INFO] [stderr]   make[3]: *** [CMakeFiles/rocksdb.dir/build.make:1038: CMakeFiles/rocksdb.dir/monitoring/thread_status_updater.cc.o] Error 1
[INFO] [stderr]   c++: fatal error: Killed signal terminated program cc1plus
[INFO] [stderr]   compilation terminated.
[INFO] [stderr]   make[3]: *** [CMakeFiles/rocksdb.dir/build.make:492: CMakeFiles/rocksdb.dir/db/log_reader.cc.o] Error 1
[INFO] [stderr]   c++: fatal error: Killed signal terminated program cc1plus
[INFO] [stderr]   compilation terminated.
[INFO] [stderr]   make[3]: *** [CMakeFiles/rocksdb.dir/build.make:921: CMakeFiles/rocksdb.dir/memtable/write_buffer_manager.cc.o] Error 1
[INFO] [stderr]   c++: fatal error: Killed signal terminated program cc1plus
[INFO] [stderr]   compilation terminated.
[INFO] [stderr]   make[3]: *** [CMakeFiles/rocksdb.dir/build.make:843: CMakeFiles/rocksdb.dir/memtable/alloc_tracker.cc.o] Error 1
[INFO] [stderr]   c++: fatal error: Killed signal terminated program cc1plus
[INFO] [stderr]   compilation terminated.
[INFO] [stderr]   make[3]: *** [CMakeFiles/rocksdb.dir/build.make:999: CMakeFiles/rocksdb.dir/monitoring/perf_level.cc.o] Error 1
[INFO] [stderr]   c++: fatal error: Killed signal terminated program cc1plus
[INFO] [stderr]   compilation terminated.
[INFO] [stderr]   make[3]: *** [CMakeFiles/rocksdb.dir/build.make:752: CMakeFiles/rocksdb.dir/db/write_controller.cc.o] Error 1
[INFO] [stderr]   c++: fatal error: Killed signal terminated program cc1plus
[INFO] [stderr]   compilation terminated.
[INFO] [stderr]   make[3]: *** [CMakeFiles/rocksdb.dir/build.make:505: CMakeFiles/rocksdb.dir/db/log_writer.cc.o] Error 1
[INFO] [stderr]   c++: fatal error: Killed signal terminated program cc1plus
[INFO] [stderr]   compilation terminated.
[INFO] [stderr]   make[3]: *** [CMakeFiles/rocksdb.dir/build.make:648: CMakeFiles/rocksdb.dir/db/table_properties_collector.cc.o] Error 1
[INFO] [stderr]   c++: fatal error: Killed signal terminated program cc1plus
[INFO] [stderr]   compilation terminated.
[INFO] [stderr]   make[3]: *** [CMakeFiles/rocksdb.dir/build.make:349: CMakeFiles/rocksdb.dir/db/db_info_dumper.cc.o] Error 1
[INFO] [stderr]   c++: fatal error: Killed signal terminated program cc1plus
[INFO] [stderr]   compilation terminated.
[INFO] [stderr]   make[3]: *** [CMakeFiles/rocksdb.dir/build.make:986: CMakeFiles/rocksdb.dir/monitoring/perf_context.cc.o] Error 1
[INFO] [stderr]   c++: fatal error: Killed signal terminated program cc1plus
[INFO] [stderr]   compilation terminated.
[INFO] [stderr]   make[3]: *** [CMakeFiles/rocksdb.dir/build.make:804: CMakeFiles/rocksdb.dir/env/env_encryption.cc.o] Error 1
[INFO] [stderr]   c++: fatal error: Killed signal terminated program cc1plus
[INFO] [stderr]   compilation terminated.
[INFO] [stderr]   make[3]: *** [CMakeFiles/rocksdb.dir/build.make:375: CMakeFiles/rocksdb.dir/db/dbformat.cc.o] Error 1
[INFO] [stderr]   c++: fatal error: Killed signal terminated program cc1plus
[INFO] [stderr]   compilation terminated.
[INFO] [stderr]   make[3]: *** [CMakeFiles/rocksdb.dir/build.make:76: CMakeFiles/rocksdb.dir/cache/lru_cache.cc.o] Error 1
[INFO] [stderr]   c++: fatal error: Killed signal terminated program cc1plus
[INFO] [stderr]   compilation terminated.
[INFO] [stderr]   make[3]: *** [CMakeFiles/rocksdb.dir/build.make:1051: CMakeFiles/rocksdb.dir/monitoring/thread_status_util.cc.o] Error 1
[INFO] [stderr]   c++: fatal error: Killed signal terminated program cc1plus
[INFO] [stderr]   compilation terminated.
[INFO] [stderr]   make[3]: *** [CMakeFiles/rocksdb.dir/build.make:817: CMakeFiles/rocksdb.dir/env/env_hdfs.cc.o] Error 1
[INFO] [stderr]   c++: fatal error: Killed signal terminated program cc1plus
[INFO] [stderr]   compilation terminated.
[INFO] [stderr]   make[3]: *** [CMakeFiles/rocksdb.dir/build.make:1025: CMakeFiles/rocksdb.dir/monitoring/thread_status_impl.cc.o] Error 1
[INFO] [stderr]   c++: fatal error: Killed signal terminated program cc1plus
[INFO] [stderr]   compilation terminated.
[INFO] [stderr]   make[3]: *** [CMakeFiles/rocksdb.dir/build.make:115: CMakeFiles/rocksdb.dir/db/c.cc.o] Error 1
[INFO] [stderr]   c++: fatal error: Killed signal terminated program cc1plus
[INFO] [stderr]   compilation terminated.
[INFO] [stderr]   make[3]: *** [CMakeFiles/rocksdb.dir/build.make:947: CMakeFiles/rocksdb.dir/monitoring/histogram_windowing.cc.o] Error 1
[INFO] [stderr]   c++: fatal error: Killed signal terminated program cc1plus
[INFO] [stderr]   compilation terminated.
[INFO] [stderr]   make[3]: *** [CMakeFiles/rocksdb.dir/build.make:830: CMakeFiles/rocksdb.dir/env/mock_env.cc.o] Error 1
[INFO] [stderr]   c++: fatal error: Killed signal terminated program cc1plus
[INFO] [stderr]   compilation terminated.
[INFO] [stderr]   make[3]: *** [CMakeFiles/rocksdb.dir/build.make:427: CMakeFiles/rocksdb.dir/db/file_indexer.cc.o] Error 1
[INFO] [stderr]   c++: fatal error: Killed signal terminated program cc1plus
[INFO] [stderr]   compilation terminated.
[INFO] [stderr]   make[3]: *** [CMakeFiles/rocksdb.dir/build.make:167: CMakeFiles/rocksdb.dir/db/compaction_iterator.cc.o] Error 1
[INFO] [stderr]   c++: fatal error: Killed signal terminated program cc1plus
[INFO] [stderr]   compilation terminated.
[INFO] [stderr]   make[3]: *** [CMakeFiles/rocksdb.dir/build.make:791: CMakeFiles/rocksdb.dir/env/env_chroot.cc.o] Error 1
[INFO] [stderr]   c++: fatal error: Killed signal terminated program cc1plus
[INFO] [stderr]   compilation terminated.
[INFO] [stderr]   c++: fatal error: Killed signal terminated program cc1plus
[INFO] [stderr]   compilation terminated.
[INFO] [stderr]   make[3]: *** [CMakeFiles/rocksdb.dir/build.make:1194: CMakeFiles/rocksdb.dir/table/block_based_filter_block.cc.o] Error 1
[INFO] [stderr]   make[3]: *** [CMakeFiles/rocksdb.dir/build.make:1103: CMakeFiles/rocksdb.dir/options/options.cc.o] Error 1
[INFO] [stderr]   c++: fatal error: Killed signal terminated program cc1plus
[INFO] [stderr]   compilation terminated.
[INFO] [stderr]   c++: fatal error: Killed signal terminated program cc1plus
[INFO] [stderr]   compilation terminated.
[INFO] [stderr]   make[3]: *** [CMakeFiles/rocksdb.dir/build.make:1064: CMakeFiles/rocksdb.dir/monitoring/thread_status_util_debug.cc.o] Error 1
[INFO] [stderr]   make[3]: *** [CMakeFiles/rocksdb.dir/build.make:232: CMakeFiles/rocksdb.dir/db/db_filesnapshot.cc.o] Error 1
[INFO] [stderr]   c++: fatal error: Killed signal terminated program cc1plus
[INFO] [stderr]   compilation terminated.
[INFO] [stderr]   make[3]: *** [CMakeFiles/rocksdb.dir/build.make:453: CMakeFiles/rocksdb.dir/db/flush_scheduler.cc.o] Error 1
[INFO] [stderr]   c++: fatal error: Killed signal terminated program cc1plus
[INFO] [stderr]   compilation terminated.
[INFO] [stderr]   c++: fatal error: Killed signal terminated program cc1plus
[INFO] [stderr]   compilation terminated.
[INFO] [stderr]   make[3]: *** [CMakeFiles/rocksdb.dir/build.make:908: CMakeFiles/rocksdb.dir/memtable/vectorrep.cc.o] Error 1
[INFO] [stderr]   c++: fatal error: Killed signal terminated program cc1plus
[INFO] [stderr]   compilation terminated.
[INFO] [stderr]   make[3]: *** [CMakeFiles/rocksdb.dir/build.make:934: CMakeFiles/rocksdb.dir/monitoring/histogram.cc.o] Error 1
[INFO] [stderr]   make[3]: *** [CMakeFiles/rocksdb.dir/build.make:1181: CMakeFiles/rocksdb.dir/table/block.cc.o] Error 1
[INFO] [stderr]   c++: fatal error: Killed signal terminated program cc1plus
[INFO] [stderr]   compilation terminated.
[INFO] [stderr]   make[3]: *** [CMakeFiles/rocksdb.dir/build.make:570: CMakeFiles/rocksdb.dir/db/merge_helper.cc.o] Error 1
[INFO] [stderr]   c++: fatal error: Killed signal terminated program cc1plus
[INFO] [stderr]   compilation terminated.
[INFO] [stderr]   make[3]: *** [CMakeFiles/rocksdb.dir/build.make:1129: CMakeFiles/rocksdb.dir/options/options_parser.cc.o] Error 1
[INFO] [stderr]   c++: fatal error: Killed signal terminated program cc1plus
[INFO] [stderr]   compilation terminated.
[INFO] [stderr]   make[3]: *** [CMakeFiles/rocksdb.dir/build.make:310: CMakeFiles/rocksdb.dir/db/db_impl_debug.cc.o] Error 1
[INFO] [stderr]   c++: fatal error: Killed signal terminated program cc1plus
[INFO] [stderr]   compilation terminated.
[INFO] [stderr]   make[3]: *** [CMakeFiles/rocksdb.dir/build.make:596: CMakeFiles/rocksdb.dir/db/range_del_aggregator.cc.o] Error 1
[INFO] [stderr]   c++: fatal error: Killed signal terminated program cc1plus
[INFO] [stderr]   compilation terminated.
[INFO] [stderr]   make[3]: *** [CMakeFiles/rocksdb.dir/build.make:297: CMakeFiles/rocksdb.dir/db/db_impl_open.cc.o] Error 1
[INFO] [stderr]   c++: fatal error: Killed signal terminated program cc1plus
[INFO] [stderr]   compilation terminated.
[INFO] [stderr]   c++: fatal error: Killed signal terminated program cc1plus
[INFO] [stderr]   compilation terminated.
[INFO] [stderr]   make[3]: *** [CMakeFiles/rocksdb.dir/build.make:128: CMakeFiles/rocksdb.dir/db/column_family.cc.o] Error 1
[INFO] [stderr]   c++: fatal error: Killed signal terminated program cc1plus
[INFO] [stderr]   compilation terminated.
[INFO] [stderr]   make[3]: *** [CMakeFiles/rocksdb.dir/build.make:284: CMakeFiles/rocksdb.dir/db/db_impl_files.cc.o] Error 1
[INFO] [stderr]   make[3]: *** [CMakeFiles/rocksdb.dir/build.make:1311: CMakeFiles/rocksdb.dir/table/cuckoo_table_reader.cc.o] Error 1
[INFO] [stderr]   c++: fatal error: Killed signal terminated program cc1plus
[INFO] [stderr]   compilation terminated.
[INFO] [stderr]   make[3]: *** [CMakeFiles/rocksdb.dir/build.make:1259: CMakeFiles/rocksdb.dir/table/block_prefix_index.cc.o] Error 1
[INFO] [stderr]   c++: fatal error: Killed signal terminated program cc1plus
[INFO] [stderr]   compilation terminated.
[INFO] [stderr]   make[3]: *** [CMakeFiles/rocksdb.dir/build.make:973: CMakeFiles/rocksdb.dir/monitoring/iostats_context.cc.o] Error 1
[INFO] [stderr]   c++: fatal error: Killed signal terminated program cc1plus
[INFO] [stderr]   compilation terminated.
[INFO] [stderr]   make[3]: *** [CMakeFiles/rocksdb.dir/build.make:206: CMakeFiles/rocksdb.dir/db/compaction_picker_universal.cc.o] Error 1
[INFO] [stderr]   c++: fatal error: Killed signal terminated program cc1plus
[INFO] [stderr]   compilation terminated.
[INFO] [stderr]   c++: fatal error: Killed signal terminated program cc1plus
[INFO] [stderr]   compilation terminated.
[INFO] [stderr]   make[3]: *** [CMakeFiles/rocksdb.dir/build.make:531: CMakeFiles/rocksdb.dir/db/managed_iterator.cc.o] Error 1
[INFO] [stderr]   make[3]: *** [CMakeFiles/rocksdb.dir/build.make:544: CMakeFiles/rocksdb.dir/db/memtable.cc.o] Error 1
[INFO] [stderr]   c++: fatal error: Killed signal terminated program cc1plus
[INFO] [stderr]   compilation terminated.
[INFO] [stderr]   make[3]: *** [CMakeFiles/rocksdb.dir/build.make:336: CMakeFiles/rocksdb.dir/db/db_impl_readonly.cc.o] Error 1
[INFO] [stderr]   c++: fatal error: Killed signal terminated program cc1plus
[INFO] [stderr]   compilation terminated.
[INFO] [stderr]   make[3]: *** [CMakeFiles/rocksdb.dir/build.make:635: CMakeFiles/rocksdb.dir/db/table_cache.cc.o] Error 1
[INFO] [stderr]   c++: fatal error: Killed signal terminated program cc1plus
[INFO] [stderr]   compilation terminated.
[INFO] [stderr]   make[3]: *** [CMakeFiles/rocksdb.dir/build.make:1012: CMakeFiles/rocksdb.dir/monitoring/statistics.cc.o] Error 1
[INFO] [stderr]   c++: fatal error: Killed signal terminated program cc1plus
[INFO] [stderr]   compilation terminated.
[INFO] [stderr]   make[3]: *** [CMakeFiles/rocksdb.dir/build.make:180: CMakeFiles/rocksdb.dir/db/compaction_job.cc.o] Error 1
[INFO] [stderr]   c++: fatal error: Killed signal terminated program cc1plus
[INFO] [stderr]   compilation terminated.
[INFO] [stderr]   make[3]: *** [CMakeFiles/rocksdb.dir/build.make:1272: CMakeFiles/rocksdb.dir/table/bloom_block.cc.o] Error 1
[INFO] [stderr]   c++: fatal error: Killed signal terminated program cc1plus
[INFO] [stderr]   compilation terminated.
[INFO] [stderr]   make[3]: *** [CMakeFiles/rocksdb.dir/build.make:960: CMakeFiles/rocksdb.dir/monitoring/instrumented_mutex.cc.o] Error 1
[INFO] [stderr]   c++: fatal error: Killed signal terminated program cc1plus
[INFO] [stderr]   compilation terminated.
[INFO] [stderr]   make[3]: *** [CMakeFiles/rocksdb.dir/build.make:1246: CMakeFiles/rocksdb.dir/table/block_builder.cc.o] Error 1
[INFO] [stderr]   c++: fatal error: Killed signal terminated program cc1plus
[INFO] [stderr]   compilation terminated.
[INFO] [stderr]   make[3]: *** [CMakeFiles/rocksdb.dir/build.make:1168: CMakeFiles/rocksdb.dir/table/adaptive_table_factory.cc.o] Error 1
[INFO] [stderr]   c++: fatal error: Killed signal terminated program cc1plus
[INFO] [stderr]   compilation terminated.
[INFO] [stderr]   make[3]: *** [CMakeFiles/rocksdb.dir/build.make:193: CMakeFiles/rocksdb.dir/db/compaction_picker.cc.o] Error 1
[INFO] [stderr]   c++: fatal error: Killed signal terminated program cc1plus
[INFO] [stderr]   compilation terminated.
[INFO] [stderr]   make[3]: *** [CMakeFiles/rocksdb.dir/build.make:141: CMakeFiles/rocksdb.dir/db/compacted_db_impl.cc.o] Error 1
[INFO] [stderr]   c++: fatal error: Killed signal terminated program cc1plus
[INFO] [stderr]   compilation terminated.
[INFO] [stderr]   make[3]: *** [CMakeFiles/rocksdb.dir/build.make:271: CMakeFiles/rocksdb.dir/db/db_impl_compaction_flush.cc.o] Error 1
[INFO] [stderr]   c++: fatal error: Killed signal terminated program cc1plus
[INFO] [stderr]   compilation terminated.
[INFO] [stderr]   make[3]: *** [CMakeFiles/rocksdb.dir/build.make:1324: CMakeFiles/rocksdb.dir/table/flush_block_policy.cc.o] Error 1
[INFO] [stderr]   c++: fatal error: Killed signal terminated program cc1plus
[INFO] [stderr]   compilation terminated.
[INFO] [stderr]   make[3]: *** [CMakeFiles/rocksdb.dir/build.make:674: CMakeFiles/rocksdb.dir/db/version_builder.cc.o] Error 1
[INFO] [stderr]   c++: fatal error: Killed signal terminated program cc1plus
[INFO] [stderr]   compilation terminated.
[INFO] [stderr]   make[3]: *** [CMakeFiles/rocksdb.dir/build.make:778: CMakeFiles/rocksdb.dir/env/env.cc.o] Error 1
[INFO] [stderr]   c++: fatal error: Killed signal terminated program cc1plus
[INFO] [stderr]   compilation terminated.
[INFO] [stderr]   make[3]: *** [CMakeFiles/rocksdb.dir/build.make:154: CMakeFiles/rocksdb.dir/db/compaction.cc.o] Error 1
[INFO] [stderr]   c++: fatal error: Killed signal terminated program cc1plus
[INFO] [stderr]   compilation terminated.
[INFO] [stderr]   make[3]: *** [CMakeFiles/rocksdb.dir/build.make:401: CMakeFiles/rocksdb.dir/db/experimental.cc.o] Error 1
[INFO] [stderr]   c++: fatal error: Killed signal terminated program cc1plus
[INFO] [stderr]   compilation terminated.
[INFO] [stderr]   make[3]: *** [CMakeFiles/rocksdb.dir/build.make:323: CMakeFiles/rocksdb.dir/db/db_impl_experimental.cc.o] Error 1
[INFO] [stderr]   c++: fatal error: Killed signal terminated program cc1plus
[INFO] [stderr]   compilation terminated.
[INFO] [stderr]   make[3]: *** [CMakeFiles/rocksdb.dir/build.make:1389: CMakeFiles/rocksdb.dir/table/iterator.cc.o] Error 1
[INFO] [stderr]   c++: fatal error: Killed signal terminated program cc1plus
[INFO] [stderr]   compilation terminated.
[INFO] [stderr]   c++: fatal error: Killed signal terminated program cc1plus
[INFO] [stderr]   compilation terminated.
[INFO] [stderr]   make[3]: *** [CMakeFiles/rocksdb.dir/build.make:557: CMakeFiles/rocksdb.dir/db/memtable_list.cc.o] Error 1
[INFO] [stderr]   make[3]: *** [CMakeFiles/rocksdb.dir/build.make:1441: CMakeFiles/rocksdb.dir/table/persistent_cache_helper.cc.o] Error 1
[INFO] [stderr]   c++: fatal error: Killed signal terminated program cc1plus
[INFO] [stderr]   compilation terminated.
[INFO] [stderr]   make[3]: *** [CMakeFiles/rocksdb.dir/build.make:258: CMakeFiles/rocksdb.dir/db/db_impl_write.cc.o] Error 1
[INFO] [stderr]   c++: fatal error: Killed signal terminated program cc1plus
[INFO] [stderr]   compilation terminated.
[INFO] [stderr]   make[3]: *** [CMakeFiles/rocksdb.dir/build.make:440: CMakeFiles/rocksdb.dir/db/flush_job.cc.o] Error 1
[INFO] [stderr]   c++: fatal error: Killed signal terminated program cc1plus
[INFO] [stderr]   compilation terminated.
[INFO] [stderr]   make[3]: *** [CMakeFiles/rocksdb.dir/build.make:1402: CMakeFiles/rocksdb.dir/table/merging_iterator.cc.o] Error 1
[INFO] [stderr]   c++: fatal error: Killed signal terminated program cc1plus
[INFO] [stderr]   compilation terminated.
[INFO] [stderr]   make[3]: *** [CMakeFiles/rocksdb.dir/build.make:388: CMakeFiles/rocksdb.dir/db/event_helpers.cc.o] Error 1
[INFO] [stderr]   c++: fatal error: Killed signal terminated program cc1plus
[INFO] [stderr]   compilation terminated.
[INFO] [stderr]   make[3]: *** [CMakeFiles/rocksdb.dir/build.make:1090: CMakeFiles/rocksdb.dir/options/db_options.cc.o] Error 1
[INFO] [stderr]   c++: fatal error: Killed signal terminated program cc1plus
[INFO] [stderr]   compilation terminated.
[INFO] [stderr]   make[3]: *** [CMakeFiles/rocksdb.dir/build.make:882: CMakeFiles/rocksdb.dir/memtable/hash_skiplist_rep.cc.o] Error 1
[INFO] [stderr]   c++: fatal error: Killed signal terminated program cc1plus
[INFO] [stderr]   compilation terminated.
[INFO] [stderr]   make[3]: *** [CMakeFiles/rocksdb.dir/build.make:102: CMakeFiles/rocksdb.dir/db/builder.cc.o] Error 1
[INFO] [stderr]   c++: fatal error: Killed signal terminated program cc1plus
[INFO] [stderr]   compilation terminated.
[INFO] [stderr]   make[3]: *** [CMakeFiles/rocksdb.dir/build.make:765: CMakeFiles/rocksdb.dir/db/write_thread.cc.o] Error 1
[INFO] [stderr]   c++: fatal error: Killed signal terminated program cc1plus
[INFO] [stderr]   compilation terminated.
[INFO] [stderr]   make[3]: *** [CMakeFiles/rocksdb.dir/build.make:687: CMakeFiles/rocksdb.dir/db/version_edit.cc.o] Error 1
[INFO] [stderr]   c++: fatal error: Killed signal terminated program cc1plus
[INFO] [stderr]   compilation terminated.
[INFO] [stderr]   make[3]: *** [CMakeFiles/rocksdb.dir/build.make:1142: CMakeFiles/rocksdb.dir/options/options_sanity_check.cc.o] Error 1
[INFO] [stderr]   c++: fatal error: Killed signal terminated program cc1plus
[INFO] [stderr]   compilation terminated.
[INFO] [stderr]   make[3]: *** [CMakeFiles/rocksdb.dir/build.make:1376: CMakeFiles/rocksdb.dir/table/index_builder.cc.o] Error 1
[INFO] [stderr]   c++: fatal error: Killed signal terminated program cc1plus
[INFO] [stderr]   compilation terminated.
[INFO] [stderr]   make[3]: *** [CMakeFiles/rocksdb.dir/build.make:219: CMakeFiles/rocksdb.dir/db/convenience.cc.o] Error 1
[INFO] [stderr]   c++: fatal error: Killed signal terminated program cc1plus
[INFO] [stderr]   compilation terminated.
[INFO] [stderr]   make[3]: *** [CMakeFiles/rocksdb.dir/build.make:713: CMakeFiles/rocksdb.dir/db/wal_manager.cc.o] Error 1
[INFO] [stderr]   c++: fatal error: Killed signal terminated program cc1plus
[INFO] [stderr]   compilation terminated.
[INFO] [stderr]   make[3]: *** [CMakeFiles/rocksdb.dir/build.make:869: CMakeFiles/rocksdb.dir/memtable/hash_linklist_rep.cc.o] Error 1
[INFO] [stderr]   c++: fatal error: Killed signal terminated program cc1plus
[INFO] [stderr]   compilation terminated.
[INFO] [stderr]   c++: fatal error: Killed signal terminated program cc1plus
[INFO] [stderr]   compilation terminated.
[INFO] [stderr]   make[3]: *** [CMakeFiles/rocksdb.dir/build.make:661: CMakeFiles/rocksdb.dir/db/transaction_log_impl.cc.o] Error 1
[INFO] [stderr]   make[3]: *** [CMakeFiles/rocksdb.dir/build.make:1649: CMakeFiles/rocksdb.dir/util/bloom.cc.o] Error 1
[INFO] [stderr]   c++: fatal error: Killed signal terminated program cc1plus
[INFO] [stderr]   compilation terminated.
[INFO] [stderr]   make[3]: *** [CMakeFiles/rocksdb.dir/build.make:479: CMakeFiles/rocksdb.dir/db/internal_stats.cc.o] Error 1
[INFO] [stderr]   c++: fatal error: Killed signal terminated program cc1plus
[INFO] [stderr]   compilation terminated.
[INFO] [stderr]   make[3]: *** [CMakeFiles/rocksdb.dir/build.make:1428: CMakeFiles/rocksdb.dir/table/partitioned_filter_block.cc.o] Error 1
[INFO] [stderr]   c++: fatal error: Killed signal terminated program cc1plus
[INFO] [stderr]   compilation terminated.
[INFO] [stderr]   make[3]: *** [CMakeFiles/rocksdb.dir/build.make:895: CMakeFiles/rocksdb.dir/memtable/skiplistrep.cc.o] Error 1
[INFO] [stderr]   c++: fatal error: Killed signal terminated program cc1plus
[INFO] [stderr]   compilation terminated.
[INFO] [stderr]   make[3]: *** [CMakeFiles/rocksdb.dir/build.make:245: CMakeFiles/rocksdb.dir/db/db_impl.cc.o] Error 1
[INFO] [stderr]   c++: fatal error: Killed signal terminated program cc1plus
[INFO] [stderr]   compilation terminated.
[INFO] [stderr]   make[3]: *** [CMakeFiles/rocksdb.dir/build.make:726: CMakeFiles/rocksdb.dir/db/write_batch.cc.o] Error 1
[INFO] [stderr]   c++: fatal error: Killed signal terminated program cc1plus
[INFO] [stderr]   compilation terminated.
[INFO] [stderr]   make[3]: *** [CMakeFiles/rocksdb.dir/build.make:1493: CMakeFiles/rocksdb.dir/table/plain_table_key_coding.cc.o] Error 1
[INFO] [stderr]   c++: fatal error: Killed signal terminated program cc1plus
[INFO] [stderr]   compilation terminated.
[INFO] [stderr]   make[3]: *** [CMakeFiles/rocksdb.dir/build.make:1350: CMakeFiles/rocksdb.dir/table/full_filter_block.cc.o] Error 1
[INFO] [stderr]   c++: fatal error: Killed signal terminated program cc1plus
[INFO] [stderr]   compilation terminated.
[INFO] [stderr]   make[3]: *** [CMakeFiles/rocksdb.dir/build.make:1519: CMakeFiles/rocksdb.dir/table/sst_file_writer.cc.o] Error 1
[INFO] [stderr]   c++: fatal error: Killed signal terminated program cc1plus
[INFO] [stderr]   compilation terminated.
[INFO] [stderr]   make[3]: *** [CMakeFiles/rocksdb.dir/build.make:1077: CMakeFiles/rocksdb.dir/options/cf_options.cc.o] Error 1
[INFO] [stderr]   c++: fatal error: Killed signal terminated program cc1plus
[INFO] [stderr]   compilation terminated.
[INFO] [stderr]   make[3]: *** [CMakeFiles/rocksdb.dir/build.make:1233: CMakeFiles/rocksdb.dir/table/block_based_table_reader.cc.o] Error 1
[INFO] [stderr]   c++: fatal error: Killed signal terminated program cc1plus
[INFO] [stderr]   compilation terminated.
[INFO] [stderr]   make[3]: *** [CMakeFiles/rocksdb.dir/build.make:1337: CMakeFiles/rocksdb.dir/table/format.cc.o] Error 1
[INFO] [stderr]   c++: fatal error: Killed signal terminated program cc1plus
[INFO] [stderr]   compilation terminated.
[INFO] [stderr]   make[3]: *** [CMakeFiles/rocksdb.dir/build.make:1623: CMakeFiles/rocksdb.dir/util/arena.cc.o] Error 1
[INFO] [stderr]   c++: fatal error: Killed signal terminated program cc1plus
[INFO] [stderr]   compilation terminated.
[INFO] [stderr]   make[3]: *** [CMakeFiles/rocksdb.dir/build.make:609: CMakeFiles/rocksdb.dir/db/repair.cc.o] Error 1
[INFO] [stderr]   c++: fatal error: Killed signal terminated program cc1plus
[INFO] [stderr]   compilation terminated.
[INFO] [stderr]   make[3]: *** [CMakeFiles/rocksdb.dir/build.make:1415: CMakeFiles/rocksdb.dir/table/meta_blocks.cc.o] Error 1
[INFO] [stderr]   c++: fatal error: Killed signal terminated program cc1plus
[INFO] [stderr]   compilation terminated.
[INFO] [stderr]   make[3]: *** [CMakeFiles/rocksdb.dir/build.make:1116: CMakeFiles/rocksdb.dir/options/options_helper.cc.o] Error 1
[INFO] [stderr]   c++: fatal error: Killed signal terminated program cc1plus
[INFO] [stderr]   compilation terminated.
[INFO] [stderr]   make[3]: *** [CMakeFiles/rocksdb.dir/build.make:1701: CMakeFiles/rocksdb.dir/util/concurrent_arena.cc.o] Error 1
[INFO] [stderr]   c++: fatal error: Killed signal terminated program cc1plus
[INFO] [stderr]   compilation terminated.
[INFO] [stderr]   make[3]: *** [CMakeFiles/rocksdb.dir/build.make:1480: CMakeFiles/rocksdb.dir/table/plain_table_index.cc.o] Error 1
[INFO] [stderr]   c++: fatal error: Killed signal terminated program cc1plus
[INFO] [stderr]   compilation terminated.
[INFO] [stderr]   make[3]: *** [CMakeFiles/rocksdb.dir/build.make:622: CMakeFiles/rocksdb.dir/db/snapshot_impl.cc.o] Error 1
[INFO] [stderr]   c++: fatal error: Killed signal terminated program cc1plus
[INFO] [stderr]   compilation terminated.
[INFO] [stderr]   make[3]: *** [CMakeFiles/rocksdb.dir/build.make:1363: CMakeFiles/rocksdb.dir/table/get_context.cc.o] Error 1
[INFO] [stderr]   c++: fatal error: Killed signal terminated program cc1plus
[INFO] [stderr]   compilation terminated.
[INFO] [stderr]   make[3]: *** [CMakeFiles/rocksdb.dir/build.make:1220: CMakeFiles/rocksdb.dir/table/block_based_table_factory.cc.o] Error 1
[INFO] [stderr]   c++: fatal error: Killed signal terminated program cc1plus
[INFO] [stderr]   compilation terminated.
[INFO] [stderr]   make[3]: *** [CMakeFiles/rocksdb.dir/build.make:1545: CMakeFiles/rocksdb.dir/table/two_level_iterator.cc.o] Error 1
[INFO] [stderr]   c++: fatal error: Killed signal terminated program cc1plus
[INFO] [stderr]   compilation terminated.
[INFO] [stderr]   make[3]: *** [CMakeFiles/rocksdb.dir/build.make:1597: CMakeFiles/rocksdb.dir/tools/ldb_tool.cc.o] Error 1
[INFO] [stderr]   c++: fatal error: Killed signal terminated program cc1plus
[INFO] [stderr]   compilation terminated.
[INFO] [stderr]   make[3]: *** [CMakeFiles/rocksdb.dir/build.make:1467: CMakeFiles/rocksdb.dir/table/plain_table_factory.cc.o] Error 1
[INFO] [stderr]   c++: fatal error: Killed signal terminated program cc1plus
[INFO] [stderr]   compilation terminated.
[INFO] [stderr]   make[3]: *** [CMakeFiles/rocksdb.dir/build.make:362: CMakeFiles/rocksdb.dir/db/db_iter.cc.o] Error 1
[INFO] [stderr]   c++: fatal error: Killed signal terminated program cc1plus
[INFO] [stderr]   compilation terminated.
[INFO] [stderr]   make[3]: *** [CMakeFiles/rocksdb.dir/build.make:1285: CMakeFiles/rocksdb.dir/table/cuckoo_table_builder.cc.o] Error 1
[INFO] [stderr]   c++: fatal error: Killed signal terminated program cc1plus
[INFO] [stderr]   compilation terminated.
[INFO] [stderr]   make[3]: *** [CMakeFiles/rocksdb.dir/build.make:466: CMakeFiles/rocksdb.dir/db/forward_iterator.cc.o] Error 1
[INFO] [stderr]   c++: fatal error: Killed signal terminated program cc1plus
[INFO] [stderr]   compilation terminated.
[INFO] [stderr]   make[3]: *** [CMakeFiles/rocksdb.dir/build.make:1571: CMakeFiles/rocksdb.dir/tools/dump/db_dump_tool.cc.o] Error 1
[INFO] [stderr]   c++: fatal error: Killed signal terminated program cc1plus
[INFO] [stderr]   compilation terminated.
[INFO] [stderr]   make[3]: *** [CMakeFiles/rocksdb.dir/build.make:700: CMakeFiles/rocksdb.dir/db/version_set.cc.o] Error 1
[INFO] [stderr]   c++: fatal error: Killed signal terminated program cc1plus
[INFO] [stderr]   compilation terminated.
[INFO] [stderr]   make[3]: *** [CMakeFiles/rocksdb.dir/build.make:1207: CMakeFiles/rocksdb.dir/table/block_based_table_builder.cc.o] Error 1
[INFO] [stderr]   In file included from /opt/rustwide/cargo-home/git/checkouts/rust-rocksdb-82ef6e5337b3fbe6/f7205e6/librocksdb_sys/rocksdb/db/range_del_aggregator.h:15,
[INFO] [stderr]                    from /opt/rustwide/cargo-home/git/checkouts/rust-rocksdb-82ef6e5337b3fbe6/f7205e6/librocksdb_sys/rocksdb/db/memtable.h:19,
[INFO] [stderr]                    from /opt/rustwide/cargo-home/git/checkouts/rust-rocksdb-82ef6e5337b3fbe6/f7205e6/librocksdb_sys/rocksdb/memtable/hash_cuckoo_rep.cc:18:
[INFO] [stderr]   /opt/rustwide/cargo-home/git/checkouts/rust-rocksdb-82ef6e5337b3fbe6/f7205e6/librocksdb_sys/rocksdb/db/version_edit.h: In constructor 'rocksdb::FdWithKeyRange::FdWithKeyRange(rocksdb::FileDescriptor, rocksdb::Slice, rocksdb::Slice, rocksdb::FileMetaData*)':
[INFO] [stderr]   /opt/rustwide/cargo-home/git/checkouts/rust-rocksdb-82ef6e5337b3fbe6/f7205e6/librocksdb_sys/rocksdb/db/version_edit.h:156:33: error: implicitly-declared 'constexpr rocksdb::FileDescriptor::FileDescriptor(const rocksdb::FileDescriptor&)' is deprecated [-Werror=deprecated-copy]
[INFO] [stderr]     156 |         largest_key(_largest_key) {}
[INFO] [stderr]         |                                 ^
[INFO] [stderr]   /opt/rustwide/cargo-home/git/checkouts/rust-rocksdb-82ef6e5337b3fbe6/f7205e6/librocksdb_sys/rocksdb/db/version_edit.h:47:19: note: because 'rocksdb::FileDescriptor' has user-provided 'rocksdb::FileDescriptor& rocksdb::FileDescriptor::operator=(const rocksdb::FileDescriptor&)'
[INFO] [stderr]      47 |   FileDescriptor& operator=(const FileDescriptor& fd) {
[INFO] [stderr]         |                   ^~~~~~~~
[INFO] [stderr]   In file included from /opt/rustwide/cargo-home/git/checkouts/rust-rocksdb-82ef6e5337b3fbe6/f7205e6/librocksdb_sys/rocksdb/db/range_del_aggregator.h:15,
[INFO] [stderr]                    from /opt/rustwide/cargo-home/git/checkouts/rust-rocksdb-82ef6e5337b3fbe6/f7205e6/librocksdb_sys/rocksdb/db/memtable.h:19,
[INFO] [stderr]                    from /opt/rustwide/cargo-home/git/checkouts/rust-rocksdb-82ef6e5337b3fbe6/f7205e6/librocksdb_sys/rocksdb/db/memtable_list.h:15,
[INFO] [stderr]                    from /opt/rustwide/cargo-home/git/checkouts/rust-rocksdb-82ef6e5337b3fbe6/f7205e6/librocksdb_sys/rocksdb/db/column_family.h:17,
[INFO] [stderr]                    from /opt/rustwide/cargo-home/git/checkouts/rust-rocksdb-82ef6e5337b3fbe6/f7205e6/librocksdb_sys/rocksdb/db/external_sst_file_ingestion_job.h:11,
[INFO] [stderr]                    from /opt/rustwide/cargo-home/git/checkouts/rust-rocksdb-82ef6e5337b3fbe6/f7205e6/librocksdb_sys/rocksdb/db/external_sst_file_ingestion_job.cc:8:
[INFO] [stderr]   /opt/rustwide/cargo-home/git/checkouts/rust-rocksdb-82ef6e5337b3fbe6/f7205e6/librocksdb_sys/rocksdb/db/version_edit.h: In constructor 'rocksdb::FdWithKeyRange::FdWithKeyRange(rocksdb::FileDescriptor, rocksdb::Slice, rocksdb::Slice, rocksdb::FileMetaData*)':
[INFO] [stderr]   /opt/rustwide/cargo-home/git/checkouts/rust-rocksdb-82ef6e5337b3fbe6/f7205e6/librocksdb_sys/rocksdb/db/version_edit.h:156:33: error: implicitly-declared 'constexpr rocksdb::FileDescriptor::FileDescriptor(const rocksdb::FileDescriptor&)' is deprecated [-Werror=deprecated-copy]
[INFO] [stderr]     156 |         largest_key(_largest_key) {}
[INFO] [stderr]         |                                 ^
[INFO] [stderr]   /opt/rustwide/cargo-home/git/checkouts/rust-rocksdb-82ef6e5337b3fbe6/f7205e6/librocksdb_sys/rocksdb/db/version_edit.h:47:19: note: because 'rocksdb::FileDescriptor' has user-provided 'rocksdb::FileDescriptor& rocksdb::FileDescriptor::operator=(const rocksdb::FileDescriptor&)'
[INFO] [stderr]      47 |   FileDescriptor& operator=(const FileDescriptor& fd) {
[INFO] [stderr]         |                   ^~~~~~~~
[INFO] [stderr]   c++: fatal error: Killed signal terminated program cc1plus
[INFO] [stderr]   compilation terminated.
[INFO] [stderr]   make[3]: *** [CMakeFiles/rocksdb.dir/build.make:1506: CMakeFiles/rocksdb.dir/table/plain_table_reader.cc.o] Error 1
[INFO] [stderr]   In file included from /opt/rustwide/cargo-home/git/checkouts/rust-rocksdb-82ef6e5337b3fbe6/f7205e6/librocksdb_sys/rocksdb/db/range_del_aggregator.h:15,
[INFO] [stderr]                    from /opt/rustwide/cargo-home/git/checkouts/rust-rocksdb-82ef6e5337b3fbe6/f7205e6/librocksdb_sys/rocksdb/db/memtable.h:19,
[INFO] [stderr]                    from /opt/rustwide/cargo-home/git/checkouts/rust-rocksdb-82ef6e5337b3fbe6/f7205e6/librocksdb_sys/rocksdb/tools/sst_dump_tool.cc:21:
[INFO] [stderr]   /opt/rustwide/cargo-home/git/checkouts/rust-rocksdb-82ef6e5337b3fbe6/f7205e6/librocksdb_sys/rocksdb/db/version_edit.h: In constructor 'rocksdb::FdWithKeyRange::FdWithKeyRange(rocksdb::FileDescriptor, rocksdb::Slice, rocksdb::Slice, rocksdb::FileMetaData*)':
[INFO] [stderr]   /opt/rustwide/cargo-home/git/checkouts/rust-rocksdb-82ef6e5337b3fbe6/f7205e6/librocksdb_sys/rocksdb/db/version_edit.h:156:33: error: implicitly-declared 'constexpr rocksdb::FileDescriptor::FileDescriptor(const rocksdb::FileDescriptor&)' is deprecated [-Werror=deprecated-copy]
[INFO] [stderr]     156 |         largest_key(_largest_key) {}
[INFO] [stderr]         |                                 ^
[INFO] [stderr]   /opt/rustwide/cargo-home/git/checkouts/rust-rocksdb-82ef6e5337b3fbe6/f7205e6/librocksdb_sys/rocksdb/db/version_edit.h:47:19: note: because 'rocksdb::FileDescriptor' has user-provided 'rocksdb::FileDescriptor& rocksdb::FileDescriptor::operator=(const rocksdb::FileDescriptor&)'
[INFO] [stderr]      47 |   FileDescriptor& operator=(const FileDescriptor& fd) {
[INFO] [stderr]         |                   ^~~~~~~~
[INFO] [stderr]   c++: fatal error: Killed signal terminated program cc1plus
[INFO] [stderr]   compilation terminated.
[INFO] [stderr]   make[3]: *** [CMakeFiles/rocksdb.dir/build.make:856: CMakeFiles/rocksdb.dir/memtable/hash_cuckoo_rep.cc.o] Error 1
[INFO] [stderr]   In file included from /opt/rustwide/cargo-home/git/checkouts/rust-rocksdb-82ef6e5337b3fbe6/f7205e6/librocksdb_sys/rocksdb/db/range_del_aggregator.h:15,
[INFO] [stderr]                    from /opt/rustwide/cargo-home/git/checkouts/rust-rocksdb-82ef6e5337b3fbe6/f7205e6/librocksdb_sys/rocksdb/db/memtable.h:19,
[INFO] [stderr]                    from /opt/rustwide/cargo-home/git/checkouts/rust-rocksdb-82ef6e5337b3fbe6/f7205e6/librocksdb_sys/rocksdb/db/memtable_list.h:15,
[INFO] [stderr]                    from /opt/rustwide/cargo-home/git/checkouts/rust-rocksdb-82ef6e5337b3fbe6/f7205e6/librocksdb_sys/rocksdb/db/column_family.h:17,
[INFO] [stderr]                    from /opt/rustwide/cargo-home/git/checkouts/rust-rocksdb-82ef6e5337b3fbe6/f7205e6/librocksdb_sys/rocksdb/db/db_impl.h:23,
[INFO] [stderr]                    from /opt/rustwide/cargo-home/git/checkouts/rust-rocksdb-82ef6e5337b3fbe6/f7205e6/librocksdb_sys/rocksdb/tools/ldb_cmd.cc:15:
[INFO] [stderr]   /opt/rustwide/cargo-home/git/checkouts/rust-rocksdb-82ef6e5337b3fbe6/f7205e6/librocksdb_sys/rocksdb/db/version_edit.h: In constructor 'rocksdb::FdWithKeyRange::FdWithKeyRange(rocksdb::FileDescriptor, rocksdb::Slice, rocksdb::Slice, rocksdb::FileMetaData*)':
[INFO] [stderr]   /opt/rustwide/cargo-home/git/checkouts/rust-rocksdb-82ef6e5337b3fbe6/f7205e6/librocksdb_sys/rocksdb/db/version_edit.h:156:33: error: implicitly-declared 'constexpr rocksdb::FileDescriptor::FileDescriptor(const rocksdb::FileDescriptor&)' is deprecated [-Werror=deprecated-copy]
[INFO] [stderr]     156 |         largest_key(_largest_key) {}
[INFO] [stderr]         |                                 ^
[INFO] [stderr]   /opt/rustwide/cargo-home/git/checkouts/rust-rocksdb-82ef6e5337b3fbe6/f7205e6/librocksdb_sys/rocksdb/db/version_edit.h:47:19: note: because 'rocksdb::FileDescriptor' has user-provided 'rocksdb::FileDescriptor& rocksdb::FileDescriptor::operator=(const rocksdb::FileDescriptor&)'
[INFO] [stderr]      47 |   FileDescriptor& operator=(const FileDescriptor& fd) {
[INFO] [stderr]         |                   ^~~~~~~~
[INFO] [stderr]   /opt/rustwide/cargo-home/git/checkouts/rust-rocksdb-82ef6e5337b3fbe6/f7205e6/librocksdb_sys/rocksdb/db/version_edit.h: In instantiation of 'constexpr std::pair<_T1, _T2>::pair(_U1&&, _U2&&) [with _U1 = int&; _U2 = rocksdb::FileMetaData; typename std::enable_if<(std::_PCC<true, _T1, _T2>::_MoveConstructiblePair<_U1, _U2>() && std::_PCC<true, _T1, _T2>::_ImplicitlyMoveConvertiblePair<_U1, _U2>()), bool>::type <anonymous> = true; _T1 = int; _T2 = rocksdb::FileMetaData]':
[INFO] [stderr]   /usr/include/c++/9/ext/new_allocator.h:147:4:   required from 'void __gnu_cxx::new_allocator<_Tp>::construct(_Up*, _Args&& ...) [with _Up = std::pair<int, rocksdb::FileMetaData>; _Args = {int&, rocksdb::FileMetaData}; _Tp = std::pair<int, rocksdb::FileMetaData>]'
[INFO] [stderr]   /usr/include/c++/9/bits/alloc_traits.h:484:4:   required from 'static void std::allocator_traits<std::allocator<_CharT> >::construct(std::allocator_traits<std::allocator<_CharT> >::allocator_type&, _Up*, _Args&& ...) [with _Up = std::pair<int, rocksdb::FileMetaData>; _Args = {int&, rocksdb::FileMetaData}; _Tp = std::pair<int, rocksdb::FileMetaData>; std::allocator_traits<std::allocator<_CharT> >::allocator_type = std::allocator<std::pair<int, rocksdb::FileMetaData> >]'
[INFO] [stderr]   /usr/include/c++/9/bits/vector.tcc:115:30:   required from 'void std::vector<_Tp, _Alloc>::emplace_back(_Args&& ...) [with _Args = {int&, rocksdb::FileMetaData}; _Tp = std::pair<int, rocksdb::FileMetaData>; _Alloc = std::allocator<std::pair<int, rocksdb::FileMetaData> >]'
[INFO] [stderr]   /opt/rustwide/cargo-home/git/checkouts/rust-rocksdb-82ef6e5337b3fbe6/f7205e6/librocksdb_sys/rocksdb/db/version_edit.h:218:48:   required from here
[INFO] [stderr]   /opt/rustwide/cargo-home/git/checkouts/rust-rocksdb-82ef6e5337b3fbe6/f7205e6/librocksdb_sys/rocksdb/db/version_edit.h:76:8: error: implicitly-declared 'constexpr rocksdb::FileDescriptor::FileDescriptor(const rocksdb::FileDescriptor&)' is deprecated [-Werror=deprecated-copy]
[INFO] [stderr]      76 | struct FileMetaData {
[INFO] [stderr]         |        ^~~~~~~~~~~~
[INFO] [stderr]   /opt/rustwide/cargo-home/git/checkouts/rust-rocksdb-82ef6e5337b3fbe6/f7205e6/librocksdb_sys/rocksdb/db/version_edit.h:47:19: note: because 'rocksdb::FileDescriptor' has user-provided 'rocksdb::FileDescriptor& rocksdb::FileDescriptor::operator=(const rocksdb::FileDescriptor&)'
[INFO] [stderr]      47 |   FileDescriptor& operator=(const FileDescriptor& fd) {
[INFO] [stderr]         |                   ^~~~~~~~
[INFO] [stderr]   In file included from /usr/include/c++/9/bits/stl_algobase.h:64,
[INFO] [stderr]                    from /usr/include/c++/9/bits/char_traits.h:39,
[INFO] [stderr]                    from /usr/include/c++/9/string:40,
[INFO] [stderr]                    from /opt/rustwide/cargo-home/git/checkouts/rust-rocksdb-82ef6e5337b3fbe6/f7205e6/librocksdb_sys/rocksdb/db/external_sst_file_ingestion_job.h:7,
[INFO] [stderr]                    from /opt/rustwide/cargo-home/git/checkouts/rust-rocksdb-82ef6e5337b3fbe6/f7205e6/librocksdb_sys/rocksdb/db/external_sst_file_ingestion_job.cc:8:
[INFO] [stderr]   /usr/include/c++/9/bits/stl_pair.h:342:64: note: synthesized method 'rocksdb::FileMetaData::FileMetaData(rocksdb::FileMetaData&&)' first required here
[INFO] [stderr]     342 |  : first(std::forward<_U1>(__x)), second(std::forward<_U2>(__y)) { }
[INFO] [stderr]         |                                                                ^
[INFO] [stderr]   In file included from /opt/rustwide/cargo-home/git/checkouts/rust-rocksdb-82ef6e5337b3fbe6/f7205e6/librocksdb_sys/rocksdb/db/range_del_aggregator.h:15,
[INFO] [stderr]                    from /opt/rustwide/cargo-home/git/checkouts/rust-rocksdb-82ef6e5337b3fbe6/f7205e6/librocksdb_sys/rocksdb/db/memtable.h:19,
[INFO] [stderr]                    from /opt/rustwide/cargo-home/git/checkouts/rust-rocksdb-82ef6e5337b3fbe6/f7205e6/librocksdb_sys/rocksdb/db/memtable_list.h:15,
[INFO] [stderr]                    from /opt/rustwide/cargo-home/git/checkouts/rust-rocksdb-82ef6e5337b3fbe6/f7205e6/librocksdb_sys/rocksdb/db/column_family.h:17,
[INFO] [stderr]                    from /opt/rustwide/cargo-home/git/checkouts/rust-rocksdb-82ef6e5337b3fbe6/f7205e6/librocksdb_sys/rocksdb/db/external_sst_file_ingestion_job.h:11,
[INFO] [stderr]                    from /opt/rustwide/cargo-home/git/checkouts/rust-rocksdb-82ef6e5337b3fbe6/f7205e6/librocksdb_sys/rocksdb/db/external_sst_file_ingestion_job.cc:8:
[INFO] [stderr]   /opt/rustwide/cargo-home/git/checkouts/rust-rocksdb-82ef6e5337b3fbe6/f7205e6/librocksdb_sys/rocksdb/db/version_edit.h: In instantiation of 'constexpr std::pair<_T1, _T2>::pair(_U1&&, const _T2&) [with _U1 = int&; typename std::enable_if<std::_PCC<true, _T1, _T2>::_MoveCopyPair<true, _U1, _T2>(), bool>::type <anonymous> = true; _T1 = int; _T2 = rocksdb::FileMetaData]':
[INFO] [stderr]   /usr/include/c++/9/ext/new_allocator.h:147:4:   required from 'void __gnu_cxx::new_allocator<_Tp>::construct(_Up*, _Args&& ...) [with _Up = std::pair<int, rocksdb::FileMetaData>; _Args = {int&, const rocksdb::FileMetaData&}; _Tp = std::pair<int, rocksdb::FileMetaData>]'
[INFO] [stderr]   /usr/include/c++/9/bits/alloc_traits.h:484:4:   required from 'static void std::allocator_traits<std::allocator<_CharT> >::construct(std::allocator_traits<std::allocator<_CharT> >::allocator_type&, _Up*, _Args&& ...) [with _Up = std::pair<int, rocksdb::FileMetaData>; _Args = {int&, const rocksdb::FileMetaData&}; _Tp = std::pair<int, rocksdb::FileMetaData>; std::allocator_traits<std::allocator<_CharT> >::allocator_type = std::allocator<std::pair<int, rocksdb::FileMetaData> >]'
[INFO] [stderr]   /usr/include/c++/9/bits/vector.tcc:115:30:   required from 'void std::vector<_Tp, _Alloc>::emplace_back(_Args&& ...) [with _Args = {int&, const rocksdb::FileMetaData&}; _Tp = std::pair<int, rocksdb::FileMetaData>; _Alloc = std::allocator<std::pair<int, rocksdb::FileMetaData> >]'
[INFO] [stderr]   /opt/rustwide/cargo-home/git/checkouts/rust-rocksdb-82ef6e5337b3fbe6/f7205e6/librocksdb_sys/rocksdb/db/version_edit.h:223:37:   required from here
[INFO] [stderr]   /opt/rustwide/cargo-home/git/checkouts/rust-rocksdb-82ef6e5337b3fbe6/f7205e6/librocksdb_sys/rocksdb/db/version_edit.h:76:8: error: implicitly-declared 'constexpr rocksdb::FileDescriptor::FileDescriptor(const rocksdb::FileDescriptor&)' is deprecated [-Werror=deprecated-copy]
[INFO] [stderr]      76 | struct FileMetaData {
[INFO] [stderr]         |        ^~~~~~~~~~~~
[INFO] [stderr]   /opt/rustwide/cargo-home/git/checkouts/rust-rocksdb-82ef6e5337b3fbe6/f7205e6/librocksdb_sys/rocksdb/db/version_edit.h:47:19: note: because 'rocksdb::FileDescriptor' has user-provided 'rocksdb::FileDescriptor& rocksdb::FileDescriptor::operator=(const rocksdb::FileDescriptor&)'
[INFO] [stderr]      47 |   FileDescriptor& operator=(const FileDescriptor& fd) {
[INFO] [stderr]         |                   ^~~~~~~~
[INFO] [stderr]   In file included from /usr/include/c++/9/bits/stl_algobase.h:64,
[INFO] [stderr]                    from /usr/include/c++/9/bits/char_traits.h:39,
[INFO] [stderr]                    from /usr/include/c++/9/string:40,
[INFO] [stderr]                    from /opt/rustwide/cargo-home/git/checkouts/rust-rocksdb-82ef6e5337b3fbe6/f7205e6/librocksdb_sys/rocksdb/db/external_sst_file_ingestion_job.h:7,
[INFO] [stderr]                    from /opt/rustwide/cargo-home/git/checkouts/rust-rocksdb-82ef6e5337b3fbe6/f7205e6/librocksdb_sys/rocksdb/db/external_sst_file_ingestion_job.cc:8:
[INFO] [stderr]   /usr/include/c++/9/bits/stl_pair.h:312:51: note: synthesized method 'rocksdb::FileMetaData::FileMetaData(const rocksdb::FileMetaData&)' first required here
[INFO] [stderr]     312 |        : first(std::forward<_U1>(__x)), second(__y) { }
[INFO] [stderr]         |                                                   ^
[INFO] [stderr]   In file included from /opt/rustwide/cargo-home/git/checkouts/rust-rocksdb-82ef6e5337b3fbe6/f7205e6/librocksdb_sys/rocksdb/db/external_sst_file_ingestion_job.cc:8:
[INFO] [stderr]   /opt/rustwide/cargo-home/git/checkouts/rust-rocksdb-82ef6e5337b3fbe6/f7205e6/librocksdb_sys/rocksdb/db/external_sst_file_ingestion_job.h: In instantiation of 'void __gnu_cxx::new_allocator<_Tp>::construct(_Up*, _Args&& ...) [with _Up = rocksdb::IngestedFileInfo; _Args = {const rocksdb::IngestedFileInfo&}; _Tp = rocksdb::IngestedFileInfo]':
[INFO] [stderr]   /usr/include/c++/9/bits/alloc_traits.h:484:4:   required from 'static void std::allocator_traits<std::allocator<_CharT> >::construct(std::allocator_traits<std::allocator<_CharT> >::allocator_type&, _Up*, _Args&& ...) [with _Up = rocksdb::IngestedFileInfo; _Args = {const rocksdb::IngestedFileInfo&}; _Tp = rocksdb::IngestedFileInfo; std::allocator_traits<std::allocator<_CharT> >::allocator_type = std::allocator<rocksdb::IngestedFileInfo>]'
[INFO] [stderr]   /usr/include/c++/9/bits/stl_vector.h:1189:30:   required from 'void std::vector<_Tp, _Alloc>::push_back(const value_type&) [with _Tp = rocksdb::IngestedFileInfo; _Alloc = std::allocator<rocksdb::IngestedFileInfo>; std::vector<_Tp, _Alloc>::value_type = rocksdb::IngestedFileInfo]'
[INFO] [stderr]   /opt/rustwide/cargo-home/git/checkouts/rust-rocksdb-82ef6e5337b3fbe6/f7205e6/librocksdb_sys/rocksdb/util/autovector.h:268:7:   required from 'void rocksdb::autovector<T, kSize>::push_back(const T&) [with T = rocksdb::IngestedFileInfo; long unsigned int kSize = 8]'
[INFO] [stderr]   /opt/rustwide/cargo-home/git/checkouts/rust-rocksdb-82ef6e5337b3fbe6/f7205e6/librocksdb_sys/rocksdb/db/external_sst_file_ingestion_job.cc:42:46:   required from here
[INFO] [stderr]   /opt/rustwide/cargo-home/git/checkouts/rust-rocksdb-82ef6e5337b3fbe6/f7205e6/librocksdb_sys/rocksdb/db/external_sst_file_ingestion_job.h:23:8: error: implicitly-declared 'constexpr rocksdb::FileDescriptor::FileDescriptor(const rocksdb::FileDescriptor&)' is deprecated [-Werror=deprecated-copy]
[INFO] [stderr]      23 | struct IngestedFileInfo {
[INFO] [stderr]         |        ^~~~~~~~~~~~~~~~
[INFO] [stderr]   In file included from /opt/rustwide/cargo-home/git/checkouts/rust-rocksdb-82ef6e5337b3fbe6/f7205e6/librocksdb_sys/rocksdb/db/range_del_aggregator.h:15,
[INFO] [stderr]                    from /opt/rustwide/cargo-home/git/checkouts/rust-rocksdb-82ef6e5337b3fbe6/f7205e6/librocksdb_sys/rocksdb/db/memtable.h:19,
[INFO] [stderr]                    from /opt/rustwide/cargo-home/git/checkouts/rust-rocksdb-82ef6e5337b3fbe6/f7205e6/librocksdb_sys/rocksdb/db/memtable_list.h:15,
[INFO] [stderr]                    from /opt/rustwide/cargo-home/git/checkouts/rust-rocksdb-82ef6e5337b3fbe6/f7205e6/librocksdb_sys/rocksdb/db/column_family.h:17,
[INFO] [stderr]                    from /opt/rustwide/cargo-home/git/checkouts/rust-rocksdb-82ef6e5337b3fbe6/f7205e6/librocksdb_sys/rocksdb/db/external_sst_file_ingestion_job.h:11,
[INFO] [stderr]                    from /opt/rustwide/cargo-home/git/checkouts/rust-rocksdb-82ef6e5337b3fbe6/f7205e6/librocksdb_sys/rocksdb/db/external_sst_file_ingestion_job.cc:8:
[INFO] [stderr]   /opt/rustwide/cargo-home/git/checkouts/rust-rocksdb-82ef6e5337b3fbe6/f7205e6/librocksdb_sys/rocksdb/db/version_edit.h:47:19: note: because 'rocksdb::FileDescriptor' has user-provided 'rocksdb::FileDescriptor& rocksdb::FileDescriptor::operator=(const rocksdb::FileDescriptor&)'
[INFO] [stderr]      47 |   FileDescriptor& operator=(const FileDescriptor& fd) {
[INFO] [stderr]         |                   ^~~~~~~~
[INFO] [stderr]   In file included from /usr/include/x86_64-linux-gnu/c++/9/bits/c++allocator.h:33,
[INFO] [stderr]                    from /usr/include/c++/9/bits/allocator.h:46,
[INFO] [stderr]                    from /usr/include/c++/9/string:41,
[INFO] [stderr]                    from /opt/rustwide/cargo-home/git/checkouts/rust-rocksdb-82ef6e5337b3fbe6/f7205e6/librocksdb_sys/rocksdb/db/external_sst_file_ingestion_job.h:7,
[INFO] [stderr]                    from /opt/rustwide/cargo-home/git/checkouts/rust-rocksdb-82ef6e5337b3fbe6/f7205e6/librocksdb_sys/rocksdb/db/external_sst_file_ingestion_job.cc:8:
[INFO] [stderr]   /usr/include/c++/9/ext/new_allocator.h:147:4: note: synthesized method 'rocksdb::IngestedFileInfo::IngestedFileInfo(const rocksdb::IngestedFileInfo&)' first required here
[INFO] [stderr]     147 |  { ::new((void *)__p) _Up(std::forward<_Args>(__args)...); }
[INFO] [stderr]         |    ^~~~~~~~~~~~~~~~~~~~~~~~~~~~~~~~~~~~~~~~~~~~~~~~~~~~~~
[INFO] [stderr]   In file included from /opt/rustwide/cargo-home/git/checkouts/rust-rocksdb-82ef6e5337b3fbe6/f7205e6/librocksdb_sys/rocksdb/db/external_sst_file_ingestion_job.cc:8:
[INFO] [stderr]   /opt/rustwide/cargo-home/git/checkouts/rust-rocksdb-82ef6e5337b3fbe6/f7205e6/librocksdb_sys/rocksdb/db/external_sst_file_ingestion_job.h: In instantiation of 'void std::_Construct(_T1*, _Args&& ...) [with _T1 = rocksdb::IngestedFileInfo; _Args = {rocksdb::IngestedFileInfo}]':
[INFO] [stderr]   /usr/include/c++/9/bits/stl_uninitialized.h:83:18:   required from 'static _ForwardIterator std::__uninitialized_copy<_TrivialValueTypes>::__uninit_copy(_InputIterator, _InputIterator, _ForwardIterator) [with _InputIterator = std::move_iterator<rocksdb::IngestedFileInfo*>; _ForwardIterator = rocksdb::IngestedFileInfo*; bool _TrivialValueTypes = false]'
[INFO] [stderr]   /usr/include/c++/9/bits/stl_uninitialized.h:140:15:   required from '_ForwardIterator std::uninitialized_copy(_InputIterator, _InputIterator, _ForwardIterator) [with _InputIterator = std::move_iterator<rocksdb::IngestedFileInfo*>; _ForwardIterator = rocksdb::IngestedFileInfo*]'
[INFO] [stderr]   /usr/include/c++/9/bits/stl_uninitialized.h:307:37:   required from '_ForwardIterator std::__uninitialized_copy_a(_InputIterator, _InputIterator, _ForwardIterator, std::allocator<_Tp>&) [with _InputIterator = std::move_iterator<rocksdb::IngestedFileInfo*>; _ForwardIterator = rocksdb::IngestedFileInfo*; _Tp = rocksdb::IngestedFileInfo]'
[INFO] [stderr]   /usr/include/c++/9/bits/stl_uninitialized.h:329:2:   required from '_ForwardIterator std::__uninitialized_move_if_noexcept_a(_InputIterator, _InputIterator, _ForwardIterator, _Allocator&) [with _InputIterator = rocksdb::IngestedFileInfo*; _ForwardIterator = rocksdb::IngestedFileInfo*; _Allocator = std::allocator<rocksdb::IngestedFileInfo>]'
[INFO] [stderr]   /usr/include/c++/9/bits/vector.tcc:474:3:   required from 'void std::vector<_Tp, _Alloc>::_M_realloc_insert(std::vector<_Tp, _Alloc>::iterator, _Args&& ...) [with _Args = {const rocksdb::IngestedFileInfo&}; _Tp = rocksdb::IngestedFileInfo; _Alloc = std::allocator<rocksdb::IngestedFileInfo>; std::vector<_Tp, _Alloc>::iterator = __gnu_cxx::__normal_iterator<rocksdb::IngestedFileInfo*, std::vector<rocksdb::IngestedFileInfo, std::allocator<rocksdb::IngestedFileInfo> > >; typename std::_Vector_base<_Tp, _Alloc>::pointer = rocksdb::IngestedFileInfo*]'
[INFO] [stderr]   /usr/include/c++/9/bits/stl_vector.h:1195:4:   required from 'void std::vector<_Tp, _Alloc>::push_back(const value_type&) [with _Tp = rocksdb::IngestedFileInfo; _Alloc = std::allocator<rocksdb::IngestedFileInfo>; std::vector<_Tp, _Alloc>::value_type = rocksdb::IngestedFileInfo]'
[INFO] [stderr]   /opt/rustwide/cargo-home/git/checkouts/rust-rocksdb-82ef6e5337b3fbe6/f7205e6/librocksdb_sys/rocksdb/util/autovector.h:268:7:   required from 'void rocksdb::autovector<T, kSize>::push_back(const T&) [with T = rocksdb::IngestedFileInfo; long unsigned int kSize = 8]'
[INFO] [stderr]   /opt/rustwide/cargo-home/git/checkouts/rust-rocksdb-82ef6e5337b3fbe6/f7205e6/librocksdb_sys/rocksdb/db/external_sst_file_ingestion_job.cc:42:46:   required from here
[INFO] [stderr]   /opt/rustwide/cargo-home/git/checkouts/rust-rocksdb-82ef6e5337b3fbe6/f7205e6/librocksdb_sys/rocksdb/db/external_sst_file_ingestion_job.h:23:8: error: implicitly-declared 'constexpr rocksdb::FileDescriptor::FileDescriptor(const rocksdb::FileDescriptor&)' is deprecated [-Werror=deprecated-copy]
[INFO] [stderr]      23 | struct IngestedFileInfo {
[INFO] [stderr]         |        ^~~~~~~~~~~~~~~~
[INFO] [stderr]   In file included from /opt/rustwide/cargo-home/git/checkouts/rust-rocksdb-82ef6e5337b3fbe6/f7205e6/librocksdb_sys/rocksdb/db/range_del_aggregator.h:15,
[INFO] [stderr]                    from /opt/rustwide/cargo-home/git/checkouts/rust-rocksdb-82ef6e5337b3fbe6/f7205e6/librocksdb_sys/rocksdb/db/memtable.h:19,
[INFO] [stderr]                    from /opt/rustwide/cargo-home/git/checkouts/rust-rocksdb-82ef6e5337b3fbe6/f7205e6/librocksdb_sys/rocksdb/db/memtable_list.h:15,
[INFO] [stderr]                    from /opt/rustwide/cargo-home/git/checkouts/rust-rocksdb-82ef6e5337b3fbe6/f7205e6/librocksdb_sys/rocksdb/db/column_family.h:17,
[INFO] [stderr]                    from /opt/rustwide/cargo-home/git/checkouts/rust-rocksdb-82ef6e5337b3fbe6/f7205e6/librocksdb_sys/rocksdb/db/external_sst_file_ingestion_job.h:11,
[INFO] [stderr]                    from /opt/rustwide/cargo-home/git/checkouts/rust-rocksdb-82ef6e5337b3fbe6/f7205e6/librocksdb_sys/rocksdb/db/external_sst_file_ingestion_job.cc:8:
[INFO] [stderr]   /opt/rustwide/cargo-home/git/checkouts/rust-rocksdb-82ef6e5337b3fbe6/f7205e6/librocksdb_sys/rocksdb/db/version_edit.h:47:19: note: because 'rocksdb::FileDescriptor' has user-provided 'rocksdb::FileDescriptor& rocksdb::FileDescriptor::operator=(const rocksdb::FileDescriptor&)'
[INFO] [stderr]      47 |   FileDescriptor& operator=(const FileDescriptor& fd) {
[INFO] [stderr]         |                   ^~~~~~~~
[INFO] [stderr]   In file included from /usr/include/c++/9/vector:65,
[INFO] [stderr]                    from /opt/rustwide/cargo-home/git/checkouts/rust-rocksdb-82ef6e5337b3fbe6/f7205e6/librocksdb_sys/rocksdb/db/external_sst_file_ingestion_job.h:9,
[INFO] [stderr]                    from /opt/rustwide/cargo-home/git/checkouts/rust-rocksdb-82ef6e5337b3fbe6/f7205e6/librocksdb_sys/rocksdb/db/external_sst_file_ingestion_job.cc:8:
[INFO] [stderr]   /usr/include/c++/9/bits/stl_construct.h:75:7: note: synthesized method 'rocksdb::IngestedFileInfo::IngestedFileInfo(rocksdb::IngestedFileInfo&&)' first required here
[INFO] [stderr]      75 |     { ::new(static_cast<void*>(__p)) _T1(std::forward<_Args>(__args)...); }
[INFO] [stderr]         |       ^~~~~~~~~~~~~~~~~~~~~~~~~~~~~~~~~~~~~~~~~~~~~~~~~~~~~~~~~~~~~~~~~~
[INFO] [stderr]   /opt/rustwide/cargo-home/git/checkouts/rust-rocksdb-82ef6e5337b3fbe6/f7205e6/librocksdb_sys/rocksdb/db/version_edit.h: In instantiation of 'constexpr std::pair<_T1, _T2>::pair(_U1&&, _U2&&) [with _U1 = int&; _U2 = rocksdb::FileMetaData; typename std::enable_if<(std::_PCC<true, _T1, _T2>::_MoveConstructiblePair<_U1, _U2>() && std::_PCC<true, _T1, _T2>::_ImplicitlyMoveConvertiblePair<_U1, _U2>()), bool>::type <anonymous> = true; _T1 = int; _T2 = rocksdb::FileMetaData]':
[INFO] [stderr]   /usr/include/c++/9/ext/new_allocator.h:147:4:   required from 'void __gnu_cxx::new_allocator<_Tp>::construct(_Up*, _Args&& ...) [with _Up = std::pair<int, rocksdb::FileMetaData>; _Args = {int&, rocksdb::FileMetaData}; _Tp = std::pair<int, rocksdb::FileMetaData>]'
[INFO] [stderr]   /usr/include/c++/9/bits/alloc_traits.h:484:4:   required from 'static void std::allocator_traits<std::allocator<_Tp1> >::construct(std::allocator_traits<std::allocator<_Tp1> >::allocator_type&, _Up*, _Args&& ...) [with _Up = std::pair<int, rocksdb::FileMetaData>; _Args = {int&, rocksdb::FileMetaData}; _Tp = std::pair<int, rocksdb::FileMetaData>; std::allocator_traits<std::allocator<_Tp1> >::allocator_type = std::allocator<std::pair<int, rocksdb::FileMetaData> >]'
[INFO] [stderr]   /usr/include/c++/9/bits/vector.tcc:115:30:   required from 'void std::vector<_Tp, _Alloc>::emplace_back(_Args&& ...) [with _Args = {int&, rocksdb::FileMetaData}; _Tp = std::pair<int, rocksdb::FileMetaData>; _Alloc = std::allocator<std::pair<int, rocksdb::FileMetaData> >]'
[INFO] [stderr]   /opt/rustwide/cargo-home/git/checkouts/rust-rocksdb-82ef6e5337b3fbe6/f7205e6/librocksdb_sys/rocksdb/db/version_edit.h:218:48:   required from here
[INFO] [stderr]   /opt/rustwide/cargo-home/git/checkouts/rust-rocksdb-82ef6e5337b3fbe6/f7205e6/librocksdb_sys/rocksdb/db/version_edit.h:76:8: error: implicitly-declared 'constexpr rocksdb::FileDescriptor::FileDescriptor(const rocksdb::FileDescriptor&)' is deprecated [-Werror=deprecated-copy]
[INFO] [stderr]      76 | struct FileMetaData {
[INFO] [stderr]         |        ^~~~~~~~~~~~
[INFO] [stderr]   /opt/rustwide/cargo-home/git/checkouts/rust-rocksdb-82ef6e5337b3fbe6/f7205e6/librocksdb_sys/rocksdb/db/version_edit.h:47:19: note: because 'rocksdb::FileDescriptor' has user-provided 'rocksdb::FileDescriptor& rocksdb::FileDescriptor::operator=(const rocksdb::FileDescriptor&)'
[INFO] [stderr]      47 |   FileDescriptor& operator=(const FileDescriptor& fd) {
[INFO] [stderr]         |                   ^~~~~~~~
[INFO] [stderr]   In file included from /usr/include/c++/9/bits/stl_algobase.h:64,
[INFO] [stderr]                    from /usr/include/c++/9/memory:62,
[INFO] [stderr]                    from /opt/rustwide/cargo-home/git/checkouts/rust-rocksdb-82ef6e5337b3fbe6/f7205e6/librocksdb_sys/rocksdb/tools/sst_dump_tool_imp.h:10,
[INFO] [stderr]                    from /opt/rustwide/cargo-home/git/checkouts/rust-rocksdb-82ef6e5337b3fbe6/f7205e6/librocksdb_sys/rocksdb/tools/sst_dump_tool.cc:8:
[INFO] [stderr]   /usr/include/c++/9/bits/stl_pair.h:342:64: note: synthesized method 'rocksdb::FileMetaData::FileMetaData(rocksdb::FileMetaData&&)' first required here
[INFO] [stderr]     342 |  : first(std::forward<_U1>(__x)), second(std::forward<_U2>(__y)) { }
[INFO] [stderr]         |                                                                ^
[INFO] [stderr]   In file included from /opt/rustwide/cargo-home/git/checkouts/rust-rocksdb-82ef6e5337b3fbe6/f7205e6/librocksdb_sys/rocksdb/db/range_del_aggregator.h:15,
[INFO] [stderr]                    from /opt/rustwide/cargo-home/git/checkouts/rust-rocksdb-82ef6e5337b3fbe6/f7205e6/librocksdb_sys/rocksdb/db/memtable.h:19,
[INFO] [stderr]                    from /opt/rustwide/cargo-home/git/checkouts/rust-rocksdb-82ef6e5337b3fbe6/f7205e6/librocksdb_sys/rocksdb/tools/sst_dump_tool.cc:21:
[INFO] [stderr]   /opt/rustwide/cargo-home/git/checkouts/rust-rocksdb-82ef6e5337b3fbe6/f7205e6/librocksdb_sys/rocksdb/db/version_edit.h: In instantiation of 'constexpr std::pair<_T1, _T2>::pair(_U1&&, const _T2&) [with _U1 = int&; typename std::enable_if<std::_PCC<true, _T1, _T2>::_MoveCopyPair<true, _U1, _T2>(), bool>::type <anonymous> = true; _T1 = int; _T2 = rocksdb::FileMetaData]':
[INFO] [stderr]   /usr/include/c++/9/ext/new_allocator.h:147:4:   required from 'void __gnu_cxx::new_allocator<_Tp>::construct(_Up*, _Args&& ...) [with _Up = std::pair<int, rocksdb::FileMetaData>; _Args = {int&, const rocksdb::FileMetaData&}; _Tp = std::pair<int, rocksdb::FileMetaData>]'
[INFO] [stderr]   /usr/include/c++/9/bits/alloc_traits.h:484:4:   required from 'static void std::allocator_traits<std::allocator<_Tp1> >::construct(std::allocator_traits<std::allocator<_Tp1> >::allocator_type&, _Up*, _Args&& ...) [with _Up = std::pair<int, rocksdb::FileMetaData>; _Args = {int&, const rocksdb::FileMetaData&}; _Tp = std::pair<int, rocksdb::FileMetaData>; std::allocator_traits<std::allocator<_Tp1> >::allocator_type = std::allocator<std::pair<int, rocksdb::FileMetaData> >]'
[INFO] [stderr]   /usr/include/c++/9/bits/vector.tcc:115:30:   required from 'void std::vector<_Tp, _Alloc>::emplace_back(_Args&& ...) [with _Args = {int&, const rocksdb::FileMetaData&}; _Tp = std::pair<int, rocksdb::FileMetaData>; _Alloc = std::allocator<std::pair<int, rocksdb::FileMetaData> >]'
[INFO] [stderr]   /opt/rustwide/cargo-home/git/checkouts/rust-rocksdb-82ef6e5337b3fbe6/f7205e6/librocksdb_sys/rocksdb/db/version_edit.h:223:37:   required from here
[INFO] [stderr]   /opt/rustwide/cargo-home/git/checkouts/rust-rocksdb-82ef6e5337b3fbe6/f7205e6/librocksdb_sys/rocksdb/db/version_edit.h:76:8: error: implicitly-declared 'constexpr rocksdb::FileDescriptor::FileDescriptor(const rocksdb::FileDescriptor&)' is deprecated [-Werror=deprecated-copy]
[INFO] [stderr]      76 | struct FileMetaData {
[INFO] [stderr]         |        ^~~~~~~~~~~~
[INFO] [stderr]   /opt/rustwide/cargo-home/git/checkouts/rust-rocksdb-82ef6e5337b3fbe6/f7205e6/librocksdb_sys/rocksdb/db/version_edit.h:47:19: note: because 'rocksdb::FileDescriptor' has user-provided 'rocksdb::FileDescriptor& rocksdb::FileDescriptor::operator=(const rocksdb::FileDescriptor&)'
[INFO] [stderr]      47 |   FileDescriptor& operator=(const FileDescriptor& fd) {
[INFO] [stderr]         |                   ^~~~~~~~
[INFO] [stderr]   In file included from /usr/include/c++/9/bits/stl_algobase.h:64,
[INFO] [stderr]                    from /usr/include/c++/9/memory:62,
[INFO] [stderr]                    from /opt/rustwide/cargo-home/git/checkouts/rust-rocksdb-82ef6e5337b3fbe6/f7205e6/librocksdb_sys/rocksdb/tools/sst_dump_tool_imp.h:10,
[INFO] [stderr]                    from /opt/rustwide/cargo-home/git/checkouts/rust-rocksdb-82ef6e5337b3fbe6/f7205e6/librocksdb_sys/rocksdb/tools/sst_dump_tool.cc:8:
[INFO] [stderr]   /usr/include/c++/9/bits/stl_pair.h:312:51: note: synthesized method 'rocksdb::FileMetaData::FileMetaData(const rocksdb::FileMetaData&)' first required here
[INFO] [stderr]     312 |        : first(std::forward<_U1>(__x)), second(__y) { }
[INFO] [stderr]         |                                                   ^
[INFO] [stderr]   cc1plus: all warnings being treated as errors
[INFO] [stderr]   /opt/rustwide/cargo-home/git/checkouts/rust-rocksdb-82ef6e5337b3fbe6/f7205e6/librocksdb_sys/rocksdb/db/version_edit.h: In instantiation of 'constexpr std::pair<_T1, _T2>::pair(_U1&&, _U2&&) [with _U1 = int&; _U2 = rocksdb::FileMetaData; typename std::enable_if<(std::_PCC<true, _T1, _T2>::_MoveConstructiblePair<_U1, _U2>() && std::_PCC<true, _T1, _T2>::_ImplicitlyMoveConvertiblePair<_U1, _U2>()), bool>::type <anonymous> = true; _T1 = int; _T2 = rocksdb::FileMetaData]':
[INFO] [stderr]   /usr/include/c++/9/ext/new_allocator.h:147:4:   required from 'void __gnu_cxx::new_allocator<_Tp>::construct(_Up*, _Args&& ...) [with _Up = std::pair<int, rocksdb::FileMetaData>; _Args = {int&, rocksdb::FileMetaData}; _Tp = std::pair<int, rocksdb::FileMetaData>]'
[INFO] [stderr]   /usr/include/c++/9/bits/alloc_traits.h:484:4:   required from 'static void std::allocator_traits<std::allocator<_Tp> >::construct(std::allocator_traits<std::allocator<_Tp> >::allocator_type&, _Up*, _Args&& ...) [with _Up = std::pair<int, rocksdb::FileMetaData>; _Args = {int&, rocksdb::FileMetaData}; _Tp = std::pair<int, rocksdb::FileMetaData>; std::allocator_traits<std::allocator<_Tp> >::allocator_type = std::allocator<std::pair<int, rocksdb::FileMetaData> >]'
[INFO] [stderr]   /usr/include/c++/9/bits/vector.tcc:115:30:   required from 'void std::vector<_Tp, _Alloc>::emplace_back(_Args&& ...) [with _Args = {int&, rocksdb::FileMetaData}; _Tp = std::pair<int, rocksdb::FileMetaData>; _Alloc = std::allocator<std::pair<int, rocksdb::FileMetaData> >]'
[INFO] [stderr]   /opt/rustwide/cargo-home/git/checkouts/rust-rocksdb-82ef6e5337b3fbe6/f7205e6/librocksdb_sys/rocksdb/db/version_edit.h:218:48:   required from here
[INFO] [stderr]   /opt/rustwide/cargo-home/git/checkouts/rust-rocksdb-82ef6e5337b3fbe6/f7205e6/librocksdb_sys/rocksdb/db/version_edit.h:76:8: error: implicitly-declared 'constexpr rocksdb::FileDescriptor::FileDescriptor(const rocksdb::FileDescriptor&)' is deprecated [-Werror=deprecated-copy]
[INFO] [stderr]      76 | struct FileMetaData {
[INFO] [stderr]         |        ^~~~~~~~~~~~
[INFO] [stderr]   /opt/rustwide/cargo-home/git/checkouts/rust-rocksdb-82ef6e5337b3fbe6/f7205e6/librocksdb_sys/rocksdb/db/version_edit.h:47:19: note: because 'rocksdb::FileDescriptor' has user-provided 'rocksdb::FileDescriptor& rocksdb::FileDescriptor::operator=(const rocksdb::FileDescriptor&)'
[INFO] [stderr]      47 |   FileDescriptor& operator=(const FileDescriptor& fd) {
[INFO] [stderr]         |                   ^~~~~~~~
[INFO] [stderr]   In file included from /usr/include/c++/9/utility:70,
[INFO] [stderr]                    from /usr/include/c++/9/algorithm:60,
[INFO] [stderr]                    from /opt/rustwide/cargo-home/git/checkouts/rust-rocksdb-82ef6e5337b3fbe6/f7205e6/librocksdb_sys/rocksdb/include/rocksdb/utilities/ldb_cmd.h:12,
[INFO] [stderr]                    from /opt/rustwide/cargo-home/git/checkouts/rust-rocksdb-82ef6e5337b3fbe6/f7205e6/librocksdb_sys/rocksdb/tools/ldb_cmd.cc:7:
[INFO] [stderr]   /usr/include/c++/9/bits/stl_pair.h:342:64: note: synthesized method 'rocksdb::FileMetaData::FileMetaData(rocksdb::FileMetaData&&)' first required here
[INFO] [stderr]     342 |  : first(std::forward<_U1>(__x)), second(std::forward<_U2>(__y)) { }
[INFO] [stderr]         |                                                                ^
[INFO] [stderr]   In file included from /opt/rustwide/cargo-home/git/checkouts/rust-rocksdb-82ef6e5337b3fbe6/f7205e6/librocksdb_sys/rocksdb/db/range_del_aggregator.h:15,
[INFO] [stderr]                    from /opt/rustwide/cargo-home/git/checkouts/rust-rocksdb-82ef6e5337b3fbe6/f7205e6/librocksdb_sys/rocksdb/db/memtable.h:19,
[INFO] [stderr]                    from /opt/rustwide/cargo-home/git/checkouts/rust-rocksdb-82ef6e5337b3fbe6/f7205e6/librocksdb_sys/rocksdb/db/memtable_list.h:15,
[INFO] [stderr]                    from /opt/rustwide/cargo-home/git/checkouts/rust-rocksdb-82ef6e5337b3fbe6/f7205e6/librocksdb_sys/rocksdb/db/column_family.h:17,
[INFO] [stderr]                    from /opt/rustwide/cargo-home/git/checkouts/rust-rocksdb-82ef6e5337b3fbe6/f7205e6/librocksdb_sys/rocksdb/db/db_impl.h:23,
[INFO] [stderr]                    from /opt/rustwide/cargo-home/git/checkouts/rust-rocksdb-82ef6e5337b3fbe6/f7205e6/librocksdb_sys/rocksdb/tools/ldb_cmd.cc:15:
[INFO] [stderr]   /opt/rustwide/cargo-home/git/checkouts/rust-rocksdb-82ef6e5337b3fbe6/f7205e6/librocksdb_sys/rocksdb/db/version_edit.h: In instantiation of 'constexpr std::pair<_T1, _T2>::pair(_U1&&, const _T2&) [with _U1 = int&; typename std::enable_if<std::_PCC<true, _T1, _T2>::_MoveCopyPair<true, _U1, _T2>(), bool>::type <anonymous> = true; _T1 = int; _T2 = rocksdb::FileMetaData]':
[INFO] [stderr]   /usr/include/c++/9/ext/new_allocator.h:147:4:   required from 'void __gnu_cxx::new_allocator<_Tp>::construct(_Up*, _Args&& ...) [with _Up = std::pair<int, rocksdb::FileMetaData>; _Args = {int&, const rocksdb::FileMetaData&}; _Tp = std::pair<int, rocksdb::FileMetaData>]'
[INFO] [stderr]   /usr/include/c++/9/bits/alloc_traits.h:484:4:   required from 'static void std::allocator_traits<std::allocator<_Tp> >::construct(std::allocator_traits<std::allocator<_Tp> >::allocator_type&, _Up*, _Args&& ...) [with _Up = std::pair<int, rocksdb::FileMetaData>; _Args = {int&, const rocksdb::FileMetaData&}; _Tp = std::pair<int, rocksdb::FileMetaData>; std::allocator_traits<std::allocator<_Tp> >::allocator_type = std::allocator<std::pair<int, rocksdb::FileMetaData> >]'
[INFO] [stderr]   /usr/include/c++/9/bits/vector.tcc:115:30:   required from 'void std::vector<_Tp, _Alloc>::emplace_back(_Args&& ...) [with _Args = {int&, const rocksdb::FileMetaData&}; _Tp = std::pair<int, rocksdb::FileMetaData>; _Alloc = std::allocator<std::pair<int, rocksdb::FileMetaData> >]'
[INFO] [stderr]   /opt/rustwide/cargo-home/git/checkouts/rust-rocksdb-82ef6e5337b3fbe6/f7205e6/librocksdb_sys/rocksdb/db/version_edit.h:223:37:   required from here
[INFO] [stderr]   /opt/rustwide/cargo-home/git/checkouts/rust-rocksdb-82ef6e5337b3fbe6/f7205e6/librocksdb_sys/rocksdb/db/version_edit.h:76:8: error: implicitly-declared 'constexpr rocksdb::FileDescriptor::FileDescriptor(const rocksdb::FileDescriptor&)' is deprecated [-Werror=deprecated-copy]
[INFO] [stderr]      76 | struct FileMetaData {
[INFO] [stderr]         |        ^~~~~~~~~~~~
[INFO] [stderr]   /opt/rustwide/cargo-home/git/checkouts/rust-rocksdb-82ef6e5337b3fbe6/f7205e6/librocksdb_sys/rocksdb/db/version_edit.h:47:19: note: because 'rocksdb::FileDescriptor' has user-provided 'rocksdb::FileDescriptor& rocksdb::FileDescriptor::operator=(const rocksdb::FileDescriptor&)'
[INFO] [stderr]      47 |   FileDescriptor& operator=(const FileDescriptor& fd) {
[INFO] [stderr]         |                   ^~~~~~~~
[INFO] [stderr]   In file included from /usr/include/c++/9/utility:70,
[INFO] [stderr]                    from /usr/include/c++/9/algorithm:60,
[INFO] [stderr]                    from /opt/rustwide/cargo-home/git/checkouts/rust-rocksdb-82ef6e5337b3fbe6/f7205e6/librocksdb_sys/rocksdb/include/rocksdb/utilities/ldb_cmd.h:12,
[INFO] [stderr]                    from /opt/rustwide/cargo-home/git/checkouts/rust-rocksdb-82ef6e5337b3fbe6/f7205e6/librocksdb_sys/rocksdb/tools/ldb_cmd.cc:7:
[INFO] [stderr]   /usr/include/c++/9/bits/stl_pair.h:312:51: note: synthesized method 'rocksdb::FileMetaData::FileMetaData(const rocksdb::FileMetaData&)' first required here
[INFO] [stderr]     312 |        : first(std::forward<_U1>(__x)), second(__y) { }
[INFO] [stderr]         |                                                   ^
[INFO] [stderr]   make[3]: *** [CMakeFiles/rocksdb.dir/build.make:414: CMakeFiles/rocksdb.dir/db/external_sst_file_ingestion_job.cc.o] Error 1
[INFO] [stderr]   cc1plus: all warnings being treated as errors
[INFO] [stderr]   make[3]: *** [CMakeFiles/rocksdb.dir/build.make:1610: CMakeFiles/rocksdb.dir/tools/sst_dump_tool.cc.o] Error 1
[INFO] [stderr]   cc1plus: all warnings being treated as errors
[INFO] [stderr]   make[3]: *** [CMakeFiles/rocksdb.dir/build.make:1584: CMakeFiles/rocksdb.dir/tools/ldb_cmd.cc.o] Error 1
[INFO] [stderr]   make[2]: *** [CMakeFiles/Makefile2:1259: CMakeFiles/rocksdb.dir/all] Error 2
[INFO] [stderr]   make[1]: *** [CMakeFiles/Makefile2:1266: CMakeFiles/rocksdb.dir/rule] Error 2
[INFO] [stderr]   make: *** [Makefile:539: rocksdb] Error 2
[INFO] [stderr]   thread 'main' panicked at '
[INFO] [stderr]   command did not execute successfully, got: exit status: 2
[INFO] [stderr] 
[INFO] [stderr]   build script failed, must exit now', /opt/rustwide/cargo-home/registry/src/github.com-1ecc6299db9ec823/cmake-0.1.34/src/lib.rs:776:5
[INFO] [stderr]   stack backtrace:
[INFO] [stderr]      0:     0x55db5b87a330 - std::backtrace_rs::backtrace::libunwind::trace::hff4d1766e93f64f1
[INFO] [stderr]                                  at /rustc/53fd98ca776cb875bc9e5514f56b52eb74f9e7a9/library/std/src/../../backtrace/src/backtrace/libunwind.rs:90:5
[INFO] [stderr]      1:     0x55db5b87a330 - std::backtrace_rs::backtrace::trace_unsynchronized::h56bbc8eb78770bcb
[INFO] [stderr]                                  at /rustc/53fd98ca776cb875bc9e5514f56b52eb74f9e7a9/library/std/src/../../backtrace/src/backtrace/mod.rs:66:5
[INFO] [stderr]      2:     0x55db5b87a330 - std::sys_common::backtrace::_print_fmt::h5c8e75464faca780
[INFO] [stderr]                                  at /rustc/53fd98ca776cb875bc9e5514f56b52eb74f9e7a9/library/std/src/sys_common/backtrace.rs:67:5
[INFO] [stderr]      3:     0x55db5b87a330 - <std::sys_common::backtrace::_print::DisplayBacktrace as core::fmt::Display>::fmt::h48b88277def8b362
[INFO] [stderr]                                  at /rustc/53fd98ca776cb875bc9e5514f56b52eb74f9e7a9/library/std/src/sys_common/backtrace.rs:46:22
[INFO] [stderr]      4:     0x55db5b89ab7c - core::fmt::write::h3381b3176fe2b3d3
[INFO] [stderr]                                  at /rustc/53fd98ca776cb875bc9e5514f56b52eb74f9e7a9/library/core/src/fmt/mod.rs:1115:17
[INFO] [stderr]      5:     0x55db5b876bb5 - std::io::Write::write_fmt::hd42607e5d8e44db0
[INFO] [stderr]                                  at /rustc/53fd98ca776cb875bc9e5514f56b52eb74f9e7a9/library/std/src/io/mod.rs:1665:15
[INFO] [stderr]      6:     0x55db5b87c91b - std::sys_common::backtrace::_print::ha537687d6c17dd0d
[INFO] [stderr]                                  at /rustc/53fd98ca776cb875bc9e5514f56b52eb74f9e7a9/library/std/src/sys_common/backtrace.rs:49:5
[INFO] [stderr]      7:     0x55db5b87c91b - std::sys_common::backtrace::print::h61376ae57d131d72
[INFO] [stderr]                                  at /rustc/53fd98ca776cb875bc9e5514f56b52eb74f9e7a9/library/std/src/sys_common/backtrace.rs:36:9
[INFO] [stderr]      8:     0x55db5b87c91b - std::panicking::default_hook::{{closure}}::h0f7208c0b9644a54
[INFO] [stderr]                                  at /rustc/53fd98ca776cb875bc9e5514f56b52eb74f9e7a9/library/std/src/panicking.rs:208:50
[INFO] [stderr]      9:     0x55db5b87c3f1 - std::panicking::default_hook::hdac7fc06578c14ce
[INFO] [stderr]                                  at /rustc/53fd98ca776cb875bc9e5514f56b52eb74f9e7a9/library/std/src/panicking.rs:225:9
[INFO] [stderr]     10:     0x55db5b87cfe4 - std::panicking::rust_panic_with_hook::h72b21c283da3d1ef
[INFO] [stderr]                                  at /rustc/53fd98ca776cb875bc9e5514f56b52eb74f9e7a9/library/std/src/panicking.rs:622:17
[INFO] [stderr]     11:     0x55db5b87cac7 - std::panicking::begin_panic_handler::{{closure}}::he5778f1729cff84a
[INFO] [stderr]                                  at /rustc/53fd98ca776cb875bc9e5514f56b52eb74f9e7a9/library/std/src/panicking.rs:519:13
[INFO] [stderr]     12:     0x55db5b87a80c - std::sys_common::backtrace::__rust_end_short_backtrace::h2d11ca8b453b4b1d
[INFO] [stderr]                                  at /rustc/53fd98ca776cb875bc9e5514f56b52eb74f9e7a9/library/std/src/sys_common/backtrace.rs:141:18
[INFO] [stderr]     13:     0x55db5b87ca29 - rust_begin_unwind
[INFO] [stderr]                                  at /rustc/53fd98ca776cb875bc9e5514f56b52eb74f9e7a9/library/std/src/panicking.rs:515:5
[INFO] [stderr]     14:     0x55db5b7f9c1b - std::panicking::begin_panic_fmt::h746518bde832d259
[INFO] [stderr]                                  at /rustc/53fd98ca776cb875bc9e5514f56b52eb74f9e7a9/library/std/src/panicking.rs:457:5
[INFO] [stderr]     15:     0x55db5b805ad3 - cmake::fail::h29ecb5363652ee52
[INFO] [stderr]                                  at /opt/rustwide/cargo-home/registry/src/github.com-1ecc6299db9ec823/cmake-0.1.34/src/lib.rs:776:5
[INFO] [stderr]     16:     0x55db5b8054e1 - cmake::run::hf75b64897e73e906
[INFO] [stderr]                                  at /opt/rustwide/cargo-home/registry/src/github.com-1ecc6299db9ec823/cmake-0.1.34/src/lib.rs:757:9
[INFO] [stderr]     17:     0x55db5b8026cd - cmake::Config::build::h821bec76ad95db97
[INFO] [stderr]                                  at /opt/rustwide/cargo-home/registry/src/github.com-1ecc6299db9ec823/cmake-0.1.34/src/lib.rs:669:9
[INFO] [stderr]     18:     0x55db5b7fb928 - build_script_build::build_rocksdb::hc0b3677921bb9fe4
[INFO] [stderr]                                  at /opt/rustwide/cargo-home/git/checkouts/rust-rocksdb-82ef6e5337b3fbe6/f7205e6/librocksdb_sys/build.rs:85:15
[INFO] [stderr]     19:     0x55db5b7fac01 - build_script_build::main::h9fd253203c3a6bf3
[INFO] [stderr]                                  at /opt/rustwide/cargo-home/git/checkouts/rust-rocksdb-82ef6e5337b3fbe6/f7205e6/librocksdb_sys/build.rs:23:21
[INFO] [stderr]     20:     0x55db5b7fcb3b - core::ops::function::FnOnce::call_once::hccd8105f90b55824
[INFO] [stderr]                                  at /rustc/53fd98ca776cb875bc9e5514f56b52eb74f9e7a9/library/core/src/ops/function.rs:227:5
[INFO] [stderr]     21:     0x55db5b7fc67e - std::sys_common::backtrace::__rust_begin_short_backtrace::hb28834b069aa982e
[INFO] [stderr]                                  at /rustc/53fd98ca776cb875bc9e5514f56b52eb74f9e7a9/library/std/src/sys_common/backtrace.rs:125:18
[INFO] [stderr]     22:     0x55db5b7fcf41 - std::rt::lang_start::{{closure}}::h525e907bd553b56a
[INFO] [stderr]                                  at /rustc/53fd98ca776cb875bc9e5514f56b52eb74f9e7a9/library/std/src/rt.rs:63:18
[INFO] [stderr]     23:     0x55db5b87d4ea - core::ops::function::impls::<impl core::ops::function::FnOnce<A> for &F>::call_once::ha88a7d1a4d24e549
[INFO] [stderr]                                  at /rustc/53fd98ca776cb875bc9e5514f56b52eb74f9e7a9/library/core/src/ops/function.rs:259:13
[INFO] [stderr]     24:     0x55db5b87d4ea - std::panicking::try::do_call::hd3b1d7740607ccc7
[INFO] [stderr]                                  at /rustc/53fd98ca776cb875bc9e5514f56b52eb74f9e7a9/library/std/src/panicking.rs:401:40
[INFO] [stderr]     25:     0x55db5b87d4ea - std::panicking::try::h0ee8c65ac7461507
[INFO] [stderr]                                  at /rustc/53fd98ca776cb875bc9e5514f56b52eb74f9e7a9/library/std/src/panicking.rs:365:19
[INFO] [stderr]     26:     0x55db5b87d4ea - std::panic::catch_unwind::head47f0de4ccd838
[INFO] [stderr]                                  at /rustc/53fd98ca776cb875bc9e5514f56b52eb74f9e7a9/library/std/src/panic.rs:434:14
[INFO] [stderr]     27:     0x55db5b87d4ea - std::rt::lang_start_internal::{{closure}}::hbc7de8ec820ac085
[INFO] [stderr]                                  at /rustc/53fd98ca776cb875bc9e5514f56b52eb74f9e7a9/library/std/src/rt.rs:45:48
[INFO] [stderr]     28:     0x55db5b87d4ea - std::panicking::try::do_call::h2609e52e8bad4a7b
[INFO] [stderr]                                  at /rustc/53fd98ca776cb875bc9e5514f56b52eb74f9e7a9/library/std/src/panicking.rs:401:40
[INFO] [stderr]     29:     0x55db5b87d4ea - std::panicking::try::hd0929f0b603e0389
[INFO] [stderr]                                  at /rustc/53fd98ca776cb875bc9e5514f56b52eb74f9e7a9/library/std/src/panicking.rs:365:19
[INFO] [stderr]     30:     0x55db5b87d4ea - std::panic::catch_unwind::h27902b81c3e47571
[INFO] [stderr]                                  at /rustc/53fd98ca776cb875bc9e5514f56b52eb74f9e7a9/library/std/src/panic.rs:434:14
[INFO] [stderr]     31:     0x55db5b87d4ea - std::rt::lang_start_internal::h3fb2d794dd391e3e
[INFO] [stderr]                                  at /rustc/53fd98ca776cb875bc9e5514f56b52eb74f9e7a9/library/std/src/rt.rs:45:20
[INFO] [stderr]     32:     0x55db5b7fcf10 - std::rt::lang_start::h8b724bed321104ac
[INFO] [stderr]                                  at /rustc/53fd98ca776cb875bc9e5514f56b52eb74f9e7a9/library/std/src/rt.rs:62:5
[INFO] [stderr]     33:     0x55db5b7fbf0c - main
[INFO] [stderr]     34:     0x7ff69d1e90b3 - __libc_start_main
[INFO] [stderr]     35:     0x55db5b7fab2e - _start
[INFO] [stderr]     36:                0x0 - <unknown>
[INFO] running `Command { std: "docker" "inspect" "2b821bc5ff62c40e5f92720049cbf35cedaeb40c5b6eb641b75402ec8c0b4d23", kill_on_drop: false }`
[INFO] running `Command { std: "docker" "rm" "-f" "2b821bc5ff62c40e5f92720049cbf35cedaeb40c5b6eb641b75402ec8c0b4d23", kill_on_drop: false }`
[INFO] [stdout] 2b821bc5ff62c40e5f92720049cbf35cedaeb40c5b6eb641b75402ec8c0b4d23
