[INFO] cloning repository https://github.com/andrewcsmith/autocorrelation_window
[INFO] running `Command { std: "git" "-c" "credential.helper=" "-c" "credential.helper=/workspace/cargo-home/bin/git-credential-null" "clone" "--bare" "https://github.com/andrewcsmith/autocorrelation_window" "/workspace/cache/git-repos/https%3A%2F%2Fgithub.com%2Fandrewcsmith%2Fautocorrelation_window", kill_on_drop: false }`
[INFO] [stderr] Cloning into bare repository '/workspace/cache/git-repos/https%3A%2F%2Fgithub.com%2Fandrewcsmith%2Fautocorrelation_window'...
[INFO] running `Command { std: "git" "rev-parse" "HEAD", kill_on_drop: false }`
[INFO] [stdout] 8ff894bc1dec001387bbff334e47309b7295f3f8
[INFO] testing andrewcsmith/autocorrelation_window against 1.54.0 for beta-1.55-1
[INFO] running `Command { std: "git" "clone" "/workspace/cache/git-repos/https%3A%2F%2Fgithub.com%2Fandrewcsmith%2Fautocorrelation_window" "/workspace/builds/worker-9/source", kill_on_drop: false }`
[INFO] [stderr] Cloning into '/workspace/builds/worker-9/source'...
[INFO] [stderr] done.
[INFO] validating manifest of git repo https://github.com/andrewcsmith/autocorrelation_window on toolchain 1.54.0
[INFO] running `Command { std: "/workspace/cargo-home/bin/cargo" "+1.54.0" "metadata" "--manifest-path" "Cargo.toml" "--no-deps", kill_on_drop: false }`
[INFO] started tweaking git repo https://github.com/andrewcsmith/autocorrelation_window
[INFO] finished tweaking git repo https://github.com/andrewcsmith/autocorrelation_window
[INFO] tweaked toml for git repo https://github.com/andrewcsmith/autocorrelation_window written to /workspace/builds/worker-9/source/Cargo.toml
[INFO] crate git repo https://github.com/andrewcsmith/autocorrelation_window already has a lockfile, it will not be regenerated
[INFO] running `Command { std: "/workspace/cargo-home/bin/cargo" "+1.54.0" "fetch" "--manifest-path" "Cargo.toml", kill_on_drop: false }`
[INFO] [stderr]     Blocking waiting for file lock on package cache
[INFO] [stderr]     Blocking waiting for file lock on package cache
[INFO] running `Command { std: "docker" "create" "-v" "/var/lib/crater-agent-workspace/builds/worker-9/target:/opt/rustwide/target:rw,Z" "-v" "/var/lib/crater-agent-workspace/builds/worker-9/source:/opt/rustwide/workdir:ro,Z" "-v" "/var/lib/crater-agent-workspace/cargo-home:/opt/rustwide/cargo-home:ro,Z" "-v" "/var/lib/crater-agent-workspace/rustup-home:/opt/rustwide/rustup-home:ro,Z" "-e" "SOURCE_DIR=/opt/rustwide/workdir" "-e" "CARGO_TARGET_DIR=/opt/rustwide/target" "-e" "CARGO_HOME=/opt/rustwide/cargo-home" "-e" "RUSTUP_HOME=/opt/rustwide/rustup-home" "-w" "/opt/rustwide/workdir" "-m" "1610612736" "--user" "0:0" "--network" "none" "ghcr.io/rust-lang/crates-build-env/linux@sha256:34b6a614d2c27851fe6cbf88fbd1137609cefab8b10d0615aaeb6fd47975d74e" "/opt/rustwide/cargo-home/bin/cargo" "+1.54.0" "metadata" "--no-deps" "--format-version=1", kill_on_drop: false }`
[INFO] [stdout] da112da570ecb67ba21bc85e04e170615d3b0d32d933157c9ae4276b7cdc0b22
[INFO] [stderr] WARNING: Your kernel does not support swap limit capabilities or the cgroup is not mounted. Memory limited without swap.
[INFO] running `Command { std: "docker" "start" "-a" "da112da570ecb67ba21bc85e04e170615d3b0d32d933157c9ae4276b7cdc0b22", kill_on_drop: false }`
[INFO] running `Command { std: "docker" "inspect" "da112da570ecb67ba21bc85e04e170615d3b0d32d933157c9ae4276b7cdc0b22", kill_on_drop: false }`
[INFO] running `Command { std: "docker" "rm" "-f" "da112da570ecb67ba21bc85e04e170615d3b0d32d933157c9ae4276b7cdc0b22", kill_on_drop: false }`
[INFO] [stdout] da112da570ecb67ba21bc85e04e170615d3b0d32d933157c9ae4276b7cdc0b22
[INFO] running `Command { std: "docker" "create" "-v" "/var/lib/crater-agent-workspace/builds/worker-9/target:/opt/rustwide/target:rw,Z" "-v" "/var/lib/crater-agent-workspace/builds/worker-9/source:/opt/rustwide/workdir:ro,Z" "-v" "/var/lib/crater-agent-workspace/cargo-home:/opt/rustwide/cargo-home:ro,Z" "-v" "/var/lib/crater-agent-workspace/rustup-home:/opt/rustwide/rustup-home:ro,Z" "-e" "SOURCE_DIR=/opt/rustwide/workdir" "-e" "CARGO_TARGET_DIR=/opt/rustwide/target" "-e" "CARGO_INCREMENTAL=0" "-e" "RUST_BACKTRACE=full" "-e" "RUSTFLAGS=--cap-lints=warn" "-e" "CARGO_HOME=/opt/rustwide/cargo-home" "-e" "RUSTUP_HOME=/opt/rustwide/rustup-home" "-w" "/opt/rustwide/workdir" "-m" "1610612736" "--user" "0:0" "--network" "none" "ghcr.io/rust-lang/crates-build-env/linux@sha256:34b6a614d2c27851fe6cbf88fbd1137609cefab8b10d0615aaeb6fd47975d74e" "/opt/rustwide/cargo-home/bin/cargo" "+1.54.0" "build" "--frozen" "--message-format=json", kill_on_drop: false }`
[INFO] [stdout] d7deca67187cc4f4ba21dc0269ac03659a3298565cc4c9faf1aee5820909fc36
[INFO] [stderr] WARNING: Your kernel does not support swap limit capabilities or the cgroup is not mounted. Memory limited without swap.
[INFO] running `Command { std: "docker" "start" "-a" "d7deca67187cc4f4ba21dc0269ac03659a3298565cc4c9faf1aee5820909fc36", kill_on_drop: false }`
[INFO] [stderr]    Compiling libc v0.2.14
[INFO] [stderr]    Compiling num-traits v0.1.34
[INFO] [stderr]    Compiling rustc-serialize v0.3.19
[INFO] [stderr]    Compiling log v0.3.6
[INFO] [stderr]    Compiling pkg-config v0.3.8
[INFO] [stderr]    Compiling gcc v0.3.32
[INFO] [stderr]    Compiling khronos_api v1.0.0
[INFO] [stderr]    Compiling serde v0.8.0
[INFO] [stderr]    Compiling dtoa v0.2.2
[INFO] [stderr]    Compiling itoa v0.1.1
[INFO] [stderr]    Compiling lazy_static v0.2.1
[INFO] [stderr]    Compiling piston-float v0.2.0
[INFO] [stderr]    Compiling bitflags v0.6.0
[INFO] [stderr]    Compiling byteorder v0.5.3
[INFO] [stderr]    Compiling lazy_static v0.1.16
[INFO] [stderr]    Compiling crossbeam v0.2.9
[INFO] [stderr]    Compiling shader_version v0.2.1
[INFO] [stderr]    Compiling odds v0.2.14
[INFO] [stderr]    Compiling inflate v0.1.1
[INFO] [stderr]    Compiling piston-texture v0.5.0
[INFO] [stderr]    Compiling itertools v0.4.17
[INFO] [stdout] error[E0642]: patterns aren't allowed in functions without bodies
[INFO] [stdout]    --> /opt/rustwide/cargo-home/registry/src/github.com-1ecc6299db9ec823/rustc-serialize-0.3.19/src/serialize.rs:147:45
[INFO] [stdout]     |
[INFO] [stdout] 147 | ...                   &f_name: &str,
[INFO] [stdout]     |                       ^^^^^^^ pattern not allowed in function without body
[INFO] [stdout] 
[INFO] [stdout] 
[INFO] [stderr]    Compiling linked-hash-map v0.0.9
[INFO] [stderr]    Compiling interpolation v0.1.0
[INFO] [stderr]    Compiling read_color v0.1.0
[INFO] [stderr]    Compiling piston-shaders_graphics2d v0.2.1
[INFO] [stderr]    Compiling sample v0.6.1
[INFO] [stderr]    Compiling bounded-spsc-queue v0.1.2
[INFO] [stderr]    Compiling xml-rs v0.3.4
[INFO] [stdout] error[E0557]: feature has been removed
[INFO] [stdout]  --> /opt/rustwide/cargo-home/registry/src/github.com-1ecc6299db9ec823/bounded-spsc-queue-0.1.2/src/lib.rs:2:46
[INFO] [stdout]   |
[INFO] [stdout] 2 | #![feature(heap_api, oom, alloc, box_syntax, optin_builtin_traits)]
[INFO] [stdout]   |                                              ^^^^^^^^^^^^^^^^^^^^ feature has been removed
[INFO] [stdout]   |
[INFO] [stdout]   = note: renamed to `auto_traits`
[INFO] [stdout] 
[INFO] [stdout] 
[INFO] [stdout] error[E0432]: unresolved import `alloc::heap`
[INFO] [stdout]   --> /opt/rustwide/cargo-home/registry/src/github.com-1ecc6299db9ec823/bounded-spsc-queue-0.1.2/src/lib.rs:11:12
[INFO] [stdout]    |
[INFO] [stdout] 11 | use alloc::heap::{allocate, deallocate};
[INFO] [stdout]    |            ^^^^ could not find `heap` in `alloc`
[INFO] [stdout] 
[INFO] [stdout] 
[INFO] [stdout] error[E0425]: cannot find function `oom` in crate `alloc`
[INFO] [stdout]    --> /opt/rustwide/cargo-home/registry/src/github.com-1ecc6299db9ec823/bounded-spsc-queue-0.1.2/src/lib.rs:325:33
[INFO] [stdout]     |
[INFO] [stdout] 325 |     if ptr.is_null() { ::alloc::oom() }
[INFO] [stdout]     |                                 ^^^ not found in `alloc`
[INFO] [stdout] 
[INFO] [stdout] 
[INFO] [stdout] error[E0554]: `#![feature]` may not be used on the stable release channel
[INFO] [stdout]  --> /opt/rustwide/cargo-home/registry/src/github.com-1ecc6299db9ec823/bounded-spsc-queue-0.1.2/src/lib.rs:2:1
[INFO] [stdout]   |
[INFO] [stdout] 2 | #![feature(heap_api, oom, alloc, box_syntax, optin_builtin_traits)]
[INFO] [stdout]   | ^^^^^^^^^^^^^^^^^^^^^^^^^^^^^^^^^^^^^^^^^^^^^^^^^^^^^^^^^^^^^^^^^^^
[INFO] [stdout] 
[INFO] [stdout] 
[INFO] [stdout] error[E0658]: negative trait bounds are not yet fully implemented; use marker types for now
[INFO] [stdout]   --> /opt/rustwide/cargo-home/registry/src/github.com-1ecc6299db9ec823/bounded-spsc-queue-0.1.2/src/lib.rs:80:9
[INFO] [stdout]    |
[INFO] [stdout] 80 | impl<T> !Sync for Consumer<T> {}
[INFO] [stdout]    |         ^^^^^
[INFO] [stdout]    |
[INFO] [stdout]    = note: see issue #68318 <https://github.com/rust-lang/rust/issues/68318> for more information
[INFO] [stdout] 
[INFO] [stdout] 
[INFO] [stdout] error[E0658]: negative trait bounds are not yet fully implemented; use marker types for now
[INFO] [stdout]   --> /opt/rustwide/cargo-home/registry/src/github.com-1ecc6299db9ec823/bounded-spsc-queue-0.1.2/src/lib.rs:81:9
[INFO] [stdout]    |
[INFO] [stdout] 81 | impl<T> !Sync for Producer<T> {}
[INFO] [stdout]    |         ^^^^^
[INFO] [stdout]    |
[INFO] [stdout]    = note: see issue #68318 <https://github.com/rust-lang/rust/issues/68318> for more information
[INFO] [stdout] 
[INFO] [stdout] 
[INFO] [stderr]    Compiling piston-viewport v0.2.0
[INFO] [stderr]    Compiling vecmath v0.2.0
[INFO] [stderr]    Compiling draw_state v0.6.0
[INFO] [stdout] error: aborting due to 6 previous errors
[INFO] [stdout] 
[INFO] [stdout] 
[INFO] [stdout] Some errors have detailed explanations: E0425, E0432, E0554, E0557, E0658.
[INFO] [stdout] 
[INFO] [stdout] For more information about an error, try `rustc --explain E0425`.
[INFO] [stdout] 
[INFO] [stderr] error: could not compile `bounded-spsc-queue`
[INFO] [stderr] 
[INFO] [stderr] To learn more, run the command again with --verbose.
[INFO] [stderr] warning: build failed, waiting for other jobs to finish...
[INFO] [stdout] error: aborting due to previous error
[INFO] [stdout] 
[INFO] [stdout] 
[INFO] [stdout] For more information about this error, try `rustc --explain E0642`.
[INFO] [stdout] 
[INFO] [stdout] error[E0282]: type annotations needed
[INFO] [stdout]   --> /opt/rustwide/cargo-home/registry/src/github.com-1ecc6299db9ec823/sample-0.6.1/src/window.rs:57:41
[INFO] [stdout]    |
[INFO] [stdout] 57 |         let v = phase.to_float_sample().to_sample() * PI_2;
[INFO] [stdout]    |                                         ^^^^^^^^^ cannot infer type for type parameter `S` declared on the associated function `to_sample`
[INFO] [stdout]    |
[INFO] [stdout] help: consider specifying the type argument in the method call
[INFO] [stdout]    |
[INFO] [stdout] 57 |         let v = phase.to_float_sample().to_sample::<S>() * PI_2;
[INFO] [stdout]    |                                                  ^^^^^
[INFO] [stdout] 
[INFO] [stdout] 
[INFO] [stdout] error: aborting due to previous error
[INFO] [stdout] 
[INFO] [stdout] 
[INFO] [stdout] For more information about this error, try `rustc --explain E0282`.
[INFO] [stdout] 
[INFO] [stderr] error: build failed
[INFO] running `Command { std: "docker" "inspect" "d7deca67187cc4f4ba21dc0269ac03659a3298565cc4c9faf1aee5820909fc36", kill_on_drop: false }`
[INFO] running `Command { std: "docker" "rm" "-f" "d7deca67187cc4f4ba21dc0269ac03659a3298565cc4c9faf1aee5820909fc36", kill_on_drop: false }`
[INFO] [stdout] d7deca67187cc4f4ba21dc0269ac03659a3298565cc4c9faf1aee5820909fc36
