[INFO] cloning repository https://github.com/amitu/realm-starter
[INFO] running `Command { std: "git" "-c" "credential.helper=" "-c" "credential.helper=/workspace/cargo-home/bin/git-credential-null" "clone" "--bare" "https://github.com/amitu/realm-starter" "/workspace/cache/git-repos/https%3A%2F%2Fgithub.com%2Famitu%2Frealm-starter", kill_on_drop: false }`
[INFO] [stderr] Cloning into bare repository '/workspace/cache/git-repos/https%3A%2F%2Fgithub.com%2Famitu%2Frealm-starter'...
[INFO] running `Command { std: "git" "rev-parse" "HEAD", kill_on_drop: false }`
[INFO] [stdout] 05ac45a6730ba37dc8ccaaff343ddb49ed1ff67b
[INFO] testing amitu/realm-starter against 1.54.0 for beta-1.55-1
[INFO] running `Command { std: "git" "clone" "/workspace/cache/git-repos/https%3A%2F%2Fgithub.com%2Famitu%2Frealm-starter" "/workspace/builds/worker-10/source", kill_on_drop: false }`
[INFO] [stderr] Cloning into '/workspace/builds/worker-10/source'...
[INFO] [stderr] done.
[INFO] validating manifest of git repo https://github.com/amitu/realm-starter on toolchain 1.54.0
[INFO] running `Command { std: "/workspace/cargo-home/bin/cargo" "+1.54.0" "metadata" "--manifest-path" "Cargo.toml" "--no-deps", kill_on_drop: false }`
[INFO] removed /workspace/builds/worker-10/source/rust-toolchain
[INFO] started tweaking git repo https://github.com/amitu/realm-starter
[INFO] finished tweaking git repo https://github.com/amitu/realm-starter
[INFO] tweaked toml for git repo https://github.com/amitu/realm-starter written to /workspace/builds/worker-10/source/Cargo.toml
[INFO] crate git repo https://github.com/amitu/realm-starter already has a lockfile, it will not be regenerated
[INFO] running `Command { std: "/workspace/cargo-home/bin/cargo" "+1.54.0" "fetch" "--manifest-path" "Cargo.toml", kill_on_drop: false }`
[INFO] [stderr]     Blocking waiting for file lock on package cache
[INFO] [stderr]     Blocking waiting for file lock on package cache
[INFO] running `Command { std: "docker" "create" "-v" "/var/lib/crater-agent-workspace/builds/worker-10/target:/opt/rustwide/target:rw,Z" "-v" "/var/lib/crater-agent-workspace/builds/worker-10/source:/opt/rustwide/workdir:ro,Z" "-v" "/var/lib/crater-agent-workspace/cargo-home:/opt/rustwide/cargo-home:ro,Z" "-v" "/var/lib/crater-agent-workspace/rustup-home:/opt/rustwide/rustup-home:ro,Z" "-e" "SOURCE_DIR=/opt/rustwide/workdir" "-e" "CARGO_TARGET_DIR=/opt/rustwide/target" "-e" "CARGO_HOME=/opt/rustwide/cargo-home" "-e" "RUSTUP_HOME=/opt/rustwide/rustup-home" "-w" "/opt/rustwide/workdir" "-m" "1610612736" "--user" "0:0" "--network" "none" "ghcr.io/rust-lang/crates-build-env/linux@sha256:34b6a614d2c27851fe6cbf88fbd1137609cefab8b10d0615aaeb6fd47975d74e" "/opt/rustwide/cargo-home/bin/cargo" "+1.54.0" "metadata" "--no-deps" "--format-version=1", kill_on_drop: false }`
[INFO] [stdout] 79d31839db38cde1fed19c7b9bb6a0c0605fc094515d653f981023f7fad1f23d
[INFO] [stderr] WARNING: Your kernel does not support swap limit capabilities or the cgroup is not mounted. Memory limited without swap.
[INFO] running `Command { std: "docker" "start" "-a" "79d31839db38cde1fed19c7b9bb6a0c0605fc094515d653f981023f7fad1f23d", kill_on_drop: false }`
[INFO] running `Command { std: "docker" "inspect" "79d31839db38cde1fed19c7b9bb6a0c0605fc094515d653f981023f7fad1f23d", kill_on_drop: false }`
[INFO] running `Command { std: "docker" "rm" "-f" "79d31839db38cde1fed19c7b9bb6a0c0605fc094515d653f981023f7fad1f23d", kill_on_drop: false }`
[INFO] [stdout] 79d31839db38cde1fed19c7b9bb6a0c0605fc094515d653f981023f7fad1f23d
[INFO] running `Command { std: "docker" "create" "-v" "/var/lib/crater-agent-workspace/builds/worker-10/target:/opt/rustwide/target:rw,Z" "-v" "/var/lib/crater-agent-workspace/builds/worker-10/source:/opt/rustwide/workdir:ro,Z" "-v" "/var/lib/crater-agent-workspace/cargo-home:/opt/rustwide/cargo-home:ro,Z" "-v" "/var/lib/crater-agent-workspace/rustup-home:/opt/rustwide/rustup-home:ro,Z" "-e" "SOURCE_DIR=/opt/rustwide/workdir" "-e" "CARGO_TARGET_DIR=/opt/rustwide/target" "-e" "CARGO_INCREMENTAL=0" "-e" "RUST_BACKTRACE=full" "-e" "RUSTFLAGS=--cap-lints=warn" "-e" "CARGO_HOME=/opt/rustwide/cargo-home" "-e" "RUSTUP_HOME=/opt/rustwide/rustup-home" "-w" "/opt/rustwide/workdir" "-m" "1610612736" "--user" "0:0" "--network" "none" "ghcr.io/rust-lang/crates-build-env/linux@sha256:34b6a614d2c27851fe6cbf88fbd1137609cefab8b10d0615aaeb6fd47975d74e" "/opt/rustwide/cargo-home/bin/cargo" "+1.54.0" "build" "--frozen" "--message-format=json", kill_on_drop: false }`
[INFO] [stderr] WARNING: Your kernel does not support swap limit capabilities or the cgroup is not mounted. Memory limited without swap.
[INFO] [stdout] 3dd3078449d82ec6ecdcdf9f8051685fd35f58b2f62db0ac6cd8ee783388e5d4
[INFO] running `Command { std: "docker" "start" "-a" "3dd3078449d82ec6ecdcdf9f8051685fd35f58b2f62db0ac6cd8ee783388e5d4", kill_on_drop: false }`
[INFO] [stderr]    Compiling syn v1.0.33
[INFO] [stderr]    Compiling log v0.4.8
[INFO] [stderr]    Compiling adler32 v1.1.0
[INFO] [stderr]    Compiling syn v0.15.44
[INFO] [stderr]    Compiling serde_json v1.0.55
[INFO] [stderr]    Compiling ident_case v1.0.1
[INFO] [stderr]    Compiling gimli v0.21.0
[INFO] [stderr]    Compiling askama_escape v0.3.0
[INFO] [stderr]    Compiling take v0.1.0
[INFO] [stderr]    Compiling slab v0.3.0
[INFO] [stderr]    Compiling try-lock v0.1.0
[INFO] [stderr]    Compiling humansize v1.1.0
[INFO] [stderr]    Compiling smallvec v0.2.1
[INFO] [stderr]    Compiling base64 v0.12.2
[INFO] [stderr]    Compiling woothee v0.11.0
[INFO] [stderr]    Compiling antidote v1.0.0
[INFO] [stderr]    Compiling num-traits v0.2.12
[INFO] [stderr]    Compiling tokio-sync v0.1.8
[INFO] [stderr]    Compiling standback v0.2.9
[INFO] [stderr]    Compiling time v0.2.16
[INFO] [stderr]    Compiling tokio-service v0.1.0
[INFO] [stderr]    Compiling relay v0.1.1
[INFO] [stderr]    Compiling itertools v0.9.0
[INFO] [stderr]    Compiling libsqlite3-sys v0.18.0
[INFO] [stderr]    Compiling yaml-rust v0.4.4
[INFO] [stderr]    Compiling onig_sys v69.5.0
[INFO] [stderr]    Compiling line-wrap v0.1.1
[INFO] [stderr]    Compiling hmac-sha1 v0.1.3
[INFO] [stderr]    Compiling miniz_oxide v0.3.7
[INFO] [stderr]    Compiling rand v0.4.6
[INFO] [stderr]    Compiling thread-id v3.3.0
[INFO] [stderr]    Compiling atty v0.2.14
[INFO] [stderr]    Compiling inotify-sys v0.1.3
[INFO] [stderr]    Compiling filetime v0.2.10
[INFO] [stderr]    Compiling bytes v0.4.12
[INFO] [stderr]    Compiling futures-cpupool v0.1.8
[INFO] [stderr]    Compiling tokio-executor v0.1.10
[INFO] [stderr]    Compiling crossbeam-queue v0.2.3
[INFO] [stderr]    Compiling hyper v0.12.35
[INFO] [stderr]    Compiling colored v1.9.3
[INFO] [stderr]    Compiling scheduled-thread-pool v0.2.4
[INFO] [stderr]    Compiling inotify v0.7.1
[INFO] [stderr]    Compiling Inflector v0.11.4
[INFO] [stderr]    Compiling blowfish v0.4.0
[INFO] [stderr]    Compiling tokio-timer v0.2.13
[INFO] [stderr]    Compiling tokio-current-thread v0.1.7
[INFO] [stderr]    Compiling parking_lot_core v0.2.14
[INFO] [stderr]    Compiling rand v0.3.23
[INFO] [stderr]    Compiling flate2 v1.0.14
[INFO] [stderr]    Compiling http v0.1.21
[INFO] [stderr]    Compiling tokio-buf v0.1.1
[INFO] [stderr]    Compiling string v0.2.1
[INFO] [stderr]    Compiling bcrypt v0.7.0
[INFO] [stderr]    Compiling parking_lot v0.4.8
[INFO] [stderr]    Compiling chashmap v2.2.2
[INFO] [stderr]    Compiling num-integer v0.1.43
[INFO] [stderr]    Compiling ordered-float v1.0.2
[INFO] [stderr]    Compiling addr2line v0.12.2
[INFO] [stderr]    Compiling backtrace v0.3.49
[INFO] [stderr]    Compiling http-body v0.1.0
[INFO] [stderr]    Compiling onig v6.0.0
[INFO] [stderr]    Compiling darling_core v0.9.0
[INFO] [stderr]    Compiling realm_macros v0.1.1
[INFO] [stderr]    Compiling synstructure v0.12.4
[INFO] [stderr]    Compiling darling_macro v0.9.0
[INFO] [stderr]    Compiling serde_derive v1.0.114
[INFO] [stderr]    Compiling failure_derive v0.1.8
[INFO] [stderr]    Compiling diesel_derives v1.4.1
[INFO] [stderr]    Compiling time-macros-impl v0.1.1
[INFO] [stderr]    Compiling darling v0.9.0
[INFO] [stderr]    Compiling time-macros v0.1.0
[INFO] [stderr]    Compiling failure v0.1.8
[INFO] [stderr]    Compiling cookie v0.13.3
[INFO] [stderr]    Compiling serde v1.0.114
[INFO] [stderr]    Compiling chrono v0.4.11
[INFO] [stderr]    Compiling toml v0.5.6
[INFO] [stderr]    Compiling serde_yaml v0.8.13
[INFO] [stderr]    Compiling serde-value v0.6.0
[INFO] [stderr]    Compiling uuid v0.8.1
[INFO] [stderr]    Compiling bincode v1.3.1
[INFO] [stderr]    Compiling mio v0.6.22
[INFO] [stderr]    Compiling tokio-io v0.1.13
[INFO] [stderr]    Compiling tokio-threadpool v0.1.18
[INFO] [stderr]    Compiling r2d2 v0.8.8
[INFO] [stderr]    Compiling log v0.3.9
[INFO] [stderr]    Compiling want v0.0.4
[INFO] [stderr]    Compiling sqlparser v0.5.0
[INFO] [stderr]    Compiling want v0.2.0
[INFO] [stderr]    Compiling tokio-codec v0.1.2
[INFO] [stderr]    Compiling h2 v0.1.26
[INFO] [stderr]    Compiling tokio-fs v0.1.7
[INFO] [stderr]    Compiling diesel v1.4.5
[INFO] [stderr]    Compiling plist v1.0.0
[INFO] [stderr]    Compiling tokio-reactor v0.1.12
[INFO] [stderr]    Compiling mio-uds v0.6.8
[INFO] [stderr]    Compiling mio-extras v2.0.6
[INFO] [stderr]    Compiling log4rs v0.11.0
[INFO] [stderr]    Compiling askama_shared v0.9.1
[INFO] [stderr]    Compiling notify v5.0.0-pre.1
[INFO] [stderr]    Compiling tokio-udp v0.1.6
[INFO] [stderr]    Compiling tokio-tcp v0.1.4
[INFO] [stderr]    Compiling tokio-uds v0.2.6
[INFO] [stderr]    Compiling observer_attribute v0.1.8
[INFO] [stderr]    Compiling syntect v4.2.0
[INFO] [stderr]    Compiling tokio v0.1.22
[INFO] [stderr]    Compiling tokio-core v0.1.17
[INFO] [stderr]    Compiling askama_derive v0.9.0
[INFO] [stderr]    Compiling tokio-proto v0.1.1
[INFO] [stderr]    Compiling hyper v0.11.27
[INFO] [stderr]    Compiling signed_cookies v0.1.2
[INFO] [stderr]    Compiling askama v0.9.0
[INFO] [stderr]    Compiling r2d2-diesel v1.0.0
[INFO] [stderr]    Compiling observer v0.2.3
[INFO] [stderr]    Compiling realm v0.1.23
[INFO] [stdout] error: custom attribute panicked
[INFO] [stdout]    --> /opt/rustwide/cargo-home/registry/src/github.com-1ecc6299db9ec823/realm-0.1.23/src/base/in_.rs:141:5
[INFO] [stdout]     |
[INFO] [stdout] 141 |     #[observed(namespace = "realm__in")]
[INFO] [stdout]     |     ^^^^^^^^^^^^^^^^^^^^^^^^^^^^^^^^^^^^
[INFO] [stdout]     |
[INFO] [stdout]     = help: message: Could not find observer.json
[INFO] [stdout] 
[INFO] [stdout] 
[INFO] [stdout] error: custom attribute panicked
[INFO] [stdout]   --> /opt/rustwide/cargo-home/registry/src/github.com-1ecc6299db9ec823/realm-0.1.23/src/base/mod.rs:49:1
[INFO] [stdout]    |
[INFO] [stdout] 49 | #[observed(namespace = "realm", with_result)]
[INFO] [stdout]    | ^^^^^^^^^^^^^^^^^^^^^^^^^^^^^^^^^^^^^^^^^^^^^
[INFO] [stdout]    |
[INFO] [stdout]    = help: message: Once instance has previously been poisoned
[INFO] [stdout] 
[INFO] [stdout] 
[INFO] [stdout] error: custom attribute panicked
[INFO] [stdout]   --> /opt/rustwide/cargo-home/registry/src/github.com-1ecc6299db9ec823/realm-0.1.23/src/base/mod.rs:63:1
[INFO] [stdout]    |
[INFO] [stdout] 63 | #[observed(namespace = "realm", with_result)]
[INFO] [stdout]    | ^^^^^^^^^^^^^^^^^^^^^^^^^^^^^^^^^^^^^^^^^^^^^
[INFO] [stdout]    |
[INFO] [stdout]    = help: message: Once instance has previously been poisoned
[INFO] [stdout] 
[INFO] [stdout] 
[INFO] [stdout] error: custom attribute panicked
[INFO] [stdout]   --> /opt/rustwide/cargo-home/registry/src/github.com-1ecc6299db9ec823/realm-0.1.23/src/response.rs:15:1
[INFO] [stdout]    |
[INFO] [stdout] 15 | #[observed(with_result, namespace = "realm__response")]
[INFO] [stdout]    | ^^^^^^^^^^^^^^^^^^^^^^^^^^^^^^^^^^^^^^^^^^^^^^^^^^^^^^^
[INFO] [stdout]    |
[INFO] [stdout]    = help: message: Once instance has previously been poisoned
[INFO] [stdout] 
[INFO] [stdout] 
[INFO] [stdout] error: custom attribute panicked
[INFO] [stdout]   --> /opt/rustwide/cargo-home/registry/src/github.com-1ecc6299db9ec823/realm-0.1.23/src/response.rs:27:1
[INFO] [stdout]    |
[INFO] [stdout] 27 | #[observed(with_result, namespace = "realm__response")]
[INFO] [stdout]    | ^^^^^^^^^^^^^^^^^^^^^^^^^^^^^^^^^^^^^^^^^^^^^^^^^^^^^^^
[INFO] [stdout]    |
[INFO] [stdout]    = help: message: Once instance has previously been poisoned
[INFO] [stdout] 
[INFO] [stdout] 
[INFO] [stdout] error: custom attribute panicked
[INFO] [stdout]   --> /opt/rustwide/cargo-home/registry/src/github.com-1ecc6299db9ec823/realm-0.1.23/src/response.rs:36:1
[INFO] [stdout]    |
[INFO] [stdout] 36 | #[observed(with_result, namespace = "realm__response")]
[INFO] [stdout]    | ^^^^^^^^^^^^^^^^^^^^^^^^^^^^^^^^^^^^^^^^^^^^^^^^^^^^^^^
[INFO] [stdout]    |
[INFO] [stdout]    = help: message: Once instance has previously been poisoned
[INFO] [stdout] 
[INFO] [stdout] 
[INFO] [stdout] error: custom attribute panicked
[INFO] [stdout]  --> /opt/rustwide/cargo-home/registry/src/github.com-1ecc6299db9ec823/realm-0.1.23/src/serve_static.rs:1:1
[INFO] [stdout]   |
[INFO] [stdout] 1 | #[observed(with_result, namespace = "realm")]
[INFO] [stdout]   | ^^^^^^^^^^^^^^^^^^^^^^^^^^^^^^^^^^^^^^^^^^^^^
[INFO] [stdout]   |
[INFO] [stdout]   = help: message: Once instance has previously been poisoned
[INFO] [stdout] 
[INFO] [stdout] 
[INFO] [stdout] error: custom attribute panicked
[INFO] [stdout]  --> /opt/rustwide/cargo-home/registry/src/github.com-1ecc6299db9ec823/realm-0.1.23/src/storybook.rs:1:1
[INFO] [stdout]   |
[INFO] [stdout] 1 | #[observed(with_result, namespace = "realm__storybook")]
[INFO] [stdout]   | ^^^^^^^^^^^^^^^^^^^^^^^^^^^^^^^^^^^^^^^^^^^^^^^^^^^^^^^^
[INFO] [stdout]   |
[INFO] [stdout]   = help: message: Once instance has previously been poisoned
[INFO] [stdout] 
[INFO] [stdout] 
[INFO] [stdout] error: custom attribute panicked
[INFO] [stdout]   --> /opt/rustwide/cargo-home/registry/src/github.com-1ecc6299db9ec823/realm-0.1.23/src/urls.rs:15:1
[INFO] [stdout]    |
[INFO] [stdout] 15 | #[observed(with_result, namespace = "realm")]
[INFO] [stdout]    | ^^^^^^^^^^^^^^^^^^^^^^^^^^^^^^^^^^^^^^^^^^^^^
[INFO] [stdout]    |
[INFO] [stdout]    = help: message: Once instance has previously been poisoned
[INFO] [stdout] 
[INFO] [stdout] 
[INFO] [stdout] error[E0432]: unresolved imports `crate::response::json`, `crate::response::json_ok`, `crate::response::json_with_context`
[INFO] [stdout]   --> /opt/rustwide/cargo-home/registry/src/github.com-1ecc6299db9ec823/realm-0.1.23/src/lib.rs:54:32
[INFO] [stdout]    |
[INFO] [stdout] 54 | pub use crate::response::{err, json, json_ok, json_with_context};
[INFO] [stdout]    |                                ^^^^  ^^^^^^^  ^^^^^^^^^^^^^^^^^ no `json_with_context` in `response`
[INFO] [stdout]    |                                |     |
[INFO] [stdout]    |                                |     no `json_ok` in `response`
[INFO] [stdout]    |                                no `json` in `response`
[INFO] [stdout] 
[INFO] [stdout] 
[INFO] [stdout] error[E0432]: unresolved import `crate::serve_static::serve_static`
[INFO] [stdout]   --> /opt/rustwide/cargo-home/registry/src/github.com-1ecc6299db9ec823/realm-0.1.23/src/lib.rs:56:9
[INFO] [stdout]    |
[INFO] [stdout] 56 | pub use crate::serve_static::serve_static;
[INFO] [stdout]    |         ^^^^^^^^^^^^^^^^^^^^^------------
[INFO] [stdout]    |         |                    |
[INFO] [stdout]    |         |                    help: a similar name exists in the module: `read_static`
[INFO] [stdout]    |         no `serve_static` in `serve_static`
[INFO] [stdout] 
[INFO] [stdout] 
[INFO] [stdout] error[E0432]: unresolved import `crate::urls::handle`
[INFO] [stdout]   --> /opt/rustwide/cargo-home/registry/src/github.com-1ecc6299db9ec823/realm-0.1.23/src/lib.rs:57:23
[INFO] [stdout]    |
[INFO] [stdout] 57 | pub use crate::urls::{handle, is_realm_url};
[INFO] [stdout]    |                       ^^^^^^ no `handle` in `urls`
[INFO] [stdout] 
[INFO] [stdout] 
[INFO] [stdout] error[E0599]: no function or associated item named `parse_ud_cookie` found for struct `in_::In` in the current scope
[INFO] [stdout]   --> /opt/rustwide/cargo-home/registry/src/github.com-1ecc6299db9ec823/realm-0.1.23/src/base/in_.rs:63:57
[INFO] [stdout]    |
[INFO] [stdout] 9  | / pub struct In<'a, UD>
[INFO] [stdout] 10 | | where
[INFO] [stdout] 11 | |     UD: crate::UserData,
[INFO] [stdout] 12 | | {
[INFO] [stdout] ...  |
[INFO] [stdout] 19 | |     pub now: DateTime<Utc>,
[INFO] [stdout] 20 | | }
[INFO] [stdout]    | |_- function or associated item `parse_ud_cookie` not found for this
[INFO] [stdout] ...
[INFO] [stdout] 63 |               get_cookie(&ctx.request, "ud").and_then(In::parse_ud_cookie)
[INFO] [stdout]    |                                                           ^^^^^^^^^^^^^^^ function or associated item not found in `in_::In<'_, _>`
[INFO] [stdout] 
[INFO] [stdout] 
[INFO] [stdout] error: aborting due to 13 previous errors
[INFO] [stdout] 
[INFO] [stdout] 
[INFO] [stdout] Some errors have detailed explanations: E0432, E0599.
[INFO] [stdout] 
[INFO] [stdout] For more information about an error, try `rustc --explain E0432`.
[INFO] [stdout] 
[INFO] [stderr] error: could not compile `realm`
[INFO] [stderr] 
[INFO] [stderr] To learn more, run the command again with --verbose.
[INFO] running `Command { std: "docker" "inspect" "3dd3078449d82ec6ecdcdf9f8051685fd35f58b2f62db0ac6cd8ee783388e5d4", kill_on_drop: false }`
[INFO] running `Command { std: "docker" "rm" "-f" "3dd3078449d82ec6ecdcdf9f8051685fd35f58b2f62db0ac6cd8ee783388e5d4", kill_on_drop: false }`
[INFO] [stdout] 3dd3078449d82ec6ecdcdf9f8051685fd35f58b2f62db0ac6cd8ee783388e5d4
