[INFO] cloning repository https://github.com/allenai/rustberta-snli
[INFO] running `Command { std: "git" "-c" "credential.helper=" "-c" "credential.helper=/workspace/cargo-home/bin/git-credential-null" "clone" "--bare" "https://github.com/allenai/rustberta-snli" "/workspace/cache/git-repos/https%3A%2F%2Fgithub.com%2Fallenai%2Frustberta-snli", kill_on_drop: false }`
[INFO] [stderr] Cloning into bare repository '/workspace/cache/git-repos/https%3A%2F%2Fgithub.com%2Fallenai%2Frustberta-snli'...
[INFO] running `Command { std: "git" "rev-parse" "HEAD", kill_on_drop: false }`
[INFO] [stdout] f6ea0cae41a3b363705730dec458d30d93d1bb19
[INFO] testing allenai/rustberta-snli against 1.54.0 for beta-1.55-1
[INFO] running `Command { std: "git" "clone" "/workspace/cache/git-repos/https%3A%2F%2Fgithub.com%2Fallenai%2Frustberta-snli" "/workspace/builds/worker-2/source", kill_on_drop: false }`
[INFO] [stderr] Cloning into '/workspace/builds/worker-2/source'...
[INFO] [stderr] done.
[INFO] [stderr] Updating files:  59% (13/22)
Updating files:  63% (14/22)
Updating files:  68% (15/22)
Updating files:  72% (16/22)
Updating files:  77% (17/22)
Updating files:  81% (18/22)
Updating files:  86% (19/22)
Updating files:  90% (20/22)
Updating files:  95% (21/22)
Updating files: 100% (22/22)
Updating files: 100% (22/22), done.
[INFO] validating manifest of git repo https://github.com/allenai/rustberta-snli on toolchain 1.54.0
[INFO] running `Command { std: "/workspace/cargo-home/bin/cargo" "+1.54.0" "metadata" "--manifest-path" "Cargo.toml" "--no-deps", kill_on_drop: false }`
[INFO] started tweaking git repo https://github.com/allenai/rustberta-snli
[INFO] finished tweaking git repo https://github.com/allenai/rustberta-snli
[INFO] tweaked toml for git repo https://github.com/allenai/rustberta-snli written to /workspace/builds/worker-2/source/Cargo.toml
[INFO] crate git repo https://github.com/allenai/rustberta-snli already has a lockfile, it will not be regenerated
[INFO] running `Command { std: "/workspace/cargo-home/bin/cargo" "+1.54.0" "fetch" "--manifest-path" "Cargo.toml", kill_on_drop: false }`
[INFO] [stderr]     Blocking waiting for file lock on package cache
[INFO] running `Command { std: "docker" "create" "-v" "/var/lib/crater-agent-workspace/builds/worker-2/target:/opt/rustwide/target:rw,Z" "-v" "/var/lib/crater-agent-workspace/builds/worker-2/source:/opt/rustwide/workdir:ro,Z" "-v" "/var/lib/crater-agent-workspace/cargo-home:/opt/rustwide/cargo-home:ro,Z" "-v" "/var/lib/crater-agent-workspace/rustup-home:/opt/rustwide/rustup-home:ro,Z" "-e" "SOURCE_DIR=/opt/rustwide/workdir" "-e" "CARGO_TARGET_DIR=/opt/rustwide/target" "-e" "CARGO_HOME=/opt/rustwide/cargo-home" "-e" "RUSTUP_HOME=/opt/rustwide/rustup-home" "-w" "/opt/rustwide/workdir" "-m" "1610612736" "--user" "0:0" "--network" "none" "ghcr.io/rust-lang/crates-build-env/linux@sha256:34b6a614d2c27851fe6cbf88fbd1137609cefab8b10d0615aaeb6fd47975d74e" "/opt/rustwide/cargo-home/bin/cargo" "+1.54.0" "metadata" "--no-deps" "--format-version=1", kill_on_drop: false }`
[INFO] [stdout] 5084439ffe609383c62a7c12c1f671e6862293eee2b323b4bd4c4c330becc19d
[INFO] [stderr] WARNING: Your kernel does not support swap limit capabilities or the cgroup is not mounted. Memory limited without swap.
[INFO] running `Command { std: "docker" "start" "-a" "5084439ffe609383c62a7c12c1f671e6862293eee2b323b4bd4c4c330becc19d", kill_on_drop: false }`
[INFO] running `Command { std: "docker" "inspect" "5084439ffe609383c62a7c12c1f671e6862293eee2b323b4bd4c4c330becc19d", kill_on_drop: false }`
[INFO] running `Command { std: "docker" "rm" "-f" "5084439ffe609383c62a7c12c1f671e6862293eee2b323b4bd4c4c330becc19d", kill_on_drop: false }`
[INFO] [stdout] 5084439ffe609383c62a7c12c1f671e6862293eee2b323b4bd4c4c330becc19d
[INFO] running `Command { std: "docker" "create" "-v" "/var/lib/crater-agent-workspace/builds/worker-2/target:/opt/rustwide/target:rw,Z" "-v" "/var/lib/crater-agent-workspace/builds/worker-2/source:/opt/rustwide/workdir:ro,Z" "-v" "/var/lib/crater-agent-workspace/cargo-home:/opt/rustwide/cargo-home:ro,Z" "-v" "/var/lib/crater-agent-workspace/rustup-home:/opt/rustwide/rustup-home:ro,Z" "-e" "SOURCE_DIR=/opt/rustwide/workdir" "-e" "CARGO_TARGET_DIR=/opt/rustwide/target" "-e" "CARGO_INCREMENTAL=0" "-e" "RUST_BACKTRACE=full" "-e" "RUSTFLAGS=--cap-lints=warn" "-e" "CARGO_HOME=/opt/rustwide/cargo-home" "-e" "RUSTUP_HOME=/opt/rustwide/rustup-home" "-w" "/opt/rustwide/workdir" "-m" "1610612736" "--user" "0:0" "--network" "none" "ghcr.io/rust-lang/crates-build-env/linux@sha256:34b6a614d2c27851fe6cbf88fbd1137609cefab8b10d0615aaeb6fd47975d74e" "/opt/rustwide/cargo-home/bin/cargo" "+1.54.0" "build" "--frozen" "--message-format=json", kill_on_drop: false }`
[INFO] [stdout] 6e539685dcdc883b909dc680c2ba7e1704c3643b845208e76ea1c82bef7e80f0
[INFO] [stderr] WARNING: Your kernel does not support swap limit capabilities or the cgroup is not mounted. Memory limited without swap.
[INFO] running `Command { std: "docker" "start" "-a" "6e539685dcdc883b909dc680c2ba7e1704c3643b845208e76ea1c82bef7e80f0", kill_on_drop: false }`
[INFO] [stderr]    Compiling libc v0.2.76
[INFO] [stderr]    Compiling syn v1.0.54
[INFO] [stderr]    Compiling cc v1.0.59
[INFO] [stderr]    Compiling const_fn v0.4.2
[INFO] [stderr]    Compiling curl v0.4.33
[INFO] [stderr]    Compiling getrandom v0.2.0
[INFO] [stderr]    Compiling ndarray v0.13.1
[INFO] [stderr]    Compiling protobuf v2.18.0
[INFO] [stderr]    Compiling rust_tokenizers v6.1.0
[INFO] [stderr]    Compiling half v1.6.0
[INFO] [stderr]    Compiling anyhow v1.0.35
[INFO] [stderr]    Compiling humantime v2.0.1
[INFO] [stderr]    Compiling crossbeam-utils v0.8.0
[INFO] [stderr]    Compiling hashbrown v0.8.2
[INFO] [stderr]    Compiling tracing-core v0.1.15
[INFO] [stderr]    Compiling indexmap v1.5.2
[INFO] [stderr]    Compiling num-complex v0.2.4
[INFO] [stderr]    Compiling num-integer v0.1.43
[INFO] [stderr]    Compiling miniz_oxide v0.4.1
[INFO] [stderr]    Compiling itertools v0.9.0
[INFO] [stderr]    Compiling unicode-normalization-alignments v0.1.12
[INFO] [stderr]    Compiling hashbrown v0.9.1
[INFO] [stderr]    Compiling headers-core v0.2.0
[INFO] [stderr]    Compiling spinning_top v0.2.2
[INFO] [stderr]    Compiling want v0.3.0
[INFO] [stderr]    Compiling tracing v0.1.19
[INFO] [stderr]    Compiling regex v1.4.2
[INFO] [stderr]    Compiling cmake v0.1.44
[INFO] [stderr]    Compiling ordered-float v2.0.0
[INFO] [stderr]    Compiling sha-1 v0.9.2
[INFO] [stderr]    Compiling sha2 v0.9.1
[INFO] [stderr]    Compiling num_cpus v1.13.0
[INFO] [stderr]    Compiling net2 v0.2.34
[INFO] [stderr]    Compiling iovec v0.1.4
[INFO] [stderr]    Compiling time v0.1.44
[INFO] [stderr]    Compiling getrandom v0.1.14
[INFO] [stderr]    Compiling signal-hook-registry v1.2.2
[INFO] [stderr]    Compiling socket2 v0.3.17
[INFO] [stderr]    Compiling flate2 v1.0.17
[INFO] [stderr]    Compiling backtrace v0.3.50
[INFO] [stderr]    Compiling terminal_size v0.1.13
[INFO] [stderr]    Compiling termios v0.3.2
[INFO] [stderr]    Compiling rand_os v0.1.3
[INFO] [stderr]    Compiling atty v0.2.14
[INFO] [stderr]    Compiling xattr v0.2.2
[INFO] [stderr]    Compiling filetime v0.2.12
[INFO] [stderr]    Compiling dirs-sys v0.3.5
[INFO] [stderr]    Compiling fs2 v0.4.3
[INFO] [stderr]    Compiling openssl-sys v0.9.58
[INFO] [stderr]    Compiling bzip2-sys v0.1.9+1.0.8
[INFO] [stderr]    Compiling libz-sys v1.1.2
[INFO] [stderr]    Compiling curl-sys v0.4.36+curl-7.71.1
[INFO] [stderr]    Compiling mio v0.6.22
[INFO] [stderr]    Compiling rand_core v0.5.1
[INFO] [stderr]    Compiling headers v0.3.2
[INFO] [stderr]    Compiling clap v2.33.3
[INFO] [stderr]    Compiling console v0.12.0
[INFO] [stderr]    Compiling env_logger v0.8.2
[INFO] [stderr]    Compiling rand v0.6.5
[INFO] [stderr]    Compiling nanorand v0.5.1
[INFO] [stderr]    Compiling tar v0.4.30
[INFO] [stderr]    Compiling dirs v3.0.1
[INFO] [stderr]    Compiling rand_chacha v0.2.2
[INFO] [stderr]    Compiling crossbeam-epoch v0.9.0
[INFO] [stderr]    Compiling crossbeam-channel v0.5.0
[INFO] [stderr]    Compiling crossbeam-queue v0.3.0
[INFO] [stderr]    Compiling flume v0.10.0
[INFO] [stderr]    Compiling indicatif v0.15.0
[INFO] [stderr]    Compiling mio-uds v0.6.8
[INFO] [stderr]    Compiling rand v0.7.3
[INFO] [stderr]    Compiling crossbeam-deque v0.8.0
[INFO] [stderr]    Compiling openssl v0.10.30
[INFO] [stderr]    Compiling native-tls v0.2.4
[INFO] [stderr]    Compiling rayon-core v1.9.0
[INFO] [stderr]    Compiling crossbeam v0.8.0
[INFO] [stderr]    Compiling bzip2 v0.3.3
[INFO] [stderr]    Compiling zip v0.5.6
[INFO] [stderr]    Compiling rayon v1.5.0
[INFO] [stderr]    Compiling tempfile v3.1.0
[INFO] [stderr]    Compiling tungstenite v0.11.1
[INFO] [stderr]    Compiling uuid v0.8.1
[INFO] [stderr]    Compiling zip-extensions v0.5.0
[INFO] [stderr]    Compiling multipart v0.17.0
[INFO] [stderr]    Compiling synstructure v0.12.4
[INFO] [stderr]    Compiling proc-macro-error v1.0.4
[INFO] [stderr]    Compiling pin-project-internal v0.4.23
[INFO] [stderr]    Compiling tokio-macros v0.2.6
[INFO] [stderr]    Compiling serde_derive v1.0.118
[INFO] [stderr]    Compiling failure_derive v0.1.8
[INFO] [stderr]    Compiling thiserror-impl v1.0.22
[INFO] [stderr]    Compiling structopt-derive v0.4.14
[INFO] [stderr]    Compiling tokio v0.2.22
[INFO] [stderr]    Compiling failure v0.1.8
[INFO] [stderr]    Compiling thiserror v1.0.22
[INFO] [stderr]    Compiling structopt v0.3.21
[INFO] [stderr]    Compiling pin-project v0.4.23
[INFO] [stderr]    Compiling futures-util v0.3.5
[INFO] [stderr]    Compiling tracing-futures v0.2.4
[INFO] [stderr]    Compiling torch-sys v0.3.0
[INFO] [stderr]    Compiling serde v1.0.118
[INFO] [stderr]    Compiling tokio-util v0.3.1
[INFO] [stderr]    Compiling tokio-tls v0.3.1
[INFO] [stderr]    Compiling h2 v0.2.6
[INFO] [stderr]    Compiling futures v0.3.5
[INFO] [stderr]    Compiling tokio-tungstenite v0.11.0
[INFO] [stderr] error: failed to run custom build command for `torch-sys v0.3.0`
[INFO] [stderr] 
[INFO] [stderr] Caused by:
[INFO] [stderr]   process didn't exit successfully: `/opt/rustwide/target/debug/build/torch-sys-ba52285bd754c4de/build-script-build` (exit status: 101)
[INFO] [stderr]   --- stdout
[INFO] [stderr]   cargo:rerun-if-env-changed=TORCH_CUDA_VERSION
[INFO] [stderr]   cargo:rerun-if-env-changed=LIBTORCH
[INFO] [stderr] 
[INFO] [stderr]   --- stderr
[INFO] [stderr]   thread 'main' panicked at 'called `Result::unwrap()` on an `Err` value: Error { description: "Couldn't resolve host name", code: 6, extra: None }
[INFO] [stderr] 
[INFO] [stderr]      0: failure::backtrace::internal::InternalBacktrace::new
[INFO] [stderr]                at /opt/rustwide/cargo-home/registry/src/github.com-1ecc6299db9ec823/failure-0.1.8/src/backtrace/internal.rs:46
[INFO] [stderr]      1: failure::backtrace::Backtrace::new
[INFO] [stderr]                at /opt/rustwide/cargo-home/registry/src/github.com-1ecc6299db9ec823/failure-0.1.8/src/backtrace/mod.rs:121
[INFO] [stderr]      2: <failure::error::error_impl::ErrorImpl as core::convert::From<F>>::from
[INFO] [stderr]                at /opt/rustwide/cargo-home/registry/src/github.com-1ecc6299db9ec823/failure-0.1.8/src/error/error_impl.rs:19
[INFO] [stderr]      3: <failure::error::Error as core::convert::From<F>>::from
[INFO] [stderr]                at /opt/rustwide/cargo-home/registry/src/github.com-1ecc6299db9ec823/failure-0.1.8/src/error/mod.rs:36
[INFO] [stderr]      4: <core::result::Result<T,F> as core::ops::try_trait::FromResidual<core::result::Result<core::convert::Infallible,E>>>::from_residual
[INFO] [stderr]                at /rustc/a178d0322ce20e33eac124758e837cbd80a6f633/library/core/src/result.rs:1675
[INFO] [stderr]      5: build_script_build::download
[INFO] [stderr]                at build.rs:30
[INFO] [stderr]      6: build_script_build::prepare_libtorch_dir
[INFO] [stderr]                at build.rs:133
[INFO] [stderr]      7: build_script_build::main
[INFO] [stderr]                at build.rs:205
[INFO] [stderr]      8: core::ops::function::FnOnce::call_once
[INFO] [stderr]                at /rustc/a178d0322ce20e33eac124758e837cbd80a6f633/library/core/src/ops/function.rs:227
[INFO] [stderr]      9: std::sys_common::backtrace::__rust_begin_short_backtrace
[INFO] [stderr]                at /rustc/a178d0322ce20e33eac124758e837cbd80a6f633/library/std/src/sys_common/backtrace.rs:125
[INFO] [stderr]     10: std::rt::lang_start::{{closure}}
[INFO] [stderr]                at /rustc/a178d0322ce20e33eac124758e837cbd80a6f633/library/std/src/rt.rs:49
[INFO] [stderr]     11: core::ops::function::impls::<impl core::ops::function::FnOnce<A> for &F>::call_once
[INFO] [stderr]                at /rustc/a178d0322ce20e33eac124758e837cbd80a6f633/library/core/src/ops/function.rs:259
[INFO] [stderr]         std::panicking::try::do_call
[INFO] [stderr]                at /rustc/a178d0322ce20e33eac124758e837cbd80a6f633/library/std/src/panicking.rs:401
[INFO] [stderr]         std::panicking::try
[INFO] [stderr]                at /rustc/a178d0322ce20e33eac124758e837cbd80a6f633/library/std/src/panicking.rs:365
[INFO] [stderr]         std::panic::catch_unwind
[INFO] [stderr]                at /rustc/a178d0322ce20e33eac124758e837cbd80a6f633/library/std/src/panic.rs:434
[INFO] [stderr]         std::rt::lang_start_internal
[INFO] [stderr]                at /rustc/a178d0322ce20e33eac124758e837cbd80a6f633/library/std/src/rt.rs:34
[INFO] [stderr]     12: std::rt::lang_start
[INFO] [stderr]                at /rustc/a178d0322ce20e33eac124758e837cbd80a6f633/library/std/src/rt.rs:48
[INFO] [stderr]     13: main
[INFO] [stderr]     14: __libc_start_main
[INFO] [stderr]     15: _start
[INFO] [stderr]   ', /opt/rustwide/cargo-home/registry/src/github.com-1ecc6299db9ec823/torch-sys-0.3.0/build.rs:133:48
[INFO] [stderr]   stack backtrace:
[INFO] [stderr]      0:     0x5631603421b0 - std::backtrace_rs::backtrace::libunwind::trace::h34055254b57d8e79
[INFO] [stderr]                                  at /rustc/a178d0322ce20e33eac124758e837cbd80a6f633/library/std/src/../../backtrace/src/backtrace/libunwind.rs:90:5
[INFO] [stderr]      1:     0x5631603421b0 - std::backtrace_rs::backtrace::trace_unsynchronized::h8f1e3fbd9afff6ec
[INFO] [stderr]                                  at /rustc/a178d0322ce20e33eac124758e837cbd80a6f633/library/std/src/../../backtrace/src/backtrace/mod.rs:66:5
[INFO] [stderr]      2:     0x5631603421b0 - std::sys_common::backtrace::_print_fmt::h3a99a796b770c360
[INFO] [stderr]                                  at /rustc/a178d0322ce20e33eac124758e837cbd80a6f633/library/std/src/sys_common/backtrace.rs:67:5
[INFO] [stderr]      3:     0x5631603421b0 - <std::sys_common::backtrace::_print::DisplayBacktrace as core::fmt::Display>::fmt::h32d1f94a80615d18
[INFO] [stderr]                                  at /rustc/a178d0322ce20e33eac124758e837cbd80a6f633/library/std/src/sys_common/backtrace.rs:46:22
[INFO] [stderr]      4:     0x5631603633ac - core::fmt::write::h306731c068f7162c
[INFO] [stderr]                                  at /rustc/a178d0322ce20e33eac124758e837cbd80a6f633/library/core/src/fmt/mod.rs:1110:17
[INFO] [stderr]      5:     0x56316033e8d5 - std::io::Write::write_fmt::hd2fa90334eee2a21
[INFO] [stderr]                                  at /rustc/a178d0322ce20e33eac124758e837cbd80a6f633/library/std/src/io/mod.rs:1588:15
[INFO] [stderr]      6:     0x5631603447fb - std::sys_common::backtrace::_print::h5abaa2601a852287
[INFO] [stderr]                                  at /rustc/a178d0322ce20e33eac124758e837cbd80a6f633/library/std/src/sys_common/backtrace.rs:49:5
[INFO] [stderr]      7:     0x5631603447fb - std::sys_common::backtrace::print::h8d81445442bb638f
[INFO] [stderr]                                  at /rustc/a178d0322ce20e33eac124758e837cbd80a6f633/library/std/src/sys_common/backtrace.rs:36:9
[INFO] [stderr]      8:     0x5631603447fb - std::panicking::default_hook::{{closure}}::hcfe804496a9fa747
[INFO] [stderr]                                  at /rustc/a178d0322ce20e33eac124758e837cbd80a6f633/library/std/src/panicking.rs:208:50
[INFO] [stderr]      9:     0x5631603442d1 - std::panicking::default_hook::hbea8e3ccf2ba8901
[INFO] [stderr]                                  at /rustc/a178d0322ce20e33eac124758e837cbd80a6f633/library/std/src/panicking.rs:225:9
[INFO] [stderr]     10:     0x563160344ec4 - std::panicking::rust_panic_with_hook::h7ee9e1a2d0f8975a
[INFO] [stderr]                                  at /rustc/a178d0322ce20e33eac124758e837cbd80a6f633/library/std/src/panicking.rs:622:17
[INFO] [stderr]     11:     0x5631603449a7 - std::panicking::begin_panic_handler::{{closure}}::h8ab3b4491718b2c7
[INFO] [stderr]                                  at /rustc/a178d0322ce20e33eac124758e837cbd80a6f633/library/std/src/panicking.rs:519:13
[INFO] [stderr]     12:     0x5631603426ac - std::sys_common::backtrace::__rust_end_short_backtrace::hd489062ffa586a9f
[INFO] [stderr]                                  at /rustc/a178d0322ce20e33eac124758e837cbd80a6f633/library/std/src/sys_common/backtrace.rs:141:18
[INFO] [stderr]     13:     0x563160344909 - rust_begin_unwind
[INFO] [stderr]                                  at /rustc/a178d0322ce20e33eac124758e837cbd80a6f633/library/std/src/panicking.rs:515:5
[INFO] [stderr]     14:     0x56316014a8c1 - core::panicking::panic_fmt::hca6330e3e14086b4
[INFO] [stderr]                                  at /rustc/a178d0322ce20e33eac124758e837cbd80a6f633/library/core/src/panicking.rs:92:14
[INFO] [stderr]     15:     0x56316014a953 - core::result::unwrap_failed::h6160d2b4bfbb0e87
[INFO] [stderr]                                  at /rustc/a178d0322ce20e33eac124758e837cbd80a6f633/library/core/src/result.rs:1355:5
[INFO] [stderr]     16:     0x563160159cb9 - core::result::Result<T,E>::unwrap::hcdcf7d8f97863ea3
[INFO] [stderr]                                  at /rustc/a178d0322ce20e33eac124758e837cbd80a6f633/library/core/src/result.rs:1037:23
[INFO] [stderr]     17:     0x563160157171 - build_script_build::prepare_libtorch_dir::h17f194bf69f17b9d
[INFO] [stderr]                                  at /opt/rustwide/cargo-home/registry/src/github.com-1ecc6299db9ec823/torch-sys-0.3.0/build.rs:133:13
[INFO] [stderr]     18:     0x5631601583c4 - build_script_build::main::haf2f5cd7d29cec40
[INFO] [stderr]                                  at /opt/rustwide/cargo-home/registry/src/github.com-1ecc6299db9ec823/torch-sys-0.3.0/build.rs:205:24
[INFO] [stderr]     19:     0x56316015b1ab - core::ops::function::FnOnce::call_once::hd7c22746959dd3c1
[INFO] [stderr]                                  at /rustc/a178d0322ce20e33eac124758e837cbd80a6f633/library/core/src/ops/function.rs:227:5
[INFO] [stderr]     20:     0x56316015f80e - std::sys_common::backtrace::__rust_begin_short_backtrace::h93a2ea7dc552cde0
[INFO] [stderr]                                  at /rustc/a178d0322ce20e33eac124758e837cbd80a6f633/library/std/src/sys_common/backtrace.rs:125:18
[INFO] [stderr]     21:     0x56316014fee1 - std::rt::lang_start::{{closure}}::h55cc383fd1af6593
[INFO] [stderr]                                  at /rustc/a178d0322ce20e33eac124758e837cbd80a6f633/library/std/src/rt.rs:49:18
[INFO] [stderr]     22:     0x5631603454c9 - core::ops::function::impls::<impl core::ops::function::FnOnce<A> for &F>::call_once::h2aabc384aab89b7b
[INFO] [stderr]                                  at /rustc/a178d0322ce20e33eac124758e837cbd80a6f633/library/core/src/ops/function.rs:259:13
[INFO] [stderr]     23:     0x5631603454c9 - std::panicking::try::do_call::hc5fcacb7a85fc7b1
[INFO] [stderr]                                  at /rustc/a178d0322ce20e33eac124758e837cbd80a6f633/library/std/src/panicking.rs:401:40
[INFO] [stderr]     24:     0x5631603454c9 - std::panicking::try::hb5d9603af3abbe3a
[INFO] [stderr]                                  at /rustc/a178d0322ce20e33eac124758e837cbd80a6f633/library/std/src/panicking.rs:365:19
[INFO] [stderr]     25:     0x5631603454c9 - std::panic::catch_unwind::h98fe6ac3925e64b4
[INFO] [stderr]                                  at /rustc/a178d0322ce20e33eac124758e837cbd80a6f633/library/std/src/panic.rs:434:14
[INFO] [stderr]     26:     0x5631603454c9 - std::rt::lang_start_internal::h22ac7383c516f93e
[INFO] [stderr]                                  at /rustc/a178d0322ce20e33eac124758e837cbd80a6f633/library/std/src/rt.rs:34:21
[INFO] [stderr]     27:     0x56316014fec0 - std::rt::lang_start::hb45678ab27881ac3
[INFO] [stderr]                                  at /rustc/a178d0322ce20e33eac124758e837cbd80a6f633/library/std/src/rt.rs:48:5
[INFO] [stderr]     28:     0x563160158f7c - main
[INFO] [stderr]     29:     0x7fad6ee1f0b3 - __libc_start_main
[INFO] [stderr]     30:     0x56316014b04e - _start
[INFO] [stderr]     31:                0x0 - <unknown>
[INFO] [stderr] warning: build failed, waiting for other jobs to finish...
[INFO] [stderr] error: build failed
[INFO] running `Command { std: "docker" "inspect" "6e539685dcdc883b909dc680c2ba7e1704c3643b845208e76ea1c82bef7e80f0", kill_on_drop: false }`
[INFO] running `Command { std: "docker" "rm" "-f" "6e539685dcdc883b909dc680c2ba7e1704c3643b845208e76ea1c82bef7e80f0", kill_on_drop: false }`
[INFO] [stdout] 6e539685dcdc883b909dc680c2ba7e1704c3643b845208e76ea1c82bef7e80f0
