[INFO] cloning repository https://github.com/alexmeli100/psychedelic_image_generator
[INFO] running `Command { std: "git" "-c" "credential.helper=" "-c" "credential.helper=/workspace/cargo-home/bin/git-credential-null" "clone" "--bare" "https://github.com/alexmeli100/psychedelic_image_generator" "/workspace/cache/git-repos/https%3A%2F%2Fgithub.com%2Falexmeli100%2Fpsychedelic_image_generator", kill_on_drop: false }`
[INFO] [stderr] Cloning into bare repository '/workspace/cache/git-repos/https%3A%2F%2Fgithub.com%2Falexmeli100%2Fpsychedelic_image_generator'...
[INFO] running `Command { std: "git" "rev-parse" "HEAD", kill_on_drop: false }`
[INFO] [stdout] e5f5ee67b703b16c322ef171a6f1e4baa63abba0
[INFO] testing alexmeli100/psychedelic_image_generator against beta-2021-08-01 for beta-1.55-1
[INFO] running `Command { std: "git" "clone" "/workspace/cache/git-repos/https%3A%2F%2Fgithub.com%2Falexmeli100%2Fpsychedelic_image_generator" "/workspace/builds/worker-66/source", kill_on_drop: false }`
[INFO] [stderr] Cloning into '/workspace/builds/worker-66/source'...
[INFO] [stderr] done.
[INFO] validating manifest of git repo https://github.com/alexmeli100/psychedelic_image_generator on toolchain beta-2021-08-01
[INFO] running `Command { std: "/workspace/cargo-home/bin/cargo" "+beta-2021-08-01" "metadata" "--manifest-path" "Cargo.toml" "--no-deps", kill_on_drop: false }`
[INFO] started tweaking git repo https://github.com/alexmeli100/psychedelic_image_generator
[INFO] finished tweaking git repo https://github.com/alexmeli100/psychedelic_image_generator
[INFO] tweaked toml for git repo https://github.com/alexmeli100/psychedelic_image_generator written to /workspace/builds/worker-66/source/Cargo.toml
[INFO] crate git repo https://github.com/alexmeli100/psychedelic_image_generator already has a lockfile, it will not be regenerated
[INFO] running `Command { std: "/workspace/cargo-home/bin/cargo" "+beta-2021-08-01" "fetch" "--manifest-path" "Cargo.toml", kill_on_drop: false }`
[INFO] [stderr]     Blocking waiting for file lock on package cache
[INFO] [stderr]     Blocking waiting for file lock on package cache
[INFO] [stderr]  Downloading crates ...
[INFO] [stderr]   Downloaded getrandom v0.1.2
[INFO] running `Command { std: "docker" "create" "-v" "/var/lib/crater-agent-workspace/builds/worker-66/target:/opt/rustwide/target:rw,Z" "-v" "/var/lib/crater-agent-workspace/builds/worker-66/source:/opt/rustwide/workdir:ro,Z" "-v" "/var/lib/crater-agent-workspace/cargo-home:/opt/rustwide/cargo-home:ro,Z" "-v" "/var/lib/crater-agent-workspace/rustup-home:/opt/rustwide/rustup-home:ro,Z" "-e" "SOURCE_DIR=/opt/rustwide/workdir" "-e" "CARGO_TARGET_DIR=/opt/rustwide/target" "-e" "CARGO_HOME=/opt/rustwide/cargo-home" "-e" "RUSTUP_HOME=/opt/rustwide/rustup-home" "-w" "/opt/rustwide/workdir" "-m" "1610612736" "--user" "0:0" "--network" "none" "ghcr.io/rust-lang/crates-build-env/linux@sha256:34b6a614d2c27851fe6cbf88fbd1137609cefab8b10d0615aaeb6fd47975d74e" "/opt/rustwide/cargo-home/bin/cargo" "+beta-2021-08-01" "metadata" "--no-deps" "--format-version=1", kill_on_drop: false }`
[INFO] [stdout] cfabe5af3da8a274600f7586a0cc991a3ac6dec2315b9d28684dd2ab8738226d
[INFO] running `Command { std: "docker" "start" "-a" "cfabe5af3da8a274600f7586a0cc991a3ac6dec2315b9d28684dd2ab8738226d", kill_on_drop: false }`
[INFO] running `Command { std: "docker" "inspect" "cfabe5af3da8a274600f7586a0cc991a3ac6dec2315b9d28684dd2ab8738226d", kill_on_drop: false }`
[INFO] running `Command { std: "docker" "rm" "-f" "cfabe5af3da8a274600f7586a0cc991a3ac6dec2315b9d28684dd2ab8738226d", kill_on_drop: false }`
[INFO] [stdout] cfabe5af3da8a274600f7586a0cc991a3ac6dec2315b9d28684dd2ab8738226d
[INFO] running `Command { std: "docker" "create" "-v" "/var/lib/crater-agent-workspace/builds/worker-66/target:/opt/rustwide/target:rw,Z" "-v" "/var/lib/crater-agent-workspace/builds/worker-66/source:/opt/rustwide/workdir:ro,Z" "-v" "/var/lib/crater-agent-workspace/cargo-home:/opt/rustwide/cargo-home:ro,Z" "-v" "/var/lib/crater-agent-workspace/rustup-home:/opt/rustwide/rustup-home:ro,Z" "-e" "SOURCE_DIR=/opt/rustwide/workdir" "-e" "CARGO_TARGET_DIR=/opt/rustwide/target" "-e" "CARGO_INCREMENTAL=0" "-e" "RUST_BACKTRACE=full" "-e" "RUSTFLAGS=--cap-lints=warn" "-e" "CARGO_HOME=/opt/rustwide/cargo-home" "-e" "RUSTUP_HOME=/opt/rustwide/rustup-home" "-w" "/opt/rustwide/workdir" "-m" "1610612736" "--user" "0:0" "--network" "none" "ghcr.io/rust-lang/crates-build-env/linux@sha256:34b6a614d2c27851fe6cbf88fbd1137609cefab8b10d0615aaeb6fd47975d74e" "/opt/rustwide/cargo-home/bin/cargo" "+beta-2021-08-01" "build" "--frozen" "--message-format=json", kill_on_drop: false }`
[INFO] [stdout] dd553a643a1640079bf3b6143e41d9badc572201ff79a3ed5230e10b29888610
[INFO] running `Command { std: "docker" "start" "-a" "dd553a643a1640079bf3b6143e41d9badc572201ff79a3ed5230e10b29888610", kill_on_drop: false }`
[INFO] [stderr]     Blocking waiting for file lock on package cache
[INFO] [stderr]    Compiling libc v0.2.51
[INFO] [stderr]    Compiling lazy_static v1.3.0
[INFO] [stderr]    Compiling cfg-if v0.1.7
[INFO] [stderr]    Compiling arrayvec v0.4.10
[INFO] [stderr]    Compiling proc-macro2 v0.4.27
[INFO] [stderr]    Compiling autocfg v0.1.2
[INFO] [stderr]    Compiling rand_core v0.4.0
[INFO] [stderr]    Compiling byteorder v1.3.1
[INFO] [stderr]    Compiling memchr v2.3.3
[INFO] [stderr]    Compiling syn v0.15.31
[INFO] [stderr]    Compiling num-integer v0.1.39
[INFO] [stderr]    Compiling either v1.5.2
[INFO] [stderr]    Compiling unicode-width v0.1.5
[INFO] [stderr]    Compiling regex-syntax v0.6.18
[INFO] [stderr]    Compiling num-derive v0.2.4
[INFO] [stderr]    Compiling unicode-segmentation v1.3.0
[INFO] [stderr]    Compiling log v0.4.8
[INFO] [stderr]    Compiling ppv-lite86 v0.2.8
[INFO] [stderr]    Compiling quick-error v1.2.3
[INFO] [stderr]    Compiling winapi v0.3.9
[INFO] [stderr]    Compiling strsim v0.8.0
[INFO] [stderr]    Compiling ansi_term v0.11.0
[INFO] [stderr]    Compiling vec_map v0.8.1
[INFO] [stderr]    Compiling number_prefix v0.3.0
[INFO] [stderr]    Compiling termcolor v1.1.0
[INFO] [stderr]    Compiling inflate v0.4.5
[INFO] [stderr]    Compiling textwrap v0.11.0
[INFO] [stderr]    Compiling humantime v1.3.0
[INFO] [stderr]    Compiling crossbeam-utils v0.2.2
[INFO] [stderr]    Compiling itertools v0.8.0
[INFO] [stderr]    Compiling deflate v0.7.19
[INFO] [stderr]    Compiling thread_local v1.0.1
[INFO] [stderr]    Compiling rand_core v0.3.1
[INFO] [stderr]    Compiling rand_jitter v0.1.3
[INFO] [stderr]    Compiling rand_chacha v0.1.1
[INFO] [stderr]    Compiling rand_pcg v0.1.2
[INFO] [stderr]    Compiling rand v0.6.5
[INFO] [stderr]    Compiling heck v0.3.1
[INFO] [stderr]    Compiling aho-corasick v0.7.13
[INFO] [stderr]    Compiling num_cpus v1.10.0
[INFO] [stderr]    Compiling getrandom v0.1.2
[INFO] [stderr]    Compiling atty v0.2.11
[INFO] [stderr]    Compiling terminal_size v0.1.13
[INFO] [stderr]    Compiling termios v0.3.2
[INFO] [stderr]    Compiling rand_os v0.1.3
[INFO] [stderr]    Compiling quote v0.6.12
[INFO] [stderr]    Compiling num-iter v0.1.37
[INFO] [stderr]    Compiling num-rational v0.2.1
[INFO] [stderr]    Compiling crossbeam-epoch v0.3.1
[INFO] [stderr]    Compiling rand_hc v0.1.0
[INFO] [stderr]    Compiling rand_xorshift v0.1.1
[INFO] [stderr]    Compiling rand_isaac v0.1.1
[INFO] [stderr]    Compiling clap v2.33.0
[INFO] [stderr]    Compiling rand_core v0.5.1
[INFO] [stderr]    Compiling png v0.14.0
[INFO] [stderr]    Compiling crossbeam-deque v0.2.0
[INFO] [stderr]    Compiling rand_chacha v0.2.2
[INFO] [stderr]    Compiling regex v1.3.9
[INFO] [stderr]    Compiling rand v0.7.3
[INFO] [stderr]    Compiling rayon-core v1.4.1
[INFO] [stderr]    Compiling rayon v1.0.3
[INFO] [stderr]    Compiling structopt-derive v0.2.17
[INFO] [stderr]    Compiling uuid v0.8.1
[INFO] [stderr]    Compiling console v0.11.3
[INFO] [stderr]    Compiling env_logger v0.7.1
[INFO] [stderr]    Compiling structopt v0.2.17
[INFO] [stderr]    Compiling jpeg-decoder v0.1.15
[INFO] [stderr]    Compiling indicatif v0.15.0
[INFO] [stderr]    Compiling tiff v0.2.2
[INFO] [stderr]    Compiling image v0.21.1
[INFO] [stderr]    Compiling psychedelic_image_generator v0.1.0 (/opt/rustwide/workdir)
[INFO] [stdout] error[E0433]: failed to resolve: could not find `um` in `winapi`
[INFO] [stdout]  --> src/generator/wallpaper.rs:5:13
[INFO] [stdout]   |
[INFO] [stdout] 5 | use winapi::um::winuser::{SystemParametersInfoA, SPIF_UPDATEINIFILE, SPI_SETDESKWALLPAPER};
[INFO] [stdout]   |             ^^ could not find `um` in `winapi`
[INFO] [stdout] 
[INFO] [stdout] 
[INFO] [stdout] error[E0432]: unresolved import `winapi::ctypes`
[INFO] [stdout]  --> src/generator/wallpaper.rs:3:13
[INFO] [stdout]   |
[INFO] [stdout] 3 | use winapi::ctypes::c_void;
[INFO] [stdout]   |             ^^^^^^ could not find `ctypes` in `winapi`
[INFO] [stdout] 
[INFO] [stdout] 
[INFO] [stdout] error[E0433]: failed to resolve: use of undeclared type `CString`
[INFO] [stdout]    --> src/generator/wallpaper.rs:9:22
[INFO] [stdout]     |
[INFO] [stdout] 9   |       let image_path = CString::new(path)?;
[INFO] [stdout]     |                        ^^^^^^^
[INFO] [stdout]     |
[INFO] [stdout] help: a struct with a similar name exists
[INFO] [stdout]     |
[INFO] [stdout] 9   |     let image_path = String::new(path)?;
[INFO] [stdout]     |                      ^^^^^^
[INFO] [stdout] help: consider importing this struct
[INFO] [stdout]     |
[INFO] [stdout] 3   | use std::ffi::CString;
[INFO] [stdout]     |
[INFO] [stdout] 
[INFO] [stdout] 
[INFO] [stdout] error[E0425]: cannot find function, tuple struct or tuple variant `SystemParametersInfoA` in this scope
[INFO] [stdout]   --> src/generator/wallpaper.rs:12:23
[INFO] [stdout]    |
[INFO] [stdout] 12 |         let success = SystemParametersInfoA(
[INFO] [stdout]    |                       ^^^^^^^^^^^^^^^^^^^^^ not found in this scope
[INFO] [stdout] 
[INFO] [stdout] 
[INFO] [stdout] error[E0425]: cannot find value `SPI_SETDESKWALLPAPER` in this scope
[INFO] [stdout]   --> src/generator/wallpaper.rs:13:13
[INFO] [stdout]    |
[INFO] [stdout] 13 |             SPI_SETDESKWALLPAPER,
[INFO] [stdout]    |             ^^^^^^^^^^^^^^^^^^^^ not found in this scope
[INFO] [stdout] 
[INFO] [stdout] 
[INFO] [stdout] error[E0425]: cannot find value `SPIF_UPDATEINIFILE` in this scope
[INFO] [stdout]   --> src/generator/wallpaper.rs:16:13
[INFO] [stdout]    |
[INFO] [stdout] 16 |             SPIF_UPDATEINIFILE
[INFO] [stdout]    |             ^^^^^^^^^^^^^^^^^^ not found in this scope
[INFO] [stdout] 
[INFO] [stdout] 
[INFO] [stdout] error: aborting due to 6 previous errors
[INFO] [stdout] 
[INFO] [stdout] 
[INFO] [stdout] Some errors have detailed explanations: E0425, E0432, E0433.
[INFO] [stdout] 
[INFO] [stdout] For more information about an error, try `rustc --explain E0425`.
[INFO] [stdout] 
[INFO] [stderr] error: could not compile `psychedelic_image_generator` due to 7 previous errors
[INFO] running `Command { std: "docker" "inspect" "dd553a643a1640079bf3b6143e41d9badc572201ff79a3ed5230e10b29888610", kill_on_drop: false }`
[INFO] running `Command { std: "docker" "rm" "-f" "dd553a643a1640079bf3b6143e41d9badc572201ff79a3ed5230e10b29888610", kill_on_drop: false }`
[INFO] [stdout] dd553a643a1640079bf3b6143e41d9badc572201ff79a3ed5230e10b29888610
