[INFO] cloning repository https://github.com/alexmeli100/pbrt-rust
[INFO] running `Command { std: "git" "-c" "credential.helper=" "-c" "credential.helper=/workspace/cargo-home/bin/git-credential-null" "clone" "--bare" "https://github.com/alexmeli100/pbrt-rust" "/workspace/cache/git-repos/https%3A%2F%2Fgithub.com%2Falexmeli100%2Fpbrt-rust", kill_on_drop: false }`
[INFO] [stderr] Cloning into bare repository '/workspace/cache/git-repos/https%3A%2F%2Fgithub.com%2Falexmeli100%2Fpbrt-rust'...
[INFO] running `Command { std: "git" "rev-parse" "HEAD", kill_on_drop: false }`
[INFO] [stdout] 45f11e12a8978092335347b315ef9f9edf75ddbe
[INFO] testing alexmeli100/pbrt-rust against 1.54.0 for beta-1.55-1
[INFO] running `Command { std: "git" "clone" "/workspace/cache/git-repos/https%3A%2F%2Fgithub.com%2Falexmeli100%2Fpbrt-rust" "/workspace/builds/worker-65/source", kill_on_drop: false }`
[INFO] [stderr] Cloning into '/workspace/builds/worker-65/source'...
[INFO] [stderr] done.
[INFO] validating manifest of git repo https://github.com/alexmeli100/pbrt-rust on toolchain 1.54.0
[INFO] running `Command { std: "/workspace/cargo-home/bin/cargo" "+1.54.0" "metadata" "--manifest-path" "Cargo.toml" "--no-deps", kill_on_drop: false }`
[INFO] started tweaking git repo https://github.com/alexmeli100/pbrt-rust
[INFO] finished tweaking git repo https://github.com/alexmeli100/pbrt-rust
[INFO] tweaked toml for git repo https://github.com/alexmeli100/pbrt-rust written to /workspace/builds/worker-65/source/Cargo.toml
[INFO] crate git repo https://github.com/alexmeli100/pbrt-rust already has a lockfile, it will not be regenerated
[INFO] running `Command { std: "/workspace/cargo-home/bin/cargo" "+1.54.0" "fetch" "--manifest-path" "Cargo.toml", kill_on_drop: false }`
[INFO] [stderr]     Blocking waiting for file lock on package cache
[INFO] [stderr]     Blocking waiting for file lock on package cache
[INFO] running `Command { std: "docker" "create" "-v" "/var/lib/crater-agent-workspace/builds/worker-65/target:/opt/rustwide/target:rw,Z" "-v" "/var/lib/crater-agent-workspace/builds/worker-65/source:/opt/rustwide/workdir:ro,Z" "-v" "/var/lib/crater-agent-workspace/cargo-home:/opt/rustwide/cargo-home:ro,Z" "-v" "/var/lib/crater-agent-workspace/rustup-home:/opt/rustwide/rustup-home:ro,Z" "-e" "SOURCE_DIR=/opt/rustwide/workdir" "-e" "CARGO_TARGET_DIR=/opt/rustwide/target" "-e" "CARGO_HOME=/opt/rustwide/cargo-home" "-e" "RUSTUP_HOME=/opt/rustwide/rustup-home" "-w" "/opt/rustwide/workdir" "-m" "1610612736" "--user" "0:0" "--network" "none" "ghcr.io/rust-lang/crates-build-env/linux@sha256:34b6a614d2c27851fe6cbf88fbd1137609cefab8b10d0615aaeb6fd47975d74e" "/opt/rustwide/cargo-home/bin/cargo" "+1.54.0" "metadata" "--no-deps" "--format-version=1", kill_on_drop: false }`
[INFO] [stdout] bbe9c257ccd6776ef11492dd09637a6c86fa7e68b803ee41520d738cfbd07417
[INFO] running `Command { std: "docker" "start" "-a" "bbe9c257ccd6776ef11492dd09637a6c86fa7e68b803ee41520d738cfbd07417", kill_on_drop: false }`
[INFO] running `Command { std: "docker" "inspect" "bbe9c257ccd6776ef11492dd09637a6c86fa7e68b803ee41520d738cfbd07417", kill_on_drop: false }`
[INFO] running `Command { std: "docker" "rm" "-f" "bbe9c257ccd6776ef11492dd09637a6c86fa7e68b803ee41520d738cfbd07417", kill_on_drop: false }`
[INFO] [stdout] bbe9c257ccd6776ef11492dd09637a6c86fa7e68b803ee41520d738cfbd07417
[INFO] running `Command { std: "docker" "create" "-v" "/var/lib/crater-agent-workspace/builds/worker-65/target:/opt/rustwide/target:rw,Z" "-v" "/var/lib/crater-agent-workspace/builds/worker-65/source:/opt/rustwide/workdir:ro,Z" "-v" "/var/lib/crater-agent-workspace/cargo-home:/opt/rustwide/cargo-home:ro,Z" "-v" "/var/lib/crater-agent-workspace/rustup-home:/opt/rustwide/rustup-home:ro,Z" "-e" "SOURCE_DIR=/opt/rustwide/workdir" "-e" "CARGO_TARGET_DIR=/opt/rustwide/target" "-e" "CARGO_INCREMENTAL=0" "-e" "RUST_BACKTRACE=full" "-e" "RUSTFLAGS=--cap-lints=warn" "-e" "CARGO_HOME=/opt/rustwide/cargo-home" "-e" "RUSTUP_HOME=/opt/rustwide/rustup-home" "-w" "/opt/rustwide/workdir" "-m" "1610612736" "--user" "0:0" "--network" "none" "ghcr.io/rust-lang/crates-build-env/linux@sha256:34b6a614d2c27851fe6cbf88fbd1137609cefab8b10d0615aaeb6fd47975d74e" "/opt/rustwide/cargo-home/bin/cargo" "+1.54.0" "build" "--frozen" "--message-format=json", kill_on_drop: false }`
[INFO] [stdout] 86d871011cd92fc1508033cfc9ba96095e3844f5f77de047672221f057719d70
[INFO] running `Command { std: "docker" "start" "-a" "86d871011cd92fc1508033cfc9ba96095e3844f5f77de047672221f057719d70", kill_on_drop: false }`
[INFO] [stderr]     Blocking waiting for file lock on package cache
[INFO] [stderr]    Compiling unicode-xid v0.2.0
[INFO] [stderr]    Compiling autocfg v0.1.6
[INFO] [stderr]    Compiling syn v1.0.60
[INFO] [stderr]    Compiling getrandom v0.1.14
[INFO] [stderr]    Compiling rayon-core v1.8.0
[INFO] [stderr]    Compiling ppv-lite86 v0.2.6
[INFO] [stderr]    Compiling serde v1.0.123
[INFO] [stderr]    Compiling regex-syntax v0.6.22
[INFO] [stderr]    Compiling serde_json v1.0.61
[INFO] [stderr]    Compiling serde_derive v1.0.123
[INFO] [stderr]    Compiling pulldown-cmark v0.2.0
[INFO] [stderr]    Compiling crunchy v0.2.2
[INFO] [stderr]    Compiling tiny-keccak v2.0.2
[INFO] [stderr]    Compiling siphasher v0.3.3
[INFO] [stderr]    Compiling typenum v1.11.2
[INFO] [stderr]    Compiling precomputed-hash v0.1.1
[INFO] [stderr]    Compiling fixedbitset v0.2.0
[INFO] [stderr]    Compiling bit-vec v0.6.3
[INFO] [stderr]    Compiling libm v0.1.4
[INFO] [stderr]    Compiling crc32fast v1.2.1
[INFO] [stderr]    Compiling new_debug_unreachable v1.0.4
[INFO] [stderr]    Compiling bytecount v0.6.2
[INFO] [stderr]    Compiling diff v0.1.12
[INFO] [stderr]    Compiling unicode-segmentation v1.7.1
[INFO] [stderr]    Compiling weezl v0.1.3
[INFO] [stderr]    Compiling rawpointer v0.2.1
[INFO] [stderr]    Compiling smallvec v1.6.0
[INFO] [stderr]    Compiling pico-args v0.3.4
[INFO] [stderr]    Compiling peg-runtime v0.6.3
[INFO] [stderr]    Compiling adler v0.2.3
[INFO] [stderr]    Compiling ndarray v0.14.0
[INFO] [stderr]    Compiling anyhow v1.0.34
[INFO] [stderr]    Compiling linked-hash-map v0.5.4
[INFO] [stderr]    Compiling hexf-parse v0.2.1
[INFO] [stderr]    Compiling half v1.7.1
[INFO] [stderr]    Compiling bit_field v0.10.1
[INFO] [stderr]    Compiling once_cell v1.3.1
[INFO] [stderr]    Compiling lebe v0.5.1
[INFO] [stderr]    Compiling bumpalo v3.4.0
[INFO] [stderr]    Compiling number_prefix v0.3.0
[INFO] [stderr]    Compiling array-init v1.0.0
[INFO] [stderr]    Compiling atom v0.4.0
[INFO] [stderr]    Compiling static_assertions v1.1.0
[INFO] [stderr]    Compiling typed-arena v2.0.1
[INFO] [stderr]    Compiling num-traits v0.2.14
[INFO] [stderr]    Compiling memoffset v0.5.5
[INFO] [stderr]    Compiling num-integer v0.1.44
[INFO] [stderr]    Compiling rayon v1.4.0
[INFO] [stderr]    Compiling indexmap v1.6.1
[INFO] [stderr]    Compiling miniz_oxide v0.4.3
[INFO] [stderr]    Compiling num-rational v0.3.2
[INFO] [stderr]    Compiling thread_local v1.1.0
[INFO] [stderr]    Compiling error-chain v0.12.4
[INFO] [stderr]    Compiling itertools v0.9.0
[INFO] [stderr]    Compiling instant v0.1.9
[INFO] [stderr]    Compiling lock_api v0.4.2
[INFO] [stderr]    Compiling inflate v0.4.5
[INFO] [stderr]    Compiling state v0.4.2
[INFO] [stderr]    Compiling dirs v1.0.5
[INFO] [stderr]    Compiling ena v0.14.0
[INFO] [stderr]    Compiling terminal_size v0.1.16
[INFO] [stderr]    Compiling crossbeam-channel v0.4.3
[INFO] [stderr]    Compiling crossbeam-queue v0.2.3
[INFO] [stderr]    Compiling colored v1.9.3
[INFO] [stderr]    Compiling proc-macro2 v1.0.24
[INFO] [stderr]    Compiling matrixmultiply v0.2.3
[INFO] [stderr]    Compiling gif v0.11.1
[INFO] [stderr]    Compiling bumpalo-herd v0.1.1
[INFO] [stderr]    Compiling term v0.5.2
[INFO] [stderr]    Compiling phf_shared v0.8.0
[INFO] [stderr]    Compiling heck v0.3.2
[INFO] [stderr]    Compiling bit-set v0.5.2
[INFO] [stderr]    Compiling rand_core v0.5.1
[INFO] [stderr]    Compiling num-bigint v0.2.3
[INFO] [stderr]    Compiling num-complex v0.2.3
[INFO] [stderr]    Compiling num-rational v0.2.2
[INFO] [stderr]    Compiling num-iter v0.1.39
[INFO] [stderr]    Compiling quote v1.0.2
[INFO] [stderr]    Compiling parking_lot_core v0.8.2
[INFO] [stderr]    Compiling c2-chacha v0.2.3
[INFO] [stderr]    Compiling fern v0.6.0
[INFO] [stderr]    Compiling petgraph v0.5.1
[INFO] [stderr]    Compiling ascii-canvas v2.0.0
[INFO] [stderr]    Compiling crossbeam-epoch v0.8.2
[INFO] [stderr]    Compiling string_cache v0.8.1
[INFO] [stderr]    Compiling png v0.16.8
[INFO] [stderr]    Compiling rand_chacha v0.2.1
[INFO] [stderr]    Compiling approx v0.3.2
[INFO] [stderr]    Compiling num-complex v0.3.1
[INFO] [stderr]    Compiling approx v0.4.0
[INFO] [stderr]    Compiling float_next_after v0.1.5
[INFO] [stderr]    Compiling ordered-float v2.1.1
[INFO] [stderr]    Compiling parking_lot v0.11.1
[INFO] [stderr]    Compiling generic-array v0.13.2
[INFO] [stderr]    Compiling crossbeam-deque v0.7.3
[INFO] [stderr]    Compiling regex v1.4.3
[INFO] [stderr]    Compiling rand v0.7.3
[INFO] [stderr]    Compiling proc-macro-error-attr v1.0.4
[INFO] [stderr]    Compiling peg-macros v0.6.3
[INFO] [stderr]    Compiling alga v0.9.2
[INFO] [stderr]    Compiling crossbeam v0.7.3
[INFO] [stderr]    Compiling tempfile v3.1.0
[INFO] [stderr]    Compiling rand_distr v0.2.2
[INFO] [stderr]    Compiling num v0.2.0
[INFO] [stderr]    Compiling nalgebra v0.19.0
[INFO] [stderr]    Compiling lalrpop-util v0.19.4
[INFO] [stderr]    Compiling console v0.14.0
[INFO] [stderr]    Compiling peg v0.6.3
[INFO] [stderr]    Compiling lalrpop v0.19.4
[INFO] [stderr]    Compiling semver v0.9.0
[INFO] [stderr]    Compiling proc-macro-error v1.0.4
[INFO] [stderr]    Compiling jpeg-decoder v0.1.20
[INFO] [stderr]    Compiling exr v1.0.0
[INFO] [stderr]    Compiling indicatif v0.15.0
[INFO] [stderr]    Compiling tiff v0.6.1
[INFO] [stderr]    Compiling image v0.23.12
[INFO] [stderr]    Compiling structopt-derive v0.4.14
[INFO] [stderr]    Compiling hexf v0.2.1
[INFO] [stderr]    Compiling enum_dispatch v0.3.5
[INFO] [stderr]    Compiling pbrt_macros v0.1.0 (/opt/rustwide/workdir/pbrt_macros)
[INFO] [stderr]    Compiling structopt v0.3.21
[INFO] [stderr]    Compiling cargo_metadata v0.10.0
[INFO] [stderr]    Compiling skeptic v0.13.5
[INFO] [stderr]    Compiling ply-rs v0.1.3
[INFO] [stderr]    Compiling pbrt-rust v0.1.0 (/opt/rustwide/workdir)
[INFO] [stdout] error[E0557]: feature has been removed
[INFO] [stdout]  --> src/lib.rs:3:12
[INFO] [stdout]   |
[INFO] [stdout] 3 | #![feature(const_fn)]
[INFO] [stdout]   |            ^^^^^^^^ feature has been removed
[INFO] [stdout]   |
[INFO] [stdout]   = note: split into finer-grained feature gates
[INFO] [stdout] 
[INFO] [stdout] 
[INFO] [stdout] error[E0554]: `#![feature]` may not be used on the stable release channel
[INFO] [stdout]  --> src/lib.rs:1:1
[INFO] [stdout]   |
[INFO] [stdout] 1 | #![feature(iter_partition_in_place)]
[INFO] [stdout]   | ^^^^^^^^^^^^^^^^^^^^^^^^^^^^^^^^^^^^
[INFO] [stdout] 
[INFO] [stdout] 
[INFO] [stdout] error[E0554]: `#![feature]` may not be used on the stable release channel
[INFO] [stdout]  --> src/lib.rs:2:1
[INFO] [stdout]   |
[INFO] [stdout] 2 | #![feature(slice_partition_at_index)]
[INFO] [stdout]   | ^^^^^^^^^^^^^^^^^^^^^^^^^^^^^^^^^^^^^
[INFO] [stdout] 
[INFO] [stdout] 
[INFO] [stdout] error[E0554]: `#![feature]` may not be used on the stable release channel
[INFO] [stdout]  --> src/lib.rs:3:1
[INFO] [stdout]   |
[INFO] [stdout] 3 | #![feature(const_fn)]
[INFO] [stdout]   | ^^^^^^^^^^^^^^^^^^^^^
[INFO] [stdout] 
[INFO] [stdout] 
[INFO] [stdout] error[E0554]: `#![feature]` may not be used on the stable release channel
[INFO] [stdout]  --> src/lib.rs:5:1
[INFO] [stdout]   |
[INFO] [stdout] 5 | #![feature(const_evaluatable_checked)]
[INFO] [stdout]   | ^^^^^^^^^^^^^^^^^^^^^^^^^^^^^^^^^^^^^^
[INFO] [stdout] 
[INFO] [stdout] 
[INFO] [stdout] error[E0554]: `#![feature]` may not be used on the stable release channel
[INFO] [stdout]  --> src/lib.rs:6:1
[INFO] [stdout]   |
[INFO] [stdout] 6 | #![feature(const_generics)]
[INFO] [stdout]   | ^^^^^^^^^^^^^^^^^^^^^^^^^^^
[INFO] [stdout] 
[INFO] [stdout] 
[INFO] [stdout] warning: unused import: `crate::pbrtparser::lexer::*`
[INFO] [stdout]  --> /opt/rustwide/target/debug/build/pbrt-rust-f65ff0be3505d448/out/commands.rs:4:5
[INFO] [stdout]   |
[INFO] [stdout] 4 | use crate::pbrtparser::lexer::*;
[INFO] [stdout]   |     ^^^^^^^^^^^^^^^^^^^^^^^^^^^
[INFO] [stdout]   |
[INFO] [stdout]   = note: `#[warn(unused_imports)]` on by default
[INFO] [stdout] 
[INFO] [stdout] 
[INFO] [stdout] warning: cannot specify lifetime arguments explicitly if late bound lifetime parameters are present
[INFO] [stdout]   --> src/core/primitive.rs:33:1
[INFO] [stdout]    |
[INFO] [stdout] 28 |         &self, isect: &mut SurfaceInteraction<'b>, arena: &Member<'b>,
[INFO] [stdout]    |         - the late bound lifetime parameter is introduced here
[INFO] [stdout] ...
[INFO] [stdout] 33 | #[enum_dispatch(Primitive)]
[INFO] [stdout]    | ^^^^^^^^^^^^^^^^^^^^^^^^^^^
[INFO] [stdout]    |
[INFO] [stdout]    = note: `#[warn(late_bound_lifetime_arguments)]` on by default
[INFO] [stdout]    = warning: this was previously accepted by the compiler but is being phased out; it will become a hard error in a future release!
[INFO] [stdout]    = note: for more information, see issue #42868 <https://github.com/rust-lang/rust/issues/42868>
[INFO] [stdout]    = note: this warning originates in the attribute macro `enum_dispatch` (in Nightly builds, run with -Z macro-backtrace for more info)
[INFO] [stdout] 
[INFO] [stdout] 
[INFO] [stdout] warning: cannot specify lifetime arguments explicitly if late bound lifetime parameters are present
[INFO] [stdout]   --> src/core/primitive.rs:33:1
[INFO] [stdout]    |
[INFO] [stdout] 28 |         &self, isect: &mut SurfaceInteraction<'b>, arena: &Member<'b>,
[INFO] [stdout]    |         - the late bound lifetime parameter is introduced here
[INFO] [stdout] ...
[INFO] [stdout] 33 | #[enum_dispatch(Primitive)]
[INFO] [stdout]    | ^^^^^^^^^^^^^^^^^^^^^^^^^^^
[INFO] [stdout]    |
[INFO] [stdout]    = warning: this was previously accepted by the compiler but is being phased out; it will become a hard error in a future release!
[INFO] [stdout]    = note: for more information, see issue #42868 <https://github.com/rust-lang/rust/issues/42868>
[INFO] [stdout]    = note: this warning originates in the attribute macro `enum_dispatch` (in Nightly builds, run with -Z macro-backtrace for more info)
[INFO] [stdout] 
[INFO] [stdout] 
[INFO] [stdout] warning: cannot specify lifetime arguments explicitly if late bound lifetime parameters are present
[INFO] [stdout]    --> src/core/bssrdf.rs:228:1
[INFO] [stdout]     |
[INFO] [stdout] 207 |         &self, scene: &Scene, u1: Float, u2: &Point2f,
[INFO] [stdout]     |         - the late bound lifetime parameter is introduced here
[INFO] [stdout] ...
[INFO] [stdout] 228 | #[enum_dispatch]
[INFO] [stdout]     | ^^^^^^^^^^^^^^^^
[INFO] [stdout]     |
[INFO] [stdout]     = warning: this was previously accepted by the compiler but is being phased out; it will become a hard error in a future release!
[INFO] [stdout]     = note: for more information, see issue #42868 <https://github.com/rust-lang/rust/issues/42868>
[INFO] [stdout]     = note: this warning originates in the attribute macro `enum_dispatch` (in Nightly builds, run with -Z macro-backtrace for more info)
[INFO] [stdout] 
[INFO] [stdout] 
[INFO] [stdout] warning: cannot specify lifetime arguments explicitly if late bound lifetime parameters are present
[INFO] [stdout]    --> src/core/bssrdf.rs:235:1
[INFO] [stdout]     |
[INFO] [stdout] 216 |         &self, scene: &Scene, u1: Float, u2: &Point2f,
[INFO] [stdout]     |         - the late bound lifetime parameter is introduced here
[INFO] [stdout] ...
[INFO] [stdout] 235 | #[enum_dispatch(SeparableBSSRDF, BSSRDF)]
[INFO] [stdout]     | ^^^^^^^^^^^^^^^^^^^^^^^^^^^^^^^^^^^^^^^^^
[INFO] [stdout]     |
[INFO] [stdout]     = warning: this was previously accepted by the compiler but is being phased out; it will become a hard error in a future release!
[INFO] [stdout]     = note: for more information, see issue #42868 <https://github.com/rust-lang/rust/issues/42868>
[INFO] [stdout]     = note: this warning originates in the attribute macro `enum_dispatch` (in Nightly builds, run with -Z macro-backtrace for more info)
[INFO] [stdout] 
[INFO] [stdout] 
[INFO] [stdout] warning: cannot specify lifetime arguments explicitly if late bound lifetime parameters are present
[INFO] [stdout]    --> src/core/bssrdf.rs:235:1
[INFO] [stdout]     |
[INFO] [stdout] 207 |         &self, scene: &Scene, u1: Float, u2: &Point2f,
[INFO] [stdout]     |         - the late bound lifetime parameter is introduced here
[INFO] [stdout] ...
[INFO] [stdout] 235 | #[enum_dispatch(SeparableBSSRDF, BSSRDF)]
[INFO] [stdout]     | ^^^^^^^^^^^^^^^^^^^^^^^^^^^^^^^^^^^^^^^^^
[INFO] [stdout]     |
[INFO] [stdout]     = warning: this was previously accepted by the compiler but is being phased out; it will become a hard error in a future release!
[INFO] [stdout]     = note: for more information, see issue #42868 <https://github.com/rust-lang/rust/issues/42868>
[INFO] [stdout]     = note: this warning originates in the attribute macro `enum_dispatch` (in Nightly builds, run with -Z macro-backtrace for more info)
[INFO] [stdout] 
[INFO] [stdout] 
[INFO] [stdout] warning: cannot specify lifetime arguments explicitly if late bound lifetime parameters are present
[INFO] [stdout]   --> src/core/material.rs:89:1
[INFO] [stdout]    |
[INFO] [stdout] 42 |         &self, si: &mut SurfaceInteraction<'b>, arena: &Member<'b>,
[INFO] [stdout]    |         - the late bound lifetime parameter is introduced here
[INFO] [stdout] ...
[INFO] [stdout] 89 | #[enum_dispatch]
[INFO] [stdout]    | ^^^^^^^^^^^^^^^^
[INFO] [stdout]    |
[INFO] [stdout]    = warning: this was previously accepted by the compiler but is being phased out; it will become a hard error in a future release!
[INFO] [stdout]    = note: for more information, see issue #42868 <https://github.com/rust-lang/rust/issues/42868>
[INFO] [stdout]    = note: this warning originates in the attribute macro `enum_dispatch` (in Nightly builds, run with -Z macro-backtrace for more info)
[INFO] [stdout] 
[INFO] [stdout] 
[INFO] [stdout] error: aborting due to 6 previous errors; 7 warnings emitted
[INFO] [stdout] 
[INFO] [stdout] 
[INFO] [stdout] Some errors have detailed explanations: E0554, E0557.
[INFO] [stdout] 
[INFO] [stdout] For more information about an error, try `rustc --explain E0554`.
[INFO] [stdout] 
[INFO] [stderr] error: could not compile `pbrt-rust`
[INFO] [stderr] 
[INFO] [stderr] To learn more, run the command again with --verbose.
[INFO] running `Command { std: "docker" "inspect" "86d871011cd92fc1508033cfc9ba96095e3844f5f77de047672221f057719d70", kill_on_drop: false }`
[INFO] running `Command { std: "docker" "rm" "-f" "86d871011cd92fc1508033cfc9ba96095e3844f5f77de047672221f057719d70", kill_on_drop: false }`
[INFO] [stdout] 86d871011cd92fc1508033cfc9ba96095e3844f5f77de047672221f057719d70
