[INFO] cloning repository https://github.com/adumbidiot/donacdum
[INFO] running `Command { std: "git" "-c" "credential.helper=" "-c" "credential.helper=/workspace/cargo-home/bin/git-credential-null" "clone" "--bare" "https://github.com/adumbidiot/donacdum" "/workspace/cache/git-repos/https%3A%2F%2Fgithub.com%2Fadumbidiot%2Fdonacdum", kill_on_drop: false }`
[INFO] [stderr] Cloning into bare repository '/workspace/cache/git-repos/https%3A%2F%2Fgithub.com%2Fadumbidiot%2Fdonacdum'...
[INFO] running `Command { std: "git" "rev-parse" "HEAD", kill_on_drop: false }`
[INFO] [stdout] 1abdb4cfd80ed4680090cee8ecc650f99b302790
[INFO] testing adumbidiot/donacdum against 1.54.0 for beta-1.55-1
[INFO] running `Command { std: "git" "clone" "/workspace/cache/git-repos/https%3A%2F%2Fgithub.com%2Fadumbidiot%2Fdonacdum" "/workspace/builds/worker-14/source", kill_on_drop: false }`
[INFO] [stderr] Cloning into '/workspace/builds/worker-14/source'...
[INFO] [stderr] done.
[INFO] validating manifest of git repo https://github.com/adumbidiot/donacdum on toolchain 1.54.0
[INFO] running `Command { std: "/workspace/cargo-home/bin/cargo" "+1.54.0" "metadata" "--manifest-path" "Cargo.toml" "--no-deps", kill_on_drop: false }`
[INFO] started tweaking git repo https://github.com/adumbidiot/donacdum
[INFO] finished tweaking git repo https://github.com/adumbidiot/donacdum
[INFO] tweaked toml for git repo https://github.com/adumbidiot/donacdum written to /workspace/builds/worker-14/source/Cargo.toml
[INFO] crate git repo https://github.com/adumbidiot/donacdum already has a lockfile, it will not be regenerated
[INFO] running `Command { std: "/workspace/cargo-home/bin/cargo" "+1.54.0" "fetch" "--manifest-path" "Cargo.toml", kill_on_drop: false }`
[INFO] [stderr]     Blocking waiting for file lock on package cache
[INFO] running `Command { std: "docker" "create" "-v" "/var/lib/crater-agent-workspace/builds/worker-14/target:/opt/rustwide/target:rw,Z" "-v" "/var/lib/crater-agent-workspace/builds/worker-14/source:/opt/rustwide/workdir:ro,Z" "-v" "/var/lib/crater-agent-workspace/cargo-home:/opt/rustwide/cargo-home:ro,Z" "-v" "/var/lib/crater-agent-workspace/rustup-home:/opt/rustwide/rustup-home:ro,Z" "-e" "SOURCE_DIR=/opt/rustwide/workdir" "-e" "CARGO_TARGET_DIR=/opt/rustwide/target" "-e" "CARGO_HOME=/opt/rustwide/cargo-home" "-e" "RUSTUP_HOME=/opt/rustwide/rustup-home" "-w" "/opt/rustwide/workdir" "-m" "1610612736" "--user" "0:0" "--network" "none" "ghcr.io/rust-lang/crates-build-env/linux@sha256:34b6a614d2c27851fe6cbf88fbd1137609cefab8b10d0615aaeb6fd47975d74e" "/opt/rustwide/cargo-home/bin/cargo" "+1.54.0" "metadata" "--no-deps" "--format-version=1", kill_on_drop: false }`
[INFO] [stdout] 49b5af990e63262f711f714af3634c549910e3fd81a9120c3a86d29ebf3865e7
[INFO] running `Command { std: "docker" "start" "-a" "49b5af990e63262f711f714af3634c549910e3fd81a9120c3a86d29ebf3865e7", kill_on_drop: false }`
[INFO] running `Command { std: "docker" "inspect" "49b5af990e63262f711f714af3634c549910e3fd81a9120c3a86d29ebf3865e7", kill_on_drop: false }`
[INFO] running `Command { std: "docker" "rm" "-f" "49b5af990e63262f711f714af3634c549910e3fd81a9120c3a86d29ebf3865e7", kill_on_drop: false }`
[INFO] [stdout] 49b5af990e63262f711f714af3634c549910e3fd81a9120c3a86d29ebf3865e7
[INFO] running `Command { std: "docker" "create" "-v" "/var/lib/crater-agent-workspace/builds/worker-14/target:/opt/rustwide/target:rw,Z" "-v" "/var/lib/crater-agent-workspace/builds/worker-14/source:/opt/rustwide/workdir:ro,Z" "-v" "/var/lib/crater-agent-workspace/cargo-home:/opt/rustwide/cargo-home:ro,Z" "-v" "/var/lib/crater-agent-workspace/rustup-home:/opt/rustwide/rustup-home:ro,Z" "-e" "SOURCE_DIR=/opt/rustwide/workdir" "-e" "CARGO_TARGET_DIR=/opt/rustwide/target" "-e" "CARGO_INCREMENTAL=0" "-e" "RUST_BACKTRACE=full" "-e" "RUSTFLAGS=--cap-lints=warn" "-e" "CARGO_HOME=/opt/rustwide/cargo-home" "-e" "RUSTUP_HOME=/opt/rustwide/rustup-home" "-w" "/opt/rustwide/workdir" "-m" "1610612736" "--user" "0:0" "--network" "none" "ghcr.io/rust-lang/crates-build-env/linux@sha256:34b6a614d2c27851fe6cbf88fbd1137609cefab8b10d0615aaeb6fd47975d74e" "/opt/rustwide/cargo-home/bin/cargo" "+1.54.0" "build" "--frozen" "--message-format=json", kill_on_drop: false }`
[INFO] [stdout] 0076d307a921bdaf3d165a85066ffa7b79ad3c3e69acc30f51cb948a39afdea7
[INFO] running `Command { std: "docker" "start" "-a" "0076d307a921bdaf3d165a85066ffa7b79ad3c3e69acc30f51cb948a39afdea7", kill_on_drop: false }`
[INFO] [stderr]    Compiling log v0.4.14
[INFO] [stderr]    Compiling arrayvec v0.6.1
[INFO] [stderr]    Compiling winapi v0.3.9
[INFO] [stderr]    Compiling anyhow v1.0.42
[INFO] [stderr]    Compiling widestring v0.4.3
[INFO] [stderr]    Compiling cmake v0.1.45
[INFO] [stderr]    Compiling libsamplerate-sys v0.1.10
[INFO] [stderr]    Compiling symphonia-core v0.3.0
[INFO] [stderr]    Compiling skylight v0.0.0 (https://github.com/adumbidiot/skylight-rs#7a5dc0e4)
[INFO] [stdout] error[E0433]: failed to resolve: could not find `windows` in `os`
[INFO] [stdout]  --> /opt/rustwide/cargo-home/git/checkouts/skylight-rs-4f5a4d2b1803a565/7a5dc0e/src/objbase.rs:4:14
[INFO] [stdout]   |
[INFO] [stdout] 4 | use std::os::windows::ffi::OsStrExt;
[INFO] [stdout]   |              ^^^^^^^ could not find `windows` in `os`
[INFO] [stdout] 
[INFO] [stdout] 
[INFO] [stdout] error[E0433]: failed to resolve: could not find `windows` in `os`
[INFO] [stdout]  --> /opt/rustwide/cargo-home/git/checkouts/skylight-rs-4f5a4d2b1803a565/7a5dc0e/src/objbase.rs:5:14
[INFO] [stdout]   |
[INFO] [stdout] 5 | use std::os::windows::ffi::OsStringExt;
[INFO] [stdout]   |              ^^^^^^^ could not find `windows` in `os`
[INFO] [stdout] 
[INFO] [stdout] 
[INFO] [stdout] error[E0433]: failed to resolve: could not find `shared` in `winapi`
[INFO] [stdout]  --> /opt/rustwide/cargo-home/git/checkouts/skylight-rs-4f5a4d2b1803a565/7a5dc0e/src/objbase.rs:7:13
[INFO] [stdout]   |
[INFO] [stdout] 7 | use winapi::shared::guiddef::CLSID;
[INFO] [stdout]   |             ^^^^^^ could not find `shared` in `winapi`
[INFO] [stdout] 
[INFO] [stdout] 
[INFO] [stdout] error[E0433]: failed to resolve: could not find `shared` in `winapi`
[INFO] [stdout]  --> /opt/rustwide/cargo-home/git/checkouts/skylight-rs-4f5a4d2b1803a565/7a5dc0e/src/objbase.rs:8:13
[INFO] [stdout]   |
[INFO] [stdout] 8 | use winapi::shared::minwindef::DWORD;
[INFO] [stdout]   |             ^^^^^^ could not find `shared` in `winapi`
[INFO] [stdout] 
[INFO] [stdout] 
[INFO] [stdout] error[E0433]: failed to resolve: could not find `shared` in `winapi`
[INFO] [stdout]  --> /opt/rustwide/cargo-home/git/checkouts/skylight-rs-4f5a4d2b1803a565/7a5dc0e/src/objbase.rs:9:13
[INFO] [stdout]   |
[INFO] [stdout] 9 | use winapi::shared::winerror::FAILED;
[INFO] [stdout]   |             ^^^^^^ could not find `shared` in `winapi`
[INFO] [stdout] 
[INFO] [stdout] 
[INFO] [stdout] error[E0433]: failed to resolve: could not find `shared` in `winapi`
[INFO] [stdout]   --> /opt/rustwide/cargo-home/git/checkouts/skylight-rs-4f5a4d2b1803a565/7a5dc0e/src/objbase.rs:10:13
[INFO] [stdout]    |
[INFO] [stdout] 10 | use winapi::shared::winerror::HRESULT;
[INFO] [stdout]    |             ^^^^^^ could not find `shared` in `winapi`
[INFO] [stdout] 
[INFO] [stdout] 
[INFO] [stdout] error[E0433]: failed to resolve: could not find `um` in `winapi`
[INFO] [stdout]   --> /opt/rustwide/cargo-home/git/checkouts/skylight-rs-4f5a4d2b1803a565/7a5dc0e/src/objbase.rs:11:13
[INFO] [stdout]    |
[INFO] [stdout] 11 | use winapi::um::combaseapi::CoCreateInstance;
[INFO] [stdout]    |             ^^ could not find `um` in `winapi`
[INFO] [stdout] 
[INFO] [stdout] 
[INFO] [stdout] error[E0433]: failed to resolve: could not find `um` in `winapi`
[INFO] [stdout]   --> /opt/rustwide/cargo-home/git/checkouts/skylight-rs-4f5a4d2b1803a565/7a5dc0e/src/objbase.rs:12:13
[INFO] [stdout]    |
[INFO] [stdout] 12 | use winapi::um::combaseapi::CoIncrementMTAUsage;
[INFO] [stdout]    |             ^^ could not find `um` in `winapi`
[INFO] [stdout] 
[INFO] [stdout] 
[INFO] [stdout] error[E0433]: failed to resolve: could not find `um` in `winapi`
[INFO] [stdout]   --> /opt/rustwide/cargo-home/git/checkouts/skylight-rs-4f5a4d2b1803a565/7a5dc0e/src/objbase.rs:13:13
[INFO] [stdout]    |
[INFO] [stdout] 13 | use winapi::um::combaseapi::CoTaskMemAlloc;
[INFO] [stdout]    |             ^^ could not find `um` in `winapi`
[INFO] [stdout] 
[INFO] [stdout] 
[INFO] [stdout] error[E0433]: failed to resolve: could not find `um` in `winapi`
[INFO] [stdout]   --> /opt/rustwide/cargo-home/git/checkouts/skylight-rs-4f5a4d2b1803a565/7a5dc0e/src/objbase.rs:14:13
[INFO] [stdout]    |
[INFO] [stdout] 14 | use winapi::um::combaseapi::CoTaskMemFree;
[INFO] [stdout]    |             ^^ could not find `um` in `winapi`
[INFO] [stdout] 
[INFO] [stdout] 
[INFO] [stdout] error[E0432]: unresolved import `winapi::Interface`
[INFO] [stdout]   --> /opt/rustwide/cargo-home/git/checkouts/skylight-rs-4f5a4d2b1803a565/7a5dc0e/src/objbase.rs:15:5
[INFO] [stdout]    |
[INFO] [stdout] 15 | use winapi::Interface;
[INFO] [stdout]    |     ^^^^^^^^^^^^^^^^^ no `Interface` in the root
[INFO] [stdout] 
[INFO] [stdout] 
[INFO] [stdout] error[E0425]: cannot find function, tuple struct or tuple variant `CoIncrementMTAUsage` in this scope
[INFO] [stdout]   --> /opt/rustwide/cargo-home/git/checkouts/skylight-rs-4f5a4d2b1803a565/7a5dc0e/src/objbase.rs:24:25
[INFO] [stdout]    |
[INFO] [stdout] 24 |     let code = unsafe { CoIncrementMTAUsage(&mut cookie) };
[INFO] [stdout]    |                         ^^^^^^^^^^^^^^^^^^^ not found in this scope
[INFO] [stdout] 
[INFO] [stdout] 
[INFO] [stdout] error[E0425]: cannot find function, tuple struct or tuple variant `FAILED` in this scope
[INFO] [stdout]   --> /opt/rustwide/cargo-home/git/checkouts/skylight-rs-4f5a4d2b1803a565/7a5dc0e/src/objbase.rs:26:8
[INFO] [stdout]    |
[INFO] [stdout] 26 |     if FAILED(code) {
[INFO] [stdout]    |        ^^^^^^ not found in this scope
[INFO] [stdout] 
[INFO] [stdout] 
[INFO] [stdout] error[E0412]: cannot find type `CLSID` in this scope
[INFO] [stdout]   --> /opt/rustwide/cargo-home/git/checkouts/skylight-rs-4f5a4d2b1803a565/7a5dc0e/src/objbase.rs:39:16
[INFO] [stdout]    |
[INFO] [stdout] 39 |     class_id: &CLSID,
[INFO] [stdout]    |                ^^^^^ not found in this scope
[INFO] [stdout] 
[INFO] [stdout] 
[INFO] [stdout] error[E0412]: cannot find type `DWORD` in this scope
[INFO] [stdout]   --> /opt/rustwide/cargo-home/git/checkouts/skylight-rs-4f5a4d2b1803a565/7a5dc0e/src/objbase.rs:40:12
[INFO] [stdout]    |
[INFO] [stdout] 40 |     flags: DWORD,
[INFO] [stdout]    |            ^^^^^ not found in this scope
[INFO] [stdout] 
[INFO] [stdout] 
[INFO] [stdout] error[E0412]: cannot find type `HRESULT` in this scope
[INFO] [stdout]   --> /opt/rustwide/cargo-home/git/checkouts/skylight-rs-4f5a4d2b1803a565/7a5dc0e/src/objbase.rs:41:21
[INFO] [stdout]    |
[INFO] [stdout] 38 | pub unsafe fn create_instance<T: Interface>(
[INFO] [stdout]    |                                           - help: you might be missing a type parameter: `, HRESULT`
[INFO] [stdout] ...
[INFO] [stdout] 41 | ) -> Result<*mut T, HRESULT> {
[INFO] [stdout]    |                     ^^^^^^^ not found in this scope
[INFO] [stdout] 
[INFO] [stdout] 
[INFO] [stdout] error[E0425]: cannot find function, tuple struct or tuple variant `CoCreateInstance` in this scope
[INFO] [stdout]   --> /opt/rustwide/cargo-home/git/checkouts/skylight-rs-4f5a4d2b1803a565/7a5dc0e/src/objbase.rs:43:14
[INFO] [stdout]    |
[INFO] [stdout] 43 |     let hr = CoCreateInstance(
[INFO] [stdout]    |              ^^^^^^^^^^^^^^^^ not found in this scope
[INFO] [stdout] 
[INFO] [stdout] 
[INFO] [stdout] error[E0425]: cannot find function, tuple struct or tuple variant `FAILED` in this scope
[INFO] [stdout]   --> /opt/rustwide/cargo-home/git/checkouts/skylight-rs-4f5a4d2b1803a565/7a5dc0e/src/objbase.rs:51:8
[INFO] [stdout]    |
[INFO] [stdout] 51 |     if FAILED(hr) {
[INFO] [stdout]    |        ^^^^^^ not found in this scope
[INFO] [stdout] 
[INFO] [stdout] 
[INFO] [stdout] error[E0425]: cannot find function, tuple struct or tuple variant `CoTaskMemAlloc` in this scope
[INFO] [stdout]   --> /opt/rustwide/cargo-home/git/checkouts/skylight-rs-4f5a4d2b1803a565/7a5dc0e/src/objbase.rs:71:28
[INFO] [stdout]    |
[INFO] [stdout] 71 |         let ptr = unsafe { CoTaskMemAlloc(len * 2) };
[INFO] [stdout]    |                            ^^^^^^^^^^^^^^ not found in this scope
[INFO] [stdout] 
[INFO] [stdout] 
[INFO] [stdout] error[E0425]: cannot find function, tuple struct or tuple variant `CoTaskMemFree` in this scope
[INFO] [stdout]    --> /opt/rustwide/cargo-home/git/checkouts/skylight-rs-4f5a4d2b1803a565/7a5dc0e/src/objbase.rs:154:13
[INFO] [stdout]     |
[INFO] [stdout] 154 |             CoTaskMemFree(self.0.as_ptr().cast());
[INFO] [stdout]     |             ^^^^^^^^^^^^^ not found in this scope
[INFO] [stdout] 
[INFO] [stdout] 
[INFO] [stdout] error: aborting due to 20 previous errors
[INFO] [stdout] 
[INFO] [stdout] 
[INFO] [stdout] Some errors have detailed explanations: E0412, E0425, E0432, E0433.
[INFO] [stdout] 
[INFO] [stdout] For more information about an error, try `rustc --explain E0412`.
[INFO] [stdout] 
[INFO] [stderr] error: could not compile `skylight`
[INFO] [stderr] 
[INFO] [stderr] To learn more, run the command again with --verbose.
[INFO] [stderr] warning: build failed, waiting for other jobs to finish...
[INFO] [stderr] error: build failed
[INFO] running `Command { std: "docker" "inspect" "0076d307a921bdaf3d165a85066ffa7b79ad3c3e69acc30f51cb948a39afdea7", kill_on_drop: false }`
[INFO] running `Command { std: "docker" "rm" "-f" "0076d307a921bdaf3d165a85066ffa7b79ad3c3e69acc30f51cb948a39afdea7", kill_on_drop: false }`
[INFO] [stdout] 0076d307a921bdaf3d165a85066ffa7b79ad3c3e69acc30f51cb948a39afdea7
