[INFO] cloning repository https://github.com/adamlaska/BitcoinUnlimited-ElectrsCash
[INFO] running `Command { std: "git" "-c" "credential.helper=" "-c" "credential.helper=/workspace/cargo-home/bin/git-credential-null" "clone" "--bare" "https://github.com/adamlaska/BitcoinUnlimited-ElectrsCash" "/workspace/cache/git-repos/https%3A%2F%2Fgithub.com%2Fadamlaska%2FBitcoinUnlimited-ElectrsCash", kill_on_drop: false }`
[INFO] [stderr] Cloning into bare repository '/workspace/cache/git-repos/https%3A%2F%2Fgithub.com%2Fadamlaska%2FBitcoinUnlimited-ElectrsCash'...
[INFO] running `Command { std: "git" "rev-parse" "HEAD", kill_on_drop: false }`
[INFO] [stdout] aa95d64d050c286356dadb78d19c2e687dec85cf
[INFO] testing adamlaska/BitcoinUnlimited-ElectrsCash against 1.54.0 for beta-1.55-1
[INFO] running `Command { std: "git" "clone" "/workspace/cache/git-repos/https%3A%2F%2Fgithub.com%2Fadamlaska%2FBitcoinUnlimited-ElectrsCash" "/workspace/builds/worker-101/source", kill_on_drop: false }`
[INFO] [stderr] Cloning into '/workspace/builds/worker-101/source'...
[INFO] [stderr] done.
[INFO] validating manifest of git repo https://github.com/adamlaska/BitcoinUnlimited-ElectrsCash on toolchain 1.54.0
[INFO] running `Command { std: "/workspace/cargo-home/bin/cargo" "+1.54.0" "metadata" "--manifest-path" "Cargo.toml" "--no-deps", kill_on_drop: false }`
[INFO] started tweaking git repo https://github.com/adamlaska/BitcoinUnlimited-ElectrsCash
[INFO] finished tweaking git repo https://github.com/adamlaska/BitcoinUnlimited-ElectrsCash
[INFO] tweaked toml for git repo https://github.com/adamlaska/BitcoinUnlimited-ElectrsCash written to /workspace/builds/worker-101/source/Cargo.toml
[INFO] crate git repo https://github.com/adamlaska/BitcoinUnlimited-ElectrsCash already has a lockfile, it will not be regenerated
[INFO] running `Command { std: "/workspace/cargo-home/bin/cargo" "+1.54.0" "fetch" "--manifest-path" "Cargo.toml", kill_on_drop: false }`
[INFO] [stderr]     Blocking waiting for file lock on package cache
[INFO] [stderr]     Blocking waiting for file lock on package cache
[INFO] running `Command { std: "docker" "create" "-v" "/var/lib/crater-agent-workspace/builds/worker-101/target:/opt/rustwide/target:rw,Z" "-v" "/var/lib/crater-agent-workspace/builds/worker-101/source:/opt/rustwide/workdir:ro,Z" "-v" "/var/lib/crater-agent-workspace/cargo-home:/opt/rustwide/cargo-home:ro,Z" "-v" "/var/lib/crater-agent-workspace/rustup-home:/opt/rustwide/rustup-home:ro,Z" "-e" "SOURCE_DIR=/opt/rustwide/workdir" "-e" "CARGO_TARGET_DIR=/opt/rustwide/target" "-e" "CARGO_HOME=/opt/rustwide/cargo-home" "-e" "RUSTUP_HOME=/opt/rustwide/rustup-home" "-w" "/opt/rustwide/workdir" "-m" "1610612736" "--user" "0:0" "--network" "none" "ghcr.io/rust-lang/crates-build-env/linux@sha256:34b6a614d2c27851fe6cbf88fbd1137609cefab8b10d0615aaeb6fd47975d74e" "/opt/rustwide/cargo-home/bin/cargo" "+1.54.0" "metadata" "--no-deps" "--format-version=1", kill_on_drop: false }`
[INFO] [stdout] 91f8b9360bb5260b347f97cc0b84b8489b353f01b520ce63d6b9a5aa9963d4a7
[INFO] running `Command { std: "docker" "start" "-a" "91f8b9360bb5260b347f97cc0b84b8489b353f01b520ce63d6b9a5aa9963d4a7", kill_on_drop: false }`
[INFO] running `Command { std: "docker" "inspect" "91f8b9360bb5260b347f97cc0b84b8489b353f01b520ce63d6b9a5aa9963d4a7", kill_on_drop: false }`
[INFO] running `Command { std: "docker" "rm" "-f" "91f8b9360bb5260b347f97cc0b84b8489b353f01b520ce63d6b9a5aa9963d4a7", kill_on_drop: false }`
[INFO] [stdout] 91f8b9360bb5260b347f97cc0b84b8489b353f01b520ce63d6b9a5aa9963d4a7
[INFO] running `Command { std: "docker" "create" "-v" "/var/lib/crater-agent-workspace/builds/worker-101/target:/opt/rustwide/target:rw,Z" "-v" "/var/lib/crater-agent-workspace/builds/worker-101/source:/opt/rustwide/workdir:ro,Z" "-v" "/var/lib/crater-agent-workspace/cargo-home:/opt/rustwide/cargo-home:ro,Z" "-v" "/var/lib/crater-agent-workspace/rustup-home:/opt/rustwide/rustup-home:ro,Z" "-e" "SOURCE_DIR=/opt/rustwide/workdir" "-e" "CARGO_TARGET_DIR=/opt/rustwide/target" "-e" "CARGO_INCREMENTAL=0" "-e" "RUST_BACKTRACE=full" "-e" "RUSTFLAGS=--cap-lints=warn" "-e" "CARGO_HOME=/opt/rustwide/cargo-home" "-e" "RUSTUP_HOME=/opt/rustwide/rustup-home" "-w" "/opt/rustwide/workdir" "-m" "1610612736" "--user" "0:0" "--network" "none" "ghcr.io/rust-lang/crates-build-env/linux@sha256:34b6a614d2c27851fe6cbf88fbd1137609cefab8b10d0615aaeb6fd47975d74e" "/opt/rustwide/cargo-home/bin/cargo" "+1.54.0" "build" "--frozen" "--message-format=json", kill_on_drop: false }`
[INFO] [stdout] c1b6c835294f46e342b1e2a311f6453651e5d2f530c5fd7cab2a22ffb4c00ecd
[INFO] running `Command { std: "docker" "start" "-a" "c1b6c835294f46e342b1e2a311f6453651e5d2f530c5fd7cab2a22ffb4c00ecd", kill_on_drop: false }`
[INFO] [stderr]    Compiling libc v0.2.62
[INFO] [stderr]    Compiling semver-parser v0.7.0
[INFO] [stderr]    Compiling cfg-if v0.1.9
[INFO] [stderr]    Compiling lazy_static v1.4.0
[INFO] [stderr]    Compiling arrayvec v0.4.11
[INFO] [stderr]    Compiling nodrop v0.1.13
[INFO] [stderr]    Compiling scopeguard v1.0.0
[INFO] [stderr]    Compiling rayon-core v1.6.0
[INFO] [stderr]    Compiling either v1.5.3
[INFO] [stderr]    Compiling memchr v2.2.1
[INFO] [stderr]    Compiling proc-macro2 v0.4.30
[INFO] [stderr]    Compiling version_check v0.1.5
[INFO] [stderr]    Compiling byteorder v1.3.2
[INFO] [stderr]    Compiling unicode-xid v0.1.0
[INFO] [stderr]    Compiling syn v0.15.44
[INFO] [stderr]    Compiling glob v0.3.0
[INFO] [stderr]    Compiling log v0.4.8
[INFO] [stderr]    Compiling failure_derive v0.1.5
[INFO] [stderr]    Compiling rustc-demangle v0.1.16
[INFO] [stderr]    Compiling bitflags v1.1.0
[INFO] [stderr]    Compiling serde v1.0.101
[INFO] [stderr]    Compiling quick-error v1.2.2
[INFO] [stderr]    Compiling autocfg v0.1.6
[INFO] [stderr]    Compiling regex-syntax v0.6.12
[INFO] [stderr]    Compiling unicode-width v0.1.6
[INFO] [stderr]    Compiling vec_map v0.8.1
[INFO] [stderr]    Compiling termcolor v1.0.5
[INFO] [stderr]    Compiling strsim v0.8.0
[INFO] [stderr]    Compiling ansi_term v0.11.0
[INFO] [stderr]    Compiling peeking_take_while v0.1.2
[INFO] [stderr]    Compiling shlex v0.1.1
[INFO] [stderr]    Compiling proc-macro2 v1.0.3
[INFO] [stderr]    Compiling unicode-xid v0.2.0
[INFO] [stderr]    Compiling syn v1.0.5
[INFO] [stderr]    Compiling bindgen v0.49.2
[INFO] [stderr]    Compiling bindgen v0.51.0
[INFO] [stderr]    Compiling configure_me_codegen v0.3.6
[INFO] [stderr]    Compiling matches v0.1.8
[INFO] [stderr]    Compiling winapi-build v0.1.1
[INFO] [stderr]    Compiling roff v0.1.0
[INFO] [stderr]    Compiling smallvec v0.6.10
[INFO] [stderr]    Compiling ryu v1.0.0
[INFO] [stderr]    Compiling fmt2io v0.1.0
[INFO] [stderr]    Compiling gcc v0.3.55
[INFO] [stderr]    Compiling unicode-segmentation v1.3.0
[INFO] [stderr]    Compiling protobuf v2.8.1
[INFO] [stderr]    Compiling percent-encoding v1.0.1
[INFO] [stderr]    Compiling arc-swap v0.4.2
[INFO] [stderr]    Compiling bech32 v0.6.0
[INFO] [stderr]    Compiling winapi v0.2.8
[INFO] [stderr]    Compiling prometheus v0.5.0
[INFO] [stderr]    Compiling termcolor v0.3.6
[INFO] [stderr]    Compiling itoa v0.4.4
[INFO] [stderr]    Compiling parse_arg v0.1.4
[INFO] [stderr]    Compiling hashbrown v0.5.0
[INFO] [stderr]    Compiling hex v0.3.2
[INFO] [stderr]    Compiling spin v0.4.10
[INFO] [stderr]    Compiling fnv v1.0.6
[INFO] [stderr]    Compiling chunked_transfer v0.3.1
[INFO] [stderr]    Compiling ascii v0.8.7
[INFO] [stderr]    Compiling rustc-serialize v0.3.24
[INFO] [stderr]    Compiling semver v0.9.0
[INFO] [stderr]    Compiling crossbeam-utils v0.6.6
[INFO] [stderr]    Compiling thread_local v0.3.6
[INFO] [stderr]    Compiling semver v0.6.0
[INFO] [stderr]    Compiling nom v4.2.3
[INFO] [stderr]    Compiling error-chain v0.12.1
[INFO] [stderr]    Compiling textwrap v0.11.0
[INFO] [stderr]    Compiling build-helper v0.1.1
[INFO] [stderr]    Compiling humantime v1.3.0
[INFO] [stderr]    Compiling rustc_version v0.2.3
[INFO] [stderr]    Compiling man v0.1.1
[INFO] [stderr]    Compiling num-traits v0.2.8
[INFO] [stderr]    Compiling num-integer v0.1.41
[INFO] [stderr]    Compiling kernel32-sys v0.2.2
[INFO] [stderr]    Compiling bincode v1.1.4
[INFO] [stderr]    Compiling crossbeam-queue v0.1.2
[INFO] [stderr]    Compiling aho-corasick v0.7.6
[INFO] [stderr]    Compiling c_fixed_string v0.2.0
[INFO] [stderr]    Compiling crossbeam-channel v0.3.9
[INFO] [stderr]    Compiling lru v0.1.17
[INFO] [stderr]    Compiling bitcoin-bech32 v0.9.0
[INFO] [stderr]    Compiling unicode-normalization v0.1.8
[INFO] [stderr]    Compiling unicode-bidi v0.3.4
[INFO] [stderr]    Compiling rust-crypto v0.2.36
[INFO] [stderr]    Compiling num_cpus v1.10.1
[INFO] [stderr]    Compiling atty v0.2.13
[INFO] [stderr]    Compiling rand v0.4.6
[INFO] [stderr]    Compiling time v0.1.42
[INFO] [stderr]    Compiling signal-hook-registry v1.1.1
[INFO] [stderr]    Compiling errno v0.2.4
[INFO] [stderr]    Compiling page_size v0.4.1
[INFO] [stderr]    Compiling dirs v1.0.5
[INFO] [stderr]    Compiling fxhash v0.2.1
[INFO] [stderr]    Compiling base64 v0.10.1
[INFO] [stderr]    Compiling quote v0.6.13
[INFO] [stderr]    Compiling clang-sys v0.28.1
[INFO] [stderr]    Compiling memoffset v0.5.1
[INFO] [stderr]    Compiling quote v1.0.2
[INFO] [stderr]    Compiling sysconf v0.3.4
[INFO] [stderr]    Compiling regex v1.3.1
[INFO] [stderr]    Compiling cexpr v0.3.5
[INFO] [stderr]    Compiling clap v2.33.0
[INFO] [stderr]    Compiling idna v0.1.5
[INFO] [stderr]    Compiling signal-hook v0.1.10
[INFO] [stderr]    Compiling rand v0.3.23
[INFO] [stderr]    Compiling chrono v0.4.9
[INFO] [stderr]    Compiling url v1.7.2
[INFO] [stderr]    Compiling crossbeam-epoch v0.7.2
[INFO] [stderr]    Compiling env_logger v0.6.2
[INFO] [stderr]    Compiling crossbeam-deque v0.7.1
[INFO] [stderr]    Compiling rayon v1.2.0
[INFO] [stderr]    Compiling tiny_http v0.6.2
[INFO] [stderr]    Compiling stderrlog v0.4.1
[INFO] [stderr]    Compiling synstructure v0.10.2
[INFO] [stderr]    Compiling serde_derive v1.0.101
[INFO] [stderr]    Compiling toml v0.4.10
[INFO] [stderr]    Compiling serde_test v1.0.101
[INFO] [stderr]    Compiling bitcoin_hashes v0.3.2
[INFO] [stderr]    Compiling serde_json v1.0.40
[INFO] [stderr]    Compiling cc v1.0.26
[INFO] [stderr]    Compiling backtrace-sys v0.1.30
[INFO] [stderr]    Compiling libloading v0.5.2
[INFO] [stderr]    Compiling secp256k1 v0.12.2
[INFO] [stderr]    Compiling backtrace v0.3.37
[INFO] [stderr]    Compiling failure v0.1.5
[INFO] [stderr]    Compiling which v2.0.1
[INFO] [stderr]    Compiling bitcoin v0.18.2
[INFO] [stderr]    Compiling configure_me v0.3.3
[INFO] [stderr]    Compiling electrscash v1.0.0 (/opt/rustwide/workdir)
[INFO] [stderr]    Compiling librocksdb-sys v6.1.2
[INFO] [stderr]    Compiling cashaccount-sys v0.1.0
[INFO] [stderr] The following warnings were emitted during compilation:
[INFO] [stderr] 
[INFO] [stderr] warning: libcashaccount/src/cashaccount.cpp: In function 'int cashacc_parse_opreturn(const char*, unsigned int, bool, CashAccount*)':
[INFO] [stderr] warning: libcashaccount/src/cashaccount.cpp:62:45: warning: comparison of integer expressions of different signedness: 'int' and 'unsigned int' [-Wsign-compare]
[INFO] [stderr] warning:    62 |   for (int i = CASHACCOUNT_PREFIX_LENGTH; i < len; ++i) {
[INFO] [stderr] warning:       |                                           ~~^~~~~
[INFO] [stderr] warning: libcashaccount/src/cashaccount.cpp:46:11: warning: comparison of integer expressions of different signedness: 'int' and 'unsigned int' [-Wsign-compare]
[INFO] [stderr] warning:    46 |   if (++i >= len)                                                              \
[INFO] [stderr] warning:       |       ~~~~^~~~~~
[INFO] [stderr] warning: libcashaccount/src/cashaccount.cpp:68:7: note: in expansion of macro 'INCREMENT_I'
[INFO] [stderr] warning:    68 |       INCREMENT_I;
[INFO] [stderr] warning:       |       ^~~~~~~~~~~
[INFO] [stderr] warning: libcashaccount/src/cashaccount.cpp:46:11: warning: comparison of integer expressions of different signedness: 'int' and 'unsigned int' [-Wsign-compare]
[INFO] [stderr] warning:    46 |   if (++i >= len)                                                              \
[INFO] [stderr] warning:       |       ~~~~^~~~~~
[INFO] [stderr] warning: libcashaccount/src/cashaccount.cpp:70:7: note: in expansion of macro 'INCREMENT_I'
[INFO] [stderr] warning:    70 |       INCREMENT_I;
[INFO] [stderr] warning:       |       ^~~~~~~~~~~
[INFO] [stderr] warning: libcashaccount/src/cashaccount.cpp:46:11: warning: comparison of integer expressions of different signedness: 'int' and 'unsigned int' [-Wsign-compare]
[INFO] [stderr] warning:    46 |   if (++i >= len)                                                              \
[INFO] [stderr] warning:       |       ~~~~^~~~~~
[INFO] [stderr] warning: libcashaccount/src/cashaccount.cpp:72:7: note: in expansion of macro 'INCREMENT_I'
[INFO] [stderr] warning:    72 |       INCREMENT_I;
[INFO] [stderr] warning:       |       ^~~~~~~~~~~
[INFO] [stderr] warning: libcashaccount/src/cashaccount.cpp:46:11: warning: comparison of integer expressions of different signedness: 'int' and 'unsigned int' [-Wsign-compare]
[INFO] [stderr] warning:    46 |   if (++i >= len)                                                              \
[INFO] [stderr] warning:       |       ~~~~^~~~~~
[INFO] [stderr] warning: libcashaccount/src/cashaccount.cpp:75:7: note: in expansion of macro 'INCREMENT_I'
[INFO] [stderr] warning:    75 |       INCREMENT_I;
[INFO] [stderr] warning:       |       ^~~~~~~~~~~
[INFO] [stderr] warning: libcashaccount/src/cashaccount.cpp:46:11: warning: comparison of integer expressions of different signedness: 'int' and 'unsigned int' [-Wsign-compare]
[INFO] [stderr] warning:    46 |   if (++i >= len)                                                              \
[INFO] [stderr] warning:       |       ~~~~^~~~~~
[INFO] [stderr] warning: libcashaccount/src/cashaccount.cpp:77:7: note: in expansion of macro 'INCREMENT_I'
[INFO] [stderr] warning:    77 |       INCREMENT_I;
[INFO] [stderr] warning:       |       ^~~~~~~~~~~
[INFO] [stderr] warning: libcashaccount/src/cashaccount.cpp:46:11: warning: comparison of integer expressions of different signedness: 'int' and 'unsigned int' [-Wsign-compare]
[INFO] [stderr] warning:    46 |   if (++i >= len)                                                              \
[INFO] [stderr] warning:       |       ~~~~^~~~~~
[INFO] [stderr] warning: libcashaccount/src/cashaccount.cpp:79:7: note: in expansion of macro 'INCREMENT_I'
[INFO] [stderr] warning:    79 |       INCREMENT_I;
[INFO] [stderr] warning:       |       ^~~~~~~~~~~
[INFO] [stderr] warning: libcashaccount/src/cashaccount.cpp:46:11: warning: comparison of integer expressions of different signedness: 'int' and 'unsigned int' [-Wsign-compare]
[INFO] [stderr] warning:    46 |   if (++i >= len)                                                              \
[INFO] [stderr] warning:       |       ~~~~^~~~~~
[INFO] [stderr] warning: libcashaccount/src/cashaccount.cpp:84:7: note: in expansion of macro 'INCREMENT_I'
[INFO] [stderr] warning:    84 |       INCREMENT_I;
[INFO] [stderr] warning:       |       ^~~~~~~~~~~
[INFO] [stderr] warning: libcashaccount/src/cashaccount.cpp:46:11: warning: comparison of integer expressions of different signedness: 'int' and 'unsigned int' [-Wsign-compare]
[INFO] [stderr] warning:    46 |   if (++i >= len)                                                              \
[INFO] [stderr] warning:       |       ~~~~^~~~~~
[INFO] [stderr] warning: libcashaccount/src/cashaccount.cpp:86:7: note: in expansion of macro 'INCREMENT_I'
[INFO] [stderr] warning:    86 |       INCREMENT_I;
[INFO] [stderr] warning:       |       ^~~~~~~~~~~
[INFO] [stderr] warning: libcashaccount/src/cashaccount.cpp:46:11: warning: comparison of integer expressions of different signedness: 'int' and 'unsigned int' [-Wsign-compare]
[INFO] [stderr] warning:    46 |   if (++i >= len)                                                              \
[INFO] [stderr] warning:       |       ~~~~^~~~~~
[INFO] [stderr] warning: libcashaccount/src/cashaccount.cpp:88:7: note: in expansion of macro 'INCREMENT_I'
[INFO] [stderr] warning:    88 |       INCREMENT_I;
[INFO] [stderr] warning:       |       ^~~~~~~~~~~
[INFO] [stderr] warning: libcashaccount/src/cashaccount.cpp:46:11: warning: comparison of integer expressions of different signedness: 'int' and 'unsigned int' [-Wsign-compare]
[INFO] [stderr] warning:    46 |   if (++i >= len)                                                              \
[INFO] [stderr] warning:       |       ~~~~^~~~~~
[INFO] [stderr] warning: libcashaccount/src/cashaccount.cpp:90:7: note: in expansion of macro 'INCREMENT_I'
[INFO] [stderr] warning:    90 |       INCREMENT_I;
[INFO] [stderr] warning:       |       ^~~~~~~~~~~
[INFO] [stderr] warning: libcashaccount/src/cashaccount.cpp:46:11: warning: comparison of integer expressions of different signedness: 'int' and 'unsigned int' [-Wsign-compare]
[INFO] [stderr] warning:    46 |   if (++i >= len)                                                              \
[INFO] [stderr] warning:       |       ~~~~^~~~~~
[INFO] [stderr] warning: libcashaccount/src/cashaccount.cpp:92:7: note: in expansion of macro 'INCREMENT_I'
[INFO] [stderr] warning:    92 |       INCREMENT_I;
[INFO] [stderr] warning:       |       ^~~~~~~~~~~
[INFO] [stderr] warning: c++: fatal error: Killed signal terminated program cc1plus
[INFO] [stderr] warning: compilation terminated.
[INFO] [stderr] 
[INFO] [stderr] error: failed to run custom build command for `cashaccount-sys v0.1.0`
[INFO] [stderr] 
[INFO] [stderr] Caused by:
[INFO] [stderr]   process didn't exit successfully: `/opt/rustwide/target/debug/build/cashaccount-sys-dcc26bfe0f13a5ef/build-script-build` (exit status: 101)
[INFO] [stderr]   --- stdout
[INFO] [stderr]   cargo:rustc-link-lib=static=cashaccount
[INFO] [stderr]   cargo:rustc-link-search=native=libcashaccount/src
[INFO] [stderr]   cargo:rerun-if-changed=build.rs
[INFO] [stderr]   cargo:rerun-if-changed=libcashaccount/
[INFO] [stderr]   TARGET = Some("x86_64-unknown-linux-gnu")
[INFO] [stderr]   HOST = Some("x86_64-unknown-linux-gnu")
[INFO] [stderr]   CXX_x86_64-unknown-linux-gnu = None
[INFO] [stderr]   CXX_x86_64_unknown_linux_gnu = None
[INFO] [stderr]   HOST_CXX = None
[INFO] [stderr]   CXX = None
[INFO] [stderr]   CXXFLAGS_x86_64-unknown-linux-gnu = None
[INFO] [stderr]   CXXFLAGS_x86_64_unknown_linux_gnu = None
[INFO] [stderr]   HOST_CXXFLAGS = None
[INFO] [stderr]   CXXFLAGS = None
[INFO] [stderr]   DEBUG = Some("true")
[INFO] [stderr]   running: "c++" "-O3" "-ffunction-sections" "-fdata-sections" "-fPIC" "-g" "-fno-omit-frame-pointer" "-m64" "-I" "libcashaccount/includes/" "-I" "libcashaccount/src/" "-Wall" "-Wextra" "-std=c++11" "-o" "/opt/rustwide/target/debug/build/cashaccount-sys-3bb16926e1dc2a7b/out/libcashaccount/src/cashaccount.o" "-c" "libcashaccount/src/cashaccount.cpp"
[INFO] [stderr]   cargo:warning=libcashaccount/src/cashaccount.cpp: In function 'int cashacc_parse_opreturn(const char*, unsigned int, bool, CashAccount*)':
[INFO] [stderr]   cargo:warning=libcashaccount/src/cashaccount.cpp:62:45: warning: comparison of integer expressions of different signedness: 'int' and 'unsigned int' [-Wsign-compare]
[INFO] [stderr]   cargo:warning=   62 |   for (int i = CASHACCOUNT_PREFIX_LENGTH; i < len; ++i) {
[INFO] [stderr]   cargo:warning=      |                                           ~~^~~~~
[INFO] [stderr]   cargo:warning=libcashaccount/src/cashaccount.cpp:46:11: warning: comparison of integer expressions of different signedness: 'int' and 'unsigned int' [-Wsign-compare]
[INFO] [stderr]   cargo:warning=   46 |   if (++i >= len)                                                              \
[INFO] [stderr]   cargo:warning=      |       ~~~~^~~~~~
[INFO] [stderr]   cargo:warning=libcashaccount/src/cashaccount.cpp:68:7: note: in expansion of macro 'INCREMENT_I'
[INFO] [stderr]   cargo:warning=   68 |       INCREMENT_I;
[INFO] [stderr]   cargo:warning=      |       ^~~~~~~~~~~
[INFO] [stderr]   cargo:warning=libcashaccount/src/cashaccount.cpp:46:11: warning: comparison of integer expressions of different signedness: 'int' and 'unsigned int' [-Wsign-compare]
[INFO] [stderr]   cargo:warning=   46 |   if (++i >= len)                                                              \
[INFO] [stderr]   cargo:warning=      |       ~~~~^~~~~~
[INFO] [stderr]   cargo:warning=libcashaccount/src/cashaccount.cpp:70:7: note: in expansion of macro 'INCREMENT_I'
[INFO] [stderr]   cargo:warning=   70 |       INCREMENT_I;
[INFO] [stderr]   cargo:warning=      |       ^~~~~~~~~~~
[INFO] [stderr]   cargo:warning=libcashaccount/src/cashaccount.cpp:46:11: warning: comparison of integer expressions of different signedness: 'int' and 'unsigned int' [-Wsign-compare]
[INFO] [stderr]   cargo:warning=   46 |   if (++i >= len)                                                              \
[INFO] [stderr]   cargo:warning=      |       ~~~~^~~~~~
[INFO] [stderr]   cargo:warning=libcashaccount/src/cashaccount.cpp:72:7: note: in expansion of macro 'INCREMENT_I'
[INFO] [stderr]   cargo:warning=   72 |       INCREMENT_I;
[INFO] [stderr]   cargo:warning=      |       ^~~~~~~~~~~
[INFO] [stderr]   cargo:warning=libcashaccount/src/cashaccount.cpp:46:11: warning: comparison of integer expressions of different signedness: 'int' and 'unsigned int' [-Wsign-compare]
[INFO] [stderr]   cargo:warning=   46 |   if (++i >= len)                                                              \
[INFO] [stderr]   cargo:warning=      |       ~~~~^~~~~~
[INFO] [stderr]   cargo:warning=libcashaccount/src/cashaccount.cpp:75:7: note: in expansion of macro 'INCREMENT_I'
[INFO] [stderr]   cargo:warning=   75 |       INCREMENT_I;
[INFO] [stderr]   cargo:warning=      |       ^~~~~~~~~~~
[INFO] [stderr]   cargo:warning=libcashaccount/src/cashaccount.cpp:46:11: warning: comparison of integer expressions of different signedness: 'int' and 'unsigned int' [-Wsign-compare]
[INFO] [stderr]   cargo:warning=   46 |   if (++i >= len)                                                              \
[INFO] [stderr]   cargo:warning=      |       ~~~~^~~~~~
[INFO] [stderr]   cargo:warning=libcashaccount/src/cashaccount.cpp:77:7: note: in expansion of macro 'INCREMENT_I'
[INFO] [stderr]   cargo:warning=   77 |       INCREMENT_I;
[INFO] [stderr]   cargo:warning=      |       ^~~~~~~~~~~
[INFO] [stderr]   cargo:warning=libcashaccount/src/cashaccount.cpp:46:11: warning: comparison of integer expressions of different signedness: 'int' and 'unsigned int' [-Wsign-compare]
[INFO] [stderr]   cargo:warning=   46 |   if (++i >= len)                                                              \
[INFO] [stderr]   cargo:warning=      |       ~~~~^~~~~~
[INFO] [stderr]   cargo:warning=libcashaccount/src/cashaccount.cpp:79:7: note: in expansion of macro 'INCREMENT_I'
[INFO] [stderr]   cargo:warning=   79 |       INCREMENT_I;
[INFO] [stderr]   cargo:warning=      |       ^~~~~~~~~~~
[INFO] [stderr]   cargo:warning=libcashaccount/src/cashaccount.cpp:46:11: warning: comparison of integer expressions of different signedness: 'int' and 'unsigned int' [-Wsign-compare]
[INFO] [stderr]   cargo:warning=   46 |   if (++i >= len)                                                              \
[INFO] [stderr]   cargo:warning=      |       ~~~~^~~~~~
[INFO] [stderr]   cargo:warning=libcashaccount/src/cashaccount.cpp:84:7: note: in expansion of macro 'INCREMENT_I'
[INFO] [stderr]   cargo:warning=   84 |       INCREMENT_I;
[INFO] [stderr]   cargo:warning=      |       ^~~~~~~~~~~
[INFO] [stderr]   cargo:warning=libcashaccount/src/cashaccount.cpp:46:11: warning: comparison of integer expressions of different signedness: 'int' and 'unsigned int' [-Wsign-compare]
[INFO] [stderr]   cargo:warning=   46 |   if (++i >= len)                                                              \
[INFO] [stderr]   cargo:warning=      |       ~~~~^~~~~~
[INFO] [stderr]   cargo:warning=libcashaccount/src/cashaccount.cpp:86:7: note: in expansion of macro 'INCREMENT_I'
[INFO] [stderr]   cargo:warning=   86 |       INCREMENT_I;
[INFO] [stderr]   cargo:warning=      |       ^~~~~~~~~~~
[INFO] [stderr]   cargo:warning=libcashaccount/src/cashaccount.cpp:46:11: warning: comparison of integer expressions of different signedness: 'int' and 'unsigned int' [-Wsign-compare]
[INFO] [stderr]   cargo:warning=   46 |   if (++i >= len)                                                              \
[INFO] [stderr]   cargo:warning=      |       ~~~~^~~~~~
[INFO] [stderr]   cargo:warning=libcashaccount/src/cashaccount.cpp:88:7: note: in expansion of macro 'INCREMENT_I'
[INFO] [stderr]   cargo:warning=   88 |       INCREMENT_I;
[INFO] [stderr]   cargo:warning=      |       ^~~~~~~~~~~
[INFO] [stderr]   cargo:warning=libcashaccount/src/cashaccount.cpp:46:11: warning: comparison of integer expressions of different signedness: 'int' and 'unsigned int' [-Wsign-compare]
[INFO] [stderr]   cargo:warning=   46 |   if (++i >= len)                                                              \
[INFO] [stderr]   cargo:warning=      |       ~~~~^~~~~~
[INFO] [stderr]   cargo:warning=libcashaccount/src/cashaccount.cpp:90:7: note: in expansion of macro 'INCREMENT_I'
[INFO] [stderr]   cargo:warning=   90 |       INCREMENT_I;
[INFO] [stderr]   cargo:warning=      |       ^~~~~~~~~~~
[INFO] [stderr]   cargo:warning=libcashaccount/src/cashaccount.cpp:46:11: warning: comparison of integer expressions of different signedness: 'int' and 'unsigned int' [-Wsign-compare]
[INFO] [stderr]   cargo:warning=   46 |   if (++i >= len)                                                              \
[INFO] [stderr]   cargo:warning=      |       ~~~~^~~~~~
[INFO] [stderr]   cargo:warning=libcashaccount/src/cashaccount.cpp:92:7: note: in expansion of macro 'INCREMENT_I'
[INFO] [stderr]   cargo:warning=   92 |       INCREMENT_I;
[INFO] [stderr]   cargo:warning=      |       ^~~~~~~~~~~
[INFO] [stderr]   cargo:warning=c++: fatal error: Killed signal terminated program cc1plus
[INFO] [stderr]   cargo:warning=compilation terminated.
[INFO] [stderr]   exit status: 1
[INFO] [stderr] 
[INFO] [stderr]   --- stderr
[INFO] [stderr]   thread 'main' panicked at '
[INFO] [stderr] 
[INFO] [stderr]   Internal error occurred: Command "c++" "-O3" "-ffunction-sections" "-fdata-sections" "-fPIC" "-g" "-fno-omit-frame-pointer" "-m64" "-I" "libcashaccount/includes/" "-I" "libcashaccount/src/" "-Wall" "-Wextra" "-std=c++11" "-o" "/opt/rustwide/target/debug/build/cashaccount-sys-3bb16926e1dc2a7b/out/libcashaccount/src/cashaccount.o" "-c" "libcashaccount/src/cashaccount.cpp" with args "c++" did not execute successfully (status code exit status: 1).
[INFO] [stderr] 
[INFO] [stderr]   ', /opt/rustwide/cargo-home/registry/src/github.com-1ecc6299db9ec823/cc-1.0.26/src/lib.rs:2295:5
[INFO] [stderr]   stack backtrace:
[INFO] [stderr]      0:     0x55df65e65790 - std::backtrace_rs::backtrace::libunwind::trace::h34055254b57d8e79
[INFO] [stderr]                                  at /rustc/a178d0322ce20e33eac124758e837cbd80a6f633/library/std/src/../../backtrace/src/backtrace/libunwind.rs:90:5
[INFO] [stderr]      1:     0x55df65e65790 - std::backtrace_rs::backtrace::trace_unsynchronized::h8f1e3fbd9afff6ec
[INFO] [stderr]                                  at /rustc/a178d0322ce20e33eac124758e837cbd80a6f633/library/std/src/../../backtrace/src/backtrace/mod.rs:66:5
[INFO] [stderr]      2:     0x55df65e65790 - std::sys_common::backtrace::_print_fmt::h3a99a796b770c360
[INFO] [stderr]                                  at /rustc/a178d0322ce20e33eac124758e837cbd80a6f633/library/std/src/sys_common/backtrace.rs:67:5
[INFO] [stderr]      3:     0x55df65e65790 - <std::sys_common::backtrace::_print::DisplayBacktrace as core::fmt::Display>::fmt::h32d1f94a80615d18
[INFO] [stderr]                                  at /rustc/a178d0322ce20e33eac124758e837cbd80a6f633/library/std/src/sys_common/backtrace.rs:46:22
[INFO] [stderr]      4:     0x55df65e8b53c - core::fmt::write::h306731c068f7162c
[INFO] [stderr]                                  at /rustc/a178d0322ce20e33eac124758e837cbd80a6f633/library/core/src/fmt/mod.rs:1110:17
[INFO] [stderr]      5:     0x55df65e61d25 - std::io::Write::write_fmt::hd2fa90334eee2a21
[INFO] [stderr]                                  at /rustc/a178d0322ce20e33eac124758e837cbd80a6f633/library/std/src/io/mod.rs:1588:15
[INFO] [stderr]      6:     0x55df65e67cfb - std::sys_common::backtrace::_print::h5abaa2601a852287
[INFO] [stderr]                                  at /rustc/a178d0322ce20e33eac124758e837cbd80a6f633/library/std/src/sys_common/backtrace.rs:49:5
[INFO] [stderr]      7:     0x55df65e67cfb - std::sys_common::backtrace::print::h8d81445442bb638f
[INFO] [stderr]                                  at /rustc/a178d0322ce20e33eac124758e837cbd80a6f633/library/std/src/sys_common/backtrace.rs:36:9
[INFO] [stderr]      8:     0x55df65e67cfb - std::panicking::default_hook::{{closure}}::hcfe804496a9fa747
[INFO] [stderr]                                  at /rustc/a178d0322ce20e33eac124758e837cbd80a6f633/library/std/src/panicking.rs:208:50
[INFO] [stderr]      9:     0x55df65e677d1 - std::panicking::default_hook::hbea8e3ccf2ba8901
[INFO] [stderr]                                  at /rustc/a178d0322ce20e33eac124758e837cbd80a6f633/library/std/src/panicking.rs:225:9
[INFO] [stderr]     10:     0x55df65e683c4 - std::panicking::rust_panic_with_hook::h7ee9e1a2d0f8975a
[INFO] [stderr]                                  at /rustc/a178d0322ce20e33eac124758e837cbd80a6f633/library/std/src/panicking.rs:622:17
[INFO] [stderr]     11:     0x55df65e67ea7 - std::panicking::begin_panic_handler::{{closure}}::h8ab3b4491718b2c7
[INFO] [stderr]                                  at /rustc/a178d0322ce20e33eac124758e837cbd80a6f633/library/std/src/panicking.rs:519:13
[INFO] [stderr]     12:     0x55df65e65c8c - std::sys_common::backtrace::__rust_end_short_backtrace::hd489062ffa586a9f
[INFO] [stderr]                                  at /rustc/a178d0322ce20e33eac124758e837cbd80a6f633/library/std/src/sys_common/backtrace.rs:141:18
[INFO] [stderr]     13:     0x55df65e67e09 - rust_begin_unwind
[INFO] [stderr]                                  at /rustc/a178d0322ce20e33eac124758e837cbd80a6f633/library/std/src/panicking.rs:515:5
[INFO] [stderr]     14:     0x55df658a1d1b - std::panicking::begin_panic_fmt::h5479575e112541f8
[INFO] [stderr]                                  at /rustc/a178d0322ce20e33eac124758e837cbd80a6f633/library/std/src/panicking.rs:457:5
[INFO] [stderr]     15:     0x55df658bd233 - cc::fail::h16aff891763dd04c
[INFO] [stderr]                                  at /opt/rustwide/cargo-home/registry/src/github.com-1ecc6299db9ec823/cc-1.0.26/src/lib.rs:2295:5
[INFO] [stderr]     16:     0x55df658aabaf - cc::Build::compile::h86ff8f0af14ef9eb
[INFO] [stderr]                                  at /opt/rustwide/cargo-home/registry/src/github.com-1ecc6299db9ec823/cc-1.0.26/src/lib.rs:950:13
[INFO] [stderr]     17:     0x55df658a55d5 - build_script_build::compile_libcashaccount::h2063a2aaae2d2ccb
[INFO] [stderr]                                  at /opt/rustwide/cargo-home/registry/src/github.com-1ecc6299db9ec823/cashaccount-sys-0.1.0/build.rs:32:5
[INFO] [stderr]     18:     0x55df658a56e3 - build_script_build::main::h6b849b839fbffd28
[INFO] [stderr]                                  at /opt/rustwide/cargo-home/registry/src/github.com-1ecc6299db9ec823/cashaccount-sys-0.1.0/build.rs:43:5
[INFO] [stderr]     19:     0x55df658a5b7b - core::ops::function::FnOnce::call_once::he100b77c09e78162
[INFO] [stderr]                                  at /rustc/a178d0322ce20e33eac124758e837cbd80a6f633/library/core/src/ops/function.rs:227:5
[INFO] [stderr]     20:     0x55df658a3d1e - std::sys_common::backtrace::__rust_begin_short_backtrace::h106f9e11d8008029
[INFO] [stderr]                                  at /rustc/a178d0322ce20e33eac124758e837cbd80a6f633/library/std/src/sys_common/backtrace.rs:125:18
[INFO] [stderr]     21:     0x55df658a46e1 - std::rt::lang_start::{{closure}}::h089cc3ae34eb7d6f
[INFO] [stderr]                                  at /rustc/a178d0322ce20e33eac124758e837cbd80a6f633/library/std/src/rt.rs:49:18
[INFO] [stderr]     22:     0x55df65e689c9 - core::ops::function::impls::<impl core::ops::function::FnOnce<A> for &F>::call_once::h2aabc384aab89b7b
[INFO] [stderr]                                  at /rustc/a178d0322ce20e33eac124758e837cbd80a6f633/library/core/src/ops/function.rs:259:13
[INFO] [stderr]     23:     0x55df65e689c9 - std::panicking::try::do_call::hc5fcacb7a85fc7b1
[INFO] [stderr]                                  at /rustc/a178d0322ce20e33eac124758e837cbd80a6f633/library/std/src/panicking.rs:401:40
[INFO] [stderr]     24:     0x55df65e689c9 - std::panicking::try::hb5d9603af3abbe3a
[INFO] [stderr]                                  at /rustc/a178d0322ce20e33eac124758e837cbd80a6f633/library/std/src/panicking.rs:365:19
[INFO] [stderr]     25:     0x55df65e689c9 - std::panic::catch_unwind::h98fe6ac3925e64b4
[INFO] [stderr]                                  at /rustc/a178d0322ce20e33eac124758e837cbd80a6f633/library/std/src/panic.rs:434:14
[INFO] [stderr]     26:     0x55df65e689c9 - std::rt::lang_start_internal::h22ac7383c516f93e
[INFO] [stderr]                                  at /rustc/a178d0322ce20e33eac124758e837cbd80a6f633/library/std/src/rt.rs:34:21
[INFO] [stderr]     27:     0x55df658a46c0 - std::rt::lang_start::h2ad1030cf8445edb
[INFO] [stderr]                                  at /rustc/a178d0322ce20e33eac124758e837cbd80a6f633/library/std/src/rt.rs:48:5
[INFO] [stderr]     28:     0x55df658a591c - main
[INFO] [stderr]     29:     0x7f751d1670b3 - __libc_start_main
[INFO] [stderr]     30:     0x55df658a320e - _start
[INFO] [stderr]     31:                0x0 - <unknown>
[INFO] [stderr] warning: build failed, waiting for other jobs to finish...
[INFO] [stderr] error: build failed
[INFO] running `Command { std: "docker" "inspect" "c1b6c835294f46e342b1e2a311f6453651e5d2f530c5fd7cab2a22ffb4c00ecd", kill_on_drop: false }`
[INFO] running `Command { std: "docker" "rm" "-f" "c1b6c835294f46e342b1e2a311f6453651e5d2f530c5fd7cab2a22ffb4c00ecd", kill_on_drop: false }`
[INFO] [stdout] c1b6c835294f46e342b1e2a311f6453651e5d2f530c5fd7cab2a22ffb4c00ecd
