[INFO] cloning repository https://github.com/YushiOMOTE/sosp
[INFO] running `Command { std: "git" "-c" "credential.helper=" "-c" "credential.helper=/workspace/cargo-home/bin/git-credential-null" "clone" "--bare" "https://github.com/YushiOMOTE/sosp" "/workspace/cache/git-repos/https%3A%2F%2Fgithub.com%2FYushiOMOTE%2Fsosp", kill_on_drop: false }`
[INFO] [stderr] Cloning into bare repository '/workspace/cache/git-repos/https%3A%2F%2Fgithub.com%2FYushiOMOTE%2Fsosp'...
[INFO] running `Command { std: "git" "rev-parse" "HEAD", kill_on_drop: false }`
[INFO] [stdout] 10b78b5a85501c65a81cef9d28416762eac13029
[INFO] testing YushiOMOTE/sosp against beta-2021-08-01 for beta-1.55-1
[INFO] running `Command { std: "git" "clone" "/workspace/cache/git-repos/https%3A%2F%2Fgithub.com%2FYushiOMOTE%2Fsosp" "/workspace/builds/worker-2/source", kill_on_drop: false }`
[INFO] [stderr] Cloning into '/workspace/builds/worker-2/source'...
[INFO] [stderr] done.
[INFO] validating manifest of git repo https://github.com/YushiOMOTE/sosp on toolchain beta-2021-08-01
[INFO] running `Command { std: "/workspace/cargo-home/bin/cargo" "+beta-2021-08-01" "metadata" "--manifest-path" "Cargo.toml" "--no-deps", kill_on_drop: false }`
[INFO] removed /workspace/builds/worker-2/source/.cargo/config.toml
[INFO] removed /workspace/builds/worker-2/source/rust-toolchain
[INFO] started tweaking git repo https://github.com/YushiOMOTE/sosp
[INFO] removed 0 missing tests
[INFO] finished tweaking git repo https://github.com/YushiOMOTE/sosp
[INFO] tweaked toml for git repo https://github.com/YushiOMOTE/sosp written to /workspace/builds/worker-2/source/Cargo.toml
[INFO] crate git repo https://github.com/YushiOMOTE/sosp already has a lockfile, it will not be regenerated
[INFO] running `Command { std: "/workspace/cargo-home/bin/cargo" "+beta-2021-08-01" "fetch" "--manifest-path" "Cargo.toml", kill_on_drop: false }`
[INFO] [stderr]     Updating git repository `https://github.com/rust-osdev/apic.git`
[INFO] [stderr]  Downloading crates ...
[INFO] [stderr]   Downloaded bit_field v0.10.1
[INFO] [stderr]   Downloaded volatile v0.4.4
[INFO] [stderr]   Downloaded uart_16550 v0.2.12
[INFO] [stderr]   Downloaded spinning_top v0.1.1
[INFO] [stderr]   Downloaded bootloader v0.9.14
[INFO] [stderr]   Downloaded rsdp v1.1.0
[INFO] [stderr]   Downloaded linked_list_allocator v0.8.11
[INFO] [stderr]   Downloaded x86_64 v0.13.2
[INFO] [stderr]   Downloaded com_logger v0.1.0
[INFO] [stderr]   Downloaded acpi v2.2.0
[INFO] running `Command { std: "docker" "create" "-v" "/var/lib/crater-agent-workspace/builds/worker-2/target:/opt/rustwide/target:rw,Z" "-v" "/var/lib/crater-agent-workspace/builds/worker-2/source:/opt/rustwide/workdir:ro,Z" "-v" "/var/lib/crater-agent-workspace/cargo-home:/opt/rustwide/cargo-home:ro,Z" "-v" "/var/lib/crater-agent-workspace/rustup-home:/opt/rustwide/rustup-home:ro,Z" "-e" "SOURCE_DIR=/opt/rustwide/workdir" "-e" "CARGO_TARGET_DIR=/opt/rustwide/target" "-e" "CARGO_HOME=/opt/rustwide/cargo-home" "-e" "RUSTUP_HOME=/opt/rustwide/rustup-home" "-w" "/opt/rustwide/workdir" "-m" "1610612736" "--user" "0:0" "--network" "none" "ghcr.io/rust-lang/crates-build-env/linux@sha256:34b6a614d2c27851fe6cbf88fbd1137609cefab8b10d0615aaeb6fd47975d74e" "/opt/rustwide/cargo-home/bin/cargo" "+beta-2021-08-01" "metadata" "--no-deps" "--format-version=1", kill_on_drop: false }`
[INFO] [stdout] 10cd13d7b0e8ccf3663b4729c90b74d97448ae2b69fd74bece539d5d11e27a94
[INFO] [stderr] WARNING: Your kernel does not support swap limit capabilities or the cgroup is not mounted. Memory limited without swap.
[INFO] running `Command { std: "docker" "start" "-a" "10cd13d7b0e8ccf3663b4729c90b74d97448ae2b69fd74bece539d5d11e27a94", kill_on_drop: false }`
[INFO] running `Command { std: "docker" "inspect" "10cd13d7b0e8ccf3663b4729c90b74d97448ae2b69fd74bece539d5d11e27a94", kill_on_drop: false }`
[INFO] running `Command { std: "docker" "rm" "-f" "10cd13d7b0e8ccf3663b4729c90b74d97448ae2b69fd74bece539d5d11e27a94", kill_on_drop: false }`
[INFO] [stdout] 10cd13d7b0e8ccf3663b4729c90b74d97448ae2b69fd74bece539d5d11e27a94
[INFO] running `Command { std: "docker" "create" "-v" "/var/lib/crater-agent-workspace/builds/worker-2/target:/opt/rustwide/target:rw,Z" "-v" "/var/lib/crater-agent-workspace/builds/worker-2/source:/opt/rustwide/workdir:ro,Z" "-v" "/var/lib/crater-agent-workspace/cargo-home:/opt/rustwide/cargo-home:ro,Z" "-v" "/var/lib/crater-agent-workspace/rustup-home:/opt/rustwide/rustup-home:ro,Z" "-e" "SOURCE_DIR=/opt/rustwide/workdir" "-e" "CARGO_TARGET_DIR=/opt/rustwide/target" "-e" "CARGO_INCREMENTAL=0" "-e" "RUST_BACKTRACE=full" "-e" "RUSTFLAGS=--cap-lints=warn" "-e" "CARGO_HOME=/opt/rustwide/cargo-home" "-e" "RUSTUP_HOME=/opt/rustwide/rustup-home" "-w" "/opt/rustwide/workdir" "-m" "1610612736" "--user" "0:0" "--network" "none" "ghcr.io/rust-lang/crates-build-env/linux@sha256:34b6a614d2c27851fe6cbf88fbd1137609cefab8b10d0615aaeb6fd47975d74e" "/opt/rustwide/cargo-home/bin/cargo" "+beta-2021-08-01" "build" "--frozen" "--message-format=json", kill_on_drop: false }`
[INFO] [stderr] WARNING: Your kernel does not support swap limit capabilities or the cgroup is not mounted. Memory limited without swap.
[INFO] [stdout] ac7b7093f5aa8ccba759961042739003da3f4a4bb526567dd05bb42d76618a79
[INFO] running `Command { std: "docker" "start" "-a" "ac7b7093f5aa8ccba759961042739003da3f4a4bb526567dd05bb42d76618a79", kill_on_drop: false }`
[INFO] [stderr]    Compiling x86_64 v0.13.2
[INFO] [stderr]    Compiling bootloader v0.9.14
[INFO] [stderr]    Compiling volatile v0.4.4
[INFO] [stderr]    Compiling lock_api v0.3.4
[INFO] [stderr]    Compiling rsdp v1.1.0
[INFO] [stdout] error[E0557]: feature has been removed
[INFO] [stdout]   --> /opt/rustwide/cargo-home/registry/src/github.com-1ecc6299db9ec823/lock_api-0.3.4/src/lib.rs:91:42
[INFO] [stdout]    |
[INFO] [stdout] 91 | #![cfg_attr(feature = "nightly", feature(const_fn))]
[INFO] [stdout]    |                                          ^^^^^^^^ feature has been removed
[INFO] [stdout]    |
[INFO] [stdout]    = note: split into finer-grained feature gates
[INFO] [stdout] 
[INFO] [stdout] 
[INFO] [stdout] error[E0554]: `#![feature]` may not be used on the beta release channel
[INFO] [stdout]   --> /opt/rustwide/cargo-home/registry/src/github.com-1ecc6299db9ec823/lock_api-0.3.4/src/lib.rs:91:34
[INFO] [stdout]    |
[INFO] [stdout] 91 | #![cfg_attr(feature = "nightly", feature(const_fn))]
[INFO] [stdout]    |                                  ^^^^^^^^^^^^^^^^^
[INFO] [stdout] 
[INFO] [stdout] 
[INFO] [stdout] error[E0554]: `#![feature]` may not be used on the beta release channel
[INFO] [stdout]   --> /opt/rustwide/cargo-home/registry/src/github.com-1ecc6299db9ec823/rsdp-1.1.0/src/lib.rs:10:1
[INFO] [stdout]    |
[INFO] [stdout] 10 | #![feature(unsafe_block_in_unsafe_fn)]
[INFO] [stdout]    | ^^^^^^^^^^^^^^^^^^^^^^^^^^^^^^^^^^^^^^ help: remove the attribute
[INFO] [stdout]    |
[INFO] [stdout]    = help: the feature `unsafe_block_in_unsafe_fn` has been stable since 1.52.0 and no longer requires an attribute to enable
[INFO] [stdout] 
[INFO] [stdout] 
[INFO] [stderr]    Compiling apic v0.1.0 (https://github.com/rust-osdev/apic.git#c662e703)
[INFO] [stdout] error: aborting due to previous error
[INFO] [stdout] 
[INFO] [stdout] 
[INFO] [stdout] For more information about this error, try `rustc --explain E0554`.
[INFO] [stdout] 
[INFO] [stderr] error: could not compile `rsdp` due to 2 previous errors
[INFO] [stderr] warning: build failed, waiting for other jobs to finish...
[INFO] [stdout] error: aborting due to 2 previous errors
[INFO] [stdout] 
[INFO] [stdout] 
[INFO] [stdout] Some errors have detailed explanations: E0554, E0557.
[INFO] [stdout] 
[INFO] [stdout] For more information about an error, try `rustc --explain E0554`.
[INFO] [stdout] 
[INFO] [stdout] error[E0554]: `#![feature]` may not be used on the beta release channel
[INFO] [stdout]  --> /opt/rustwide/cargo-home/git/checkouts/apic-1cb8c66bbbcaf1db/c662e70/src/lib.rs:2:1
[INFO] [stdout]   |
[INFO] [stdout] 2 | #![feature(unsafe_block_in_unsafe_fn)]
[INFO] [stdout]   | ^^^^^^^^^^^^^^^^^^^^^^^^^^^^^^^^^^^^^^ help: remove the attribute
[INFO] [stdout]   |
[INFO] [stdout]   = help: the feature `unsafe_block_in_unsafe_fn` has been stable since 1.52.0 and no longer requires an attribute to enable
[INFO] [stdout] 
[INFO] [stdout] 
[INFO] [stdout] error: aborting due to previous error
[INFO] [stdout] 
[INFO] [stdout] 
[INFO] [stdout] For more information about this error, try `rustc --explain E0554`.
[INFO] [stdout] 
[INFO] [stderr] error: build failed
[INFO] running `Command { std: "docker" "inspect" "ac7b7093f5aa8ccba759961042739003da3f4a4bb526567dd05bb42d76618a79", kill_on_drop: false }`
[INFO] running `Command { std: "docker" "rm" "-f" "ac7b7093f5aa8ccba759961042739003da3f4a4bb526567dd05bb42d76618a79", kill_on_drop: false }`
[INFO] [stdout] ac7b7093f5aa8ccba759961042739003da3f4a4bb526567dd05bb42d76618a79
