[INFO] cloning repository https://github.com/YohananDiamond/rust-scripts
[INFO] running `Command { std: "git" "-c" "credential.helper=" "-c" "credential.helper=/workspace/cargo-home/bin/git-credential-null" "clone" "--bare" "https://github.com/YohananDiamond/rust-scripts" "/workspace/cache/git-repos/https%3A%2F%2Fgithub.com%2FYohananDiamond%2Frust-scripts", kill_on_drop: false }`
[INFO] [stderr] Cloning into bare repository '/workspace/cache/git-repos/https%3A%2F%2Fgithub.com%2FYohananDiamond%2Frust-scripts'...
[INFO] running `Command { std: "git" "rev-parse" "HEAD", kill_on_drop: false }`
[INFO] [stdout] 91a937cd99ca95785c01dc19ea181d3fb45de61a
[INFO] testing YohananDiamond/rust-scripts against beta-2021-08-01 for beta-1.55-1
[INFO] running `Command { std: "git" "clone" "/workspace/cache/git-repos/https%3A%2F%2Fgithub.com%2FYohananDiamond%2Frust-scripts" "/workspace/builds/worker-4/source", kill_on_drop: false }`
[INFO] [stderr] Cloning into '/workspace/builds/worker-4/source'...
[INFO] [stderr] done.
[INFO] validating manifest of git repo https://github.com/YohananDiamond/rust-scripts on toolchain beta-2021-08-01
[INFO] running `Command { std: "/workspace/cargo-home/bin/cargo" "+beta-2021-08-01" "metadata" "--manifest-path" "Cargo.toml" "--no-deps", kill_on_drop: false }`
[INFO] started tweaking git repo https://github.com/YohananDiamond/rust-scripts
[INFO] finished tweaking git repo https://github.com/YohananDiamond/rust-scripts
[INFO] tweaked toml for git repo https://github.com/YohananDiamond/rust-scripts written to /workspace/builds/worker-4/source/Cargo.toml
[INFO] crate git repo https://github.com/YohananDiamond/rust-scripts already has a lockfile, it will not be regenerated
[INFO] running `Command { std: "/workspace/cargo-home/bin/cargo" "+beta-2021-08-01" "fetch" "--manifest-path" "Cargo.toml", kill_on_drop: false }`
[INFO] [stderr]  Downloading crates ...
[INFO] [stderr]   Downloaded curl v0.4.30
[INFO] [stderr]   Downloaded xml5ever v0.16.1
[INFO] [stderr]   Downloaded markup5ever_rcdom v0.1.0
[INFO] [stderr]   Downloaded syn v1.0.34
[INFO] [stderr]   Downloaded select v0.5.0
[INFO] [stderr]   Downloaded curl-sys v0.4.32+curl-7.70.0
[INFO] running `Command { std: "docker" "create" "-v" "/var/lib/crater-agent-workspace/builds/worker-4/target:/opt/rustwide/target:rw,Z" "-v" "/var/lib/crater-agent-workspace/builds/worker-4/source:/opt/rustwide/workdir:ro,Z" "-v" "/var/lib/crater-agent-workspace/cargo-home:/opt/rustwide/cargo-home:ro,Z" "-v" "/var/lib/crater-agent-workspace/rustup-home:/opt/rustwide/rustup-home:ro,Z" "-e" "SOURCE_DIR=/opt/rustwide/workdir" "-e" "CARGO_TARGET_DIR=/opt/rustwide/target" "-e" "CARGO_HOME=/opt/rustwide/cargo-home" "-e" "RUSTUP_HOME=/opt/rustwide/rustup-home" "-w" "/opt/rustwide/workdir" "-m" "1610612736" "--user" "0:0" "--network" "none" "ghcr.io/rust-lang/crates-build-env/linux@sha256:34b6a614d2c27851fe6cbf88fbd1137609cefab8b10d0615aaeb6fd47975d74e" "/opt/rustwide/cargo-home/bin/cargo" "+beta-2021-08-01" "metadata" "--no-deps" "--format-version=1", kill_on_drop: false }`
[INFO] [stderr] WARNING: Your kernel does not support swap limit capabilities or the cgroup is not mounted. Memory limited without swap.
[INFO] [stdout] d139015600cfe906485119440677f04875ea9b622d0a2d60cd8611fafad8c34e
[INFO] running `Command { std: "docker" "start" "-a" "d139015600cfe906485119440677f04875ea9b622d0a2d60cd8611fafad8c34e", kill_on_drop: false }`
[INFO] running `Command { std: "docker" "inspect" "d139015600cfe906485119440677f04875ea9b622d0a2d60cd8611fafad8c34e", kill_on_drop: false }`
[INFO] running `Command { std: "docker" "rm" "-f" "d139015600cfe906485119440677f04875ea9b622d0a2d60cd8611fafad8c34e", kill_on_drop: false }`
[INFO] [stdout] d139015600cfe906485119440677f04875ea9b622d0a2d60cd8611fafad8c34e
[INFO] running `Command { std: "docker" "create" "-v" "/var/lib/crater-agent-workspace/builds/worker-4/target:/opt/rustwide/target:rw,Z" "-v" "/var/lib/crater-agent-workspace/builds/worker-4/source:/opt/rustwide/workdir:ro,Z" "-v" "/var/lib/crater-agent-workspace/cargo-home:/opt/rustwide/cargo-home:ro,Z" "-v" "/var/lib/crater-agent-workspace/rustup-home:/opt/rustwide/rustup-home:ro,Z" "-e" "SOURCE_DIR=/opt/rustwide/workdir" "-e" "CARGO_TARGET_DIR=/opt/rustwide/target" "-e" "CARGO_INCREMENTAL=0" "-e" "RUST_BACKTRACE=full" "-e" "RUSTFLAGS=--cap-lints=warn" "-e" "CARGO_HOME=/opt/rustwide/cargo-home" "-e" "RUSTUP_HOME=/opt/rustwide/rustup-home" "-w" "/opt/rustwide/workdir" "-m" "1610612736" "--user" "0:0" "--network" "none" "ghcr.io/rust-lang/crates-build-env/linux@sha256:34b6a614d2c27851fe6cbf88fbd1137609cefab8b10d0615aaeb6fd47975d74e" "/opt/rustwide/cargo-home/bin/cargo" "+beta-2021-08-01" "build" "--frozen" "--message-format=json", kill_on_drop: false }`
[INFO] [stdout] 1b484bb757a9db238be73b375a3349fee1ea9fc42e023dac96022ae75b9b7f2e
[INFO] [stderr] WARNING: Your kernel does not support swap limit capabilities or the cgroup is not mounted. Memory limited without swap.
[INFO] running `Command { std: "docker" "start" "-a" "1b484bb757a9db238be73b375a3349fee1ea9fc42e023dac96022ae75b9b7f2e", kill_on_drop: false }`
[INFO] [stderr]    Compiling syn v1.0.34
[INFO] [stderr]    Compiling curl v0.4.30
[INFO] [stderr]    Compiling os_str_bytes v2.3.1
[INFO] [stderr]    Compiling curl-sys v0.4.32+curl-7.70.0
[INFO] [stderr]    Compiling num-traits v0.2.14
[INFO] [stderr]    Compiling num-integer v0.1.44
[INFO] [stderr]    Compiling time v0.1.43
[INFO] [stderr]    Compiling openssl-sys v0.9.58
[INFO] [stderr]    Compiling libz-sys v1.0.25
[INFO] [stderr]    Compiling socket2 v0.3.12
[INFO] [stderr]    Compiling atty v0.2.14
[INFO] [stderr]    Compiling chrono v0.4.19
[INFO] [stderr]    Compiling syn-mid v0.5.0
[INFO] [stderr]    Compiling serde_derive v1.0.114
[INFO] [stderr]    Compiling html5ever v0.25.1
[INFO] [stderr]    Compiling proc-macro-error-attr v0.4.12
[INFO] [stderr]    Compiling proc-macro-error v0.4.12
[INFO] [stderr]    Compiling clap_derive v3.0.0-beta.1
[INFO] [stderr]    Compiling clap v3.0.0-beta.1
[INFO] [stderr]    Compiling serde v1.0.114
[INFO] [stderr]    Compiling serde_json v1.0.56
[INFO] [stderr]    Compiling string_cache v0.8.0
[INFO] [stderr]    Compiling markup5ever v0.10.0
[INFO] [stderr]    Compiling xml5ever v0.16.1
[INFO] [stderr]    Compiling markup5ever_rcdom v0.1.0
[INFO] [stderr]    Compiling select v0.5.0
[INFO] [stderr]    Compiling utils v0.1.0 (/opt/rustwide/workdir/utils)
[INFO] [stdout] error[E0437]: type `Ok` is not a member of trait `std::ops::Try`
[INFO] [stdout]    --> utils/src/error.rs:150:5
[INFO] [stdout]     |
[INFO] [stdout] 150 |     type Ok = T;
[INFO] [stdout]     |     ^^^^^^^^^^^^ not a member of trait `std::ops::Try`
[INFO] [stdout] 
[INFO] [stdout] 
[INFO] [stdout] error[E0437]: type `Error` is not a member of trait `std::ops::Try`
[INFO] [stdout]    --> utils/src/error.rs:151:5
[INFO] [stdout]     |
[INFO] [stdout] 151 |     type Error = CliError;
[INFO] [stdout]     |     ^^^^^^^^^^^^^^^^^^^^^^ not a member of trait `std::ops::Try`
[INFO] [stdout] 
[INFO] [stdout] 
[INFO] [stdout] error[E0407]: method `into_result` is not a member of trait `std::ops::Try`
[INFO] [stdout]    --> utils/src/error.rs:153:5
[INFO] [stdout]     |
[INFO] [stdout] 153 | /     fn into_result(self) -> Result<Self::Ok, Self::Error> {
[INFO] [stdout] 154 | |         self.inner
[INFO] [stdout] 155 | |     }
[INFO] [stdout]     | |_____^ not a member of trait `std::ops::Try`
[INFO] [stdout] 
[INFO] [stdout] 
[INFO] [stdout] error[E0407]: method `from_error` is not a member of trait `std::ops::Try`
[INFO] [stdout]    --> utils/src/error.rs:157:5
[INFO] [stdout]     |
[INFO] [stdout] 157 | /     fn from_error(error: Self::Error) -> Self {
[INFO] [stdout] 158 | |         Self { inner: Err(error) }
[INFO] [stdout] 159 | |     }
[INFO] [stdout]     | |_____^ not a member of trait `std::ops::Try`
[INFO] [stdout] 
[INFO] [stdout] 
[INFO] [stdout] error[E0407]: method `from_ok` is not a member of trait `std::ops::Try`
[INFO] [stdout]    --> utils/src/error.rs:161:5
[INFO] [stdout]     |
[INFO] [stdout] 161 | /     fn from_ok(ok: Self::Ok) -> Self {
[INFO] [stdout] 162 | |         Self { inner: Ok(ok) }
[INFO] [stdout] 163 | |     }
[INFO] [stdout]     | |_____^ not a member of trait `std::ops::Try`
[INFO] [stdout] 
[INFO] [stdout] 
[INFO] [stdout] error[E0554]: `#![feature]` may not be used on the beta release channel
[INFO] [stdout]  --> utils/src/lib.rs:1:1
[INFO] [stdout]   |
[INFO] [stdout] 1 | #![feature(termination_trait_lib)]
[INFO] [stdout]   | ^^^^^^^^^^^^^^^^^^^^^^^^^^^^^^^^^^
[INFO] [stdout] 
[INFO] [stdout] 
[INFO] [stdout] error[E0554]: `#![feature]` may not be used on the beta release channel
[INFO] [stdout]  --> utils/src/lib.rs:2:1
[INFO] [stdout]   |
[INFO] [stdout] 2 | #![feature(try_trait)]
[INFO] [stdout]   | ^^^^^^^^^^^^^^^^^^^^^^
[INFO] [stdout] 
[INFO] [stdout] 
[INFO] [stdout] error[E0658]: use of unstable library feature 'try_trait_v2'
[INFO] [stdout]    --> utils/src/error.rs:149:9
[INFO] [stdout]     |
[INFO] [stdout] 149 | impl<T> std::ops::Try for CliResult<T> {
[INFO] [stdout]     |         ^^^^^^^^^^^^^
[INFO] [stdout]     |
[INFO] [stdout]     = note: see issue #84277 <https://github.com/rust-lang/rust/issues/84277> for more information
[INFO] [stdout] 
[INFO] [stdout] 
[INFO] [stdout] error[E0220]: associated type `Ok` not found for `Self`
[INFO] [stdout]    --> utils/src/error.rs:153:42
[INFO] [stdout]     |
[INFO] [stdout] 153 |     fn into_result(self) -> Result<Self::Ok, Self::Error> {
[INFO] [stdout]     |                                          ^^ associated type `Ok` not found
[INFO] [stdout] 
[INFO] [stdout] 
[INFO] [stdout] error[E0220]: associated type `Error` not found for `Self`
[INFO] [stdout]    --> utils/src/error.rs:153:52
[INFO] [stdout]     |
[INFO] [stdout] 153 |     fn into_result(self) -> Result<Self::Ok, Self::Error> {
[INFO] [stdout]     |                                                    ^^^^^ associated type `Error` not found
[INFO] [stdout] 
[INFO] [stdout] 
[INFO] [stdout] error[E0220]: associated type `Error` not found for `Self`
[INFO] [stdout]    --> utils/src/error.rs:157:32
[INFO] [stdout]     |
[INFO] [stdout] 157 |     fn from_error(error: Self::Error) -> Self {
[INFO] [stdout]     |                                ^^^^^ associated type `Error` not found
[INFO] [stdout] 
[INFO] [stdout] 
[INFO] [stdout] error[E0220]: associated type `Ok` not found for `Self`
[INFO] [stdout]    --> utils/src/error.rs:161:26
[INFO] [stdout]     |
[INFO] [stdout] 161 |     fn from_ok(ok: Self::Ok) -> Self {
[INFO] [stdout]     |                          ^^ associated type `Ok` not found
[INFO] [stdout] 
[INFO] [stdout] 
[INFO] [stdout] error: aborting due to 12 previous errors
[INFO] [stdout] 
[INFO] [stdout] 
[INFO] [stdout] Some errors have detailed explanations: E0220, E0407, E0437, E0554, E0658.
[INFO] [stdout] 
[INFO] [stdout] For more information about an error, try `rustc --explain E0220`.
[INFO] [stdout] 
[INFO] [stderr] error: could not compile `utils` due to 13 previous errors
[INFO] [stderr] warning: build failed, waiting for other jobs to finish...
[INFO] [stderr] error: build failed
[INFO] running `Command { std: "docker" "inspect" "1b484bb757a9db238be73b375a3349fee1ea9fc42e023dac96022ae75b9b7f2e", kill_on_drop: false }`
[INFO] running `Command { std: "docker" "rm" "-f" "1b484bb757a9db238be73b375a3349fee1ea9fc42e023dac96022ae75b9b7f2e", kill_on_drop: false }`
[INFO] [stdout] 1b484bb757a9db238be73b375a3349fee1ea9fc42e023dac96022ae75b9b7f2e
