[INFO] cloning repository https://github.com/XuJiandong/ckb-dynamic-loading-rsa
[INFO] running `Command { std: "git" "-c" "credential.helper=" "-c" "credential.helper=/workspace/cargo-home/bin/git-credential-null" "clone" "--bare" "https://github.com/XuJiandong/ckb-dynamic-loading-rsa" "/workspace/cache/git-repos/https%3A%2F%2Fgithub.com%2FXuJiandong%2Fckb-dynamic-loading-rsa", kill_on_drop: false }`
[INFO] [stderr] Cloning into bare repository '/workspace/cache/git-repos/https%3A%2F%2Fgithub.com%2FXuJiandong%2Fckb-dynamic-loading-rsa'...
[INFO] running `Command { std: "git" "rev-parse" "HEAD", kill_on_drop: false }`
[INFO] [stdout] 7ff3791eccbb1dc4c75928a64f18162f4f93fd7b
[INFO] testing XuJiandong/ckb-dynamic-loading-rsa against beta-2021-08-01 for beta-1.55-1
[INFO] running `Command { std: "git" "clone" "/workspace/cache/git-repos/https%3A%2F%2Fgithub.com%2FXuJiandong%2Fckb-dynamic-loading-rsa" "/workspace/builds/worker-6/source", kill_on_drop: false }`
[INFO] [stderr] Cloning into '/workspace/builds/worker-6/source'...
[INFO] [stderr] done.
[INFO] validating manifest of git repo https://github.com/XuJiandong/ckb-dynamic-loading-rsa on toolchain beta-2021-08-01
[INFO] running `Command { std: "/workspace/cargo-home/bin/cargo" "+beta-2021-08-01" "metadata" "--manifest-path" "Cargo.toml" "--no-deps", kill_on_drop: false }`
[INFO] removed /workspace/builds/worker-6/source/rust-toolchain
[INFO] started tweaking git repo https://github.com/XuJiandong/ckb-dynamic-loading-rsa
[INFO] finished tweaking git repo https://github.com/XuJiandong/ckb-dynamic-loading-rsa
[INFO] tweaked toml for git repo https://github.com/XuJiandong/ckb-dynamic-loading-rsa written to /workspace/builds/worker-6/source/Cargo.toml
[INFO] crate git repo https://github.com/XuJiandong/ckb-dynamic-loading-rsa already has a lockfile, it will not be regenerated
[INFO] running `Command { std: "/workspace/cargo-home/bin/cargo" "+beta-2021-08-01" "fetch" "--manifest-path" "Cargo.toml", kill_on_drop: false }`
[INFO] [stderr]     Updating git repository `https://github.com/jjyr/ckb-tool.git`
[INFO] [stderr]     Updating git repository `https://github.com/nervosnetwork/ckb`
[INFO] [stderr]     Updating git submodule `https://github.com/nervosnetwork/ckb-tests.git`
[INFO] [stderr]     Updating git repository `https://github.com/nervosnetwork/lru-cache`
[INFO] [stderr]     Updating git repository `https://github.com/nervosnetwork/linked-hash-map`
[INFO] [stderr]  Downloading crates ...
[INFO] [stderr]   Downloaded jsonrpc-core v14.2.0
[INFO] [stderr]   Downloaded secp256k1 v0.17.2
[INFO] [stderr]   Downloaded faster-hex v0.3.1
[INFO] [stderr]   Downloaded debugid v0.4.0
[INFO] [stderr]   Downloaded url_serde v0.2.0
[INFO] [stderr]   Downloaded sized-chunks v0.1.3
[INFO] [stderr]   Downloaded merkle-cbt v0.2.2
[INFO] [stderr]   Downloaded sentry-types v0.11.0
[INFO] [stderr]   Downloaded numext-fixed-uint-core v0.1.4
[INFO] [stderr]   Downloaded enum-display-derive v0.1.0
[INFO] [stderr]   Downloaded simple-jsonrpc-client v0.1.0
[INFO] [stderr]   Downloaded attohttpc v0.4.5
[INFO] [stderr]   Downloaded uname v0.1.1
[INFO] [stderr]   Downloaded secp256k1-sys v0.1.2
[INFO] [stderr]   Downloaded includedir v0.5.0
[INFO] [stderr]   Downloaded includedir_codegen v0.5.0
[INFO] [stderr]   Downloaded path-clean v0.1.0
[INFO] [stderr]   Downloaded tokio-yamux v0.2.4
[INFO] [stderr]   Downloaded sentry v0.16.0
[INFO] [stderr]   Downloaded molecule v0.6.0
[INFO] [stderr]   Downloaded tracing-core v0.1.11
[INFO] [stderr]   Downloaded ckb-vm-definitions v0.19.1
[INFO] [stderr]   Downloaded serde_plain v0.3.0
[INFO] [stderr]   Downloaded ckb-always-success-script v0.0.1
[INFO] [stderr]   Downloaded blake2b-rs v0.1.5
[INFO] [stderr]   Downloaded eaglesong v0.1.0
[INFO] [stderr]   Downloaded tentacle-multiaddr v0.1.0
[INFO] [stderr]   Downloaded goblin v0.1.3
[INFO] [stderr]   Downloaded tentacle-secio v0.3.4
[INFO] [stderr]   Downloaded im v12.3.4
[INFO] [stderr]   Downloaded numext-constructor v0.1.4
[INFO] [stderr]   Downloaded async-compression v0.3.5
[INFO] [stderr]   Downloaded tentacle v0.3.0-alpha.5
[INFO] [stderr]   Downloaded numext-fixed-uint v0.1.4
[INFO] [stderr]   Downloaded tracing v0.1.17
[INFO] [stderr]   Downloaded faster-hex v0.4.1
[INFO] [stderr]   Downloaded ckb-vm v0.19.1
[INFO] [stderr]   Downloaded ckb-rocksdb v0.13.0
[INFO] [stderr]   Downloaded ckb-system-scripts v0.5.1
[INFO] [stderr]   Downloaded igd v0.9.1
[INFO] [stderr]   Downloaded numext-fixed-uint-hack v0.1.4
[INFO] [stderr]   Downloaded faketime v0.2.0
[INFO] [stderr]   Downloaded ring v0.16.12
[INFO] [stderr]   Downloaded xmltree v0.8.0
[INFO] [stderr]   Downloaded ckb-librocksdb-sys v6.7.4
[INFO] running `Command { std: "docker" "create" "-v" "/var/lib/crater-agent-workspace/builds/worker-6/target:/opt/rustwide/target:rw,Z" "-v" "/var/lib/crater-agent-workspace/builds/worker-6/source:/opt/rustwide/workdir:ro,Z" "-v" "/var/lib/crater-agent-workspace/cargo-home:/opt/rustwide/cargo-home:ro,Z" "-v" "/var/lib/crater-agent-workspace/rustup-home:/opt/rustwide/rustup-home:ro,Z" "-e" "SOURCE_DIR=/opt/rustwide/workdir" "-e" "CARGO_TARGET_DIR=/opt/rustwide/target" "-e" "CARGO_HOME=/opt/rustwide/cargo-home" "-e" "RUSTUP_HOME=/opt/rustwide/rustup-home" "-w" "/opt/rustwide/workdir" "-m" "1610612736" "--user" "0:0" "--network" "none" "ghcr.io/rust-lang/crates-build-env/linux@sha256:34b6a614d2c27851fe6cbf88fbd1137609cefab8b10d0615aaeb6fd47975d74e" "/opt/rustwide/cargo-home/bin/cargo" "+beta-2021-08-01" "metadata" "--no-deps" "--format-version=1", kill_on_drop: false }`
[INFO] [stdout] 1bdad3257320392189f8ddf70a825be42a5526ed5c9180496ba072551f718288
[INFO] [stderr] WARNING: Your kernel does not support swap limit capabilities or the cgroup is not mounted. Memory limited without swap.
[INFO] running `Command { std: "docker" "start" "-a" "1bdad3257320392189f8ddf70a825be42a5526ed5c9180496ba072551f718288", kill_on_drop: false }`
[INFO] running `Command { std: "docker" "inspect" "1bdad3257320392189f8ddf70a825be42a5526ed5c9180496ba072551f718288", kill_on_drop: false }`
[INFO] running `Command { std: "docker" "rm" "-f" "1bdad3257320392189f8ddf70a825be42a5526ed5c9180496ba072551f718288", kill_on_drop: false }`
[INFO] [stdout] 1bdad3257320392189f8ddf70a825be42a5526ed5c9180496ba072551f718288
[INFO] running `Command { std: "docker" "create" "-v" "/var/lib/crater-agent-workspace/builds/worker-6/target:/opt/rustwide/target:rw,Z" "-v" "/var/lib/crater-agent-workspace/builds/worker-6/source:/opt/rustwide/workdir:ro,Z" "-v" "/var/lib/crater-agent-workspace/cargo-home:/opt/rustwide/cargo-home:ro,Z" "-v" "/var/lib/crater-agent-workspace/rustup-home:/opt/rustwide/rustup-home:ro,Z" "-e" "SOURCE_DIR=/opt/rustwide/workdir" "-e" "CARGO_TARGET_DIR=/opt/rustwide/target" "-e" "CARGO_INCREMENTAL=0" "-e" "RUST_BACKTRACE=full" "-e" "RUSTFLAGS=--cap-lints=warn" "-e" "CARGO_HOME=/opt/rustwide/cargo-home" "-e" "RUSTUP_HOME=/opt/rustwide/rustup-home" "-w" "/opt/rustwide/workdir" "-m" "1610612736" "--user" "0:0" "--network" "none" "ghcr.io/rust-lang/crates-build-env/linux@sha256:34b6a614d2c27851fe6cbf88fbd1137609cefab8b10d0615aaeb6fd47975d74e" "/opt/rustwide/cargo-home/bin/cargo" "+beta-2021-08-01" "build" "--frozen" "--message-format=json", kill_on_drop: false }`
[INFO] [stderr] WARNING: Your kernel does not support swap limit capabilities or the cgroup is not mounted. Memory limited without swap.
[INFO] [stdout] 354e4d34fe91fa9d78493d645631ef2eb5bc93fe763c35dca8d7730b4372e06e
[INFO] running `Command { std: "docker" "start" "-a" "354e4d34fe91fa9d78493d645631ef2eb5bc93fe763c35dca8d7730b4372e06e", kill_on_drop: false }`
[INFO] [stderr]    Compiling syn v1.0.36
[INFO] [stderr]    Compiling faster-hex v0.4.1
[INFO] [stderr]    Compiling linked-hash-map v0.5.1 (https://github.com/nervosnetwork/linked-hash-map?rev=df27f21#df27f219)
[INFO] [stderr]    Compiling tentacle-secio v0.3.4
[INFO] [stderr]    Compiling eaglesong v0.1.0
[INFO] [stderr]    Compiling ckb-build-info v0.34.1 (https://github.com/nervosnetwork/ckb?tag=v0.34.1#323e44c9)
[INFO] [stderr]    Compiling path-clean v0.1.0
[INFO] [stderr]    Compiling ckb-script v0.34.1 (https://github.com/nervosnetwork/ckb?tag=v0.34.1#323e44c9)
[INFO] [stderr]    Compiling ckb-vm-definitions v0.19.1
[INFO] [stderr]    Compiling ckb-always-success-script v0.0.1
[INFO] [stderr]    Compiling merkle-cbt v0.2.2
[INFO] [stderr]    Compiling num-traits v0.2.12
[INFO] [stderr]    Compiling error-chain v0.12.2
[INFO] [stderr]    Compiling lru-cache v0.1.0 (https://github.com/nervosnetwork/lru-cache?rev=a35fdb8#a35fdb81)
[INFO] [stderr]    Compiling rand v0.5.6
[INFO] [stderr]    Compiling uname v0.1.1
[INFO] [stderr]    Compiling hostname v0.1.5
[INFO] [stderr]    Compiling rand v0.4.6
[INFO] [stderr]    Compiling want v0.2.0
[INFO] [stderr]    Compiling tracing v0.1.17
[INFO] [stderr]    Compiling im v12.3.4
[INFO] [stderr]    Compiling sentry v0.16.0
[INFO] [stderr]    Compiling enum-display-derive v0.1.0
[INFO] [stderr]    Compiling sized-chunks v0.1.3
[INFO] [stderr]    Compiling futures-cpupool v0.1.8
[INFO] [stderr]    Compiling bytes v0.4.12
[INFO] [stderr]    Compiling clap v2.33.1
[INFO] [stderr]    Compiling rand v0.6.5
[INFO] [stderr]    Compiling cookie v0.12.0
[INFO] [stderr]    Compiling xmltree v0.8.0
[INFO] [stderr]    Compiling includedir v0.5.0
[INFO] [stderr]    Compiling tokio-timer v0.2.13
[INFO] [stderr]    Compiling tokio-current-thread v0.1.7
[INFO] [stderr]    Compiling env_logger v0.6.2
[INFO] [stderr]    Compiling numext-constructor v0.1.4
[INFO] [stderr]    Compiling http v0.1.21
[INFO] [stderr]    Compiling tokio-io v0.1.13
[INFO] [stderr]    Compiling string v0.2.1
[INFO] [stderr]    Compiling tokio-buf v0.1.1
[INFO] [stderr]    Compiling tokio-threadpool v0.1.18
[INFO] [stderr]    Compiling tempfile v3.1.0
[INFO] [stderr]    Compiling rayon v1.3.1
[INFO] [stderr]    Compiling phf_generator v0.7.24
[INFO] [stderr]    Compiling parking_lot_core v0.4.0
[INFO] [stderr]    Compiling publicsuffix v1.5.4
[INFO] [stderr]    Compiling tokio-reactor v0.1.12
[INFO] [stderr]    Compiling phf_codegen v0.7.24
[INFO] [stderr]    Compiling faketime v0.2.0
[INFO] [stderr]    Compiling parking_lot v0.7.1
[INFO] [stderr]    Compiling num-integer v0.1.43
[INFO] [stderr]    Compiling includedir_codegen v0.5.0
[INFO] [stderr]    Compiling tokio-tcp v0.1.4
[INFO] [stderr]    Compiling ckb-util v0.34.1 (https://github.com/nervosnetwork/ckb?tag=v0.34.1#323e44c9)
[INFO] [stderr]    Compiling tokio v0.1.22
[INFO] [stderr]    Compiling http-body v0.1.0
[INFO] [stderr]    Compiling h2 v0.1.26
[INFO] [stderr]    Compiling attohttpc v0.4.5
[INFO] [stderr]    Compiling cc v1.0.41
[INFO] [stderr]    Compiling igd v0.9.1
[INFO] [stderr]    Compiling openssl-sys v0.9.58
[INFO] [stderr]    Compiling blake2b-rs v0.1.5
[INFO] [stderr]    Compiling secp256k1-sys v0.1.2
[INFO] [stderr]    Compiling ring v0.16.12
[INFO] [stderr]    Compiling ckb-librocksdb-sys v6.7.4
[INFO] [stderr]    Compiling ckb-vm v0.19.1
[INFO] [stderr]    Compiling hyper v0.12.35
[INFO] [stderr]    Compiling synstructure v0.12.4
[INFO] [stderr]    Compiling ckb-hash v0.34.1 (https://github.com/nervosnetwork/ckb?tag=v0.34.1#323e44c9)
[INFO] [stderr]    Compiling openssl v0.10.30
[INFO] [stderr]    Compiling native-tls v0.2.4
[INFO] [stderr]    Compiling ckb-system-scripts v0.5.1
[INFO] [stderr]    Compiling secp256k1 v0.17.2
[INFO] [stderr] error: could not compile `syn`
[INFO] [stderr] 
[INFO] [stderr] Caused by:
[INFO] [stderr]   process didn't exit successfully: `rustc --crate-name syn --edition=2018 /opt/rustwide/cargo-home/registry/src/github.com-1ecc6299db9ec823/syn-1.0.36/src/lib.rs --error-format=json --json=diagnostic-rendered-ansi,artifacts --crate-type lib --emit=dep-info,metadata,link -C embed-bitcode=no -C debuginfo=2 --cfg 'feature="clone-impls"' --cfg 'feature="default"' --cfg 'feature="derive"' --cfg 'feature="extra-traits"' --cfg 'feature="full"' --cfg 'feature="parsing"' --cfg 'feature="printing"' --cfg 'feature="proc-macro"' --cfg 'feature="quote"' --cfg 'feature="visit"' --cfg 'feature="visit-mut"' -C metadata=1ce8e788d04c742e -C extra-filename=-1ce8e788d04c742e --out-dir /opt/rustwide/target/debug/deps -L dependency=/opt/rustwide/target/debug/deps --extern proc_macro2=/opt/rustwide/target/debug/deps/libproc_macro2-b06d46241978c245.rmeta --extern quote=/opt/rustwide/target/debug/deps/libquote-7ba34f0ef351caa1.rmeta --extern unicode_xid=/opt/rustwide/target/debug/deps/libunicode_xid-62645fc4c65f65ba.rmeta --cap-lints allow --cap-lints=warn --cfg syn_disable_nightly_tests` (signal: 9, SIGKILL: kill)
[INFO] [stderr] warning: build failed, waiting for other jobs to finish...
[INFO] [stderr] The following warnings were emitted during compilation:
[INFO] [stderr] 
[INFO] [stderr] warning: c++: fatal error: Killed signal terminated program cc1plus
[INFO] [stderr] warning: compilation terminated.
[INFO] [stderr] warning: c++: fatal error: Killed signal terminated program cc1plus
[INFO] [stderr] warning: compilation terminated.
[INFO] [stderr] warning: c++: fatal error: Killed signal terminated program cc1plus
[INFO] [stderr] warning: compilation terminated.
[INFO] [stderr] warning: c++: fatal error: Killed signal terminated program cc1plus
[INFO] [stderr] warning: compilation terminated.
[INFO] [stderr] warning: c++: fatal error: Killed signal terminated program cc1plus
[INFO] [stderr] warning: compilation terminated.
[INFO] [stderr] warning: c++: fatal error: Killed signal terminated program cc1plus
[INFO] [stderr] warning: compilation terminated.
[INFO] [stderr] warning: c++: fatal error: Killed signal terminated program cc1plus
[INFO] [stderr] warning: compilation terminated.
[INFO] [stderr] 
[INFO] [stderr] error: build failed
[INFO] running `Command { std: "docker" "inspect" "354e4d34fe91fa9d78493d645631ef2eb5bc93fe763c35dca8d7730b4372e06e", kill_on_drop: false }`
[INFO] running `Command { std: "docker" "rm" "-f" "354e4d34fe91fa9d78493d645631ef2eb5bc93fe763c35dca8d7730b4372e06e", kill_on_drop: false }`
[INFO] [stdout] 354e4d34fe91fa9d78493d645631ef2eb5bc93fe763c35dca8d7730b4372e06e
