[INFO] cloning repository https://github.com/XavilPergis/rusty-tiles
[INFO] running `Command { std: "git" "-c" "credential.helper=" "-c" "credential.helper=/workspace/cargo-home/bin/git-credential-null" "clone" "--bare" "https://github.com/XavilPergis/rusty-tiles" "/workspace/cache/git-repos/https%3A%2F%2Fgithub.com%2FXavilPergis%2Frusty-tiles", kill_on_drop: false }`
[INFO] [stderr] Cloning into bare repository '/workspace/cache/git-repos/https%3A%2F%2Fgithub.com%2FXavilPergis%2Frusty-tiles'...
[INFO] running `Command { std: "git" "rev-parse" "HEAD", kill_on_drop: false }`
[INFO] [stdout] b6f1bcc7e7a95f4dfc36159eb911bb71ac50f3bd
[INFO] testing XavilPergis/rusty-tiles against 1.54.0 for beta-1.55-1
[INFO] running `Command { std: "git" "clone" "/workspace/cache/git-repos/https%3A%2F%2Fgithub.com%2FXavilPergis%2Frusty-tiles" "/workspace/builds/worker-1/source", kill_on_drop: false }`
[INFO] [stderr] Cloning into '/workspace/builds/worker-1/source'...
[INFO] [stderr] done.
[INFO] validating manifest of git repo https://github.com/XavilPergis/rusty-tiles on toolchain 1.54.0
[INFO] running `Command { std: "/workspace/cargo-home/bin/cargo" "+1.54.0" "metadata" "--manifest-path" "Cargo.toml" "--no-deps", kill_on_drop: false }`
[INFO] started tweaking git repo https://github.com/XavilPergis/rusty-tiles
[INFO] finished tweaking git repo https://github.com/XavilPergis/rusty-tiles
[INFO] tweaked toml for git repo https://github.com/XavilPergis/rusty-tiles written to /workspace/builds/worker-1/source/Cargo.toml
[INFO] crate git repo https://github.com/XavilPergis/rusty-tiles already has a lockfile, it will not be regenerated
[INFO] running `Command { std: "/workspace/cargo-home/bin/cargo" "+1.54.0" "fetch" "--manifest-path" "Cargo.toml", kill_on_drop: false }`
[INFO] [stderr]     Blocking waiting for file lock on package cache
[INFO] running `Command { std: "docker" "create" "-v" "/var/lib/crater-agent-workspace/builds/worker-1/target:/opt/rustwide/target:rw,Z" "-v" "/var/lib/crater-agent-workspace/builds/worker-1/source:/opt/rustwide/workdir:ro,Z" "-v" "/var/lib/crater-agent-workspace/cargo-home:/opt/rustwide/cargo-home:ro,Z" "-v" "/var/lib/crater-agent-workspace/rustup-home:/opt/rustwide/rustup-home:ro,Z" "-e" "SOURCE_DIR=/opt/rustwide/workdir" "-e" "CARGO_TARGET_DIR=/opt/rustwide/target" "-e" "CARGO_HOME=/opt/rustwide/cargo-home" "-e" "RUSTUP_HOME=/opt/rustwide/rustup-home" "-w" "/opt/rustwide/workdir" "-m" "1610612736" "--user" "0:0" "--network" "none" "ghcr.io/rust-lang/crates-build-env/linux@sha256:34b6a614d2c27851fe6cbf88fbd1137609cefab8b10d0615aaeb6fd47975d74e" "/opt/rustwide/cargo-home/bin/cargo" "+1.54.0" "metadata" "--no-deps" "--format-version=1", kill_on_drop: false }`
[INFO] [stderr] WARNING: Your kernel does not support swap limit capabilities or the cgroup is not mounted. Memory limited without swap.
[INFO] [stdout] 6b6480aa072605163900ac6c03021924b3ebc01cca7a0700fcca465f2aa06d65
[INFO] running `Command { std: "docker" "start" "-a" "6b6480aa072605163900ac6c03021924b3ebc01cca7a0700fcca465f2aa06d65", kill_on_drop: false }`
[INFO] running `Command { std: "docker" "inspect" "6b6480aa072605163900ac6c03021924b3ebc01cca7a0700fcca465f2aa06d65", kill_on_drop: false }`
[INFO] running `Command { std: "docker" "rm" "-f" "6b6480aa072605163900ac6c03021924b3ebc01cca7a0700fcca465f2aa06d65", kill_on_drop: false }`
[INFO] [stdout] 6b6480aa072605163900ac6c03021924b3ebc01cca7a0700fcca465f2aa06d65
[INFO] running `Command { std: "docker" "create" "-v" "/var/lib/crater-agent-workspace/builds/worker-1/target:/opt/rustwide/target:rw,Z" "-v" "/var/lib/crater-agent-workspace/builds/worker-1/source:/opt/rustwide/workdir:ro,Z" "-v" "/var/lib/crater-agent-workspace/cargo-home:/opt/rustwide/cargo-home:ro,Z" "-v" "/var/lib/crater-agent-workspace/rustup-home:/opt/rustwide/rustup-home:ro,Z" "-e" "SOURCE_DIR=/opt/rustwide/workdir" "-e" "CARGO_TARGET_DIR=/opt/rustwide/target" "-e" "CARGO_INCREMENTAL=0" "-e" "RUST_BACKTRACE=full" "-e" "RUSTFLAGS=--cap-lints=warn" "-e" "CARGO_HOME=/opt/rustwide/cargo-home" "-e" "RUSTUP_HOME=/opt/rustwide/rustup-home" "-w" "/opt/rustwide/workdir" "-m" "1610612736" "--user" "0:0" "--network" "none" "ghcr.io/rust-lang/crates-build-env/linux@sha256:34b6a614d2c27851fe6cbf88fbd1137609cefab8b10d0615aaeb6fd47975d74e" "/opt/rustwide/cargo-home/bin/cargo" "+1.54.0" "build" "--frozen" "--message-format=json", kill_on_drop: false }`
[INFO] [stderr] WARNING: Your kernel does not support swap limit capabilities or the cgroup is not mounted. Memory limited without swap.
[INFO] [stdout] 7f9d0496f0f9879fea08cb57951424a5596136f142b32703f78cd28339a6261a
[INFO] running `Command { std: "docker" "start" "-a" "7f9d0496f0f9879fea08cb57951424a5596136f142b32703f78cd28339a6261a", kill_on_drop: false }`
[INFO] [stderr]    Compiling rustc-serialize v0.3.19
[INFO] [stderr]    Compiling piston-float v0.2.0
[INFO] [stderr]    Compiling shader_version v0.2.1
[INFO] [stderr]    Compiling byteorder v0.5.2
[INFO] [stderr]    Compiling odds v0.2.14
[INFO] [stderr]    Compiling bitflags v0.6.0
[INFO] [stderr]    Compiling itertools v0.4.15
[INFO] [stderr]    Compiling piston-texture v0.4.0
[INFO] [stderr]    Compiling linked-hash-map v0.0.9
[INFO] [stderr]    Compiling read_color v0.1.0
[INFO] [stderr]    Compiling piston-shaders_graphics2d v0.2.1
[INFO] [stderr]    Compiling serde v0.7.5
[INFO] [stderr]    Compiling threadpool v1.3.0
[INFO] [stderr]    Compiling num_cpus v0.2.12
[INFO] [stderr]    Compiling miniz-sys v0.1.7
[INFO] [stderr]    Compiling draw_state v0.4.0
[INFO] [stderr]    Compiling xml-rs v0.2.2
[INFO] [stderr]    Compiling gif v0.8.0
[INFO] [stdout] error[E0642]: patterns aren't allowed in functions without bodies
[INFO] [stdout]    --> /opt/rustwide/cargo-home/registry/src/github.com-1ecc6299db9ec823/rustc-serialize-0.3.19/src/serialize.rs:147:45
[INFO] [stdout]     |
[INFO] [stdout] 147 | ...                   &f_name: &str,
[INFO] [stdout]     |                       ^^^^^^^ pattern not allowed in function without body
[INFO] [stdout] 
[INFO] [stdout] 
[INFO] [stderr]    Compiling deque v0.3.1
[INFO] [stderr]    Compiling stb_truetype v0.2.0
[INFO] [stderr]    Compiling ndarray v0.3.1
[INFO] [stderr]    Compiling piston-viewport v0.2.0
[INFO] [stderr]    Compiling vecmath v0.2.0
[INFO] [stderr]    Compiling glutin v0.5.2
[INFO] [stderr]    Compiling gfx_gl v0.3.1
[INFO] [stderr]    Compiling wayland-client v0.5.12
[INFO] [stderr]    Compiling nodrop v0.1.6
[INFO] [stderr]    Compiling time v0.1.35
[INFO] [stderr]    Compiling gfx_core v0.2.1
[INFO] [stderr]    Compiling rayon v0.3.1
[INFO] [stderr]    Compiling arrayvec v0.3.16
[INFO] [stderr]    Compiling piston2d-graphics v0.16.0
[INFO] [stderr]    Compiling gl_generator v0.4.2
[INFO] [stdout] error[E0277]: the size for values of type `Self` cannot be known at compilation time
[INFO] [stdout]   --> /opt/rustwide/cargo-home/registry/src/github.com-1ecc6299db9ec823/rayon-0.3.1/src/par_iter/internal.rs:25:40
[INFO] [stdout]    |
[INFO] [stdout] 25 |     fn split_at(self, index: usize) -> (Self, Self);
[INFO] [stdout]    |                                        ^^^^^^^^^^^^ doesn't have a size known at compile-time
[INFO] [stdout]    |
[INFO] [stdout]    = note: only the last element of a tuple may have a dynamically sized type
[INFO] [stdout] help: consider further restricting `Self`
[INFO] [stdout]    |
[INFO] [stdout] 25 |     fn split_at(self, index: usize) -> (Self, Self) where Self: Sized;
[INFO] [stdout]    |                                                     ^^^^^^^^^^^^^^^^^
[INFO] [stdout] 
[INFO] [stdout] 
[INFO] [stdout] error[E0277]: the size for values of type `Self` cannot be known at compilation time
[INFO] [stdout]   --> /opt/rustwide/cargo-home/registry/src/github.com-1ecc6299db9ec823/rayon-0.3.1/src/par_iter/internal.rs:42:40
[INFO] [stdout]    |
[INFO] [stdout] 42 |     fn split_at(self, index: usize) -> (Self, Self, Self::Reducer);
[INFO] [stdout]    |                                        ^^^^^^^^^^^^^^^^^^^^^^^^^^^ doesn't have a size known at compile-time
[INFO] [stdout]    |
[INFO] [stdout]    = note: only the last element of a tuple may have a dynamically sized type
[INFO] [stdout] help: consider further restricting `Self`
[INFO] [stdout]    |
[INFO] [stdout] 42 |     fn split_at(self, index: usize) -> (Self, Self, Self::Reducer) where Self: Sized;
[INFO] [stdout]    |                                                                    ^^^^^^^^^^^^^^^^^
[INFO] [stdout] 
[INFO] [stdout] 
[INFO] [stdout] error: aborting due to 2 previous errors
[INFO] [stdout] 
[INFO] [stdout] 
[INFO] [stdout] For more information about this error, try `rustc --explain E0277`.
[INFO] [stdout] 
[INFO] [stderr] error: could not compile `rayon`
[INFO] [stderr] 
[INFO] [stderr] To learn more, run the command again with --verbose.
[INFO] [stderr] warning: build failed, waiting for other jobs to finish...
[INFO] [stdout] error: aborting due to previous error
[INFO] [stdout] 
[INFO] [stdout] 
[INFO] [stdout] For more information about this error, try `rustc --explain E0642`.
[INFO] [stdout] 
[INFO] [stderr] error: build failed
[INFO] running `Command { std: "docker" "inspect" "7f9d0496f0f9879fea08cb57951424a5596136f142b32703f78cd28339a6261a", kill_on_drop: false }`
[INFO] running `Command { std: "docker" "rm" "-f" "7f9d0496f0f9879fea08cb57951424a5596136f142b32703f78cd28339a6261a", kill_on_drop: false }`
[INFO] [stdout] 7f9d0496f0f9879fea08cb57951424a5596136f142b32703f78cd28339a6261a
