[INFO] cloning repository https://github.com/Wadjetz/dilem-rust
[INFO] running `Command { std: "git" "-c" "credential.helper=" "-c" "credential.helper=/workspace/cargo-home/bin/git-credential-null" "clone" "--bare" "https://github.com/Wadjetz/dilem-rust" "/workspace/cache/git-repos/https%3A%2F%2Fgithub.com%2FWadjetz%2Fdilem-rust", kill_on_drop: false }`
[INFO] [stderr] Cloning into bare repository '/workspace/cache/git-repos/https%3A%2F%2Fgithub.com%2FWadjetz%2Fdilem-rust'...
[INFO] running `Command { std: "git" "rev-parse" "HEAD", kill_on_drop: false }`
[INFO] [stdout] 13507e84523dc35b12c0e85c46afa54cb157e88b
[INFO] testing Wadjetz/dilem-rust against beta-2021-08-01 for beta-1.55-1
[INFO] running `Command { std: "git" "clone" "/workspace/cache/git-repos/https%3A%2F%2Fgithub.com%2FWadjetz%2Fdilem-rust" "/workspace/builds/worker-98/source", kill_on_drop: false }`
[INFO] [stderr] Cloning into '/workspace/builds/worker-98/source'...
[INFO] [stderr] done.
[INFO] validating manifest of git repo https://github.com/Wadjetz/dilem-rust on toolchain beta-2021-08-01
[INFO] running `Command { std: "/workspace/cargo-home/bin/cargo" "+beta-2021-08-01" "metadata" "--manifest-path" "Cargo.toml" "--no-deps", kill_on_drop: false }`
[INFO] started tweaking git repo https://github.com/Wadjetz/dilem-rust
[INFO] finished tweaking git repo https://github.com/Wadjetz/dilem-rust
[INFO] tweaked toml for git repo https://github.com/Wadjetz/dilem-rust written to /workspace/builds/worker-98/source/Cargo.toml
[INFO] crate git repo https://github.com/Wadjetz/dilem-rust already has a lockfile, it will not be regenerated
[INFO] running `Command { std: "/workspace/cargo-home/bin/cargo" "+beta-2021-08-01" "fetch" "--manifest-path" "Cargo.toml", kill_on_drop: false }`
[INFO] [stderr]     Blocking waiting for file lock on package cache
[INFO] [stderr]     Blocking waiting for file lock on package cache
[INFO] [stderr]  Downloading crates ...
[INFO] [stderr]   Downloaded image v0.10.3
[INFO] [stderr]   Downloaded r2d2 v0.7.1
[INFO] [stderr]   Downloaded enum_primitive v0.1.0
[INFO] [stderr]   Downloaded quick-error v1.1.0
[INFO] [stderr]   Downloaded sequence_trie v0.0.13
[INFO] [stderr]   Downloaded phf_shared v0.7.19
[INFO] [stderr]   Downloaded pest v0.3.3
[INFO] [stderr]   Downloaded traitobject v0.0.3
[INFO] [stderr]   Downloaded mount v0.2.1
[INFO] [stderr]   Downloaded postgres-protocol v0.1.1
[INFO] [stderr]   Downloaded staticfile v0.3.1
[INFO] [stderr]   Downloaded lazy_static v0.1.16
[INFO] [stderr]   Downloaded walkdir v0.1.8
[INFO] [stderr]   Downloaded gif v0.9.0
[INFO] [stderr]   Downloaded rayon v0.5.0
[INFO] [stderr]   Downloaded deque v0.3.1
[INFO] [stderr]   Downloaded flate2 v0.2.14
[INFO] [stderr]   Downloaded scoped_threadpool v0.1.7
[INFO] [stderr]   Downloaded error v0.1.9
[INFO] [stderr]   Downloaded http-range v0.1.1
[INFO] [stderr]   Downloaded phf v0.7.19
[INFO] [stderr]   Downloaded fallible-iterator v0.1.3
[INFO] [stderr]   Downloaded md5 v0.2.1
[INFO] [stderr]   Downloaded route-recognizer v0.1.11
[INFO] [stderr]   Downloaded router v0.4.0
[INFO] [stderr]   Downloaded conduit-mime-types v0.7.3
[INFO] [stderr]   Downloaded num_cpus v0.2.13
[INFO] [stderr]   Downloaded jpeg-decoder v0.1.8
[INFO] [stderr]   Downloaded iron v0.4.0
[INFO] [stderr]   Downloaded r2d2_postgres v0.11.1
[INFO] [stderr]   Downloaded unsafe-any v0.4.1
[INFO] [stderr]   Downloaded handlebars v0.22.0
[INFO] [stderr]   Downloaded persistent v0.2.1
[INFO] [stderr]   Downloaded iron-send-file v0.1.1
[INFO] [stderr]   Downloaded postgres v0.13.1
[INFO] [stderr]   Downloaded handlebars-iron v0.19.2
[INFO] running `Command { std: "docker" "create" "-v" "/var/lib/crater-agent-workspace/builds/worker-98/target:/opt/rustwide/target:rw,Z" "-v" "/var/lib/crater-agent-workspace/builds/worker-98/source:/opt/rustwide/workdir:ro,Z" "-v" "/var/lib/crater-agent-workspace/cargo-home:/opt/rustwide/cargo-home:ro,Z" "-v" "/var/lib/crater-agent-workspace/rustup-home:/opt/rustwide/rustup-home:ro,Z" "-e" "SOURCE_DIR=/opt/rustwide/workdir" "-e" "CARGO_TARGET_DIR=/opt/rustwide/target" "-e" "CARGO_HOME=/opt/rustwide/cargo-home" "-e" "RUSTUP_HOME=/opt/rustwide/rustup-home" "-w" "/opt/rustwide/workdir" "-m" "1610612736" "--user" "0:0" "--network" "none" "ghcr.io/rust-lang/crates-build-env/linux@sha256:34b6a614d2c27851fe6cbf88fbd1137609cefab8b10d0615aaeb6fd47975d74e" "/opt/rustwide/cargo-home/bin/cargo" "+beta-2021-08-01" "metadata" "--no-deps" "--format-version=1", kill_on_drop: false }`
[INFO] [stdout] 91433877fc55d3c4aa35422f715bda26d8652eb867bcf02ab9c36d2b18fe5b18
[INFO] running `Command { std: "docker" "start" "-a" "91433877fc55d3c4aa35422f715bda26d8652eb867bcf02ab9c36d2b18fe5b18", kill_on_drop: false }`
[INFO] running `Command { std: "docker" "inspect" "91433877fc55d3c4aa35422f715bda26d8652eb867bcf02ab9c36d2b18fe5b18", kill_on_drop: false }`
[INFO] running `Command { std: "docker" "rm" "-f" "91433877fc55d3c4aa35422f715bda26d8652eb867bcf02ab9c36d2b18fe5b18", kill_on_drop: false }`
[INFO] [stdout] 91433877fc55d3c4aa35422f715bda26d8652eb867bcf02ab9c36d2b18fe5b18
[INFO] running `Command { std: "docker" "create" "-v" "/var/lib/crater-agent-workspace/builds/worker-98/target:/opt/rustwide/target:rw,Z" "-v" "/var/lib/crater-agent-workspace/builds/worker-98/source:/opt/rustwide/workdir:ro,Z" "-v" "/var/lib/crater-agent-workspace/cargo-home:/opt/rustwide/cargo-home:ro,Z" "-v" "/var/lib/crater-agent-workspace/rustup-home:/opt/rustwide/rustup-home:ro,Z" "-e" "SOURCE_DIR=/opt/rustwide/workdir" "-e" "CARGO_TARGET_DIR=/opt/rustwide/target" "-e" "CARGO_INCREMENTAL=0" "-e" "RUST_BACKTRACE=full" "-e" "RUSTFLAGS=--cap-lints=warn" "-e" "CARGO_HOME=/opt/rustwide/cargo-home" "-e" "RUSTUP_HOME=/opt/rustwide/rustup-home" "-w" "/opt/rustwide/workdir" "-m" "1610612736" "--user" "0:0" "--network" "none" "ghcr.io/rust-lang/crates-build-env/linux@sha256:34b6a614d2c27851fe6cbf88fbd1137609cefab8b10d0615aaeb6fd47975d74e" "/opt/rustwide/cargo-home/bin/cargo" "+beta-2021-08-01" "build" "--frozen" "--message-format=json", kill_on_drop: false }`
[INFO] [stdout] 8820c764b43186a82b9fd23092625d3cf27bfc023e635ea9414e5e6d58153631
[INFO] running `Command { std: "docker" "start" "-a" "8820c764b43186a82b9fd23092625d3cf27bfc023e635ea9414e5e6d58153631", kill_on_drop: false }`
[INFO] [stderr]     Blocking waiting for file lock on package cache
[INFO] [stderr]    Compiling libc v0.2.17
[INFO] [stderr]    Compiling gcc v0.3.38
[INFO] [stderr]    Compiling pkg-config v0.3.8
[INFO] [stderr]    Compiling winapi-build v0.1.1
[INFO] [stderr]    Compiling log v0.3.6
[INFO] [stderr]    Compiling rustc-serialize v0.3.21
[INFO] [stderr]    Compiling winapi v0.2.8
[INFO] [stderr]    Compiling bitflags v0.7.0
[INFO] [stderr]    Compiling semver v0.1.20
[INFO] [stderr]    Compiling matches v0.1.4
[INFO] [stderr]    Compiling lazy_static v0.2.2
[INFO] [stderr]    Compiling traitobject v0.0.3
[INFO] [stderr]    Compiling unicode-normalization v0.1.2
[INFO] [stderr]    Compiling typeable v0.1.2
[INFO] [stderr]    Compiling httparse v1.2.0
[INFO] [stderr]    Compiling traitobject v0.0.1
[INFO] [stderr]    Compiling language-tags v0.2.2
[INFO] [stderr]    Compiling num-traits v0.1.36
[INFO] [stderr]    Compiling modifier v0.1.0
[INFO] [stderr]    Compiling lazy_static v0.1.16
[INFO] [stderr]    Compiling byteorder v0.5.3
[INFO] [stderr]    Compiling fallible-iterator v0.1.3
[INFO] [stderr]    Compiling phf_shared v0.7.19
[INFO] [stderr]    Compiling hex v0.2.0
[INFO] [stderr]    Compiling md5 v0.2.1
[INFO] [stderr]    Compiling bufstream v0.1.2
[INFO] [stderr]    Compiling inflate v0.1.1
[INFO] [stderr]    Compiling antidote v1.0.0
[INFO] [stderr]    Compiling quick-error v1.1.0
[INFO] [stderr]    Compiling color_quant v1.0.0
[INFO] [stderr]    Compiling pest v0.3.3
[INFO] [stderr]    Compiling sequence_trie v0.0.13
[INFO] [stderr]    Compiling route-recognizer v0.1.11
[INFO] [stderr]    Compiling http-range v0.1.1
[INFO] [stderr]    Compiling glob v0.2.11
[INFO] [stderr]    Compiling scoped_threadpool v0.1.7
[INFO] [stderr]    Compiling postgres-protocol v0.1.1
[INFO] [stderr]    Compiling gif v0.9.0
[INFO] [stderr]    Compiling phf v0.7.19
[INFO] [stderr]    Compiling rustc_version v0.1.7
[INFO] [stderr]    Compiling unicode-bidi v0.2.3
[INFO] [stderr]    Compiling unsafe-any v0.4.1
[INFO] [stderr]    Compiling error v0.1.9
[INFO] [stderr]    Compiling kernel32-sys v0.2.2
[INFO] [stderr]    Compiling num_cpus v1.1.0
[INFO] [stderr]    Compiling num_cpus v0.2.13
[INFO] [stderr]    Compiling rand v0.3.14
[INFO] [stderr]    Compiling openssl-sys-extras v0.7.14
[INFO] [stderr]    Compiling openssl v0.7.14
[INFO] [stderr]    Compiling miniz-sys v0.1.7
[INFO] [stderr]    Compiling rust-crypto v0.2.36
[INFO] [stderr]    Compiling hpack v0.2.0
[INFO] [stderr]    Compiling mime v0.2.2
[INFO] [stderr]    Compiling r2d2 v0.7.1
[INFO] [stderr]    Compiling num-integer v0.1.32
[INFO] [stderr]    Compiling unicase v1.4.0
[INFO] [stderr]    Compiling openssl-sys v0.7.17
[INFO] [stderr]    Compiling typemap v0.3.3
[INFO] [stderr]    Compiling postgres v0.13.1
[INFO] [stderr]    Compiling idna v0.1.0
[INFO] [stderr]    Compiling num-iter v0.1.32
[INFO] [stderr]    Compiling solicit v0.4.4
[INFO] [stderr]    Compiling plugin v0.2.6
[INFO] [stderr]    Compiling num v0.1.36
[INFO] [stderr]    Compiling time v0.1.35
[INFO] [stderr]    Compiling walkdir v0.1.8
[INFO] [stderr]    Compiling conduit-mime-types v0.7.3
[INFO] [stderr]    Compiling handlebars v0.22.0
[INFO] [stdout] error[E0282]: type annotations needed for `&_`
[INFO] [stdout]    --> /opt/rustwide/cargo-home/registry/src/github.com-1ecc6299db9ec823/postgres-0.13.1/src/lib.rs:683:59
[INFO] [stdout]     |
[INFO] [stdout] 683 |             row.as_ref().and_then(|r| r.get(i)).and_then(|r| r.as_ref().map(|r| &**r))
[INFO] [stdout]     |                                                           ^ consider giving this closure parameter the explicit type `&_`, with the type parameters specified
[INFO] [stdout]     |
[INFO] [stdout]     = note: type must be known at this point
[INFO] [stdout] 
[INFO] [stdout] 
[INFO] [stderr]    Compiling enum_primitive v0.1.0
[INFO] [stdout] error[E0282]: type annotations needed for `&_`
[INFO] [stdout]    --> /opt/rustwide/cargo-home/registry/src/github.com-1ecc6299db9ec823/postgres-0.13.1/src/lib.rs:794:56
[INFO] [stdout]     |
[INFO] [stdout] 794 |                 let get_raw = |i| row.get(i).and_then(|r| r.as_ref().map(|r| &**r));
[INFO] [stdout]     |                                                        ^ consider giving this closure parameter the explicit type `&_`, with the type parameters specified
[INFO] [stdout]     |
[INFO] [stdout]     = note: type must be known at this point
[INFO] [stdout] 
[INFO] [stdout] 
[INFO] [stdout] error: aborting due to 2 previous errors
[INFO] [stdout] 
[INFO] [stdout] 
[INFO] [stderr] error: could not compile `postgres` due to 3 previous errors
[INFO] [stdout] For more information about this error, try `rustc --explain E0282`.
[INFO] [stdout] 
[INFO] [stderr] warning: build failed, waiting for other jobs to finish...
[INFO] [stderr] The following warnings were emitted during compilation:
[INFO] [stderr] 
[INFO] [stderr] warning: src/openssl_shim.c: In function 'DH_new_from_params':
[INFO] [stderr] warning: src/openssl_shim.c:132:7: error: dereferencing pointer to incomplete type 'DH' {aka 'struct dh_st'}
[INFO] [stderr] warning:   132 |     dh->p = p;
[INFO] [stderr] warning:       |       ^~
[INFO] [stderr] warning: src/openssl_shim.c: In function 'X509_get_extensions_shim':
[INFO] [stderr] warning: src/openssl_shim.c:143:13: error: dereferencing pointer to incomplete type 'X509' {aka 'struct x509_st'}
[INFO] [stderr] warning:   143 |     return x->cert_info ? x->cert_info->extensions : NULL;
[INFO] [stderr] warning:       |             ^~
[INFO] [stderr] 
[INFO] [stderr] The following warnings were emitted during compilation:
[INFO] [stderr] 
[INFO] [stderr] warning: src/c_helpers.c: In function 'rust_SSL_clone':
[INFO] [stderr] warning: src/c_helpers.c:4:5: warning: implicit declaration of function 'CRYPTO_add' [-Wimplicit-function-declaration]
[INFO] [stderr] warning:     4 |     CRYPTO_add(&ssl->references, 1, CRYPTO_LOCK_SSL);
[INFO] [stderr] warning:       |     ^~~~~~~~~~
[INFO] [stderr] warning: src/c_helpers.c:4:20: error: dereferencing pointer to incomplete type 'SSL' {aka 'struct ssl_st'}
[INFO] [stderr] warning:     4 |     CRYPTO_add(&ssl->references, 1, CRYPTO_LOCK_SSL);
[INFO] [stderr] warning:       |                    ^~
[INFO] [stderr] warning: src/c_helpers.c:4:37: error: 'CRYPTO_LOCK_SSL' undeclared (first use in this function); did you mean 'CRYPTO_LOCK'?
[INFO] [stderr] warning:     4 |     CRYPTO_add(&ssl->references, 1, CRYPTO_LOCK_SSL);
[INFO] [stderr] warning:       |                                     ^~~~~~~~~~~~~~~
[INFO] [stderr] warning:       |                                     CRYPTO_LOCK
[INFO] [stderr] warning: src/c_helpers.c:4:37: note: each undeclared identifier is reported only once for each function it appears in
[INFO] [stderr] warning: src/c_helpers.c: In function 'rust_SSL_CTX_clone':
[INFO] [stderr] warning: src/c_helpers.c:8:20: error: dereferencing pointer to incomplete type 'SSL_CTX' {aka 'struct ssl_ctx_st'}
[INFO] [stderr] warning:     8 |     CRYPTO_add(&ctx->references,1,CRYPTO_LOCK_SSL_CTX);
[INFO] [stderr] warning:       |                    ^~
[INFO] [stderr] warning: src/c_helpers.c:8:35: error: 'CRYPTO_LOCK_SSL_CTX' undeclared (first use in this function); did you mean 'CRYPTO_EX_INDEX_SSL_CTX'?
[INFO] [stderr] warning:     8 |     CRYPTO_add(&ctx->references,1,CRYPTO_LOCK_SSL_CTX);
[INFO] [stderr] warning:       |                                   ^~~~~~~~~~~~~~~~~~~
[INFO] [stderr] warning:       |                                   CRYPTO_EX_INDEX_SSL_CTX
[INFO] [stderr] warning: src/c_helpers.c: In function 'rust_X509_clone':
[INFO] [stderr] warning: src/c_helpers.c:12:21: error: dereferencing pointer to incomplete type 'X509' {aka 'struct x509_st'}
[INFO] [stderr] warning:    12 |     CRYPTO_add(&x509->references,1,CRYPTO_LOCK_X509);
[INFO] [stderr] warning:       |                     ^~
[INFO] [stderr] warning: src/c_helpers.c:12:36: error: 'CRYPTO_LOCK_X509' undeclared (first use in this function); did you mean 'CRYPTO_LOCK'?
[INFO] [stderr] warning:    12 |     CRYPTO_add(&x509->references,1,CRYPTO_LOCK_X509);
[INFO] [stderr] warning:       |                                    ^~~~~~~~~~~~~~~~
[INFO] [stderr] warning:       |                                    CRYPTO_LOCK
[INFO] [stderr] 
[INFO] [stderr] error: build failed
[INFO] running `Command { std: "docker" "inspect" "8820c764b43186a82b9fd23092625d3cf27bfc023e635ea9414e5e6d58153631", kill_on_drop: false }`
[INFO] running `Command { std: "docker" "rm" "-f" "8820c764b43186a82b9fd23092625d3cf27bfc023e635ea9414e5e6d58153631", kill_on_drop: false }`
[INFO] [stdout] 8820c764b43186a82b9fd23092625d3cf27bfc023e635ea9414e5e6d58153631
