[INFO] cloning repository https://github.com/Vogte999/Rasm
[INFO] running `Command { std: "git" "-c" "credential.helper=" "-c" "credential.helper=/workspace/cargo-home/bin/git-credential-null" "clone" "--bare" "https://github.com/Vogte999/Rasm" "/workspace/cache/git-repos/https%3A%2F%2Fgithub.com%2FVogte999%2FRasm", kill_on_drop: false }`
[INFO] [stderr] Cloning into bare repository '/workspace/cache/git-repos/https%3A%2F%2Fgithub.com%2FVogte999%2FRasm'...
[INFO] running `Command { std: "git" "rev-parse" "HEAD", kill_on_drop: false }`
[INFO] [stdout] 209090a72fe9eeca8b257c059bc2241f8b72fdbc
[INFO] testing Vogte999/Rasm against beta-2021-08-01 for beta-1.55-1
[INFO] running `Command { std: "git" "clone" "/workspace/cache/git-repos/https%3A%2F%2Fgithub.com%2FVogte999%2FRasm" "/workspace/builds/worker-103/source", kill_on_drop: false }`
[INFO] [stderr] Cloning into '/workspace/builds/worker-103/source'...
[INFO] [stderr] done.
[INFO] validating manifest of git repo https://github.com/Vogte999/Rasm on toolchain beta-2021-08-01
[INFO] running `Command { std: "/workspace/cargo-home/bin/cargo" "+beta-2021-08-01" "metadata" "--manifest-path" "Cargo.toml" "--no-deps", kill_on_drop: false }`
[INFO] started tweaking git repo https://github.com/Vogte999/Rasm
[INFO] finished tweaking git repo https://github.com/Vogte999/Rasm
[INFO] tweaked toml for git repo https://github.com/Vogte999/Rasm written to /workspace/builds/worker-103/source/Cargo.toml
[INFO] crate git repo https://github.com/Vogte999/Rasm already has a lockfile, it will not be regenerated
[INFO] running `Command { std: "/workspace/cargo-home/bin/cargo" "+beta-2021-08-01" "fetch" "--manifest-path" "Cargo.toml", kill_on_drop: false }`
[INFO] [stderr]     Blocking waiting for file lock on package cache
[INFO] [stderr]     Blocking waiting for file lock on package cache
[INFO] running `Command { std: "docker" "create" "-v" "/var/lib/crater-agent-workspace/builds/worker-103/target:/opt/rustwide/target:rw,Z" "-v" "/var/lib/crater-agent-workspace/builds/worker-103/source:/opt/rustwide/workdir:ro,Z" "-v" "/var/lib/crater-agent-workspace/cargo-home:/opt/rustwide/cargo-home:ro,Z" "-v" "/var/lib/crater-agent-workspace/rustup-home:/opt/rustwide/rustup-home:ro,Z" "-e" "SOURCE_DIR=/opt/rustwide/workdir" "-e" "CARGO_TARGET_DIR=/opt/rustwide/target" "-e" "CARGO_HOME=/opt/rustwide/cargo-home" "-e" "RUSTUP_HOME=/opt/rustwide/rustup-home" "-w" "/opt/rustwide/workdir" "-m" "1610612736" "--user" "0:0" "--network" "none" "ghcr.io/rust-lang/crates-build-env/linux@sha256:34b6a614d2c27851fe6cbf88fbd1137609cefab8b10d0615aaeb6fd47975d74e" "/opt/rustwide/cargo-home/bin/cargo" "+beta-2021-08-01" "metadata" "--no-deps" "--format-version=1", kill_on_drop: false }`
[INFO] [stdout] 4ea41c83f2e89ed998e0fb647b008ed9f8e72226bf0ddbc395513ceed99e60a1
[INFO] running `Command { std: "docker" "start" "-a" "4ea41c83f2e89ed998e0fb647b008ed9f8e72226bf0ddbc395513ceed99e60a1", kill_on_drop: false }`
[INFO] running `Command { std: "docker" "inspect" "4ea41c83f2e89ed998e0fb647b008ed9f8e72226bf0ddbc395513ceed99e60a1", kill_on_drop: false }`
[INFO] running `Command { std: "docker" "rm" "-f" "4ea41c83f2e89ed998e0fb647b008ed9f8e72226bf0ddbc395513ceed99e60a1", kill_on_drop: false }`
[INFO] [stdout] 4ea41c83f2e89ed998e0fb647b008ed9f8e72226bf0ddbc395513ceed99e60a1
[INFO] running `Command { std: "docker" "create" "-v" "/var/lib/crater-agent-workspace/builds/worker-103/target:/opt/rustwide/target:rw,Z" "-v" "/var/lib/crater-agent-workspace/builds/worker-103/source:/opt/rustwide/workdir:ro,Z" "-v" "/var/lib/crater-agent-workspace/cargo-home:/opt/rustwide/cargo-home:ro,Z" "-v" "/var/lib/crater-agent-workspace/rustup-home:/opt/rustwide/rustup-home:ro,Z" "-e" "SOURCE_DIR=/opt/rustwide/workdir" "-e" "CARGO_TARGET_DIR=/opt/rustwide/target" "-e" "CARGO_INCREMENTAL=0" "-e" "RUST_BACKTRACE=full" "-e" "RUSTFLAGS=--cap-lints=warn" "-e" "CARGO_HOME=/opt/rustwide/cargo-home" "-e" "RUSTUP_HOME=/opt/rustwide/rustup-home" "-w" "/opt/rustwide/workdir" "-m" "1610612736" "--user" "0:0" "--network" "none" "ghcr.io/rust-lang/crates-build-env/linux@sha256:34b6a614d2c27851fe6cbf88fbd1137609cefab8b10d0615aaeb6fd47975d74e" "/opt/rustwide/cargo-home/bin/cargo" "+beta-2021-08-01" "build" "--frozen" "--message-format=json", kill_on_drop: false }`
[INFO] [stdout] 72f4e4ceba539beb85baf0ef973cc7e048799394228f8fb1ed29e663d74c55ac
[INFO] running `Command { std: "docker" "start" "-a" "72f4e4ceba539beb85baf0ef973cc7e048799394228f8fb1ed29e663d74c55ac", kill_on_drop: false }`
[INFO] [stderr]     Blocking waiting for file lock on package cache
[INFO] [stderr]    Compiling cc v1.0.9
[INFO] [stderr]    Compiling unicode-xid v0.0.4
[INFO] [stderr]    Compiling quote v0.3.15
[INFO] [stderr]    Compiling libc v0.2.39
[INFO] [stderr]    Compiling make-cmd v0.1.0
[INFO] [stderr]    Compiling rustc-demangle v0.1.7
[INFO] [stderr]    Compiling bitflags v0.7.0
[INFO] [stderr]    Compiling synom v0.11.3
[INFO] [stderr]    Compiling cmake v0.1.29
[INFO] [stderr]    Compiling backtrace-sys v0.1.16
[INFO] [stderr]    Compiling syn v0.11.11
[INFO] [stderr]    Compiling ui-sys v0.1.1
[INFO] [stderr]    Compiling synstructure v0.6.1
[INFO] [stderr]    Compiling failure_derive v0.1.1
[INFO] [stderr] error: failed to run custom build command for `ui-sys v0.1.1`
[INFO] [stderr] 
[INFO] [stderr] Caused by:
[INFO] [stderr]   process didn't exit successfully: `/opt/rustwide/target/debug/build/ui-sys-ebd0b37eec6a1800/build-script-build` (exit status: 101)
[INFO] [stderr]   --- stdout
[INFO] [stderr]   running: "cmake" "/opt/rustwide/cargo-home/registry/src/github.com-1ecc6299db9ec823/ui-sys-0.1.1/libui" "-DCMAKE_INSTALL_PREFIX=/opt/rustwide/target/debug/build/ui-sys-b1dfd72ecd1d9011/out" "-DCMAKE_C_FLAGS= -ffunction-sections -fdata-sections -fPIC -m64" "-DCMAKE_C_COMPILER=/usr/bin/cc" "-DCMAKE_CXX_FLAGS= -ffunction-sections -fdata-sections -fPIC -m64" "-DCMAKE_CXX_COMPILER=/usr/bin/c++" "-DCMAKE_BUILD_TYPE=Debug"
[INFO] [stderr]   -- The C compiler identification is GNU 9.3.0
[INFO] [stderr]   -- The CXX compiler identification is GNU 9.3.0
[INFO] [stderr]   -- Check for working C compiler: /usr/bin/cc
[INFO] [stderr]   -- Check for working C compiler: /usr/bin/cc -- works
[INFO] [stderr]   -- Detecting C compiler ABI info
[INFO] [stderr]   -- Detecting C compiler ABI info - done
[INFO] [stderr]   -- Detecting C compile features
[INFO] [stderr]   -- Detecting C compile features - done
[INFO] [stderr]   -- Check for working CXX compiler: /usr/bin/c++
[INFO] [stderr]   -- Check for working CXX compiler: /usr/bin/c++ -- works
[INFO] [stderr]   -- Detecting CXX compiler ABI info
[INFO] [stderr]   -- Detecting CXX compiler ABI info - done
[INFO] [stderr]   -- Detecting CXX compile features
[INFO] [stderr]   -- Detecting CXX compile features - done
[INFO] [stderr]   -- Found PkgConfig: /usr/bin/pkg-config (found version "0.29.1") 
[INFO] [stderr]   -- Checking for module 'gtk+-3.0'
[INFO] [stderr]   --   Found gtk+-3.0, version 3.24.20
[INFO] [stderr]   -- Configuring done
[INFO] [stderr]   -- Generating done
[INFO] [stderr]   -- Build files have been written to: /opt/rustwide/target/debug/build/ui-sys-b1dfd72ecd1d9011/out/build
[INFO] [stderr]   running: "cmake" "--build" "." "--target" "" "--config" "Debug" "--"
[INFO] [stderr]   Scanning dependencies of target libui
[INFO] [stderr]   [  2%] Building C object CMakeFiles/libui.dir/common/control.c.o
[INFO] [stderr]   [  4%] Building C object CMakeFiles/libui.dir/common/debug.c.o
[INFO] [stderr]   [  6%] Building C object CMakeFiles/libui.dir/common/areaevents.c.o
[INFO] [stderr]   [  8%] Building C object CMakeFiles/libui.dir/common/matrix.c.o
[INFO] [stderr]   [ 10%] Building C object CMakeFiles/libui.dir/common/userbugs.c.o
[INFO] [stderr]   [ 13%] Building C object CMakeFiles/libui.dir/common/shouldquit.c.o
[INFO] [stderr]   [ 15%] Building C object CMakeFiles/libui.dir/unix/alloc.c.o
[INFO] [stderr]   [ 17%] Building C object CMakeFiles/libui.dir/unix/box.c.o
[INFO] [stderr]   [ 19%] Building C object CMakeFiles/libui.dir/unix/checkbox.c.o
[INFO] [stderr]   [ 21%] Building C object CMakeFiles/libui.dir/unix/button.c.o
[INFO] [stderr]   [ 23%] Building C object CMakeFiles/libui.dir/unix/menu.c.o
[INFO] [stderr]   [ 26%] Building C object CMakeFiles/libui.dir/unix/combobox.c.o
[INFO] [stderr]   [ 28%] Building C object CMakeFiles/libui.dir/unix/area.c.o
[INFO] [stderr]   [ 32%] Building C object CMakeFiles/libui.dir/unix/draw.c.o
[INFO] [stderr]   [ 34%] Building C object CMakeFiles/libui.dir/unix/control.c.o
[INFO] [stderr]   [ 39%] Building C object CMakeFiles/libui.dir/unix/drawmatrix.c.o
[INFO] [stderr]   [ 41%] Building C object CMakeFiles/libui.dir/unix/editablecombo.c.o
[INFO] [stderr]   [ 45%] Building C object CMakeFiles/libui.dir/unix/entry.c.o
[INFO] [stderr]   [ 45%] Building C object CMakeFiles/libui.dir/unix/datetimepicker.c.o
[INFO] [stderr]   [ 45%] Building C object CMakeFiles/libui.dir/unix/drawtext.c.o
[INFO] [stderr]   [ 45%] Building C object CMakeFiles/libui.dir/unix/debug.c.o
[INFO] [stderr]   [ 50%] Building C object CMakeFiles/libui.dir/unix/colorbutton.c.o
[INFO] [stderr]   [ 52%] Building C object CMakeFiles/libui.dir/unix/separator.c.o
[INFO] [stderr]   [ 54%] Building C object CMakeFiles/libui.dir/unix/child.c.o
[INFO] [stderr]   [ 58%] Building C object CMakeFiles/libui.dir/unix/future.c.o
[INFO] [stderr]   [ 60%] Building C object CMakeFiles/libui.dir/unix/multilineentry.c.o
[INFO] [stderr]   [ 60%] Building C object CMakeFiles/libui.dir/unix/cellrendererbutton.c.o
[INFO] [stderr]   [ 65%] Building C object CMakeFiles/libui.dir/unix/graphemes.c.o
[INFO] [stderr]   [ 65%] Building C object CMakeFiles/libui.dir/unix/fontbutton.c.o
[INFO] [stderr]   [ 65%] Building C object CMakeFiles/libui.dir/unix/form.c.o
[INFO] [stderr]   [ 69%] Building C object CMakeFiles/libui.dir/unix/main.c.o
[INFO] [stderr]   [ 71%] Building C object CMakeFiles/libui.dir/unix/grid.c.o
[INFO] [stderr]   [ 73%] Building C object CMakeFiles/libui.dir/unix/group.c.o
[INFO] [stderr]   [ 76%] Building C object CMakeFiles/libui.dir/unix/progressbar.c.o
[INFO] [stderr]   [ 76%] Building C object CMakeFiles/libui.dir/unix/label.c.o
[INFO] [stderr]   [ 78%] Building C object CMakeFiles/libui.dir/unix/radiobuttons.c.o
[INFO] [stderr]   [ 80%] Building C object CMakeFiles/libui.dir/unix/drawpath.c.o
[INFO] [stderr]   [ 82%] Building C object CMakeFiles/libui.dir/unix/image.c.o
[INFO] [stderr]   [ 84%] Building C object CMakeFiles/libui.dir/unix/slider.c.o
[INFO] [stderr]   [ 86%] Building C object CMakeFiles/libui.dir/unix/spinbox.c.o
[INFO] [stderr]   [ 89%] Building C object CMakeFiles/libui.dir/unix/window.c.o
[INFO] [stderr]   [ 91%] Building C object CMakeFiles/libui.dir/unix/stddialogs.c.o
[INFO] [stderr]   [ 93%] Building C object CMakeFiles/libui.dir/unix/tab.c.o
[INFO] [stderr]   [ 95%] Building C object CMakeFiles/libui.dir/unix/util.c.o
[INFO] [stderr]   [ 97%] Building C object CMakeFiles/libui.dir/unix/text.c.o
[INFO] [stderr] 
[INFO] [stderr]   --- stderr
[INFO] [stderr]   fatal: not a git repository (or any parent up to mount point /opt/rustwide)
[INFO] [stderr]   Stopping at filesystem boundary (GIT_DISCOVERY_ACROSS_FILESYSTEM not set).
[INFO] [stderr]   Warning: Argument number 4 after --target option is empty.
[INFO] [stderr]   cc: fatal error: Killed signal terminated program cc1
[INFO] [stderr]   compilation terminated.
[INFO] [stderr]   make[2]: *** [CMakeFiles/libui.dir/build.make:518: CMakeFiles/libui.dir/unix/progressbar.c.o] Error 1
[INFO] [stderr]   cc: fatal error: Killed signal terminated program cc1
[INFO] [stderr]   compilation terminated.
[INFO] [stderr]   make[2]: *** Waiting for unfinished jobs....
[INFO] [stderr]   make[2]: *** [CMakeFiles/libui.dir/build.make:479: CMakeFiles/libui.dir/unix/main.c.o] Error 1
[INFO] [stderr]   cc: fatal error: Killed signal terminated program cc1
[INFO] [stderr]   compilation terminated.
[INFO] [stderr]   make[2]: *** [CMakeFiles/libui.dir/build.make:505: CMakeFiles/libui.dir/unix/multilineentry.c.o] Error 1
[INFO] [stderr]   cc: fatal error: Killed signal terminated program cc1
[INFO] [stderr]   compilation terminated.
[INFO] [stderr]   make[2]: *** [CMakeFiles/libui.dir/build.make:232: CMakeFiles/libui.dir/unix/colorbutton.c.o] Error 1
[INFO] [stderr]   cc: fatal error: Killed signal terminated program cc1
[INFO] [stderr]   compilation terminated.
[INFO] [stderr]   make[2]: *** [CMakeFiles/libui.dir/build.make:284: CMakeFiles/libui.dir/unix/debug.c.o] Error 1
[INFO] [stderr]   /opt/rustwide/cargo-home/registry/src/github.com-1ecc6299db9ec823/ui-sys-0.1.1/libui/unix/alloc.c: In function 'uninitComplain':
[INFO] [stderr]   /opt/rustwide/cargo-home/registry/src/github.com-1ecc6299db9ec823/ui-sys-0.1.1/libui/unix/alloc.c:27:26: warning: zero-length gnu_printf format string [-Wformat-zero-length]
[INFO] [stderr]      27 |   *str = g_strdup_printf("");
[INFO] [stderr]         |                          ^~
[INFO] [stderr]   /opt/rustwide/cargo-home/registry/src/github.com-1ecc6299db9ec823/ui-sys-0.1.1/libui/unix/image.c: In function 'uiImageAppend':
[INFO] [stderr]   /opt/rustwide/cargo-home/registry/src/github.com-1ecc6299db9ec823/ui-sys-0.1.1/libui/unix/image.c:56:13: warning: suggest braces around empty body in an 'if' statement [-Wempty-body]
[INFO] [stderr]      56 |   /* TODO */;
[INFO] [stderr]         |             ^
[INFO] [stderr]   make[1]: *** [CMakeFiles/Makefile2:162: CMakeFiles/libui.dir/all] Error 2
[INFO] [stderr]   make: *** [Makefile:84: all] Error 2
[INFO] [stderr]   thread 'main' panicked at '
[INFO] [stderr]   command did not execute successfully, got: exit status: 2
[INFO] [stderr] 
[INFO] [stderr]   build script failed, must exit now', /opt/rustwide/cargo-home/registry/src/github.com-1ecc6299db9ec823/cmake-0.1.29/src/lib.rs:632:5
[INFO] [stderr]   stack backtrace:
[INFO] [stderr]      0:     0x55758d926880 - std::backtrace_rs::backtrace::libunwind::trace::hff4d1766e93f64f1
[INFO] [stderr]                                  at /rustc/53fd98ca776cb875bc9e5514f56b52eb74f9e7a9/library/std/src/../../backtrace/src/backtrace/libunwind.rs:90:5
[INFO] [stderr]      1:     0x55758d926880 - std::backtrace_rs::backtrace::trace_unsynchronized::h56bbc8eb78770bcb
[INFO] [stderr]                                  at /rustc/53fd98ca776cb875bc9e5514f56b52eb74f9e7a9/library/std/src/../../backtrace/src/backtrace/mod.rs:66:5
[INFO] [stderr]      2:     0x55758d926880 - std::sys_common::backtrace::_print_fmt::h5c8e75464faca780
[INFO] [stderr]                                  at /rustc/53fd98ca776cb875bc9e5514f56b52eb74f9e7a9/library/std/src/sys_common/backtrace.rs:67:5
[INFO] [stderr]      3:     0x55758d926880 - <std::sys_common::backtrace::_print::DisplayBacktrace as core::fmt::Display>::fmt::h48b88277def8b362
[INFO] [stderr]                                  at /rustc/53fd98ca776cb875bc9e5514f56b52eb74f9e7a9/library/std/src/sys_common/backtrace.rs:46:22
[INFO] [stderr]      4:     0x55758d945dec - core::fmt::write::h3381b3176fe2b3d3
[INFO] [stderr]                                  at /rustc/53fd98ca776cb875bc9e5514f56b52eb74f9e7a9/library/core/src/fmt/mod.rs:1115:17
[INFO] [stderr]      5:     0x55758d923aa5 - std::io::Write::write_fmt::hd42607e5d8e44db0
[INFO] [stderr]                                  at /rustc/53fd98ca776cb875bc9e5514f56b52eb74f9e7a9/library/std/src/io/mod.rs:1665:15
[INFO] [stderr]      6:     0x55758d928d8b - std::sys_common::backtrace::_print::ha537687d6c17dd0d
[INFO] [stderr]                                  at /rustc/53fd98ca776cb875bc9e5514f56b52eb74f9e7a9/library/std/src/sys_common/backtrace.rs:49:5
[INFO] [stderr]      7:     0x55758d928d8b - std::sys_common::backtrace::print::h61376ae57d131d72
[INFO] [stderr]                                  at /rustc/53fd98ca776cb875bc9e5514f56b52eb74f9e7a9/library/std/src/sys_common/backtrace.rs:36:9
[INFO] [stderr]      8:     0x55758d928d8b - std::panicking::default_hook::{{closure}}::h0f7208c0b9644a54
[INFO] [stderr]                                  at /rustc/53fd98ca776cb875bc9e5514f56b52eb74f9e7a9/library/std/src/panicking.rs:208:50
[INFO] [stderr]      9:     0x55758d928861 - std::panicking::default_hook::hdac7fc06578c14ce
[INFO] [stderr]                                  at /rustc/53fd98ca776cb875bc9e5514f56b52eb74f9e7a9/library/std/src/panicking.rs:225:9
[INFO] [stderr]     10:     0x55758d929454 - std::panicking::rust_panic_with_hook::h72b21c283da3d1ef
[INFO] [stderr]                                  at /rustc/53fd98ca776cb875bc9e5514f56b52eb74f9e7a9/library/std/src/panicking.rs:622:17
[INFO] [stderr]     11:     0x55758d928f37 - std::panicking::begin_panic_handler::{{closure}}::he5778f1729cff84a
[INFO] [stderr]                                  at /rustc/53fd98ca776cb875bc9e5514f56b52eb74f9e7a9/library/std/src/panicking.rs:519:13
[INFO] [stderr]     12:     0x55758d926d5c - std::sys_common::backtrace::__rust_end_short_backtrace::h2d11ca8b453b4b1d
[INFO] [stderr]                                  at /rustc/53fd98ca776cb875bc9e5514f56b52eb74f9e7a9/library/std/src/sys_common/backtrace.rs:141:18
[INFO] [stderr]     13:     0x55758d928e99 - rust_begin_unwind
[INFO] [stderr]                                  at /rustc/53fd98ca776cb875bc9e5514f56b52eb74f9e7a9/library/std/src/panicking.rs:515:5
[INFO] [stderr]     14:     0x55758d8c9bbb - std::panicking::begin_panic_fmt::h746518bde832d259
[INFO] [stderr]                                  at /rustc/53fd98ca776cb875bc9e5514f56b52eb74f9e7a9/library/std/src/panicking.rs:457:5
[INFO] [stderr]     15:     0x55758d8d2393 - cmake::fail::h38b9eff07e0b6d85
[INFO] [stderr]                                  at /opt/rustwide/cargo-home/registry/src/github.com-1ecc6299db9ec823/cmake-0.1.29/src/lib.rs:632:5
[INFO] [stderr]     16:     0x55758d8d1da1 - cmake::run::h4a63dc365c25acc4
[INFO] [stderr]                                  at /opt/rustwide/cargo-home/registry/src/github.com-1ecc6299db9ec823/cmake-0.1.29/src/lib.rs:613:9
[INFO] [stderr]     17:     0x55758d8cf835 - cmake::Config::build::haf0c96ac19a269ad
[INFO] [stderr]                                  at /opt/rustwide/cargo-home/registry/src/github.com-1ecc6299db9ec823/cmake-0.1.29/src/lib.rs:520:9
[INFO] [stderr]     18:     0x55758d8cac35 - build_script_build::main::hd6acc5c8a87c3c36
[INFO] [stderr]                                  at /opt/rustwide/cargo-home/registry/src/github.com-1ecc6299db9ec823/ui-sys-0.1.1/build.rs:15:15
[INFO] [stderr]     19:     0x55758d8cb8eb - core::ops::function::FnOnce::call_once::h01e8df625b2751bc
[INFO] [stderr]                                  at /rustc/53fd98ca776cb875bc9e5514f56b52eb74f9e7a9/library/core/src/ops/function.rs:227:5
[INFO] [stderr]     20:     0x55758d8caa9e - std::sys_common::backtrace::__rust_begin_short_backtrace::hbcc7f046a2091405
[INFO] [stderr]                                  at /rustc/53fd98ca776cb875bc9e5514f56b52eb74f9e7a9/library/std/src/sys_common/backtrace.rs:125:18
[INFO] [stderr]     21:     0x55758d8cbf91 - std::rt::lang_start::{{closure}}::h2c49d4373baeec79
[INFO] [stderr]                                  at /rustc/53fd98ca776cb875bc9e5514f56b52eb74f9e7a9/library/std/src/rt.rs:63:18
[INFO] [stderr]     22:     0x55758d92995a - core::ops::function::impls::<impl core::ops::function::FnOnce<A> for &F>::call_once::ha88a7d1a4d24e549
[INFO] [stderr]                                  at /rustc/53fd98ca776cb875bc9e5514f56b52eb74f9e7a9/library/core/src/ops/function.rs:259:13
[INFO] [stderr]     23:     0x55758d92995a - std::panicking::try::do_call::hd3b1d7740607ccc7
[INFO] [stderr]                                  at /rustc/53fd98ca776cb875bc9e5514f56b52eb74f9e7a9/library/std/src/panicking.rs:401:40
[INFO] [stderr]     24:     0x55758d92995a - std::panicking::try::h0ee8c65ac7461507
[INFO] [stderr]                                  at /rustc/53fd98ca776cb875bc9e5514f56b52eb74f9e7a9/library/std/src/panicking.rs:365:19
[INFO] [stderr]     25:     0x55758d92995a - std::panic::catch_unwind::head47f0de4ccd838
[INFO] [stderr]                                  at /rustc/53fd98ca776cb875bc9e5514f56b52eb74f9e7a9/library/std/src/panic.rs:434:14
[INFO] [stderr]     26:     0x55758d92995a - std::rt::lang_start_internal::{{closure}}::hbc7de8ec820ac085
[INFO] [stderr]                                  at /rustc/53fd98ca776cb875bc9e5514f56b52eb74f9e7a9/library/std/src/rt.rs:45:48
[INFO] [stderr]     27:     0x55758d92995a - std::panicking::try::do_call::h2609e52e8bad4a7b
[INFO] [stderr]                                  at /rustc/53fd98ca776cb875bc9e5514f56b52eb74f9e7a9/library/std/src/panicking.rs:401:40
[INFO] [stderr]     28:     0x55758d92995a - std::panicking::try::hd0929f0b603e0389
[INFO] [stderr]                                  at /rustc/53fd98ca776cb875bc9e5514f56b52eb74f9e7a9/library/std/src/panicking.rs:365:19
[INFO] [stderr]     29:     0x55758d92995a - std::panic::catch_unwind::h27902b81c3e47571
[INFO] [stderr]                                  at /rustc/53fd98ca776cb875bc9e5514f56b52eb74f9e7a9/library/std/src/panic.rs:434:14
[INFO] [stderr]     30:     0x55758d92995a - std::rt::lang_start_internal::h3fb2d794dd391e3e
[INFO] [stderr]                                  at /rustc/53fd98ca776cb875bc9e5514f56b52eb74f9e7a9/library/std/src/rt.rs:45:20
[INFO] [stderr]     31:     0x55758d8cbf60 - std::rt::lang_start::hd5c03f2b5456c33d
[INFO] [stderr]                                  at /rustc/53fd98ca776cb875bc9e5514f56b52eb74f9e7a9/library/std/src/rt.rs:62:5
[INFO] [stderr]     32:     0x55758d8cb31c - main
[INFO] [stderr]     33:     0x7f2a6da3e0b3 - __libc_start_main
[INFO] [stderr]     34:     0x55758d8ca9ce - _start
[INFO] [stderr]     35:                0x0 - <unknown>
[INFO] [stderr] warning: build failed, waiting for other jobs to finish...
[INFO] [stderr] error: build failed
[INFO] running `Command { std: "docker" "inspect" "72f4e4ceba539beb85baf0ef973cc7e048799394228f8fb1ed29e663d74c55ac", kill_on_drop: false }`
[INFO] running `Command { std: "docker" "rm" "-f" "72f4e4ceba539beb85baf0ef973cc7e048799394228f8fb1ed29e663d74c55ac", kill_on_drop: false }`
[INFO] [stdout] 72f4e4ceba539beb85baf0ef973cc7e048799394228f8fb1ed29e663d74c55ac
