[INFO] cloning repository https://github.com/VictorKoenders/printer_firmware
[INFO] running `Command { std: "git" "-c" "credential.helper=" "-c" "credential.helper=/workspace/cargo-home/bin/git-credential-null" "clone" "--bare" "https://github.com/VictorKoenders/printer_firmware" "/workspace/cache/git-repos/https%3A%2F%2Fgithub.com%2FVictorKoenders%2Fprinter_firmware", kill_on_drop: false }`
[INFO] [stderr] Cloning into bare repository '/workspace/cache/git-repos/https%3A%2F%2Fgithub.com%2FVictorKoenders%2Fprinter_firmware'...
[INFO] running `Command { std: "git" "rev-parse" "HEAD", kill_on_drop: false }`
[INFO] [stdout] b422be461e8cd268bb2da2bfad734af520570fda
[INFO] testing VictorKoenders/printer_firmware against beta-2021-08-01 for beta-1.55-1
[INFO] running `Command { std: "git" "clone" "/workspace/cache/git-repos/https%3A%2F%2Fgithub.com%2FVictorKoenders%2Fprinter_firmware" "/workspace/builds/worker-9/source", kill_on_drop: false }`
[INFO] [stderr] Cloning into '/workspace/builds/worker-9/source'...
[INFO] [stderr] done.
[INFO] validating manifest of git repo https://github.com/VictorKoenders/printer_firmware on toolchain beta-2021-08-01
[INFO] running `Command { std: "/workspace/cargo-home/bin/cargo" "+beta-2021-08-01" "metadata" "--manifest-path" "Cargo.toml" "--no-deps", kill_on_drop: false }`
[INFO] removed /workspace/builds/worker-9/source/.cargo/config
[INFO] started tweaking git repo https://github.com/VictorKoenders/printer_firmware
[INFO] finished tweaking git repo https://github.com/VictorKoenders/printer_firmware
[INFO] tweaked toml for git repo https://github.com/VictorKoenders/printer_firmware written to /workspace/builds/worker-9/source/Cargo.toml
[INFO] crate git repo https://github.com/VictorKoenders/printer_firmware already has a lockfile, it will not be regenerated
[INFO] running `Command { std: "/workspace/cargo-home/bin/cargo" "+beta-2021-08-01" "fetch" "--manifest-path" "Cargo.toml", kill_on_drop: false }`
[INFO] [stderr]     Blocking waiting for file lock on package cache
[INFO] [stderr]     Updating git repository `https://github.com/japaric/stm32f103xx-hal.git`
[INFO] [stderr]     Blocking waiting for file lock on package cache
[INFO] [stderr]  Downloading crates ...
[INFO] [stderr]   Downloaded panic-semihosting v0.3.0
[INFO] [stderr]   Downloaded proc-macro2 v0.4.18
[INFO] [stderr]   Downloaded nb v0.1.1
[INFO] [stderr]   Downloaded stm32f103xx v0.10.0
[INFO] [stderr]   Downloaded embedded-hal v0.2.1
[INFO] [stderr]   Downloaded bare-metal v0.2.3
[INFO] [stderr]   Downloaded cortex-m v0.5.7
[INFO] [stderr]   Downloaded panic-semihosting v0.4.0
[INFO] [stderr]   Downloaded cortex-m-rt-macros v0.1.0
[INFO] [stderr]   Downloaded cortex-m-rt v0.6.1
[INFO] [stderr]   Downloaded cortex-m-semihosting v0.3.1
[INFO] [stderr]   Downloaded panic-itm v0.2.0
[INFO] [stderr]   Downloaded cortex-m-rt v0.5.4
[INFO] running `Command { std: "docker" "create" "-v" "/var/lib/crater-agent-workspace/builds/worker-9/target:/opt/rustwide/target:rw,Z" "-v" "/var/lib/crater-agent-workspace/builds/worker-9/source:/opt/rustwide/workdir:ro,Z" "-v" "/var/lib/crater-agent-workspace/cargo-home:/opt/rustwide/cargo-home:ro,Z" "-v" "/var/lib/crater-agent-workspace/rustup-home:/opt/rustwide/rustup-home:ro,Z" "-e" "SOURCE_DIR=/opt/rustwide/workdir" "-e" "CARGO_TARGET_DIR=/opt/rustwide/target" "-e" "CARGO_HOME=/opt/rustwide/cargo-home" "-e" "RUSTUP_HOME=/opt/rustwide/rustup-home" "-w" "/opt/rustwide/workdir" "-m" "1610612736" "--user" "0:0" "--network" "none" "ghcr.io/rust-lang/crates-build-env/linux@sha256:34b6a614d2c27851fe6cbf88fbd1137609cefab8b10d0615aaeb6fd47975d74e" "/opt/rustwide/cargo-home/bin/cargo" "+beta-2021-08-01" "metadata" "--no-deps" "--format-version=1", kill_on_drop: false }`
[INFO] [stdout] 88fbc6c43c3da2fa3b39422f65937715a0a1320087aa8a11ff8b675760191cf5
[INFO] running `Command { std: "docker" "start" "-a" "88fbc6c43c3da2fa3b39422f65937715a0a1320087aa8a11ff8b675760191cf5", kill_on_drop: false }`
[INFO] running `Command { std: "docker" "inspect" "88fbc6c43c3da2fa3b39422f65937715a0a1320087aa8a11ff8b675760191cf5", kill_on_drop: false }`
[INFO] running `Command { std: "docker" "rm" "-f" "88fbc6c43c3da2fa3b39422f65937715a0a1320087aa8a11ff8b675760191cf5", kill_on_drop: false }`
[INFO] [stdout] 88fbc6c43c3da2fa3b39422f65937715a0a1320087aa8a11ff8b675760191cf5
[INFO] running `Command { std: "docker" "create" "-v" "/var/lib/crater-agent-workspace/builds/worker-9/target:/opt/rustwide/target:rw,Z" "-v" "/var/lib/crater-agent-workspace/builds/worker-9/source:/opt/rustwide/workdir:ro,Z" "-v" "/var/lib/crater-agent-workspace/cargo-home:/opt/rustwide/cargo-home:ro,Z" "-v" "/var/lib/crater-agent-workspace/rustup-home:/opt/rustwide/rustup-home:ro,Z" "-e" "SOURCE_DIR=/opt/rustwide/workdir" "-e" "CARGO_TARGET_DIR=/opt/rustwide/target" "-e" "CARGO_INCREMENTAL=0" "-e" "RUST_BACKTRACE=full" "-e" "RUSTFLAGS=--cap-lints=warn" "-e" "CARGO_HOME=/opt/rustwide/cargo-home" "-e" "RUSTUP_HOME=/opt/rustwide/rustup-home" "-w" "/opt/rustwide/workdir" "-m" "1610612736" "--user" "0:0" "--network" "none" "ghcr.io/rust-lang/crates-build-env/linux@sha256:34b6a614d2c27851fe6cbf88fbd1137609cefab8b10d0615aaeb6fd47975d74e" "/opt/rustwide/cargo-home/bin/cargo" "+beta-2021-08-01" "build" "--frozen" "--message-format=json", kill_on_drop: false }`
[INFO] [stdout] e61ab05117b2639859f8293ed243b19158647660b779b3ad3b5688744aa13054
[INFO] running `Command { std: "docker" "start" "-a" "e61ab05117b2639859f8293ed243b19158647660b779b3ad3b5688744aa13054", kill_on_drop: false }`
[INFO] [stderr]    Compiling vcell v0.1.0
[INFO] [stderr]    Compiling cortex-m v0.5.7
[INFO] [stderr]    Compiling proc-macro2 v0.4.18
[INFO] [stderr]    Compiling aligned v0.2.0
[INFO] [stderr]    Compiling bare-metal v0.2.3
[INFO] [stderr]    Compiling cortex-m-semihosting v0.3.1
[INFO] [stderr]    Compiling cortex-m-rt v0.5.4
[INFO] [stderr]    Compiling r0 v0.2.2
[INFO] [stderr]    Compiling rand_core v0.2.1
[INFO] [stderr]    Compiling stm32f103xx v0.10.0
[INFO] [stderr]    Compiling libc v0.2.43
[INFO] [stderr]    Compiling stm32f103xx-hal v0.1.0 (https://github.com/japaric/stm32f103xx-hal.git#687dc4b2)
[INFO] [stderr]    Compiling nb v0.1.1
[INFO] [stderr]    Compiling cortex-m-rt v0.6.1
[INFO] [stderr]    Compiling printer_firmware v0.1.0 (/opt/rustwide/workdir)
[INFO] [stderr]    Compiling cast v0.2.2
[INFO] [stderr]    Compiling volatile-register v0.2.0
[INFO] [stderr]    Compiling embedded-hal v0.2.1
[INFO] [stderr]    Compiling rand v0.5.5
[INFO] [stderr]    Compiling panic-semihosting v0.3.0
[INFO] [stderr]    Compiling panic-itm v0.2.0
[INFO] [stderr]    Compiling panic-semihosting v0.4.0
[INFO] [stdout] error[E0557]: feature has been removed
[INFO] [stdout]   --> /opt/rustwide/cargo-home/registry/src/github.com-1ecc6299db9ec823/panic-semihosting-0.3.0/src/lib.rs:59:12
[INFO] [stdout]    |
[INFO] [stdout] 59 | #![feature(panic_implementation)]
[INFO] [stdout]    |            ^^^^^^^^^^^^^^^^^^^^ feature has been removed
[INFO] [stdout]    |
[INFO] [stdout]    = note: subsumed by `#[panic_handler]`
[INFO] [stdout] 
[INFO] [stdout] 
[INFO] [stdout] error: cannot find attribute `panic_implementation` in this scope
[INFO] [stdout]   --> /opt/rustwide/cargo-home/registry/src/github.com-1ecc6299db9ec823/panic-semihosting-0.3.0/src/lib.rs:71:3
[INFO] [stdout]    |
[INFO] [stdout] 71 | #[panic_implementation]
[INFO] [stdout]    |   ^^^^^^^^^^^^^^^^^^^^
[INFO] [stdout] 
[INFO] [stdout] 
[INFO] [stdout] error[E0554]: `#![feature]` may not be used on the beta release channel
[INFO] [stdout]   --> /opt/rustwide/cargo-home/registry/src/github.com-1ecc6299db9ec823/panic-semihosting-0.3.0/src/lib.rs:59:1
[INFO] [stdout]    |
[INFO] [stdout] 59 | #![feature(panic_implementation)]
[INFO] [stdout]    | ^^^^^^^^^^^^^^^^^^^^^^^^^^^^^^^^^
[INFO] [stdout] 
[INFO] [stdout] 
[INFO] [stdout] error: aborting due to 3 previous errors
[INFO] [stdout] 
[INFO] [stdout] 
[INFO] [stdout] Some errors have detailed explanations: E0554, E0557.
[INFO] [stdout] 
[INFO] [stdout] For more information about an error, try `rustc --explain E0554`.
[INFO] [stdout] 
[INFO] [stdout] error[E0557]: feature has been removed
[INFO] [stdout]   --> /opt/rustwide/cargo-home/registry/src/github.com-1ecc6299db9ec823/panic-itm-0.2.0/src/lib.rs:33:12
[INFO] [stdout]    |
[INFO] [stdout] 33 | #![feature(panic_implementation)]
[INFO] [stdout]    |            ^^^^^^^^^^^^^^^^^^^^ feature has been removed
[INFO] [stdout]    |
[INFO] [stdout]    = note: subsumed by `#[panic_handler]`
[INFO] [stdout] 
[INFO] [stdout] 
[INFO] [stderr] error: could not compile `panic-semihosting` due to 4 previous errors
[INFO] [stderr] warning: build failed, waiting for other jobs to finish...
[INFO] [stdout] error: cannot find attribute `panic_implementation` in this scope
[INFO] [stdout]   --> /opt/rustwide/cargo-home/registry/src/github.com-1ecc6299db9ec823/panic-itm-0.2.0/src/lib.rs:44:3
[INFO] [stdout]    |
[INFO] [stdout] 44 | #[panic_implementation]
[INFO] [stdout]    |   ^^^^^^^^^^^^^^^^^^^^
[INFO] [stdout] 
[INFO] [stdout] 
[INFO] [stdout] error[E0554]: `#![feature]` may not be used on the beta release channel
[INFO] [stdout]   --> /opt/rustwide/cargo-home/registry/src/github.com-1ecc6299db9ec823/panic-itm-0.2.0/src/lib.rs:33:1
[INFO] [stdout]    |
[INFO] [stdout] 33 | #![feature(panic_implementation)]
[INFO] [stdout]    | ^^^^^^^^^^^^^^^^^^^^^^^^^^^^^^^^^
[INFO] [stdout] 
[INFO] [stdout] 
[INFO] [stdout] error: aborting due to 3 previous errors
[INFO] [stdout] 
[INFO] [stdout] 
[INFO] [stdout] Some errors have detailed explanations: E0554, E0557.
[INFO] [stdout] 
[INFO] [stdout] For more information about an error, try `rustc --explain E0554`.
[INFO] [stdout] 
[INFO] [stdout] error[E0554]: `#![feature]` may not be used on the beta release channel
[INFO] [stdout]   --> /opt/rustwide/cargo-home/registry/src/github.com-1ecc6299db9ec823/panic-semihosting-0.4.0/src/lib.rs:51:1
[INFO] [stdout]    |
[INFO] [stdout] 51 | #![feature(panic_handler)]
[INFO] [stdout]    | ^^^^^^^^^^^^^^^^^^^^^^^^^^ help: remove the attribute
[INFO] [stdout]    |
[INFO] [stdout]    = help: the feature `panic_handler` has been stable since 1.30.0 and no longer requires an attribute to enable
[INFO] [stdout] 
[INFO] [stdout] 
[INFO] [stdout] error: aborting due to previous error
[INFO] [stdout] 
[INFO] [stdout] 
[INFO] [stdout] For more information about this error, try `rustc --explain E0554`.
[INFO] [stdout] 
[INFO] [stderr] error: build failed
[INFO] running `Command { std: "docker" "inspect" "e61ab05117b2639859f8293ed243b19158647660b779b3ad3b5688744aa13054", kill_on_drop: false }`
[INFO] running `Command { std: "docker" "rm" "-f" "e61ab05117b2639859f8293ed243b19158647660b779b3ad3b5688744aa13054", kill_on_drop: false }`
[INFO] [stdout] e61ab05117b2639859f8293ed243b19158647660b779b3ad3b5688744aa13054
