[INFO] cloning repository https://github.com/Vavassor/glass
[INFO] running `Command { std: "git" "-c" "credential.helper=" "-c" "credential.helper=/workspace/cargo-home/bin/git-credential-null" "clone" "--bare" "https://github.com/Vavassor/glass" "/workspace/cache/git-repos/https%3A%2F%2Fgithub.com%2FVavassor%2Fglass", kill_on_drop: false }`
[INFO] [stderr] Cloning into bare repository '/workspace/cache/git-repos/https%3A%2F%2Fgithub.com%2FVavassor%2Fglass'...
[INFO] running `Command { std: "git" "rev-parse" "HEAD", kill_on_drop: false }`
[INFO] [stdout] 60088455698cdc3bc3fc3678c4906817cc2f169f
[INFO] testing Vavassor/glass against beta-2021-08-01 for beta-1.55-1
[INFO] running `Command { std: "git" "clone" "/workspace/cache/git-repos/https%3A%2F%2Fgithub.com%2FVavassor%2Fglass" "/workspace/builds/worker-115/source", kill_on_drop: false }`
[INFO] [stderr] Cloning into '/workspace/builds/worker-115/source'...
[INFO] [stderr] done.
[INFO] validating manifest of git repo https://github.com/Vavassor/glass on toolchain beta-2021-08-01
[INFO] running `Command { std: "/workspace/cargo-home/bin/cargo" "+beta-2021-08-01" "metadata" "--manifest-path" "Cargo.toml" "--no-deps", kill_on_drop: false }`
[INFO] started tweaking git repo https://github.com/Vavassor/glass
[INFO] finished tweaking git repo https://github.com/Vavassor/glass
[INFO] tweaked toml for git repo https://github.com/Vavassor/glass written to /workspace/builds/worker-115/source/Cargo.toml
[INFO] crate git repo https://github.com/Vavassor/glass already has a lockfile, it will not be regenerated
[INFO] running `Command { std: "/workspace/cargo-home/bin/cargo" "+beta-2021-08-01" "fetch" "--manifest-path" "Cargo.toml", kill_on_drop: false }`
[INFO] [stderr]     Blocking waiting for file lock on package cache
[INFO] [stderr]     Blocking waiting for file lock on package cache
[INFO] running `Command { std: "docker" "create" "-v" "/var/lib/crater-agent-workspace/builds/worker-115/target:/opt/rustwide/target:rw,Z" "-v" "/var/lib/crater-agent-workspace/builds/worker-115/source:/opt/rustwide/workdir:ro,Z" "-v" "/var/lib/crater-agent-workspace/cargo-home:/opt/rustwide/cargo-home:ro,Z" "-v" "/var/lib/crater-agent-workspace/rustup-home:/opt/rustwide/rustup-home:ro,Z" "-e" "SOURCE_DIR=/opt/rustwide/workdir" "-e" "CARGO_TARGET_DIR=/opt/rustwide/target" "-e" "CARGO_HOME=/opt/rustwide/cargo-home" "-e" "RUSTUP_HOME=/opt/rustwide/rustup-home" "-w" "/opt/rustwide/workdir" "-m" "1610612736" "--user" "0:0" "--network" "none" "ghcr.io/rust-lang/crates-build-env/linux@sha256:34b6a614d2c27851fe6cbf88fbd1137609cefab8b10d0615aaeb6fd47975d74e" "/opt/rustwide/cargo-home/bin/cargo" "+beta-2021-08-01" "metadata" "--no-deps" "--format-version=1", kill_on_drop: false }`
[INFO] [stdout] de0a1bfb36640844f4119e538a8f4c07a65550978fae2ec77207abf98a3a120a
[INFO] running `Command { std: "docker" "start" "-a" "de0a1bfb36640844f4119e538a8f4c07a65550978fae2ec77207abf98a3a120a", kill_on_drop: false }`
[INFO] running `Command { std: "docker" "inspect" "de0a1bfb36640844f4119e538a8f4c07a65550978fae2ec77207abf98a3a120a", kill_on_drop: false }`
[INFO] running `Command { std: "docker" "rm" "-f" "de0a1bfb36640844f4119e538a8f4c07a65550978fae2ec77207abf98a3a120a", kill_on_drop: false }`
[INFO] [stdout] de0a1bfb36640844f4119e538a8f4c07a65550978fae2ec77207abf98a3a120a
[INFO] running `Command { std: "docker" "create" "-v" "/var/lib/crater-agent-workspace/builds/worker-115/target:/opt/rustwide/target:rw,Z" "-v" "/var/lib/crater-agent-workspace/builds/worker-115/source:/opt/rustwide/workdir:ro,Z" "-v" "/var/lib/crater-agent-workspace/cargo-home:/opt/rustwide/cargo-home:ro,Z" "-v" "/var/lib/crater-agent-workspace/rustup-home:/opt/rustwide/rustup-home:ro,Z" "-e" "SOURCE_DIR=/opt/rustwide/workdir" "-e" "CARGO_TARGET_DIR=/opt/rustwide/target" "-e" "CARGO_INCREMENTAL=0" "-e" "RUST_BACKTRACE=full" "-e" "RUSTFLAGS=--cap-lints=warn" "-e" "CARGO_HOME=/opt/rustwide/cargo-home" "-e" "RUSTUP_HOME=/opt/rustwide/rustup-home" "-w" "/opt/rustwide/workdir" "-m" "1610612736" "--user" "0:0" "--network" "none" "ghcr.io/rust-lang/crates-build-env/linux@sha256:34b6a614d2c27851fe6cbf88fbd1137609cefab8b10d0615aaeb6fd47975d74e" "/opt/rustwide/cargo-home/bin/cargo" "+beta-2021-08-01" "build" "--frozen" "--message-format=json", kill_on_drop: false }`
[INFO] [stdout] 292c5203f29cbd12dbf5c0928c41bf6d854b3b112584610b42483b317fec7290
[INFO] running `Command { std: "docker" "start" "-a" "292c5203f29cbd12dbf5c0928c41bf6d854b3b112584610b42483b317fec7290", kill_on_drop: false }`
[INFO] [stderr]     Blocking waiting for file lock on package cache
[INFO] [stderr]    Compiling libc v0.2.93
[INFO] [stderr]    Compiling proc-macro2 v1.0.26
[INFO] [stderr]    Compiling memchr v2.3.4
[INFO] [stderr]    Compiling syn v1.0.70
[INFO] [stderr]    Compiling once_cell v1.7.2
[INFO] [stderr]    Compiling slab v0.4.3
[INFO] [stderr]    Compiling pin-project-lite v0.2.6
[INFO] [stderr]    Compiling futures-sink v0.3.14
[INFO] [stderr]    Compiling futures-core v0.3.14
[INFO] [stderr]    Compiling futures-task v0.3.14
[INFO] [stderr]    Compiling nix v0.18.0
[INFO] [stderr]    Compiling futures-io v0.3.14
[INFO] [stderr]    Compiling ttf-parser v0.6.2
[INFO] [stderr]    Compiling scoped-tls v1.0.0
[INFO] [stderr]    Compiling bit-vec v0.6.3
[INFO] [stderr]    Compiling ab_glyph_rasterizer v0.1.4
[INFO] [stderr]    Compiling anyhow v1.0.40
[INFO] [stderr]    Compiling bytes v1.0.1
[INFO] [stderr]    Compiling weezl v0.1.5
[INFO] [stderr]    Compiling adler v1.0.2
[INFO] [stderr]    Compiling fs_extra v1.2.0
[INFO] [stderr]    Compiling humantime v2.1.0
[INFO] [stderr]    Compiling bytemuck v1.5.1
[INFO] [stderr]    Compiling termcolor v1.1.2
[INFO] [stderr]    Compiling crossbeam-utils v0.8.3
[INFO] [stderr]    Compiling memoffset v0.6.3
[INFO] [stderr]    Compiling wayland-sys v0.28.5
[INFO] [stderr]    Compiling libloading v0.7.0
[INFO] [stderr]    Compiling nom v6.1.2
[INFO] [stderr]    Compiling lock_api v0.4.3
[INFO] [stderr]    Compiling miniz_oxide v0.4.4
[INFO] [stderr]    Compiling tokio v1.5.0
[INFO] [stderr]    Compiling fxhash v0.2.1
[INFO] [stderr]    Compiling miniz_oxide v0.3.7
[INFO] [stderr]    Compiling deflate v0.8.6
[INFO] [stderr]    Compiling dlib v0.4.2
[INFO] [stderr]    Compiling num-integer v0.1.44
[INFO] [stderr]    Compiling owned_ttf_parser v0.6.0
[INFO] [stderr]    Compiling bit-set v0.5.2
[INFO] [stderr]    Compiling gif v0.11.2
[INFO] [stderr]    Compiling futures-channel v0.3.14
[INFO] [stderr]    Compiling png v0.16.8
[INFO] [stderr]    Compiling dlib v0.5.0
[INFO] [stderr]    Compiling num-iter v0.1.42
[INFO] [stderr]    Compiling num-rational v0.3.2
[INFO] [stderr]    Compiling rusttype v0.9.2
[INFO] [stderr]    Compiling andrew v0.3.1
[INFO] [stderr]    Compiling aho-corasick v0.7.15
[INFO] [stderr]    Compiling quote v1.0.9
[INFO] [stderr]    Compiling jobserver v0.1.22
[INFO] [stderr]    Compiling num_cpus v1.13.0
[INFO] [stderr]    Compiling nix v0.20.0
[INFO] [stderr]    Compiling parking_lot_core v0.8.3
[INFO] [stderr]    Compiling raw-window-handle v0.3.3
[INFO] [stderr]    Compiling iovec v0.1.4
[INFO] [stderr]    Compiling signal-hook-registry v1.3.0
[INFO] [stderr]    Compiling mio v0.7.11
[INFO] [stderr]    Compiling net2 v0.2.37
[INFO] [stderr]    Compiling memmap2 v0.1.0
[INFO] [stderr]    Compiling atty v0.2.14
[INFO] [stderr]    Compiling x11-dl v2.18.5
[INFO] [stderr]    Compiling crossbeam-epoch v0.9.3
[INFO] [stderr]    Compiling crossbeam-channel v0.5.1
[INFO] [stderr]    Compiling cc v1.0.67
[INFO] [stderr]    Compiling parking_lot v0.11.1
[INFO] [stderr]    Compiling wayland-scanner v0.28.5
[INFO] [stderr]    Compiling mio v0.6.23
[INFO] [stderr]    Compiling crossbeam-deque v0.8.0
[INFO] [stderr]    Compiling regex v1.4.6
[INFO] [stderr]    Compiling xcursor v0.3.3
[INFO] [stderr]    Compiling rayon-core v1.9.0
[INFO] [stderr]    Compiling mio-extras v2.0.6
[INFO] [stderr]    Compiling cmake v0.1.45
[INFO] [stderr]    Compiling rayon v1.5.0
[INFO] [stderr]    Compiling env_logger v0.8.3
[INFO] [stderr]    Compiling wayland-client v0.28.5
[INFO] [stderr]    Compiling wayland-protocols v0.28.5
[INFO] [stderr]    Compiling shaderc-sys v0.7.2
[INFO] [stderr]    Compiling spirv_cross v0.23.1
[INFO] [stderr] error: could not compile `nix`
[INFO] [stderr] 
[INFO] [stderr] Caused by:
[INFO] [stderr]   process didn't exit successfully: `rustc --crate-name nix --edition=2018 /opt/rustwide/cargo-home/registry/src/github.com-1ecc6299db9ec823/nix-0.20.0/src/lib.rs --error-format=json --json=diagnostic-rendered-ansi,artifacts --crate-type lib --emit=dep-info,metadata,link -C embed-bitcode=no -C debuginfo=2 -C metadata=b21fe09c8d02242d -C extra-filename=-b21fe09c8d02242d --out-dir /opt/rustwide/target/debug/deps -L dependency=/opt/rustwide/target/debug/deps --extern bitflags=/opt/rustwide/target/debug/deps/libbitflags-e09638bf9aca31b4.rmeta --extern cfg_if=/opt/rustwide/target/debug/deps/libcfg_if-0d27f345b2a6a3cd.rmeta --extern libc=/opt/rustwide/target/debug/deps/liblibc-6f792ea8d0d8af1b.rmeta --cap-lints allow --cap-lints=warn` (signal: 9, SIGKILL: kill)
[INFO] [stderr] warning: build failed, waiting for other jobs to finish...
[INFO] [stderr] The following warnings were emitted during compilation:
[INFO] [stderr] 
[INFO] [stderr] warning: src/wrapper.cpp:2: warning: ignoring #pragma warning  [-Wunknown-pragmas]
[INFO] [stderr] warning:     2 | #pragma warning(disable : 4996 4101)
[INFO] [stderr] warning:       | 
[INFO] [stderr] warning: c++: fatal error: Killed signal terminated program cc1plus
[INFO] [stderr] warning: compilation terminated.
[INFO] [stderr] warning: c++: fatal error: Killed signal terminated program cc1plus
[INFO] [stderr] warning: compilation terminated.
[INFO] [stderr] warning: c++: fatal error: Killed signal terminated program cc1plus
[INFO] [stderr] warning: compilation terminated.
[INFO] [stderr] warning: c++: fatal error: Killed signal terminated program cc1plus
[INFO] [stderr] warning: compilation terminated.
[INFO] [stderr] warning: c++: fatal error: Killed signal terminated program cc1plus
[INFO] [stderr] warning: compilation terminated.
[INFO] [stderr] warning: c++: fatal error: Killed signal terminated program cc1plus
[INFO] [stderr] warning: compilation terminated.
[INFO] [stderr] 
[INFO] running `Command { std: "docker" "inspect" "292c5203f29cbd12dbf5c0928c41bf6d854b3b112584610b42483b317fec7290", kill_on_drop: false }`
[INFO] running `Command { std: "docker" "rm" "-f" "292c5203f29cbd12dbf5c0928c41bf6d854b3b112584610b42483b317fec7290", kill_on_drop: false }`
[INFO] [stdout] 292c5203f29cbd12dbf5c0928c41bf6d854b3b112584610b42483b317fec7290
