[INFO] cloning repository https://github.com/UseK/typical90
[INFO] running `Command { std: "git" "-c" "credential.helper=" "-c" "credential.helper=/workspace/cargo-home/bin/git-credential-null" "clone" "--bare" "https://github.com/UseK/typical90" "/workspace/cache/git-repos/https%3A%2F%2Fgithub.com%2FUseK%2Ftypical90", kill_on_drop: false }`
[INFO] [stderr] Cloning into bare repository '/workspace/cache/git-repos/https%3A%2F%2Fgithub.com%2FUseK%2Ftypical90'...
[INFO] running `Command { std: "git" "rev-parse" "HEAD", kill_on_drop: false }`
[INFO] [stdout] 3ec65a4dacf462da8bae8fa7338ba6cf60b47af7
[INFO] testing UseK/typical90 against beta-2021-08-01 for beta-1.55-1
[INFO] running `Command { std: "git" "clone" "/workspace/cache/git-repos/https%3A%2F%2Fgithub.com%2FUseK%2Ftypical90" "/workspace/builds/worker-85/source", kill_on_drop: false }`
[INFO] [stderr] Cloning into '/workspace/builds/worker-85/source'...
[INFO] [stderr] done.
[INFO] validating manifest of git repo https://github.com/UseK/typical90 on toolchain beta-2021-08-01
[INFO] running `Command { std: "/workspace/cargo-home/bin/cargo" "+beta-2021-08-01" "metadata" "--manifest-path" "Cargo.toml" "--no-deps", kill_on_drop: false }`
[INFO] started tweaking git repo https://github.com/UseK/typical90
[INFO] finished tweaking git repo https://github.com/UseK/typical90
[INFO] tweaked toml for git repo https://github.com/UseK/typical90 written to /workspace/builds/worker-85/source/Cargo.toml
[INFO] crate git repo https://github.com/UseK/typical90 already has a lockfile, it will not be regenerated
[INFO] running `Command { std: "/workspace/cargo-home/bin/cargo" "+beta-2021-08-01" "fetch" "--manifest-path" "Cargo.toml", kill_on_drop: false }`
[INFO] [stderr]     Blocking waiting for file lock on package cache
[INFO] [stderr]     Updating git repository `https://github.com/UseK/competitive-tools-rust.git`
[INFO] [stderr]     Blocking waiting for file lock on package cache
[INFO] running `Command { std: "docker" "create" "-v" "/var/lib/crater-agent-workspace/builds/worker-85/target:/opt/rustwide/target:rw,Z" "-v" "/var/lib/crater-agent-workspace/builds/worker-85/source:/opt/rustwide/workdir:ro,Z" "-v" "/var/lib/crater-agent-workspace/cargo-home:/opt/rustwide/cargo-home:ro,Z" "-v" "/var/lib/crater-agent-workspace/rustup-home:/opt/rustwide/rustup-home:ro,Z" "-e" "SOURCE_DIR=/opt/rustwide/workdir" "-e" "CARGO_TARGET_DIR=/opt/rustwide/target" "-e" "CARGO_HOME=/opt/rustwide/cargo-home" "-e" "RUSTUP_HOME=/opt/rustwide/rustup-home" "-w" "/opt/rustwide/workdir" "-m" "1610612736" "--user" "0:0" "--network" "none" "ghcr.io/rust-lang/crates-build-env/linux@sha256:34b6a614d2c27851fe6cbf88fbd1137609cefab8b10d0615aaeb6fd47975d74e" "/opt/rustwide/cargo-home/bin/cargo" "+beta-2021-08-01" "metadata" "--no-deps" "--format-version=1", kill_on_drop: false }`
[INFO] [stdout] faa9d7afd4271f9c710b322b9109616b619da5d9713e1da6ca3a70986d57abb9
[INFO] running `Command { std: "docker" "start" "-a" "faa9d7afd4271f9c710b322b9109616b619da5d9713e1da6ca3a70986d57abb9", kill_on_drop: false }`
[INFO] running `Command { std: "docker" "inspect" "faa9d7afd4271f9c710b322b9109616b619da5d9713e1da6ca3a70986d57abb9", kill_on_drop: false }`
[INFO] running `Command { std: "docker" "rm" "-f" "faa9d7afd4271f9c710b322b9109616b619da5d9713e1da6ca3a70986d57abb9", kill_on_drop: false }`
[INFO] [stdout] faa9d7afd4271f9c710b322b9109616b619da5d9713e1da6ca3a70986d57abb9
[INFO] running `Command { std: "docker" "create" "-v" "/var/lib/crater-agent-workspace/builds/worker-85/target:/opt/rustwide/target:rw,Z" "-v" "/var/lib/crater-agent-workspace/builds/worker-85/source:/opt/rustwide/workdir:ro,Z" "-v" "/var/lib/crater-agent-workspace/cargo-home:/opt/rustwide/cargo-home:ro,Z" "-v" "/var/lib/crater-agent-workspace/rustup-home:/opt/rustwide/rustup-home:ro,Z" "-e" "SOURCE_DIR=/opt/rustwide/workdir" "-e" "CARGO_TARGET_DIR=/opt/rustwide/target" "-e" "CARGO_INCREMENTAL=0" "-e" "RUST_BACKTRACE=full" "-e" "RUSTFLAGS=--cap-lints=warn" "-e" "CARGO_HOME=/opt/rustwide/cargo-home" "-e" "RUSTUP_HOME=/opt/rustwide/rustup-home" "-w" "/opt/rustwide/workdir" "-m" "1610612736" "--user" "0:0" "--network" "none" "ghcr.io/rust-lang/crates-build-env/linux@sha256:34b6a614d2c27851fe6cbf88fbd1137609cefab8b10d0615aaeb6fd47975d74e" "/opt/rustwide/cargo-home/bin/cargo" "+beta-2021-08-01" "build" "--frozen" "--message-format=json", kill_on_drop: false }`
[INFO] [stdout] 5c987b09e1cbd23ee781f920f2e685f7a2bb6fc2a838381a255a1d0a3f889517
[INFO] running `Command { std: "docker" "start" "-a" "5c987b09e1cbd23ee781f920f2e685f7a2bb6fc2a838381a255a1d0a3f889517", kill_on_drop: false }`
[INFO] [stderr]     Blocking waiting for file lock on package cache
[INFO] [stderr]     Blocking waiting for file lock on package cache
[INFO] [stderr]    Compiling competitive-tools-rust v0.2.3 (https://github.com/UseK/competitive-tools-rust.git#a0fed64f)
[INFO] [stderr]    Compiling itertools v0.10.1
[INFO] [stderr]    Compiling typical90 v0.1.0 (/opt/rustwide/workdir)
[INFO] [stdout] warning: unused import: `competitive_tools_rust::io::*`
[INFO] [stdout]  --> src/bin/025.rs:1:5
[INFO] [stdout]   |
[INFO] [stdout] 1 | use competitive_tools_rust::io::*;
[INFO] [stdout]   |     ^^^^^^^^^^^^^^^^^^^^^^^^^^^^^
[INFO] [stdout]   |
[INFO] [stdout]   = note: `#[warn(unused_imports)]` on by default
[INFO] [stdout] 
[INFO] [stdout] 
[INFO] [stdout] error[E0107]: this function takes 2 generic arguments but 1 generic argument was supplied
[INFO] [stdout]   --> src/bin/032.rs:9:50
[INFO] [stdout]    |
[INFO] [stdout] 9  |     let xy: Vec<(usize, usize)> = (0..m).map(|_| parse_tuple2::<usize>()).collect();
[INFO] [stdout]    |                                                  ^^^^^^^^^^^^   ----- supplied 1 generic argument
[INFO] [stdout]    |                                                  |
[INFO] [stdout]    |                                                  expected 2 generic arguments
[INFO] [stdout]    |
[INFO] [stdout] note: function defined here, with 2 generic parameters: `T1`, `T2`
[INFO] [stdout]   --> /opt/rustwide/cargo-home/git/checkouts/competitive-tools-rust-2bb87b26015ba2bc/a0fed64/src/io.rs:30:8
[INFO] [stdout]    |
[INFO] [stdout] 30 | pub fn parse_tuple2<T1, T2>() -> (T1, T2)
[INFO] [stdout]    |        ^^^^^^^^^^^^ --  --
[INFO] [stdout] help: add missing generic argument
[INFO] [stdout]    |
[INFO] [stdout] 9  |     let xy: Vec<(usize, usize)> = (0..m).map(|_| parse_tuple2::<usize, T2>()).collect();
[INFO] [stdout]    |                                                                      ^^^^
[INFO] [stdout] 
[INFO] [stdout] 
[INFO] [stdout] error: aborting due to previous error
[INFO] [stdout] 
[INFO] [stdout] 
[INFO] [stdout] For more information about this error, try `rustc --explain E0107`.
[INFO] [stdout] 
[INFO] [stderr] error: could not compile `typical90` due to 2 previous errors
[INFO] [stderr] warning: build failed, waiting for other jobs to finish...
[INFO] [stdout] warning: unused import: `competitive_tools_rust::io::*`
[INFO] [stdout]  --> src/bin/023.rs:1:5
[INFO] [stdout]   |
[INFO] [stdout] 1 | use competitive_tools_rust::io::*;
[INFO] [stdout]   |     ^^^^^^^^^^^^^^^^^^^^^^^^^^^^^
[INFO] [stdout]   |
[INFO] [stdout]   = note: `#[warn(unused_imports)]` on by default
[INFO] [stdout] 
[INFO] [stdout] 
[INFO] [stdout] warning: unused import: `competitive_tools_rust::io::*`
[INFO] [stdout]  --> src/bin/015.rs:1:5
[INFO] [stdout]   |
[INFO] [stdout] 1 | use competitive_tools_rust::io::*;
[INFO] [stdout]   |     ^^^^^^^^^^^^^^^^^^^^^^^^^^^^^
[INFO] [stdout]   |
[INFO] [stdout]   = note: `#[warn(unused_imports)]` on by default
[INFO] [stdout] 
[INFO] [stdout] 
[INFO] [stdout] warning: unused import: `competitive_tools_rust::io::*`
[INFO] [stdout]  --> src/bin/021.rs:1:5
[INFO] [stdout]   |
[INFO] [stdout] 1 | use competitive_tools_rust::io::*;
[INFO] [stdout]   |     ^^^^^^^^^^^^^^^^^^^^^^^^^^^^^
[INFO] [stdout]   |
[INFO] [stdout]   = note: `#[warn(unused_imports)]` on by default
[INFO] [stdout] 
[INFO] [stdout] 
[INFO] [stdout] warning: unused import: `competitive_tools_rust::io::*`
[INFO] [stdout]  --> src/bin/011.rs:1:5
[INFO] [stdout]   |
[INFO] [stdout] 1 | use competitive_tools_rust::io::*;
[INFO] [stdout]   |     ^^^^^^^^^^^^^^^^^^^^^^^^^^^^^
[INFO] [stdout]   |
[INFO] [stdout]   = note: `#[warn(unused_imports)]` on by default
[INFO] [stdout] 
[INFO] [stdout] 
[INFO] [stdout] warning: unused import: `competitive_tools_rust::io::*`
[INFO] [stdout]  --> src/bin/017.rs:1:5
[INFO] [stdout]   |
[INFO] [stdout] 1 | use competitive_tools_rust::io::*;
[INFO] [stdout]   |     ^^^^^^^^^^^^^^^^^^^^^^^^^^^^^
[INFO] [stdout]   |
[INFO] [stdout]   = note: `#[warn(unused_imports)]` on by default
[INFO] [stdout] 
[INFO] [stdout] 
[INFO] [stdout] warning: 1 warning emitted
[INFO] [stdout] 
[INFO] [stdout] 
[INFO] [stdout] warning: 1 warning emitted
[INFO] [stdout] 
[INFO] [stdout] 
[INFO] [stdout] warning: 1 warning emitted
[INFO] [stdout] 
[INFO] [stdout] 
[INFO] [stdout] warning: 1 warning emitted
[INFO] [stdout] 
[INFO] [stdout] 
[INFO] [stdout] error[E0107]: this function takes 2 generic arguments but 1 generic argument was supplied
[INFO] [stdout]   --> src/bin/048.rs:5:50
[INFO] [stdout]    |
[INFO] [stdout] 5  |     let ab: Vec<(usize, usize)> = (0..n).map(|_| parse_tuple2::<usize>()).collect();
[INFO] [stdout]    |                                                  ^^^^^^^^^^^^   ----- supplied 1 generic argument
[INFO] [stdout]    |                                                  |
[INFO] [stdout]    |                                                  expected 2 generic arguments
[INFO] [stdout]    |
[INFO] [stdout] note: function defined here, with 2 generic parameters: `T1`, `T2`
[INFO] [stdout]   --> /opt/rustwide/cargo-home/git/checkouts/competitive-tools-rust-2bb87b26015ba2bc/a0fed64/src/io.rs:30:8
[INFO] [stdout]    |
[INFO] [stdout] 30 | pub fn parse_tuple2<T1, T2>() -> (T1, T2)
[INFO] [stdout]    |        ^^^^^^^^^^^^ --  --
[INFO] [stdout] help: add missing generic argument
[INFO] [stdout]    |
[INFO] [stdout] 5  |     let ab: Vec<(usize, usize)> = (0..n).map(|_| parse_tuple2::<usize, T2>()).collect();
[INFO] [stdout]    |                                                                      ^^^^
[INFO] [stdout] 
[INFO] [stdout] 
[INFO] [stdout] error: aborting due to previous error
[INFO] [stdout] 
[INFO] [stdout] 
[INFO] [stdout] For more information about this error, try `rustc --explain E0107`.
[INFO] [stdout] 
[INFO] [stdout] warning: unused import: `competitive_tools_rust::io::*`
[INFO] [stdout]  --> src/bin/012.rs:1:5
[INFO] [stdout]   |
[INFO] [stdout] 1 | use competitive_tools_rust::io::*;
[INFO] [stdout]   |     ^^^^^^^^^^^^^^^^^^^^^^^^^^^^^
[INFO] [stdout]   |
[INFO] [stdout]   = note: `#[warn(unused_imports)]` on by default
[INFO] [stdout] 
[INFO] [stdout] 
[INFO] [stdout] warning: unused import: `competitive_tools_rust::io::*`
[INFO] [stdout]  --> src/bin/013.rs:1:5
[INFO] [stdout]   |
[INFO] [stdout] 1 | use competitive_tools_rust::io::*;
[INFO] [stdout]   |     ^^^^^^^^^^^^^^^^^^^^^^^^^^^^^
[INFO] [stdout]   |
[INFO] [stdout]   = note: `#[warn(unused_imports)]` on by default
[INFO] [stdout] 
[INFO] [stdout] 
[INFO] [stdout] warning: unused import: `competitive_tools_rust::io::*`
[INFO] [stdout]  --> src/bin/029.rs:1:5
[INFO] [stdout]   |
[INFO] [stdout] 1 | use competitive_tools_rust::io::*;
[INFO] [stdout]   |     ^^^^^^^^^^^^^^^^^^^^^^^^^^^^^
[INFO] [stdout]   |
[INFO] [stdout]   = note: `#[warn(unused_imports)]` on by default
[INFO] [stdout] 
[INFO] [stdout] 
[INFO] [stdout] warning: 1 warning emitted
[INFO] [stdout] 
[INFO] [stdout] 
[INFO] [stdout] warning: unused import: `competitive_tools_rust::io::*`
[INFO] [stdout]  --> src/bin/019.rs:1:5
[INFO] [stdout]   |
[INFO] [stdout] 1 | use competitive_tools_rust::io::*;
[INFO] [stdout]   |     ^^^^^^^^^^^^^^^^^^^^^^^^^^^^^
[INFO] [stdout]   |
[INFO] [stdout]   = note: `#[warn(unused_imports)]` on by default
[INFO] [stdout] 
[INFO] [stdout] 
[INFO] [stdout] error[E0107]: this function takes 2 generic arguments but 1 generic argument was supplied
[INFO] [stdout]   --> src/bin/003.rs:8:18
[INFO] [stdout]    |
[INFO] [stdout] 8  |         .map(|_| parse_tuple2::<usize>())
[INFO] [stdout]    |                  ^^^^^^^^^^^^   ----- supplied 1 generic argument
[INFO] [stdout]    |                  |
[INFO] [stdout]    |                  expected 2 generic arguments
[INFO] [stdout]    |
[INFO] [stdout] note: function defined here, with 2 generic parameters: `T1`, `T2`
[INFO] [stdout]   --> /opt/rustwide/cargo-home/git/checkouts/competitive-tools-rust-2bb87b26015ba2bc/a0fed64/src/io.rs:30:8
[INFO] [stdout]    |
[INFO] [stdout] 30 | pub fn parse_tuple2<T1, T2>() -> (T1, T2)
[INFO] [stdout]    |        ^^^^^^^^^^^^ --  --
[INFO] [stdout] help: add missing generic argument
[INFO] [stdout]    |
[INFO] [stdout] 8  |         .map(|_| parse_tuple2::<usize, T2>())
[INFO] [stdout]    |                                      ^^^^
[INFO] [stdout] 
[INFO] [stdout] 
[INFO] [stdout] error: aborting due to previous error
[INFO] [stdout] 
[INFO] [stdout] 
[INFO] [stdout] For more information about this error, try `rustc --explain E0107`.
[INFO] [stdout] 
[INFO] [stdout] warning: 1 warning emitted
[INFO] [stdout] 
[INFO] [stdout] 
[INFO] [stdout] warning: 1 warning emitted
[INFO] [stdout] 
[INFO] [stdout] 
[INFO] [stdout] warning: 1 warning emitted
[INFO] [stdout] 
[INFO] [stdout] 
[INFO] [stdout] warning: 1 warning emitted
[INFO] [stdout] 
[INFO] [stdout] 
[INFO] [stdout] warning: 1 warning emitted
[INFO] [stdout] 
[INFO] [stdout] 
[INFO] [stderr] error: build failed
[INFO] running `Command { std: "docker" "inspect" "5c987b09e1cbd23ee781f920f2e685f7a2bb6fc2a838381a255a1d0a3f889517", kill_on_drop: false }`
[INFO] running `Command { std: "docker" "rm" "-f" "5c987b09e1cbd23ee781f920f2e685f7a2bb6fc2a838381a255a1d0a3f889517", kill_on_drop: false }`
[INFO] [stdout] 5c987b09e1cbd23ee781f920f2e685f7a2bb6fc2a838381a255a1d0a3f889517
