[INFO] cloning repository https://github.com/TsvetelinKostadinv/Copper
[INFO] running `Command { std: "git" "-c" "credential.helper=" "-c" "credential.helper=/workspace/cargo-home/bin/git-credential-null" "clone" "--bare" "https://github.com/TsvetelinKostadinv/Copper" "/workspace/cache/git-repos/https%3A%2F%2Fgithub.com%2FTsvetelinKostadinv%2FCopper", kill_on_drop: false }`
[INFO] [stderr] Cloning into bare repository '/workspace/cache/git-repos/https%3A%2F%2Fgithub.com%2FTsvetelinKostadinv%2FCopper'...
[INFO] running `Command { std: "git" "rev-parse" "HEAD", kill_on_drop: false }`
[INFO] [stdout] 4c5ee53dbfc0d6f7ba6c62cff185dfcfb00fdb5d
[INFO] testing TsvetelinKostadinv/Copper against beta-2021-08-01 for beta-1.55-1
[INFO] running `Command { std: "git" "clone" "/workspace/cache/git-repos/https%3A%2F%2Fgithub.com%2FTsvetelinKostadinv%2FCopper" "/workspace/builds/worker-11/source", kill_on_drop: false }`
[INFO] [stderr] Cloning into '/workspace/builds/worker-11/source'...
[INFO] [stderr] done.
[INFO] validating manifest of git repo https://github.com/TsvetelinKostadinv/Copper on toolchain beta-2021-08-01
[INFO] running `Command { std: "/workspace/cargo-home/bin/cargo" "+beta-2021-08-01" "metadata" "--manifest-path" "Cargo.toml" "--no-deps", kill_on_drop: false }`
[INFO] removed /workspace/builds/worker-11/source/rust-toolchain
[INFO] started tweaking git repo https://github.com/TsvetelinKostadinv/Copper
[INFO] finished tweaking git repo https://github.com/TsvetelinKostadinv/Copper
[INFO] tweaked toml for git repo https://github.com/TsvetelinKostadinv/Copper written to /workspace/builds/worker-11/source/Cargo.toml
[INFO] crate git repo https://github.com/TsvetelinKostadinv/Copper already has a lockfile, it will not be regenerated
[INFO] running `Command { std: "/workspace/cargo-home/bin/cargo" "+beta-2021-08-01" "fetch" "--manifest-path" "Cargo.toml", kill_on_drop: false }`
[INFO] [stderr]  Downloading crates ...
[INFO] [stderr]   Downloaded metatype v0.2.0
[INFO] [stderr]   Downloaded serde_closure v0.3.2
[INFO] [stderr]   Downloaded serde_traitobject v0.2.7
[INFO] [stderr]   Downloaded serde_closure_derive v0.3.2
[INFO] [stderr]   Downloaded relative v0.2.2
[INFO] running `Command { std: "docker" "create" "-v" "/var/lib/crater-agent-workspace/builds/worker-11/target:/opt/rustwide/target:rw,Z" "-v" "/var/lib/crater-agent-workspace/builds/worker-11/source:/opt/rustwide/workdir:ro,Z" "-v" "/var/lib/crater-agent-workspace/cargo-home:/opt/rustwide/cargo-home:ro,Z" "-v" "/var/lib/crater-agent-workspace/rustup-home:/opt/rustwide/rustup-home:ro,Z" "-e" "SOURCE_DIR=/opt/rustwide/workdir" "-e" "CARGO_TARGET_DIR=/opt/rustwide/target" "-e" "CARGO_HOME=/opt/rustwide/cargo-home" "-e" "RUSTUP_HOME=/opt/rustwide/rustup-home" "-w" "/opt/rustwide/workdir" "-m" "1610612736" "--user" "0:0" "--network" "none" "ghcr.io/rust-lang/crates-build-env/linux@sha256:34b6a614d2c27851fe6cbf88fbd1137609cefab8b10d0615aaeb6fd47975d74e" "/opt/rustwide/cargo-home/bin/cargo" "+beta-2021-08-01" "metadata" "--no-deps" "--format-version=1", kill_on_drop: false }`
[INFO] [stdout] 65abae5acf325cab83de141db4de955896c2e440be0ffe49ac174db088a656a7
[INFO] running `Command { std: "docker" "start" "-a" "65abae5acf325cab83de141db4de955896c2e440be0ffe49ac174db088a656a7", kill_on_drop: false }`
[INFO] running `Command { std: "docker" "inspect" "65abae5acf325cab83de141db4de955896c2e440be0ffe49ac174db088a656a7", kill_on_drop: false }`
[INFO] running `Command { std: "docker" "rm" "-f" "65abae5acf325cab83de141db4de955896c2e440be0ffe49ac174db088a656a7", kill_on_drop: false }`
[INFO] [stdout] 65abae5acf325cab83de141db4de955896c2e440be0ffe49ac174db088a656a7
[INFO] running `Command { std: "docker" "create" "-v" "/var/lib/crater-agent-workspace/builds/worker-11/target:/opt/rustwide/target:rw,Z" "-v" "/var/lib/crater-agent-workspace/builds/worker-11/source:/opt/rustwide/workdir:ro,Z" "-v" "/var/lib/crater-agent-workspace/cargo-home:/opt/rustwide/cargo-home:ro,Z" "-v" "/var/lib/crater-agent-workspace/rustup-home:/opt/rustwide/rustup-home:ro,Z" "-e" "SOURCE_DIR=/opt/rustwide/workdir" "-e" "CARGO_TARGET_DIR=/opt/rustwide/target" "-e" "CARGO_INCREMENTAL=0" "-e" "RUST_BACKTRACE=full" "-e" "RUSTFLAGS=--cap-lints=warn" "-e" "CARGO_HOME=/opt/rustwide/cargo-home" "-e" "RUSTUP_HOME=/opt/rustwide/rustup-home" "-w" "/opt/rustwide/workdir" "-m" "1610612736" "--user" "0:0" "--network" "none" "ghcr.io/rust-lang/crates-build-env/linux@sha256:34b6a614d2c27851fe6cbf88fbd1137609cefab8b10d0615aaeb6fd47975d74e" "/opt/rustwide/cargo-home/bin/cargo" "+beta-2021-08-01" "build" "--frozen" "--message-format=json", kill_on_drop: false }`
[INFO] [stdout] ae8b98b16743b740e8c741e125fda0a0112dc3b1896db19873c4fbfef97e4846
[INFO] running `Command { std: "docker" "start" "-a" "ae8b98b16743b740e8c741e125fda0a0112dc3b1896db19873c4fbfef97e4846", kill_on_drop: false }`
[INFO] [stderr]    Compiling libc v0.2.80
[INFO] [stderr]    Compiling syn v1.0.60
[INFO] [stderr]    Compiling serde_derive v1.0.123
[INFO] [stderr]    Compiling semver-parser v0.7.0
[INFO] [stderr]    Compiling serde v1.0.123
[INFO] [stderr]    Compiling stable_deref_trait v1.2.0
[INFO] [stderr]    Compiling nix v0.15.0
[INFO] [stderr]    Compiling heapless v0.5.6
[INFO] [stderr]    Compiling void v1.0.2
[INFO] [stderr]    Compiling build_id v0.2.1
[INFO] [stderr]    Compiling rustversion v1.0.4
[INFO] [stderr]    Compiling nom v2.2.1
[INFO] [stderr]    Compiling static_assertions v1.1.0
[INFO] [stderr]    Compiling once_cell v1.5.2
[INFO] [stderr]    Compiling relative v0.2.2
[INFO] [stderr]    Compiling serde_json v1.0.62
[INFO] [stderr]    Compiling metatype v0.2.0
[INFO] [stderr]    Compiling itoa v0.4.6
[INFO] [stderr]    Compiling copper v0.1.0 (/opt/rustwide/workdir)
[INFO] [stderr]    Compiling quote v1.0.7
[INFO] [stderr]    Compiling generic-array v0.12.3
[INFO] [stderr]    Compiling hash32 v0.1.1
[INFO] [stderr]    Compiling twox-hash v1.6.0
[INFO] [stderr]    Compiling semver v0.9.0
[INFO] [stdout] error[E0432]: unresolved import `std::raw`
[INFO] [stdout]   --> /opt/rustwide/cargo-home/registry/src/github.com-1ecc6299db9ec823/metatype-0.2.0/src/lib.rs:56:190
[INFO] [stdout]    |
[INFO] [stdout] 56 | ...smute_copy}, ptr::{slice_from_raw_parts_mut, NonNull}, raw
[INFO] [stdout]    |                                                           ^^^ no `raw` in the root
[INFO] [stdout] 
[INFO] [stdout] 
[INFO] [stdout] error[E0554]: `#![feature]` may not be used on the beta release channel
[INFO] [stdout]   --> /opt/rustwide/cargo-home/registry/src/github.com-1ecc6299db9ec823/metatype-0.2.0/src/lib.rs:34:1
[INFO] [stdout]    |
[INFO] [stdout] 34 | #![feature(arbitrary_self_types)]
[INFO] [stdout]    | ^^^^^^^^^^^^^^^^^^^^^^^^^^^^^^^^^
[INFO] [stdout] 
[INFO] [stdout] 
[INFO] [stdout] error[E0554]: `#![feature]` may not be used on the beta release channel
[INFO] [stdout]   --> /opt/rustwide/cargo-home/registry/src/github.com-1ecc6299db9ec823/metatype-0.2.0/src/lib.rs:35:1
[INFO] [stdout]    |
[INFO] [stdout] 35 | #![feature(raw)]
[INFO] [stdout]    | ^^^^^^^^^^^^^^^^
[INFO] [stdout] 
[INFO] [stdout] 
[INFO] [stdout] error[E0554]: `#![feature]` may not be used on the beta release channel
[INFO] [stdout]   --> /opt/rustwide/cargo-home/registry/src/github.com-1ecc6299db9ec823/metatype-0.2.0/src/lib.rs:36:1
[INFO] [stdout]    |
[INFO] [stdout] 36 | #![feature(slice_from_raw_parts)]
[INFO] [stdout]    | ^^^^^^^^^^^^^^^^^^^^^^^^^^^^^^^^^
[INFO] [stdout] 
[INFO] [stdout] 
[INFO] [stdout] error[E0554]: `#![feature]` may not be used on the beta release channel
[INFO] [stdout]   --> /opt/rustwide/cargo-home/registry/src/github.com-1ecc6299db9ec823/metatype-0.2.0/src/lib.rs:37:1
[INFO] [stdout]    |
[INFO] [stdout] 37 | #![feature(specialization)]
[INFO] [stdout]    | ^^^^^^^^^^^^^^^^^^^^^^^^^^^
[INFO] [stdout] 
[INFO] [stdout] 
[INFO] [stdout] error: aborting due to 5 previous errors
[INFO] [stdout] 
[INFO] [stdout] 
[INFO] [stdout] Some errors have detailed explanations: E0432, E0554.
[INFO] [stdout] 
[INFO] [stdout] For more information about an error, try `rustc --explain E0432`.
[INFO] [stdout] 
[INFO] [stderr] error: could not compile `metatype` due to 6 previous errors
[INFO] [stderr] warning: build failed, waiting for other jobs to finish...
[INFO] [stderr] error: build failed
[INFO] running `Command { std: "docker" "inspect" "ae8b98b16743b740e8c741e125fda0a0112dc3b1896db19873c4fbfef97e4846", kill_on_drop: false }`
[INFO] running `Command { std: "docker" "rm" "-f" "ae8b98b16743b740e8c741e125fda0a0112dc3b1896db19873c4fbfef97e4846", kill_on_drop: false }`
[INFO] [stdout] ae8b98b16743b740e8c741e125fda0a0112dc3b1896db19873c4fbfef97e4846
