[INFO] cloning repository https://github.com/TomBebbington/llvm-rs
[INFO] running `Command { std: "git" "-c" "credential.helper=" "-c" "credential.helper=/workspace/cargo-home/bin/git-credential-null" "clone" "--bare" "https://github.com/TomBebbington/llvm-rs" "/workspace/cache/git-repos/https%3A%2F%2Fgithub.com%2FTomBebbington%2Fllvm-rs", kill_on_drop: false }`
[INFO] [stderr] Cloning into bare repository '/workspace/cache/git-repos/https%3A%2F%2Fgithub.com%2FTomBebbington%2Fllvm-rs'...
[INFO] running `Command { std: "git" "rev-parse" "HEAD", kill_on_drop: false }`
[INFO] [stdout] e12320221a4590d5c658306539b235b103651fda
[INFO] testing TomBebbington/llvm-rs against beta-2021-08-01 for beta-1.55-1
[INFO] running `Command { std: "git" "clone" "/workspace/cache/git-repos/https%3A%2F%2Fgithub.com%2FTomBebbington%2Fllvm-rs" "/workspace/builds/worker-15/source", kill_on_drop: false }`
[INFO] [stderr] Cloning into '/workspace/builds/worker-15/source'...
[INFO] [stderr] done.
[INFO] validating manifest of git repo https://github.com/TomBebbington/llvm-rs on toolchain beta-2021-08-01
[INFO] running `Command { std: "/workspace/cargo-home/bin/cargo" "+beta-2021-08-01" "metadata" "--manifest-path" "Cargo.toml" "--no-deps", kill_on_drop: false }`
[INFO] started tweaking git repo https://github.com/TomBebbington/llvm-rs
[INFO] finished tweaking git repo https://github.com/TomBebbington/llvm-rs
[INFO] tweaked toml for git repo https://github.com/TomBebbington/llvm-rs written to /workspace/builds/worker-15/source/Cargo.toml
[INFO] crate git repo https://github.com/TomBebbington/llvm-rs already has a lockfile, it will not be regenerated
[INFO] running `Command { std: "/workspace/cargo-home/bin/cargo" "+beta-2021-08-01" "fetch" "--manifest-path" "Cargo.toml", kill_on_drop: false }`
[INFO] [stderr]     Blocking waiting for file lock on package cache
[INFO] [stderr]  Downloading crates ...
[INFO] [stderr]   Downloaded gcc v0.3.31
[INFO] running `Command { std: "docker" "create" "-v" "/var/lib/crater-agent-workspace/builds/worker-15/target:/opt/rustwide/target:rw,Z" "-v" "/var/lib/crater-agent-workspace/builds/worker-15/source:/opt/rustwide/workdir:ro,Z" "-v" "/var/lib/crater-agent-workspace/cargo-home:/opt/rustwide/cargo-home:ro,Z" "-v" "/var/lib/crater-agent-workspace/rustup-home:/opt/rustwide/rustup-home:ro,Z" "-e" "SOURCE_DIR=/opt/rustwide/workdir" "-e" "CARGO_TARGET_DIR=/opt/rustwide/target" "-e" "CARGO_HOME=/opt/rustwide/cargo-home" "-e" "RUSTUP_HOME=/opt/rustwide/rustup-home" "-w" "/opt/rustwide/workdir" "-m" "1610612736" "--user" "0:0" "--network" "none" "ghcr.io/rust-lang/crates-build-env/linux@sha256:34b6a614d2c27851fe6cbf88fbd1137609cefab8b10d0615aaeb6fd47975d74e" "/opt/rustwide/cargo-home/bin/cargo" "+beta-2021-08-01" "metadata" "--no-deps" "--format-version=1", kill_on_drop: false }`
[INFO] [stdout] c511ffa2903232cfdfd0b31ea919b1fe85928886f7945ddc0a6c6767ac7ebca5
[INFO] running `Command { std: "docker" "start" "-a" "c511ffa2903232cfdfd0b31ea919b1fe85928886f7945ddc0a6c6767ac7ebca5", kill_on_drop: false }`
[INFO] running `Command { std: "docker" "inspect" "c511ffa2903232cfdfd0b31ea919b1fe85928886f7945ddc0a6c6767ac7ebca5", kill_on_drop: false }`
[INFO] running `Command { std: "docker" "rm" "-f" "c511ffa2903232cfdfd0b31ea919b1fe85928886f7945ddc0a6c6767ac7ebca5", kill_on_drop: false }`
[INFO] [stdout] c511ffa2903232cfdfd0b31ea919b1fe85928886f7945ddc0a6c6767ac7ebca5
[INFO] running `Command { std: "docker" "create" "-v" "/var/lib/crater-agent-workspace/builds/worker-15/target:/opt/rustwide/target:rw,Z" "-v" "/var/lib/crater-agent-workspace/builds/worker-15/source:/opt/rustwide/workdir:ro,Z" "-v" "/var/lib/crater-agent-workspace/cargo-home:/opt/rustwide/cargo-home:ro,Z" "-v" "/var/lib/crater-agent-workspace/rustup-home:/opt/rustwide/rustup-home:ro,Z" "-e" "SOURCE_DIR=/opt/rustwide/workdir" "-e" "CARGO_TARGET_DIR=/opt/rustwide/target" "-e" "CARGO_INCREMENTAL=0" "-e" "RUST_BACKTRACE=full" "-e" "RUSTFLAGS=--cap-lints=warn" "-e" "CARGO_HOME=/opt/rustwide/cargo-home" "-e" "RUSTUP_HOME=/opt/rustwide/rustup-home" "-w" "/opt/rustwide/workdir" "-m" "1610612736" "--user" "0:0" "--network" "none" "ghcr.io/rust-lang/crates-build-env/linux@sha256:34b6a614d2c27851fe6cbf88fbd1137609cefab8b10d0615aaeb6fd47975d74e" "/opt/rustwide/cargo-home/bin/cargo" "+beta-2021-08-01" "build" "--frozen" "--message-format=json", kill_on_drop: false }`
[INFO] [stdout] 9322c9ad37d63094c1f275d39327e07a828930e1214dd39d288c3e988165f6dd
[INFO] running `Command { std: "docker" "start" "-a" "9322c9ad37d63094c1f275d39327e07a828930e1214dd39d288c3e988165f6dd", kill_on_drop: false }`
[INFO] [stderr]    Compiling gcc v0.3.31
[INFO] [stderr]    Compiling semver v0.1.20
[INFO] [stderr]    Compiling libc v0.2.14
[INFO] [stderr]    Compiling bitflags v0.5.0
[INFO] [stderr]    Compiling llvm-alt v0.5.0 (/opt/rustwide/workdir)
[INFO] [stderr]    Compiling cbox v0.3.0
[INFO] [stderr]    Compiling llvm-sys v0.3.0 (https://github.com/TomBebbington/llvm-sys.rs#88a4f2da)
[INFO] [stdout] warning: unused macro definition
[INFO] [stdout]  --> src/macros.rs:2:1
[INFO] [stdout]   |
[INFO] [stdout] 2 | / macro_rules! build {
[INFO] [stdout] 3 | |     ($ctx:expr) => ()
[INFO] [stdout] 4 | | }
[INFO] [stdout]   | |_^
[INFO] [stdout]   |
[INFO] [stdout]   = note: `#[warn(unused_macros)]` on by default
[INFO] [stdout] 
[INFO] [stdout] 
[INFO] [stdout] warning: use of deprecated macro `try`: use the `?` operator instead
[INFO] [stdout]   --> src/module.rs:81:23
[INFO] [stdout]    |
[INFO] [stdout] 81 |             let buf = try!(MemoryBuffer::new_from_file(path));
[INFO] [stdout]    |                       ^^^
[INFO] [stdout]    |
[INFO] [stdout]    = note: `#[warn(deprecated)]` on by default
[INFO] [stdout] 
[INFO] [stdout] 
[INFO] [stdout] warning: use of deprecated macro `try`: use the `?` operator instead
[INFO] [stdout]    --> src/module.rs:177:9
[INFO] [stdout]     |
[INFO] [stdout] 177 |         try!(self.write_bitcode(mod_path));
[INFO] [stdout]     |         ^^^
[INFO] [stdout] 
[INFO] [stdout] 
[INFO] [stdout] warning: use of deprecated macro `try`: use the `?` operator instead
[INFO] [stdout]   --> src/object.rs:19:19
[INFO] [stdout]    |
[INFO] [stdout] 19 |         let buf = try!(MemoryBuffer::new_from_file(path));
[INFO] [stdout]    |                   ^^^
[INFO] [stdout] 
[INFO] [stdout] 
[INFO] [stdout] warning: use of deprecated function `std::mem::uninitialized`: use `mem::MaybeUninit` instead
[INFO] [stdout]   --> src/buffer.rs:16:35
[INFO] [stdout]    |
[INFO] [stdout] 16 |             let mut output = mem::uninitialized();
[INFO] [stdout]    |                                   ^^^^^^^^^^^^^
[INFO] [stdout] 
[INFO] [stdout] 
[INFO] [stdout] warning: use of deprecated function `std::mem::uninitialized`: use `mem::MaybeUninit` instead
[INFO] [stdout]   --> src/buffer.rs:17:34
[INFO] [stdout]    |
[INFO] [stdout] 17 |             let mut error = mem::uninitialized();
[INFO] [stdout]    |                                  ^^^^^^^^^^^^^
[INFO] [stdout] 
[INFO] [stdout] 
[INFO] [stdout] warning: use of deprecated function `std::mem::uninitialized`: use `mem::MaybeUninit` instead
[INFO] [stdout]   --> src/engine.rs:33:32
[INFO] [stdout]    |
[INFO] [stdout] 33 |             let mut out = mem::uninitialized();
[INFO] [stdout]    |                                ^^^^^^^^^^^^^
[INFO] [stdout] 
[INFO] [stdout] 
[INFO] [stdout] warning: use of deprecated function `std::mem::uninitialized`: use `mem::MaybeUninit` instead
[INFO] [stdout]    --> src/engine.rs:137:31
[INFO] [stdout]     |
[INFO] [stdout] 137 |             let mut ee = mem::uninitialized();
[INFO] [stdout]     |                               ^^^^^^^^^^^^^
[INFO] [stdout] 
[INFO] [stdout] 
[INFO] [stdout] warning: use of deprecated function `std::mem::uninitialized`: use `mem::MaybeUninit` instead
[INFO] [stdout]    --> src/engine.rs:171:31
[INFO] [stdout]     |
[INFO] [stdout] 171 |             let mut ee = mem::uninitialized();
[INFO] [stdout]     |                               ^^^^^^^^^^^^^
[INFO] [stdout] 
[INFO] [stdout] 
[INFO] [stdout] warning: use of deprecated function `std::mem::uninitialized`: use `mem::MaybeUninit` instead
[INFO] [stdout]   --> src/module.rs:79:32
[INFO] [stdout]    |
[INFO] [stdout] 79 |             let mut out = mem::uninitialized();
[INFO] [stdout]    |                                ^^^^^^^^^^^^^
[INFO] [stdout] 
[INFO] [stdout] 
[INFO] [stdout] warning: use of deprecated function `std::mem::uninitialized`: use `mem::MaybeUninit` instead
[INFO] [stdout]   --> src/module.rs:80:32
[INFO] [stdout]    |
[INFO] [stdout] 80 |             let mut err = mem::uninitialized();
[INFO] [stdout]    |                                ^^^^^^^^^^^^^
[INFO] [stdout] 
[INFO] [stdout] 
[INFO] [stdout] warning: use of deprecated function `std::mem::uninitialized`: use `mem::MaybeUninit` instead
[INFO] [stdout]    --> src/module.rs:158:34
[INFO] [stdout]     |
[INFO] [stdout] 158 |             let mut error = mem::uninitialized();
[INFO] [stdout]     |                                  ^^^^^^^^^^^^^
[INFO] [stdout] 
[INFO] [stdout] 
[INFO] [stdout] warning: use of deprecated function `std::mem::uninitialized`: use `mem::MaybeUninit` instead
[INFO] [stdout]    --> src/module.rs:194:36
[INFO] [stdout]     |
[INFO] [stdout] 194 |             let mut message = mem::uninitialized();
[INFO] [stdout]     |                                    ^^^^^^^^^^^^^
[INFO] [stdout] 
[INFO] [stdout] 
[INFO] [stdout] warning: use of deprecated function `std::mem::uninitialized`: use `mem::MaybeUninit` instead
[INFO] [stdout]    --> src/module.rs:210:36
[INFO] [stdout]     |
[INFO] [stdout] 210 |             let mut message = mem::uninitialized();
[INFO] [stdout]     |                                    ^^^^^^^^^^^^^
[INFO] [stdout] 
[INFO] [stdout] 
[INFO] [stdout] warning: use of deprecated function `std::mem::uninitialized`: use `mem::MaybeUninit` instead
[INFO] [stdout]    --> src/types.rs:111:57
[INFO] [stdout]     |
[INFO] [stdout] 111 |             let mut els:Vec<_> = (0..size).map(|_| mem::uninitialized()).collect();
[INFO] [stdout]     |                                                         ^^^^^^^^^^^^^
[INFO] [stdout] 
[INFO] [stdout] 
[INFO] [stdout] warning: use of deprecated function `std::mem::uninitialized`: use `mem::MaybeUninit` instead
[INFO] [stdout]    --> src/types.rs:148:60
[INFO] [stdout]     |
[INFO] [stdout] 148 |             let mut types:Vec<_> = (0..count).map(|_| mem::uninitialized()).collect();
[INFO] [stdout]     |                                                            ^^^^^^^^^^^^^
[INFO] [stdout] 
[INFO] [stdout] 
[INFO] [stdout] warning: unused attribute
[INFO] [stdout]  --> src/macros.rs:1:1
[INFO] [stdout]   |
[INFO] [stdout] 1 | #[macro_escape]
[INFO] [stdout]   | ^^^^^^^^^^^^^^^
[INFO] [stdout]   |
[INFO] [stdout]   = note: `#[warn(unused_attributes)]` on by default
[INFO] [stdout] 
[INFO] [stdout] 
[INFO] [stdout] warning: the type `&types::Type` does not permit being left uninitialized
[INFO] [stdout]    --> src/types.rs:111:52
[INFO] [stdout]     |
[INFO] [stdout] 111 |             let mut els:Vec<_> = (0..size).map(|_| mem::uninitialized()).collect();
[INFO] [stdout]     |                                                    ^^^^^^^^^^^^^^^^^^^^
[INFO] [stdout]     |                                                    |
[INFO] [stdout]     |                                                    this code causes undefined behavior when executed
[INFO] [stdout]     |                                                    help: use `MaybeUninit<T>` instead, and only call `assume_init` after initialization is done
[INFO] [stdout]     |
[INFO] [stdout]     = note: `#[warn(invalid_value)]` on by default
[INFO] [stdout]     = note: references must be non-null
[INFO] [stdout] 
[INFO] [stdout] 
[INFO] [stdout] warning: the type `&types::Type` does not permit being left uninitialized
[INFO] [stdout]    --> src/types.rs:148:55
[INFO] [stdout]     |
[INFO] [stdout] 148 |             let mut types:Vec<_> = (0..count).map(|_| mem::uninitialized()).collect();
[INFO] [stdout]     |                                                       ^^^^^^^^^^^^^^^^^^^^
[INFO] [stdout]     |                                                       |
[INFO] [stdout]     |                                                       this code causes undefined behavior when executed
[INFO] [stdout]     |                                                       help: use `MaybeUninit<T>` instead, and only call `assume_init` after initialization is done
[INFO] [stdout]     |
[INFO] [stdout]     = note: references must be non-null
[INFO] [stdout] 
[INFO] [stdout] 
[INFO] [stdout] warning: 19 warnings emitted
[INFO] [stdout] 
[INFO] [stdout] 
[INFO] [stderr]     Finished dev [unoptimized + debuginfo] target(s) in 3.36s
[INFO] running `Command { std: "docker" "inspect" "9322c9ad37d63094c1f275d39327e07a828930e1214dd39d288c3e988165f6dd", kill_on_drop: false }`
[INFO] running `Command { std: "docker" "rm" "-f" "9322c9ad37d63094c1f275d39327e07a828930e1214dd39d288c3e988165f6dd", kill_on_drop: false }`
[INFO] [stdout] 9322c9ad37d63094c1f275d39327e07a828930e1214dd39d288c3e988165f6dd
[INFO] running `Command { std: "docker" "create" "-v" "/var/lib/crater-agent-workspace/builds/worker-15/target:/opt/rustwide/target:rw,Z" "-v" "/var/lib/crater-agent-workspace/builds/worker-15/source:/opt/rustwide/workdir:ro,Z" "-v" "/var/lib/crater-agent-workspace/cargo-home:/opt/rustwide/cargo-home:ro,Z" "-v" "/var/lib/crater-agent-workspace/rustup-home:/opt/rustwide/rustup-home:ro,Z" "-e" "SOURCE_DIR=/opt/rustwide/workdir" "-e" "CARGO_TARGET_DIR=/opt/rustwide/target" "-e" "CARGO_INCREMENTAL=0" "-e" "RUST_BACKTRACE=full" "-e" "RUSTFLAGS=--cap-lints=warn" "-e" "CARGO_HOME=/opt/rustwide/cargo-home" "-e" "RUSTUP_HOME=/opt/rustwide/rustup-home" "-w" "/opt/rustwide/workdir" "-m" "1610612736" "--user" "0:0" "--network" "none" "ghcr.io/rust-lang/crates-build-env/linux@sha256:34b6a614d2c27851fe6cbf88fbd1137609cefab8b10d0615aaeb6fd47975d74e" "/opt/rustwide/cargo-home/bin/cargo" "+beta-2021-08-01" "test" "--frozen" "--no-run" "--message-format=json", kill_on_drop: false }`
[INFO] [stdout] 25075c0933498074019f456e460d83cb42d84874cd7af0c4d7b129cae83f01f0
[INFO] running `Command { std: "docker" "start" "-a" "25075c0933498074019f456e460d83cb42d84874cd7af0c4d7b129cae83f01f0", kill_on_drop: false }`
[INFO] [stderr]    Compiling llvm-alt v0.5.0 (/opt/rustwide/workdir)
[INFO] [stdout] warning: unused macro definition
[INFO] [stdout]  --> src/macros.rs:2:1
[INFO] [stdout]   |
[INFO] [stdout] 2 | / macro_rules! build {
[INFO] [stdout] 3 | |     ($ctx:expr) => ()
[INFO] [stdout] 4 | | }
[INFO] [stdout]   | |_^
[INFO] [stdout]   |
[INFO] [stdout]   = note: `#[warn(unused_macros)]` on by default
[INFO] [stdout] 
[INFO] [stdout] 
[INFO] [stdout] warning: use of deprecated macro `try`: use the `?` operator instead
[INFO] [stdout]   --> src/module.rs:81:23
[INFO] [stdout]    |
[INFO] [stdout] 81 |             let buf = try!(MemoryBuffer::new_from_file(path));
[INFO] [stdout]    |                       ^^^
[INFO] [stdout]    |
[INFO] [stdout]    = note: `#[warn(deprecated)]` on by default
[INFO] [stdout] 
[INFO] [stdout] 
[INFO] [stdout] warning: use of deprecated macro `try`: use the `?` operator instead
[INFO] [stdout]    --> src/module.rs:177:9
[INFO] [stdout]     |
[INFO] [stdout] 177 |         try!(self.write_bitcode(mod_path));
[INFO] [stdout]     |         ^^^
[INFO] [stdout] 
[INFO] [stdout] 
[INFO] [stdout] warning: use of deprecated macro `try`: use the `?` operator instead
[INFO] [stdout]   --> src/object.rs:19:19
[INFO] [stdout]    |
[INFO] [stdout] 19 |         let buf = try!(MemoryBuffer::new_from_file(path));
[INFO] [stdout]    |                   ^^^
[INFO] [stdout] 
[INFO] [stdout] 
[INFO] [stdout] warning: use of deprecated function `std::mem::uninitialized`: use `mem::MaybeUninit` instead
[INFO] [stdout]   --> src/buffer.rs:16:35
[INFO] [stdout]    |
[INFO] [stdout] 16 |             let mut output = mem::uninitialized();
[INFO] [stdout]    |                                   ^^^^^^^^^^^^^
[INFO] [stdout] 
[INFO] [stdout] 
[INFO] [stdout] warning: use of deprecated function `std::mem::uninitialized`: use `mem::MaybeUninit` instead
[INFO] [stdout]   --> src/buffer.rs:17:34
[INFO] [stdout]    |
[INFO] [stdout] 17 |             let mut error = mem::uninitialized();
[INFO] [stdout]    |                                  ^^^^^^^^^^^^^
[INFO] [stdout] 
[INFO] [stdout] 
[INFO] [stdout] warning: use of deprecated function `std::mem::uninitialized`: use `mem::MaybeUninit` instead
[INFO] [stdout]   --> src/engine.rs:33:32
[INFO] [stdout]    |
[INFO] [stdout] 33 |             let mut out = mem::uninitialized();
[INFO] [stdout]    |                                ^^^^^^^^^^^^^
[INFO] [stdout] 
[INFO] [stdout] 
[INFO] [stdout] warning: use of deprecated function `std::mem::uninitialized`: use `mem::MaybeUninit` instead
[INFO] [stdout]    --> src/engine.rs:137:31
[INFO] [stdout]     |
[INFO] [stdout] 137 |             let mut ee = mem::uninitialized();
[INFO] [stdout]     |                               ^^^^^^^^^^^^^
[INFO] [stdout] 
[INFO] [stdout] 
[INFO] [stdout] warning: use of deprecated function `std::mem::uninitialized`: use `mem::MaybeUninit` instead
[INFO] [stdout]    --> src/engine.rs:171:31
[INFO] [stdout]     |
[INFO] [stdout] 171 |             let mut ee = mem::uninitialized();
[INFO] [stdout]     |                               ^^^^^^^^^^^^^
[INFO] [stdout] 
[INFO] [stdout] 
[INFO] [stdout] warning: use of deprecated function `std::mem::uninitialized`: use `mem::MaybeUninit` instead
[INFO] [stdout]   --> src/module.rs:79:32
[INFO] [stdout]    |
[INFO] [stdout] 79 |             let mut out = mem::uninitialized();
[INFO] [stdout]    |                                ^^^^^^^^^^^^^
[INFO] [stdout] 
[INFO] [stdout] 
[INFO] [stdout] warning: use of deprecated function `std::mem::uninitialized`: use `mem::MaybeUninit` instead
[INFO] [stdout]   --> src/module.rs:80:32
[INFO] [stdout]    |
[INFO] [stdout] 80 |             let mut err = mem::uninitialized();
[INFO] [stdout]    |                                ^^^^^^^^^^^^^
[INFO] [stdout] 
[INFO] [stdout] 
[INFO] [stdout] warning: use of deprecated function `std::mem::uninitialized`: use `mem::MaybeUninit` instead
[INFO] [stdout]    --> src/module.rs:158:34
[INFO] [stdout]     |
[INFO] [stdout] 158 |             let mut error = mem::uninitialized();
[INFO] [stdout]     |                                  ^^^^^^^^^^^^^
[INFO] [stdout] 
[INFO] [stdout] 
[INFO] [stdout] warning: use of deprecated function `std::mem::uninitialized`: use `mem::MaybeUninit` instead
[INFO] [stdout]    --> src/module.rs:194:36
[INFO] [stdout]     |
[INFO] [stdout] 194 |             let mut message = mem::uninitialized();
[INFO] [stdout]     |                                    ^^^^^^^^^^^^^
[INFO] [stdout] 
[INFO] [stdout] 
[INFO] [stdout] warning: use of deprecated function `std::mem::uninitialized`: use `mem::MaybeUninit` instead
[INFO] [stdout]    --> src/module.rs:210:36
[INFO] [stdout]     |
[INFO] [stdout] 210 |             let mut message = mem::uninitialized();
[INFO] [stdout]     |                                    ^^^^^^^^^^^^^
[INFO] [stdout] 
[INFO] [stdout] 
[INFO] [stdout] warning: use of deprecated function `std::mem::uninitialized`: use `mem::MaybeUninit` instead
[INFO] [stdout]    --> src/types.rs:111:57
[INFO] [stdout]     |
[INFO] [stdout] 111 |             let mut els:Vec<_> = (0..size).map(|_| mem::uninitialized()).collect();
[INFO] [stdout]     |                                                         ^^^^^^^^^^^^^
[INFO] [stdout] 
[INFO] [stdout] 
[INFO] [stdout] warning: use of deprecated function `std::mem::uninitialized`: use `mem::MaybeUninit` instead
[INFO] [stdout]    --> src/types.rs:148:60
[INFO] [stdout]     |
[INFO] [stdout] 148 |             let mut types:Vec<_> = (0..count).map(|_| mem::uninitialized()).collect();
[INFO] [stdout]     |                                                            ^^^^^^^^^^^^^
[INFO] [stdout] 
[INFO] [stdout] 
[INFO] [stdout] warning: unused attribute
[INFO] [stdout]  --> src/macros.rs:1:1
[INFO] [stdout]   |
[INFO] [stdout] 1 | #[macro_escape]
[INFO] [stdout]   | ^^^^^^^^^^^^^^^
[INFO] [stdout]   |
[INFO] [stdout]   = note: `#[warn(unused_attributes)]` on by default
[INFO] [stdout] 
[INFO] [stdout] 
[INFO] [stdout] warning: the type `&types::Type` does not permit being left uninitialized
[INFO] [stdout]    --> src/types.rs:111:52
[INFO] [stdout]     |
[INFO] [stdout] 111 |             let mut els:Vec<_> = (0..size).map(|_| mem::uninitialized()).collect();
[INFO] [stdout]     |                                                    ^^^^^^^^^^^^^^^^^^^^
[INFO] [stdout]     |                                                    |
[INFO] [stdout]     |                                                    this code causes undefined behavior when executed
[INFO] [stdout]     |                                                    help: use `MaybeUninit<T>` instead, and only call `assume_init` after initialization is done
[INFO] [stdout]     |
[INFO] [stdout]     = note: `#[warn(invalid_value)]` on by default
[INFO] [stdout]     = note: references must be non-null
[INFO] [stdout] 
[INFO] [stdout] 
[INFO] [stdout] warning: the type `&types::Type` does not permit being left uninitialized
[INFO] [stdout]    --> src/types.rs:148:55
[INFO] [stdout]     |
[INFO] [stdout] 148 |             let mut types:Vec<_> = (0..count).map(|_| mem::uninitialized()).collect();
[INFO] [stdout]     |                                                       ^^^^^^^^^^^^^^^^^^^^
[INFO] [stdout]     |                                                       |
[INFO] [stdout]     |                                                       this code causes undefined behavior when executed
[INFO] [stdout]     |                                                       help: use `MaybeUninit<T>` instead, and only call `assume_init` after initialization is done
[INFO] [stdout]     |
[INFO] [stdout]     = note: references must be non-null
[INFO] [stdout] 
[INFO] [stdout] 
[INFO] [stdout] warning: 19 warnings emitted
[INFO] [stdout] 
[INFO] [stdout] 
[INFO] [stdout] warning: unused macro definition
[INFO] [stdout]  --> src/macros.rs:2:1
[INFO] [stdout]   |
[INFO] [stdout] 2 | / macro_rules! build {
[INFO] [stdout] 3 | |     ($ctx:expr) => ()
[INFO] [stdout] 4 | | }
[INFO] [stdout]   | |_^
[INFO] [stdout]   |
[INFO] [stdout]   = note: `#[warn(unused_macros)]` on by default
[INFO] [stdout] 
[INFO] [stdout] 
[INFO] [stdout] warning: use of deprecated macro `try`: use the `?` operator instead
[INFO] [stdout]   --> src/module.rs:81:23
[INFO] [stdout]    |
[INFO] [stdout] 81 |             let buf = try!(MemoryBuffer::new_from_file(path));
[INFO] [stdout]    |                       ^^^
[INFO] [stdout]    |
[INFO] [stdout]    = note: `#[warn(deprecated)]` on by default
[INFO] [stdout] 
[INFO] [stdout] 
[INFO] [stdout] warning: use of deprecated macro `try`: use the `?` operator instead
[INFO] [stdout]    --> src/module.rs:177:9
[INFO] [stdout]     |
[INFO] [stdout] 177 |         try!(self.write_bitcode(mod_path));
[INFO] [stdout]     |         ^^^
[INFO] [stdout] 
[INFO] [stdout] 
[INFO] [stdout] warning: use of deprecated macro `try`: use the `?` operator instead
[INFO] [stdout]   --> src/object.rs:19:19
[INFO] [stdout]    |
[INFO] [stdout] 19 |         let buf = try!(MemoryBuffer::new_from_file(path));
[INFO] [stdout]    |                   ^^^
[INFO] [stdout] 
[INFO] [stdout] 
[INFO] [stdout] warning: use of deprecated function `std::mem::uninitialized`: use `mem::MaybeUninit` instead
[INFO] [stdout]   --> src/buffer.rs:16:35
[INFO] [stdout]    |
[INFO] [stdout] 16 |             let mut output = mem::uninitialized();
[INFO] [stdout]    |                                   ^^^^^^^^^^^^^
[INFO] [stdout] 
[INFO] [stdout] 
[INFO] [stdout] warning: use of deprecated function `std::mem::uninitialized`: use `mem::MaybeUninit` instead
[INFO] [stdout]   --> src/buffer.rs:17:34
[INFO] [stdout]    |
[INFO] [stdout] 17 |             let mut error = mem::uninitialized();
[INFO] [stdout]    |                                  ^^^^^^^^^^^^^
[INFO] [stdout] 
[INFO] [stdout] 
[INFO] [stdout] warning: use of deprecated function `std::mem::uninitialized`: use `mem::MaybeUninit` instead
[INFO] [stdout]   --> src/engine.rs:33:32
[INFO] [stdout]    |
[INFO] [stdout] 33 |             let mut out = mem::uninitialized();
[INFO] [stdout]    |                                ^^^^^^^^^^^^^
[INFO] [stdout] 
[INFO] [stdout] 
[INFO] [stdout] warning: use of deprecated function `std::mem::uninitialized`: use `mem::MaybeUninit` instead
[INFO] [stdout]    --> src/engine.rs:137:31
[INFO] [stdout]     |
[INFO] [stdout] 137 |             let mut ee = mem::uninitialized();
[INFO] [stdout]     |                               ^^^^^^^^^^^^^
[INFO] [stdout] 
[INFO] [stdout] 
[INFO] [stdout] warning: use of deprecated function `std::mem::uninitialized`: use `mem::MaybeUninit` instead
[INFO] [stdout]    --> src/engine.rs:171:31
[INFO] [stdout]     |
[INFO] [stdout] 171 |             let mut ee = mem::uninitialized();
[INFO] [stdout]     |                               ^^^^^^^^^^^^^
[INFO] [stdout] 
[INFO] [stdout] 
[INFO] [stdout] warning: use of deprecated function `std::mem::uninitialized`: use `mem::MaybeUninit` instead
[INFO] [stdout]   --> src/module.rs:79:32
[INFO] [stdout]    |
[INFO] [stdout] 79 |             let mut out = mem::uninitialized();
[INFO] [stdout]    |                                ^^^^^^^^^^^^^
[INFO] [stdout] 
[INFO] [stdout] 
[INFO] [stdout] warning: use of deprecated function `std::mem::uninitialized`: use `mem::MaybeUninit` instead
[INFO] [stdout]   --> src/module.rs:80:32
[INFO] [stdout]    |
[INFO] [stdout] 80 |             let mut err = mem::uninitialized();
[INFO] [stdout]    |                                ^^^^^^^^^^^^^
[INFO] [stdout] 
[INFO] [stdout] 
[INFO] [stdout] warning: use of deprecated function `std::mem::uninitialized`: use `mem::MaybeUninit` instead
[INFO] [stdout]    --> src/module.rs:158:34
[INFO] [stdout]     |
[INFO] [stdout] 158 |             let mut error = mem::uninitialized();
[INFO] [stdout]     |                                  ^^^^^^^^^^^^^
[INFO] [stdout] 
[INFO] [stdout] 
[INFO] [stdout] warning: use of deprecated function `std::mem::uninitialized`: use `mem::MaybeUninit` instead
[INFO] [stdout]    --> src/module.rs:194:36
[INFO] [stdout]     |
[INFO] [stdout] 194 |             let mut message = mem::uninitialized();
[INFO] [stdout]     |                                    ^^^^^^^^^^^^^
[INFO] [stdout] 
[INFO] [stdout] 
[INFO] [stdout] warning: use of deprecated function `std::mem::uninitialized`: use `mem::MaybeUninit` instead
[INFO] [stdout]    --> src/module.rs:210:36
[INFO] [stdout]     |
[INFO] [stdout] 210 |             let mut message = mem::uninitialized();
[INFO] [stdout]     |                                    ^^^^^^^^^^^^^
[INFO] [stdout] 
[INFO] [stdout] 
[INFO] [stdout] warning: use of deprecated function `std::mem::uninitialized`: use `mem::MaybeUninit` instead
[INFO] [stdout]    --> src/types.rs:111:57
[INFO] [stdout]     |
[INFO] [stdout] 111 |             let mut els:Vec<_> = (0..size).map(|_| mem::uninitialized()).collect();
[INFO] [stdout]     |                                                         ^^^^^^^^^^^^^
[INFO] [stdout] 
[INFO] [stdout] 
[INFO] [stdout] warning: use of deprecated function `std::mem::uninitialized`: use `mem::MaybeUninit` instead
[INFO] [stdout]    --> src/types.rs:148:60
[INFO] [stdout]     |
[INFO] [stdout] 148 |             let mut types:Vec<_> = (0..count).map(|_| mem::uninitialized()).collect();
[INFO] [stdout]     |                                                            ^^^^^^^^^^^^^
[INFO] [stdout] 
[INFO] [stdout] 
[INFO] [stdout] warning: unused attribute
[INFO] [stdout]  --> src/macros.rs:1:1
[INFO] [stdout]   |
[INFO] [stdout] 1 | #[macro_escape]
[INFO] [stdout]   | ^^^^^^^^^^^^^^^
[INFO] [stdout]   |
[INFO] [stdout]   = note: `#[warn(unused_attributes)]` on by default
[INFO] [stdout] 
[INFO] [stdout] 
[INFO] [stdout] warning: the type `&types::Type` does not permit being left uninitialized
[INFO] [stdout]    --> src/types.rs:111:52
[INFO] [stdout]     |
[INFO] [stdout] 111 |             let mut els:Vec<_> = (0..size).map(|_| mem::uninitialized()).collect();
[INFO] [stdout]     |                                                    ^^^^^^^^^^^^^^^^^^^^
[INFO] [stdout]     |                                                    |
[INFO] [stdout]     |                                                    this code causes undefined behavior when executed
[INFO] [stdout]     |                                                    help: use `MaybeUninit<T>` instead, and only call `assume_init` after initialization is done
[INFO] [stdout]     |
[INFO] [stdout]     = note: `#[warn(invalid_value)]` on by default
[INFO] [stdout]     = note: references must be non-null
[INFO] [stdout] 
[INFO] [stdout] 
[INFO] [stdout] warning: the type `&types::Type` does not permit being left uninitialized
[INFO] [stdout]    --> src/types.rs:148:55
[INFO] [stdout]     |
[INFO] [stdout] 148 |             let mut types:Vec<_> = (0..count).map(|_| mem::uninitialized()).collect();
[INFO] [stdout]     |                                                       ^^^^^^^^^^^^^^^^^^^^
[INFO] [stdout]     |                                                       |
[INFO] [stdout]     |                                                       this code causes undefined behavior when executed
[INFO] [stdout]     |                                                       help: use `MaybeUninit<T>` instead, and only call `assume_init` after initialization is done
[INFO] [stdout]     |
[INFO] [stdout]     = note: references must be non-null
[INFO] [stdout] 
[INFO] [stdout] 
[INFO] [stdout] warning: 19 warnings emitted
[INFO] [stdout] 
[INFO] [stdout] 
[INFO] [stdout] error: linking with `cc` failed: exit status: 1
[INFO] [stdout]   |
[INFO] [stdout]   = note: "cc" "-m64" "/opt/rustwide/target/debug/examples/add-118b0b5a1e740828.add.7e615555-cgu.0.rcgu.o" "/opt/rustwide/target/debug/examples/add-118b0b5a1e740828.add.7e615555-cgu.1.rcgu.o" "/opt/rustwide/target/debug/examples/add-118b0b5a1e740828.add.7e615555-cgu.10.rcgu.o" "/opt/rustwide/target/debug/examples/add-118b0b5a1e740828.add.7e615555-cgu.11.rcgu.o" "/opt/rustwide/target/debug/examples/add-118b0b5a1e740828.add.7e615555-cgu.12.rcgu.o" "/opt/rustwide/target/debug/examples/add-118b0b5a1e740828.add.7e615555-cgu.13.rcgu.o" "/opt/rustwide/target/debug/examples/add-118b0b5a1e740828.add.7e615555-cgu.14.rcgu.o" "/opt/rustwide/target/debug/examples/add-118b0b5a1e740828.add.7e615555-cgu.15.rcgu.o" "/opt/rustwide/target/debug/examples/add-118b0b5a1e740828.add.7e615555-cgu.2.rcgu.o" "/opt/rustwide/target/debug/examples/add-118b0b5a1e740828.add.7e615555-cgu.3.rcgu.o" "/opt/rustwide/target/debug/examples/add-118b0b5a1e740828.add.7e615555-cgu.4.rcgu.o" "/opt/rustwide/target/debug/examples/add-118b0b5a1e740828.add.7e615555-cgu.5.rcgu.o" "/opt/rustwide/target/debug/examples/add-118b0b5a1e740828.add.7e615555-cgu.6.rcgu.o" "/opt/rustwide/target/debug/examples/add-118b0b5a1e740828.add.7e615555-cgu.7.rcgu.o" "/opt/rustwide/target/debug/examples/add-118b0b5a1e740828.add.7e615555-cgu.8.rcgu.o" "/opt/rustwide/target/debug/examples/add-118b0b5a1e740828.add.7e615555-cgu.9.rcgu.o" "/opt/rustwide/target/debug/examples/add-118b0b5a1e740828.p8paz960oht3mar.rcgu.o" "-Wl,--as-needed" "-L" "/opt/rustwide/target/debug/deps" "-L" "/usr/lib/llvm-10/lib" "-L" "/opt/rustwide/target/debug/build/llvm-sys-77e87acb190d0b46/out" "-L" "/opt/rustwide/rustup-home/toolchains/beta-2021-08-01-x86_64-unknown-linux-gnu/lib/rustlib/x86_64-unknown-linux-gnu/lib" "-Wl,-Bstatic" "/opt/rustwide/target/debug/deps/libllvm-dbba4241f320fbe8.rlib" "/opt/rustwide/target/debug/deps/libcbox-118aabf44179a78b.rlib" "/opt/rustwide/target/debug/deps/libllvm_sys-d1ddcfc155ce30b6.rlib" "/opt/rustwide/target/debug/deps/libbitflags-747eda7edcbf1380.rlib" "/opt/rustwide/target/debug/deps/liblibc-bd92bc3e4614bb99.rlib" "-Wl,--start-group" "/opt/rustwide/rustup-home/toolchains/beta-2021-08-01-x86_64-unknown-linux-gnu/lib/rustlib/x86_64-unknown-linux-gnu/lib/libstd-197d933f09d9a590.rlib" "/opt/rustwide/rustup-home/toolchains/beta-2021-08-01-x86_64-unknown-linux-gnu/lib/rustlib/x86_64-unknown-linux-gnu/lib/libpanic_unwind-46a006cddfd334f0.rlib" "/opt/rustwide/rustup-home/toolchains/beta-2021-08-01-x86_64-unknown-linux-gnu/lib/rustlib/x86_64-unknown-linux-gnu/lib/libminiz_oxide-5b9870310e470b38.rlib" "/opt/rustwide/rustup-home/toolchains/beta-2021-08-01-x86_64-unknown-linux-gnu/lib/rustlib/x86_64-unknown-linux-gnu/lib/libadler-260022ba8f1ab4ee.rlib" "/opt/rustwide/rustup-home/toolchains/beta-2021-08-01-x86_64-unknown-linux-gnu/lib/rustlib/x86_64-unknown-linux-gnu/lib/libobject-71377435a799394f.rlib" "/opt/rustwide/rustup-home/toolchains/beta-2021-08-01-x86_64-unknown-linux-gnu/lib/rustlib/x86_64-unknown-linux-gnu/lib/libaddr2line-658ee5924fde57cd.rlib" "/opt/rustwide/rustup-home/toolchains/beta-2021-08-01-x86_64-unknown-linux-gnu/lib/rustlib/x86_64-unknown-linux-gnu/lib/libgimli-9e8627da6bd1b94a.rlib" "/opt/rustwide/rustup-home/toolchains/beta-2021-08-01-x86_64-unknown-linux-gnu/lib/rustlib/x86_64-unknown-linux-gnu/lib/libstd_detect-19fdaac49f59be84.rlib" "/opt/rustwide/rustup-home/toolchains/beta-2021-08-01-x86_64-unknown-linux-gnu/lib/rustlib/x86_64-unknown-linux-gnu/lib/librustc_demangle-cb00e2691ea45905.rlib" "/opt/rustwide/rustup-home/toolchains/beta-2021-08-01-x86_64-unknown-linux-gnu/lib/rustlib/x86_64-unknown-linux-gnu/lib/libhashbrown-50f6726defae5ae1.rlib" "/opt/rustwide/rustup-home/toolchains/beta-2021-08-01-x86_64-unknown-linux-gnu/lib/rustlib/x86_64-unknown-linux-gnu/lib/librustc_std_workspace_alloc-2afc16311deea26e.rlib" "/opt/rustwide/rustup-home/toolchains/beta-2021-08-01-x86_64-unknown-linux-gnu/lib/rustlib/x86_64-unknown-linux-gnu/lib/libunwind-bb5cb0fe086ee8cf.rlib" "/opt/rustwide/rustup-home/toolchains/beta-2021-08-01-x86_64-unknown-linux-gnu/lib/rustlib/x86_64-unknown-linux-gnu/lib/libcfg_if-896053247b5dfd0b.rlib" "/opt/rustwide/rustup-home/toolchains/beta-2021-08-01-x86_64-unknown-linux-gnu/lib/rustlib/x86_64-unknown-linux-gnu/lib/liblibc-735e1f2ac3cf23be.rlib" "/opt/rustwide/rustup-home/toolchains/beta-2021-08-01-x86_64-unknown-linux-gnu/lib/rustlib/x86_64-unknown-linux-gnu/lib/liballoc-9dfb6622644c732c.rlib" "/opt/rustwide/rustup-home/toolchains/beta-2021-08-01-x86_64-unknown-linux-gnu/lib/rustlib/x86_64-unknown-linux-gnu/lib/librustc_std_workspace_core-beea7d9617fe25c5.rlib" "/opt/rustwide/rustup-home/toolchains/beta-2021-08-01-x86_64-unknown-linux-gnu/lib/rustlib/x86_64-unknown-linux-gnu/lib/libcore-8ef7dd43fc671f88.rlib" "-Wl,--end-group" "/opt/rustwide/rustup-home/toolchains/beta-2021-08-01-x86_64-unknown-linux-gnu/lib/rustlib/x86_64-unknown-linux-gnu/lib/libcompiler_builtins-a9a3b2ad67977f47.rlib" "-Wl,-Bdynamic" "-lffi" "-lLLVM-10" "-lffi" "-lstdc++" "-lutil" "-lgcc_s" "-lutil" "-lrt" "-lpthread" "-lm" "-ldl" "-lc" "-Wl,--eh-frame-hdr" "-Wl,-znoexecstack" "-L" "/opt/rustwide/rustup-home/toolchains/beta-2021-08-01-x86_64-unknown-linux-gnu/lib/rustlib/x86_64-unknown-linux-gnu/lib" "-o" "/opt/rustwide/target/debug/examples/add-118b0b5a1e740828" "-Wl,--gc-sections" "-pie" "-Wl,-zrelro" "-Wl,-znow" "-nodefaultlibs"
[INFO] [stdout]   = note: /usr/bin/ld: /opt/rustwide/target/debug/deps/libllvm-dbba4241f320fbe8.rlib(llvm-dbba4241f320fbe8.llvm.10a0c6c3-cgu.1.rcgu.o): in function `llvm::value::Function::add_attributes':
[INFO] [stdout]           /opt/rustwide/workdir/src/value.rs:259: undefined reference to `LLVMAddFunctionAttr'
[INFO] [stdout]           collect2: error: ld returned 1 exit status
[INFO] [stdout]           
[INFO] [stdout]   = help: some `extern` functions couldn't be found; some native libraries may need to be installed or have their path specified
[INFO] [stdout]   = note: use the `-l` flag to specify native libraries to link
[INFO] [stdout]   = note: use the `cargo:rustc-link-lib` directive to specify the native libraries to link with Cargo (see https://doc.rust-lang.org/cargo/reference/build-scripts.html#cargorustc-link-libkindname)
[INFO] [stdout] 
[INFO] [stdout] 
[INFO] [stdout] error: aborting due to previous error
[INFO] [stdout] 
[INFO] [stdout] 
[INFO] [stderr] error: could not compile `llvm-alt` due to 2 previous errors
[INFO] [stderr] warning: build failed, waiting for other jobs to finish...
[INFO] [stdout] error: linking with `cc` failed: exit status: 1
[INFO] [stdout]   |
[INFO] [stdout]   = note: "cc" "-m64" "/opt/rustwide/target/debug/examples/demo_3f-1525c513ba614d90.demo_3f.164e3cd3-cgu.0.rcgu.o" "/opt/rustwide/target/debug/examples/demo_3f-1525c513ba614d90.demo_3f.164e3cd3-cgu.1.rcgu.o" "/opt/rustwide/target/debug/examples/demo_3f-1525c513ba614d90.demo_3f.164e3cd3-cgu.10.rcgu.o" "/opt/rustwide/target/debug/examples/demo_3f-1525c513ba614d90.demo_3f.164e3cd3-cgu.11.rcgu.o" "/opt/rustwide/target/debug/examples/demo_3f-1525c513ba614d90.demo_3f.164e3cd3-cgu.12.rcgu.o" "/opt/rustwide/target/debug/examples/demo_3f-1525c513ba614d90.demo_3f.164e3cd3-cgu.13.rcgu.o" "/opt/rustwide/target/debug/examples/demo_3f-1525c513ba614d90.demo_3f.164e3cd3-cgu.14.rcgu.o" "/opt/rustwide/target/debug/examples/demo_3f-1525c513ba614d90.demo_3f.164e3cd3-cgu.15.rcgu.o" "/opt/rustwide/target/debug/examples/demo_3f-1525c513ba614d90.demo_3f.164e3cd3-cgu.2.rcgu.o" "/opt/rustwide/target/debug/examples/demo_3f-1525c513ba614d90.demo_3f.164e3cd3-cgu.3.rcgu.o" "/opt/rustwide/target/debug/examples/demo_3f-1525c513ba614d90.demo_3f.164e3cd3-cgu.4.rcgu.o" "/opt/rustwide/target/debug/examples/demo_3f-1525c513ba614d90.demo_3f.164e3cd3-cgu.5.rcgu.o" "/opt/rustwide/target/debug/examples/demo_3f-1525c513ba614d90.demo_3f.164e3cd3-cgu.6.rcgu.o" "/opt/rustwide/target/debug/examples/demo_3f-1525c513ba614d90.demo_3f.164e3cd3-cgu.7.rcgu.o" "/opt/rustwide/target/debug/examples/demo_3f-1525c513ba614d90.demo_3f.164e3cd3-cgu.8.rcgu.o" "/opt/rustwide/target/debug/examples/demo_3f-1525c513ba614d90.demo_3f.164e3cd3-cgu.9.rcgu.o" "/opt/rustwide/target/debug/examples/demo_3f-1525c513ba614d90.4sn4dbshld97cyay.rcgu.o" "-Wl,--as-needed" "-L" "/opt/rustwide/target/debug/deps" "-L" "/usr/lib/llvm-10/lib" "-L" "/opt/rustwide/target/debug/build/llvm-sys-77e87acb190d0b46/out" "-L" "/opt/rustwide/rustup-home/toolchains/beta-2021-08-01-x86_64-unknown-linux-gnu/lib/rustlib/x86_64-unknown-linux-gnu/lib" "-Wl,-Bstatic" "/opt/rustwide/target/debug/deps/libllvm-dbba4241f320fbe8.rlib" "/opt/rustwide/target/debug/deps/libcbox-118aabf44179a78b.rlib" "/opt/rustwide/target/debug/deps/libllvm_sys-d1ddcfc155ce30b6.rlib" "/opt/rustwide/target/debug/deps/libbitflags-747eda7edcbf1380.rlib" "/opt/rustwide/target/debug/deps/liblibc-bd92bc3e4614bb99.rlib" "-Wl,--start-group" "/opt/rustwide/rustup-home/toolchains/beta-2021-08-01-x86_64-unknown-linux-gnu/lib/rustlib/x86_64-unknown-linux-gnu/lib/libstd-197d933f09d9a590.rlib" "/opt/rustwide/rustup-home/toolchains/beta-2021-08-01-x86_64-unknown-linux-gnu/lib/rustlib/x86_64-unknown-linux-gnu/lib/libpanic_unwind-46a006cddfd334f0.rlib" "/opt/rustwide/rustup-home/toolchains/beta-2021-08-01-x86_64-unknown-linux-gnu/lib/rustlib/x86_64-unknown-linux-gnu/lib/libminiz_oxide-5b9870310e470b38.rlib" "/opt/rustwide/rustup-home/toolchains/beta-2021-08-01-x86_64-unknown-linux-gnu/lib/rustlib/x86_64-unknown-linux-gnu/lib/libadler-260022ba8f1ab4ee.rlib" "/opt/rustwide/rustup-home/toolchains/beta-2021-08-01-x86_64-unknown-linux-gnu/lib/rustlib/x86_64-unknown-linux-gnu/lib/libobject-71377435a799394f.rlib" "/opt/rustwide/rustup-home/toolchains/beta-2021-08-01-x86_64-unknown-linux-gnu/lib/rustlib/x86_64-unknown-linux-gnu/lib/libaddr2line-658ee5924fde57cd.rlib" "/opt/rustwide/rustup-home/toolchains/beta-2021-08-01-x86_64-unknown-linux-gnu/lib/rustlib/x86_64-unknown-linux-gnu/lib/libgimli-9e8627da6bd1b94a.rlib" "/opt/rustwide/rustup-home/toolchains/beta-2021-08-01-x86_64-unknown-linux-gnu/lib/rustlib/x86_64-unknown-linux-gnu/lib/libstd_detect-19fdaac49f59be84.rlib" "/opt/rustwide/rustup-home/toolchains/beta-2021-08-01-x86_64-unknown-linux-gnu/lib/rustlib/x86_64-unknown-linux-gnu/lib/librustc_demangle-cb00e2691ea45905.rlib" "/opt/rustwide/rustup-home/toolchains/beta-2021-08-01-x86_64-unknown-linux-gnu/lib/rustlib/x86_64-unknown-linux-gnu/lib/libhashbrown-50f6726defae5ae1.rlib" "/opt/rustwide/rustup-home/toolchains/beta-2021-08-01-x86_64-unknown-linux-gnu/lib/rustlib/x86_64-unknown-linux-gnu/lib/librustc_std_workspace_alloc-2afc16311deea26e.rlib" "/opt/rustwide/rustup-home/toolchains/beta-2021-08-01-x86_64-unknown-linux-gnu/lib/rustlib/x86_64-unknown-linux-gnu/lib/libunwind-bb5cb0fe086ee8cf.rlib" "/opt/rustwide/rustup-home/toolchains/beta-2021-08-01-x86_64-unknown-linux-gnu/lib/rustlib/x86_64-unknown-linux-gnu/lib/libcfg_if-896053247b5dfd0b.rlib" "/opt/rustwide/rustup-home/toolchains/beta-2021-08-01-x86_64-unknown-linux-gnu/lib/rustlib/x86_64-unknown-linux-gnu/lib/liblibc-735e1f2ac3cf23be.rlib" "/opt/rustwide/rustup-home/toolchains/beta-2021-08-01-x86_64-unknown-linux-gnu/lib/rustlib/x86_64-unknown-linux-gnu/lib/liballoc-9dfb6622644c732c.rlib" "/opt/rustwide/rustup-home/toolchains/beta-2021-08-01-x86_64-unknown-linux-gnu/lib/rustlib/x86_64-unknown-linux-gnu/lib/librustc_std_workspace_core-beea7d9617fe25c5.rlib" "/opt/rustwide/rustup-home/toolchains/beta-2021-08-01-x86_64-unknown-linux-gnu/lib/rustlib/x86_64-unknown-linux-gnu/lib/libcore-8ef7dd43fc671f88.rlib" "-Wl,--end-group" "/opt/rustwide/rustup-home/toolchains/beta-2021-08-01-x86_64-unknown-linux-gnu/lib/rustlib/x86_64-unknown-linux-gnu/lib/libcompiler_builtins-a9a3b2ad67977f47.rlib" "-Wl,-Bdynamic" "-lffi" "-lLLVM-10" "-lffi" "-lstdc++" "-lutil" "-lgcc_s" "-lutil" "-lrt" "-lpthread" "-lm" "-ldl" "-lc" "-Wl,--eh-frame-hdr" "-Wl,-znoexecstack" "-L" "/opt/rustwide/rustup-home/toolchains/beta-2021-08-01-x86_64-unknown-linux-gnu/lib/rustlib/x86_64-unknown-linux-gnu/lib" "-o" "/opt/rustwide/target/debug/examples/demo_3f-1525c513ba614d90" "-Wl,--gc-sections" "-pie" "-Wl,-zrelro" "-Wl,-znow" "-nodefaultlibs"
[INFO] [stdout]   = note: /usr/bin/ld: /opt/rustwide/target/debug/deps/libllvm-dbba4241f320fbe8.rlib(llvm-dbba4241f320fbe8.llvm.10a0c6c3-cgu.1.rcgu.o): in function `llvm::value::Function::add_attributes':
[INFO] [stdout]           /opt/rustwide/workdir/src/value.rs:259: undefined reference to `LLVMAddFunctionAttr'
[INFO] [stdout]           collect2: error: ld returned 1 exit status
[INFO] [stdout]           
[INFO] [stdout]   = help: some `extern` functions couldn't be found; some native libraries may need to be installed or have their path specified
[INFO] [stdout]   = note: use the `-l` flag to specify native libraries to link
[INFO] [stdout]   = note: use the `cargo:rustc-link-lib` directive to specify the native libraries to link with Cargo (see https://doc.rust-lang.org/cargo/reference/build-scripts.html#cargorustc-link-libkindname)
[INFO] [stdout] 
[INFO] [stdout] 
[INFO] [stdout] error: aborting due to previous error
[INFO] [stdout] 
[INFO] [stdout] 
[INFO] [stdout] error: linking with `cc` failed: exit status: 1
[INFO] [stdout]   |
[INFO] [stdout]   = note: "cc" "-m64" "/opt/rustwide/target/debug/examples/fib-3028afa7e591e8dc.fib.6e2435b3-cgu.0.rcgu.o" "/opt/rustwide/target/debug/examples/fib-3028afa7e591e8dc.fib.6e2435b3-cgu.1.rcgu.o" "/opt/rustwide/target/debug/examples/fib-3028afa7e591e8dc.fib.6e2435b3-cgu.10.rcgu.o" "/opt/rustwide/target/debug/examples/fib-3028afa7e591e8dc.fib.6e2435b3-cgu.11.rcgu.o" "/opt/rustwide/target/debug/examples/fib-3028afa7e591e8dc.fib.6e2435b3-cgu.12.rcgu.o" "/opt/rustwide/target/debug/examples/fib-3028afa7e591e8dc.fib.6e2435b3-cgu.13.rcgu.o" "/opt/rustwide/target/debug/examples/fib-3028afa7e591e8dc.fib.6e2435b3-cgu.14.rcgu.o" "/opt/rustwide/target/debug/examples/fib-3028afa7e591e8dc.fib.6e2435b3-cgu.15.rcgu.o" "/opt/rustwide/target/debug/examples/fib-3028afa7e591e8dc.fib.6e2435b3-cgu.2.rcgu.o" "/opt/rustwide/target/debug/examples/fib-3028afa7e591e8dc.fib.6e2435b3-cgu.3.rcgu.o" "/opt/rustwide/target/debug/examples/fib-3028afa7e591e8dc.fib.6e2435b3-cgu.4.rcgu.o" "/opt/rustwide/target/debug/examples/fib-3028afa7e591e8dc.fib.6e2435b3-cgu.5.rcgu.o" "/opt/rustwide/target/debug/examples/fib-3028afa7e591e8dc.fib.6e2435b3-cgu.6.rcgu.o" "/opt/rustwide/target/debug/examples/fib-3028afa7e591e8dc.fib.6e2435b3-cgu.7.rcgu.o" "/opt/rustwide/target/debug/examples/fib-3028afa7e591e8dc.fib.6e2435b3-cgu.8.rcgu.o" "/opt/rustwide/target/debug/examples/fib-3028afa7e591e8dc.fib.6e2435b3-cgu.9.rcgu.o" "/opt/rustwide/target/debug/examples/fib-3028afa7e591e8dc.3vjj71pgg3n5snob.rcgu.o" "-Wl,--as-needed" "-L" "/opt/rustwide/target/debug/deps" "-L" "/usr/lib/llvm-10/lib" "-L" "/opt/rustwide/target/debug/build/llvm-sys-77e87acb190d0b46/out" "-L" "/opt/rustwide/rustup-home/toolchains/beta-2021-08-01-x86_64-unknown-linux-gnu/lib/rustlib/x86_64-unknown-linux-gnu/lib" "-Wl,-Bstatic" "/opt/rustwide/target/debug/deps/libllvm-dbba4241f320fbe8.rlib" "/opt/rustwide/target/debug/deps/libcbox-118aabf44179a78b.rlib" "/opt/rustwide/target/debug/deps/libllvm_sys-d1ddcfc155ce30b6.rlib" "/opt/rustwide/target/debug/deps/libbitflags-747eda7edcbf1380.rlib" "/opt/rustwide/target/debug/deps/liblibc-bd92bc3e4614bb99.rlib" "-Wl,--start-group" "/opt/rustwide/rustup-home/toolchains/beta-2021-08-01-x86_64-unknown-linux-gnu/lib/rustlib/x86_64-unknown-linux-gnu/lib/libstd-197d933f09d9a590.rlib" "/opt/rustwide/rustup-home/toolchains/beta-2021-08-01-x86_64-unknown-linux-gnu/lib/rustlib/x86_64-unknown-linux-gnu/lib/libpanic_unwind-46a006cddfd334f0.rlib" "/opt/rustwide/rustup-home/toolchains/beta-2021-08-01-x86_64-unknown-linux-gnu/lib/rustlib/x86_64-unknown-linux-gnu/lib/libminiz_oxide-5b9870310e470b38.rlib" "/opt/rustwide/rustup-home/toolchains/beta-2021-08-01-x86_64-unknown-linux-gnu/lib/rustlib/x86_64-unknown-linux-gnu/lib/libadler-260022ba8f1ab4ee.rlib" "/opt/rustwide/rustup-home/toolchains/beta-2021-08-01-x86_64-unknown-linux-gnu/lib/rustlib/x86_64-unknown-linux-gnu/lib/libobject-71377435a799394f.rlib" "/opt/rustwide/rustup-home/toolchains/beta-2021-08-01-x86_64-unknown-linux-gnu/lib/rustlib/x86_64-unknown-linux-gnu/lib/libaddr2line-658ee5924fde57cd.rlib" "/opt/rustwide/rustup-home/toolchains/beta-2021-08-01-x86_64-unknown-linux-gnu/lib/rustlib/x86_64-unknown-linux-gnu/lib/libgimli-9e8627da6bd1b94a.rlib" "/opt/rustwide/rustup-home/toolchains/beta-2021-08-01-x86_64-unknown-linux-gnu/lib/rustlib/x86_64-unknown-linux-gnu/lib/libstd_detect-19fdaac49f59be84.rlib" "/opt/rustwide/rustup-home/toolchains/beta-2021-08-01-x86_64-unknown-linux-gnu/lib/rustlib/x86_64-unknown-linux-gnu/lib/librustc_demangle-cb00e2691ea45905.rlib" "/opt/rustwide/rustup-home/toolchains/beta-2021-08-01-x86_64-unknown-linux-gnu/lib/rustlib/x86_64-unknown-linux-gnu/lib/libhashbrown-50f6726defae5ae1.rlib" "/opt/rustwide/rustup-home/toolchains/beta-2021-08-01-x86_64-unknown-linux-gnu/lib/rustlib/x86_64-unknown-linux-gnu/lib/librustc_std_workspace_alloc-2afc16311deea26e.rlib" "/opt/rustwide/rustup-home/toolchains/beta-2021-08-01-x86_64-unknown-linux-gnu/lib/rustlib/x86_64-unknown-linux-gnu/lib/libunwind-bb5cb0fe086ee8cf.rlib" "/opt/rustwide/rustup-home/toolchains/beta-2021-08-01-x86_64-unknown-linux-gnu/lib/rustlib/x86_64-unknown-linux-gnu/lib/libcfg_if-896053247b5dfd0b.rlib" "/opt/rustwide/rustup-home/toolchains/beta-2021-08-01-x86_64-unknown-linux-gnu/lib/rustlib/x86_64-unknown-linux-gnu/lib/liblibc-735e1f2ac3cf23be.rlib" "/opt/rustwide/rustup-home/toolchains/beta-2021-08-01-x86_64-unknown-linux-gnu/lib/rustlib/x86_64-unknown-linux-gnu/lib/liballoc-9dfb6622644c732c.rlib" "/opt/rustwide/rustup-home/toolchains/beta-2021-08-01-x86_64-unknown-linux-gnu/lib/rustlib/x86_64-unknown-linux-gnu/lib/librustc_std_workspace_core-beea7d9617fe25c5.rlib" "/opt/rustwide/rustup-home/toolchains/beta-2021-08-01-x86_64-unknown-linux-gnu/lib/rustlib/x86_64-unknown-linux-gnu/lib/libcore-8ef7dd43fc671f88.rlib" "-Wl,--end-group" "/opt/rustwide/rustup-home/toolchains/beta-2021-08-01-x86_64-unknown-linux-gnu/lib/rustlib/x86_64-unknown-linux-gnu/lib/libcompiler_builtins-a9a3b2ad67977f47.rlib" "-Wl,-Bdynamic" "-lffi" "-lLLVM-10" "-lffi" "-lstdc++" "-lutil" "-lgcc_s" "-lutil" "-lrt" "-lpthread" "-lm" "-ldl" "-lc" "-Wl,--eh-frame-hdr" "-Wl,-znoexecstack" "-L" "/opt/rustwide/rustup-home/toolchains/beta-2021-08-01-x86_64-unknown-linux-gnu/lib/rustlib/x86_64-unknown-linux-gnu/lib" "-o" "/opt/rustwide/target/debug/examples/fib-3028afa7e591e8dc" "-Wl,--gc-sections" "-pie" "-Wl,-zrelro" "-Wl,-znow" "-nodefaultlibs"
[INFO] [stdout]   = note: /usr/bin/ld: /opt/rustwide/target/debug/deps/libllvm-dbba4241f320fbe8.rlib(llvm-dbba4241f320fbe8.llvm.10a0c6c3-cgu.1.rcgu.o): in function `llvm::value::Function::add_attributes':
[INFO] [stdout]           /opt/rustwide/workdir/src/value.rs:259: undefined reference to `LLVMAddFunctionAttr'
[INFO] [stdout]           collect2: error: ld returned 1 exit status
[INFO] [stdout]           
[INFO] [stdout]   = help: some `extern` functions couldn't be found; some native libraries may need to be installed or have their path specified
[INFO] [stdout]   = note: use the `-l` flag to specify native libraries to link
[INFO] [stdout]   = note: use the `cargo:rustc-link-lib` directive to specify the native libraries to link with Cargo (see https://doc.rust-lang.org/cargo/reference/build-scripts.html#cargorustc-link-libkindname)
[INFO] [stdout] 
[INFO] [stdout] 
[INFO] [stdout] error: aborting due to previous error
[INFO] [stdout] 
[INFO] [stdout] 
[INFO] [stdout] error: linking with `cc` failed: exit status: 1
[INFO] [stdout]   |
[INFO] [stdout]   = note: "cc" "-m64" "/opt/rustwide/target/debug/examples/tan-347a1045c1548593.tan.e4e7eef2-cgu.0.rcgu.o" "/opt/rustwide/target/debug/examples/tan-347a1045c1548593.tan.e4e7eef2-cgu.1.rcgu.o" "/opt/rustwide/target/debug/examples/tan-347a1045c1548593.tan.e4e7eef2-cgu.10.rcgu.o" "/opt/rustwide/target/debug/examples/tan-347a1045c1548593.tan.e4e7eef2-cgu.11.rcgu.o" "/opt/rustwide/target/debug/examples/tan-347a1045c1548593.tan.e4e7eef2-cgu.12.rcgu.o" "/opt/rustwide/target/debug/examples/tan-347a1045c1548593.tan.e4e7eef2-cgu.13.rcgu.o" "/opt/rustwide/target/debug/examples/tan-347a1045c1548593.tan.e4e7eef2-cgu.14.rcgu.o" "/opt/rustwide/target/debug/examples/tan-347a1045c1548593.tan.e4e7eef2-cgu.15.rcgu.o" "/opt/rustwide/target/debug/examples/tan-347a1045c1548593.tan.e4e7eef2-cgu.2.rcgu.o" "/opt/rustwide/target/debug/examples/tan-347a1045c1548593.tan.e4e7eef2-cgu.3.rcgu.o" "/opt/rustwide/target/debug/examples/tan-347a1045c1548593.tan.e4e7eef2-cgu.4.rcgu.o" "/opt/rustwide/target/debug/examples/tan-347a1045c1548593.tan.e4e7eef2-cgu.5.rcgu.o" "/opt/rustwide/target/debug/examples/tan-347a1045c1548593.tan.e4e7eef2-cgu.6.rcgu.o" "/opt/rustwide/target/debug/examples/tan-347a1045c1548593.tan.e4e7eef2-cgu.7.rcgu.o" "/opt/rustwide/target/debug/examples/tan-347a1045c1548593.tan.e4e7eef2-cgu.8.rcgu.o" "/opt/rustwide/target/debug/examples/tan-347a1045c1548593.tan.e4e7eef2-cgu.9.rcgu.o" "/opt/rustwide/target/debug/examples/tan-347a1045c1548593.1s42rpf5ze6j1zvg.rcgu.o" "-Wl,--as-needed" "-L" "/opt/rustwide/target/debug/deps" "-L" "/usr/lib/llvm-10/lib" "-L" "/opt/rustwide/target/debug/build/llvm-sys-77e87acb190d0b46/out" "-L" "/opt/rustwide/rustup-home/toolchains/beta-2021-08-01-x86_64-unknown-linux-gnu/lib/rustlib/x86_64-unknown-linux-gnu/lib" "-Wl,-Bstatic" "/opt/rustwide/target/debug/deps/libllvm-dbba4241f320fbe8.rlib" "/opt/rustwide/target/debug/deps/libcbox-118aabf44179a78b.rlib" "/opt/rustwide/target/debug/deps/libllvm_sys-d1ddcfc155ce30b6.rlib" "/opt/rustwide/target/debug/deps/libbitflags-747eda7edcbf1380.rlib" "/opt/rustwide/target/debug/deps/liblibc-bd92bc3e4614bb99.rlib" "-Wl,--start-group" "/opt/rustwide/rustup-home/toolchains/beta-2021-08-01-x86_64-unknown-linux-gnu/lib/rustlib/x86_64-unknown-linux-gnu/lib/libstd-197d933f09d9a590.rlib" "/opt/rustwide/rustup-home/toolchains/beta-2021-08-01-x86_64-unknown-linux-gnu/lib/rustlib/x86_64-unknown-linux-gnu/lib/libpanic_unwind-46a006cddfd334f0.rlib" "/opt/rustwide/rustup-home/toolchains/beta-2021-08-01-x86_64-unknown-linux-gnu/lib/rustlib/x86_64-unknown-linux-gnu/lib/libminiz_oxide-5b9870310e470b38.rlib" "/opt/rustwide/rustup-home/toolchains/beta-2021-08-01-x86_64-unknown-linux-gnu/lib/rustlib/x86_64-unknown-linux-gnu/lib/libadler-260022ba8f1ab4ee.rlib" "/opt/rustwide/rustup-home/toolchains/beta-2021-08-01-x86_64-unknown-linux-gnu/lib/rustlib/x86_64-unknown-linux-gnu/lib/libobject-71377435a799394f.rlib" "/opt/rustwide/rustup-home/toolchains/beta-2021-08-01-x86_64-unknown-linux-gnu/lib/rustlib/x86_64-unknown-linux-gnu/lib/libaddr2line-658ee5924fde57cd.rlib" "/opt/rustwide/rustup-home/toolchains/beta-2021-08-01-x86_64-unknown-linux-gnu/lib/rustlib/x86_64-unknown-linux-gnu/lib/libgimli-9e8627da6bd1b94a.rlib" "/opt/rustwide/rustup-home/toolchains/beta-2021-08-01-x86_64-unknown-linux-gnu/lib/rustlib/x86_64-unknown-linux-gnu/lib/libstd_detect-19fdaac49f59be84.rlib" "/opt/rustwide/rustup-home/toolchains/beta-2021-08-01-x86_64-unknown-linux-gnu/lib/rustlib/x86_64-unknown-linux-gnu/lib/librustc_demangle-cb00e2691ea45905.rlib" "/opt/rustwide/rustup-home/toolchains/beta-2021-08-01-x86_64-unknown-linux-gnu/lib/rustlib/x86_64-unknown-linux-gnu/lib/libhashbrown-50f6726defae5ae1.rlib" "/opt/rustwide/rustup-home/toolchains/beta-2021-08-01-x86_64-unknown-linux-gnu/lib/rustlib/x86_64-unknown-linux-gnu/lib/librustc_std_workspace_alloc-2afc16311deea26e.rlib" "/opt/rustwide/rustup-home/toolchains/beta-2021-08-01-x86_64-unknown-linux-gnu/lib/rustlib/x86_64-unknown-linux-gnu/lib/libunwind-bb5cb0fe086ee8cf.rlib" "/opt/rustwide/rustup-home/toolchains/beta-2021-08-01-x86_64-unknown-linux-gnu/lib/rustlib/x86_64-unknown-linux-gnu/lib/libcfg_if-896053247b5dfd0b.rlib" "/opt/rustwide/rustup-home/toolchains/beta-2021-08-01-x86_64-unknown-linux-gnu/lib/rustlib/x86_64-unknown-linux-gnu/lib/liblibc-735e1f2ac3cf23be.rlib" "/opt/rustwide/rustup-home/toolchains/beta-2021-08-01-x86_64-unknown-linux-gnu/lib/rustlib/x86_64-unknown-linux-gnu/lib/liballoc-9dfb6622644c732c.rlib" "/opt/rustwide/rustup-home/toolchains/beta-2021-08-01-x86_64-unknown-linux-gnu/lib/rustlib/x86_64-unknown-linux-gnu/lib/librustc_std_workspace_core-beea7d9617fe25c5.rlib" "/opt/rustwide/rustup-home/toolchains/beta-2021-08-01-x86_64-unknown-linux-gnu/lib/rustlib/x86_64-unknown-linux-gnu/lib/libcore-8ef7dd43fc671f88.rlib" "-Wl,--end-group" "/opt/rustwide/rustup-home/toolchains/beta-2021-08-01-x86_64-unknown-linux-gnu/lib/rustlib/x86_64-unknown-linux-gnu/lib/libcompiler_builtins-a9a3b2ad67977f47.rlib" "-Wl,-Bdynamic" "-lffi" "-lLLVM-10" "-lffi" "-lstdc++" "-lutil" "-lgcc_s" "-lutil" "-lrt" "-lpthread" "-lm" "-ldl" "-lc" "-Wl,--eh-frame-hdr" "-Wl,-znoexecstack" "-L" "/opt/rustwide/rustup-home/toolchains/beta-2021-08-01-x86_64-unknown-linux-gnu/lib/rustlib/x86_64-unknown-linux-gnu/lib" "-o" "/opt/rustwide/target/debug/examples/tan-347a1045c1548593" "-Wl,--gc-sections" "-pie" "-Wl,-zrelro" "-Wl,-znow" "-nodefaultlibs"
[INFO] [stdout]   = note: /usr/bin/ld: /opt/rustwide/target/debug/deps/libllvm-dbba4241f320fbe8.rlib(llvm-dbba4241f320fbe8.llvm.10a0c6c3-cgu.1.rcgu.o): in function `llvm::value::Function::add_attributes':
[INFO] [stdout]           /opt/rustwide/workdir/src/value.rs:259: undefined reference to `LLVMAddFunctionAttr'
[INFO] [stdout]           collect2: error: ld returned 1 exit status
[INFO] [stdout]           
[INFO] [stdout]   = help: some `extern` functions couldn't be found; some native libraries may need to be installed or have their path specified
[INFO] [stdout]   = note: use the `-l` flag to specify native libraries to link
[INFO] [stdout]   = note: use the `cargo:rustc-link-lib` directive to specify the native libraries to link with Cargo (see https://doc.rust-lang.org/cargo/reference/build-scripts.html#cargorustc-link-libkindname)
[INFO] [stdout] 
[INFO] [stdout] 
[INFO] [stdout] error: aborting due to previous error
[INFO] [stdout] 
[INFO] [stdout] 
[INFO] [stdout] error: linking with `cc` failed: exit status: 1
[INFO] [stdout]   |
[INFO] [stdout]   = note: "cc" "-m64" "/opt/rustwide/target/debug/deps/attributes-7e7cd2d47cff1f11.attributes.ec90f7ec-cgu.0.rcgu.o" "/opt/rustwide/target/debug/deps/attributes-7e7cd2d47cff1f11.attributes.ec90f7ec-cgu.1.rcgu.o" "/opt/rustwide/target/debug/deps/attributes-7e7cd2d47cff1f11.attributes.ec90f7ec-cgu.10.rcgu.o" "/opt/rustwide/target/debug/deps/attributes-7e7cd2d47cff1f11.attributes.ec90f7ec-cgu.11.rcgu.o" "/opt/rustwide/target/debug/deps/attributes-7e7cd2d47cff1f11.attributes.ec90f7ec-cgu.12.rcgu.o" "/opt/rustwide/target/debug/deps/attributes-7e7cd2d47cff1f11.attributes.ec90f7ec-cgu.13.rcgu.o" "/opt/rustwide/target/debug/deps/attributes-7e7cd2d47cff1f11.attributes.ec90f7ec-cgu.14.rcgu.o" "/opt/rustwide/target/debug/deps/attributes-7e7cd2d47cff1f11.attributes.ec90f7ec-cgu.15.rcgu.o" "/opt/rustwide/target/debug/deps/attributes-7e7cd2d47cff1f11.attributes.ec90f7ec-cgu.2.rcgu.o" "/opt/rustwide/target/debug/deps/attributes-7e7cd2d47cff1f11.attributes.ec90f7ec-cgu.3.rcgu.o" "/opt/rustwide/target/debug/deps/attributes-7e7cd2d47cff1f11.attributes.ec90f7ec-cgu.4.rcgu.o" "/opt/rustwide/target/debug/deps/attributes-7e7cd2d47cff1f11.attributes.ec90f7ec-cgu.5.rcgu.o" "/opt/rustwide/target/debug/deps/attributes-7e7cd2d47cff1f11.attributes.ec90f7ec-cgu.6.rcgu.o" "/opt/rustwide/target/debug/deps/attributes-7e7cd2d47cff1f11.attributes.ec90f7ec-cgu.7.rcgu.o" "/opt/rustwide/target/debug/deps/attributes-7e7cd2d47cff1f11.attributes.ec90f7ec-cgu.8.rcgu.o" "/opt/rustwide/target/debug/deps/attributes-7e7cd2d47cff1f11.attributes.ec90f7ec-cgu.9.rcgu.o" "/opt/rustwide/target/debug/deps/attributes-7e7cd2d47cff1f11.cv3cp5oipnyn2p.rcgu.o" "-Wl,--as-needed" "-L" "/opt/rustwide/target/debug/deps" "-L" "/usr/lib/llvm-10/lib" "-L" "/opt/rustwide/target/debug/build/llvm-sys-77e87acb190d0b46/out" "-L" "/opt/rustwide/rustup-home/toolchains/beta-2021-08-01-x86_64-unknown-linux-gnu/lib/rustlib/x86_64-unknown-linux-gnu/lib" "-Wl,-Bstatic" "/opt/rustwide/rustup-home/toolchains/beta-2021-08-01-x86_64-unknown-linux-gnu/lib/rustlib/x86_64-unknown-linux-gnu/lib/libtest-6e9019ff2cdb2237.rlib" "/opt/rustwide/rustup-home/toolchains/beta-2021-08-01-x86_64-unknown-linux-gnu/lib/rustlib/x86_64-unknown-linux-gnu/lib/libgetopts-e9cc0b5f091b140c.rlib" "/opt/rustwide/rustup-home/toolchains/beta-2021-08-01-x86_64-unknown-linux-gnu/lib/rustlib/x86_64-unknown-linux-gnu/lib/libunicode_width-762dfa4479f14aad.rlib" "/opt/rustwide/rustup-home/toolchains/beta-2021-08-01-x86_64-unknown-linux-gnu/lib/rustlib/x86_64-unknown-linux-gnu/lib/librustc_std_workspace_std-2a5ac1cc0b21909c.rlib" "/opt/rustwide/target/debug/deps/libllvm-dbba4241f320fbe8.rlib" "/opt/rustwide/target/debug/deps/libcbox-118aabf44179a78b.rlib" "/opt/rustwide/target/debug/deps/libllvm_sys-d1ddcfc155ce30b6.rlib" "/opt/rustwide/target/debug/deps/libbitflags-747eda7edcbf1380.rlib" "/opt/rustwide/target/debug/deps/liblibc-bd92bc3e4614bb99.rlib" "-Wl,--start-group" "/opt/rustwide/rustup-home/toolchains/beta-2021-08-01-x86_64-unknown-linux-gnu/lib/rustlib/x86_64-unknown-linux-gnu/lib/libstd-197d933f09d9a590.rlib" "/opt/rustwide/rustup-home/toolchains/beta-2021-08-01-x86_64-unknown-linux-gnu/lib/rustlib/x86_64-unknown-linux-gnu/lib/libpanic_unwind-46a006cddfd334f0.rlib" "/opt/rustwide/rustup-home/toolchains/beta-2021-08-01-x86_64-unknown-linux-gnu/lib/rustlib/x86_64-unknown-linux-gnu/lib/libminiz_oxide-5b9870310e470b38.rlib" "/opt/rustwide/rustup-home/toolchains/beta-2021-08-01-x86_64-unknown-linux-gnu/lib/rustlib/x86_64-unknown-linux-gnu/lib/libadler-260022ba8f1ab4ee.rlib" "/opt/rustwide/rustup-home/toolchains/beta-2021-08-01-x86_64-unknown-linux-gnu/lib/rustlib/x86_64-unknown-linux-gnu/lib/libobject-71377435a799394f.rlib" "/opt/rustwide/rustup-home/toolchains/beta-2021-08-01-x86_64-unknown-linux-gnu/lib/rustlib/x86_64-unknown-linux-gnu/lib/libaddr2line-658ee5924fde57cd.rlib" "/opt/rustwide/rustup-home/toolchains/beta-2021-08-01-x86_64-unknown-linux-gnu/lib/rustlib/x86_64-unknown-linux-gnu/lib/libgimli-9e8627da6bd1b94a.rlib" "/opt/rustwide/rustup-home/toolchains/beta-2021-08-01-x86_64-unknown-linux-gnu/lib/rustlib/x86_64-unknown-linux-gnu/lib/libstd_detect-19fdaac49f59be84.rlib" "/opt/rustwide/rustup-home/toolchains/beta-2021-08-01-x86_64-unknown-linux-gnu/lib/rustlib/x86_64-unknown-linux-gnu/lib/librustc_demangle-cb00e2691ea45905.rlib" "/opt/rustwide/rustup-home/toolchains/beta-2021-08-01-x86_64-unknown-linux-gnu/lib/rustlib/x86_64-unknown-linux-gnu/lib/libhashbrown-50f6726defae5ae1.rlib" "/opt/rustwide/rustup-home/toolchains/beta-2021-08-01-x86_64-unknown-linux-gnu/lib/rustlib/x86_64-unknown-linux-gnu/lib/librustc_std_workspace_alloc-2afc16311deea26e.rlib" "/opt/rustwide/rustup-home/toolchains/beta-2021-08-01-x86_64-unknown-linux-gnu/lib/rustlib/x86_64-unknown-linux-gnu/lib/libunwind-bb5cb0fe086ee8cf.rlib" "/opt/rustwide/rustup-home/toolchains/beta-2021-08-01-x86_64-unknown-linux-gnu/lib/rustlib/x86_64-unknown-linux-gnu/lib/libcfg_if-896053247b5dfd0b.rlib" "/opt/rustwide/rustup-home/toolchains/beta-2021-08-01-x86_64-unknown-linux-gnu/lib/rustlib/x86_64-unknown-linux-gnu/lib/liblibc-735e1f2ac3cf23be.rlib" "/opt/rustwide/rustup-home/toolchains/beta-2021-08-01-x86_64-unknown-linux-gnu/lib/rustlib/x86_64-unknown-linux-gnu/lib/liballoc-9dfb6622644c732c.rlib" "/opt/rustwide/rustup-home/toolchains/beta-2021-08-01-x86_64-unknown-linux-gnu/lib/rustlib/x86_64-unknown-linux-gnu/lib/librustc_std_workspace_core-beea7d9617fe25c5.rlib" "/opt/rustwide/rustup-home/toolchains/beta-2021-08-01-x86_64-unknown-linux-gnu/lib/rustlib/x86_64-unknown-linux-gnu/lib/libcore-8ef7dd43fc671f88.rlib" "-Wl,--end-group" "/opt/rustwide/rustup-home/toolchains/beta-2021-08-01-x86_64-unknown-linux-gnu/lib/rustlib/x86_64-unknown-linux-gnu/lib/libcompiler_builtins-a9a3b2ad67977f47.rlib" "-Wl,-Bdynamic" "-lffi" "-lLLVM-10" "-lffi" "-lstdc++" "-lutil" "-lgcc_s" "-lutil" "-lrt" "-lpthread" "-lm" "-ldl" "-lc" "-Wl,--eh-frame-hdr" "-Wl,-znoexecstack" "-L" "/opt/rustwide/rustup-home/toolchains/beta-2021-08-01-x86_64-unknown-linux-gnu/lib/rustlib/x86_64-unknown-linux-gnu/lib" "-o" "/opt/rustwide/target/debug/deps/attributes-7e7cd2d47cff1f11" "-Wl,--gc-sections" "-pie" "-Wl,-zrelro" "-Wl,-znow" "-nodefaultlibs"
[INFO] [stdout]   = note: /usr/bin/ld: /opt/rustwide/target/debug/deps/libllvm-dbba4241f320fbe8.rlib(llvm-dbba4241f320fbe8.llvm.10a0c6c3-cgu.1.rcgu.o): in function `llvm::value::Arg::add_attributes':
[INFO] [stdout]           /opt/rustwide/workdir/src/value.rs:109: undefined reference to `LLVMAddAttribute'
[INFO] [stdout]           /usr/bin/ld: /opt/rustwide/target/debug/deps/libllvm-dbba4241f320fbe8.rlib(llvm-dbba4241f320fbe8.llvm.10a0c6c3-cgu.1.rcgu.o): in function `llvm::value::Arg::has_attribute':
[INFO] [stdout]           /opt/rustwide/workdir/src/value.rs:114: undefined reference to `LLVMGetAttribute'
[INFO] [stdout]           /usr/bin/ld: /opt/rustwide/target/debug/deps/libllvm-dbba4241f320fbe8.rlib(llvm-dbba4241f320fbe8.llvm.10a0c6c3-cgu.1.rcgu.o): in function `llvm::value::Arg::has_attributes':
[INFO] [stdout]           /opt/rustwide/workdir/src/value.rs:121: undefined reference to `LLVMGetAttribute'
[INFO] [stdout]           /usr/bin/ld: /opt/rustwide/target/debug/deps/libllvm-dbba4241f320fbe8.rlib(llvm-dbba4241f320fbe8.llvm.10a0c6c3-cgu.1.rcgu.o): in function `llvm::value::Arg::remove_attribute':
[INFO] [stdout]           /opt/rustwide/workdir/src/value.rs:132: undefined reference to `LLVMRemoveAttribute'
[INFO] [stdout]           /usr/bin/ld: /opt/rustwide/target/debug/deps/libllvm-dbba4241f320fbe8.rlib(llvm-dbba4241f320fbe8.llvm.10a0c6c3-cgu.1.rcgu.o): in function `llvm::value::Function::add_attributes':
[INFO] [stdout]           /opt/rustwide/workdir/src/value.rs:259: undefined reference to `LLVMAddFunctionAttr'
[INFO] [stdout]           /usr/bin/ld: /opt/rustwide/target/debug/deps/libllvm-dbba4241f320fbe8.rlib(llvm-dbba4241f320fbe8.llvm.10a0c6c3-cgu.1.rcgu.o): in function `llvm::value::Function::has_attribute':
[INFO] [stdout]           /opt/rustwide/workdir/src/value.rs:264: undefined reference to `LLVMGetFunctionAttr'
[INFO] [stdout]           /usr/bin/ld: /opt/rustwide/target/debug/deps/libllvm-dbba4241f320fbe8.rlib(llvm-dbba4241f320fbe8.llvm.10a0c6c3-cgu.1.rcgu.o): in function `llvm::value::Function::has_attributes':
[INFO] [stdout]           /opt/rustwide/workdir/src/value.rs:271: undefined reference to `LLVMGetFunctionAttr'
[INFO] [stdout]           /usr/bin/ld: /opt/rustwide/target/debug/deps/libllvm-dbba4241f320fbe8.rlib(llvm-dbba4241f320fbe8.llvm.10a0c6c3-cgu.1.rcgu.o): in function `llvm::value::Function::remove_attribute':
[INFO] [stdout]           /opt/rustwide/workdir/src/value.rs:282: undefined reference to `LLVMRemoveFunctionAttr'
[INFO] [stdout]           collect2: error: ld returned 1 exit status
[INFO] [stdout]           
[INFO] [stdout]   = help: some `extern` functions couldn't be found; some native libraries may need to be installed or have their path specified
[INFO] [stdout]   = note: use the `-l` flag to specify native libraries to link
[INFO] [stdout]   = note: use the `cargo:rustc-link-lib` directive to specify the native libraries to link with Cargo (see https://doc.rust-lang.org/cargo/reference/build-scripts.html#cargorustc-link-libkindname)
[INFO] [stdout] 
[INFO] [stdout] 
[INFO] [stdout] error: aborting due to previous error
[INFO] [stdout] 
[INFO] [stdout] 
[INFO] [stderr] error: build failed
[INFO] running `Command { std: "docker" "inspect" "25075c0933498074019f456e460d83cb42d84874cd7af0c4d7b129cae83f01f0", kill_on_drop: false }`
[INFO] running `Command { std: "docker" "rm" "-f" "25075c0933498074019f456e460d83cb42d84874cd7af0c4d7b129cae83f01f0", kill_on_drop: false }`
[INFO] [stdout] 25075c0933498074019f456e460d83cb42d84874cd7af0c4d7b129cae83f01f0
