[INFO] cloning repository https://github.com/TatriX/html-to-seed
[INFO] running `Command { std: "git" "-c" "credential.helper=" "-c" "credential.helper=/workspace/cargo-home/bin/git-credential-null" "clone" "--bare" "https://github.com/TatriX/html-to-seed" "/workspace/cache/git-repos/https%3A%2F%2Fgithub.com%2FTatriX%2Fhtml-to-seed", kill_on_drop: false }`
[INFO] [stderr] Cloning into bare repository '/workspace/cache/git-repos/https%3A%2F%2Fgithub.com%2FTatriX%2Fhtml-to-seed'...
[INFO] running `Command { std: "git" "rev-parse" "HEAD", kill_on_drop: false }`
[INFO] [stdout] 9edbd7b6e938c64a29c75f84a2308d7fc7bf88d4
[INFO] testing TatriX/html-to-seed against 1.54.0 for beta-1.55-1
[INFO] running `Command { std: "git" "clone" "/workspace/cache/git-repos/https%3A%2F%2Fgithub.com%2FTatriX%2Fhtml-to-seed" "/workspace/builds/worker-71/source", kill_on_drop: false }`
[INFO] [stderr] Cloning into '/workspace/builds/worker-71/source'...
[INFO] [stderr] done.
[INFO] validating manifest of git repo https://github.com/TatriX/html-to-seed on toolchain 1.54.0
[INFO] running `Command { std: "/workspace/cargo-home/bin/cargo" "+1.54.0" "metadata" "--manifest-path" "Cargo.toml" "--no-deps", kill_on_drop: false }`
[INFO] removed /workspace/builds/worker-71/source/rust-toolchain
[INFO] started tweaking git repo https://github.com/TatriX/html-to-seed
[INFO] disabled cargo feature 'default-run' from git repo https://github.com/TatriX/html-to-seed
[INFO] finished tweaking git repo https://github.com/TatriX/html-to-seed
[INFO] tweaked toml for git repo https://github.com/TatriX/html-to-seed written to /workspace/builds/worker-71/source/Cargo.toml
[INFO] crate git repo https://github.com/TatriX/html-to-seed already has a lockfile, it will not be regenerated
[INFO] running `Command { std: "/workspace/cargo-home/bin/cargo" "+1.54.0" "fetch" "--manifest-path" "Cargo.toml", kill_on_drop: false }`
[INFO] [stderr]  Downloading crates ...
[INFO] [stderr]   Downloaded derive-new v0.5.6
[INFO] [stderr]   Downloaded annotate-snippets v0.5.0
[INFO] [stderr]   Downloaded dirs-sys v0.3.3
[INFO] [stderr]   Downloaded dirs v2.0.1
[INFO] [stderr]   Downloaded ena v0.13.0
[INFO] [stderr]   Downloaded rustfmt-config_proc_macro v0.1.2
[INFO] [stderr]   Downloaded rustc-rayon v0.2.0
[INFO] [stderr]   Downloaded cargo_metadata v0.8.0
[INFO] [stderr]   Downloaded rustc-ap-rustc_cratesio_shim v491.0.0
[INFO] [stderr]   Downloaded rustc-rayon-core v0.2.0
[INFO] [stderr]   Downloaded rustc-ap-arena v491.0.0
[INFO] [stderr]   Downloaded rustc-ap-rustc_errors v491.0.0
[INFO] [stderr]   Downloaded jobserver v0.1.14
[INFO] [stderr]   Downloaded rustc-ap-serialize v491.0.0
[INFO] [stderr]   Downloaded rustc-ap-graphviz v491.0.0
[INFO] [stderr]   Downloaded rustc-ap-rustc_macros v491.0.0
[INFO] [stderr]   Downloaded rustc-ap-syntax_pos v491.0.0
[INFO] [stderr]   Downloaded rustc-ap-rustc_target v491.0.0
[INFO] [stderr]   Downloaded rustc-ap-rustc_data_structures v491.0.0
[INFO] [stderr]   Downloaded rustfmt-nightly v1.3.1
[INFO] [stderr]   Downloaded rustc-ap-syntax v491.0.0
[INFO] running `Command { std: "docker" "create" "-v" "/var/lib/crater-agent-workspace/builds/worker-71/target:/opt/rustwide/target:rw,Z" "-v" "/var/lib/crater-agent-workspace/builds/worker-71/source:/opt/rustwide/workdir:ro,Z" "-v" "/var/lib/crater-agent-workspace/cargo-home:/opt/rustwide/cargo-home:ro,Z" "-v" "/var/lib/crater-agent-workspace/rustup-home:/opt/rustwide/rustup-home:ro,Z" "-e" "SOURCE_DIR=/opt/rustwide/workdir" "-e" "CARGO_TARGET_DIR=/opt/rustwide/target" "-e" "CARGO_HOME=/opt/rustwide/cargo-home" "-e" "RUSTUP_HOME=/opt/rustwide/rustup-home" "-w" "/opt/rustwide/workdir" "-m" "1610612736" "--user" "0:0" "--network" "none" "ghcr.io/rust-lang/crates-build-env/linux@sha256:34b6a614d2c27851fe6cbf88fbd1137609cefab8b10d0615aaeb6fd47975d74e" "/opt/rustwide/cargo-home/bin/cargo" "+1.54.0" "metadata" "--no-deps" "--format-version=1", kill_on_drop: false }`
[INFO] [stdout] f76744e4362b202710ca14ebecd0d56cdf3a6663d8755149f2183332cba1cae6
[INFO] running `Command { std: "docker" "start" "-a" "f76744e4362b202710ca14ebecd0d56cdf3a6663d8755149f2183332cba1cae6", kill_on_drop: false }`
[INFO] running `Command { std: "docker" "inspect" "f76744e4362b202710ca14ebecd0d56cdf3a6663d8755149f2183332cba1cae6", kill_on_drop: false }`
[INFO] running `Command { std: "docker" "rm" "-f" "f76744e4362b202710ca14ebecd0d56cdf3a6663d8755149f2183332cba1cae6", kill_on_drop: false }`
[INFO] [stdout] f76744e4362b202710ca14ebecd0d56cdf3a6663d8755149f2183332cba1cae6
[INFO] running `Command { std: "docker" "create" "-v" "/var/lib/crater-agent-workspace/builds/worker-71/target:/opt/rustwide/target:rw,Z" "-v" "/var/lib/crater-agent-workspace/builds/worker-71/source:/opt/rustwide/workdir:ro,Z" "-v" "/var/lib/crater-agent-workspace/cargo-home:/opt/rustwide/cargo-home:ro,Z" "-v" "/var/lib/crater-agent-workspace/rustup-home:/opt/rustwide/rustup-home:ro,Z" "-e" "SOURCE_DIR=/opt/rustwide/workdir" "-e" "CARGO_TARGET_DIR=/opt/rustwide/target" "-e" "CARGO_INCREMENTAL=0" "-e" "RUST_BACKTRACE=full" "-e" "RUSTFLAGS=--cap-lints=warn" "-e" "CARGO_HOME=/opt/rustwide/cargo-home" "-e" "RUSTUP_HOME=/opt/rustwide/rustup-home" "-w" "/opt/rustwide/workdir" "-m" "1610612736" "--user" "0:0" "--network" "none" "ghcr.io/rust-lang/crates-build-env/linux@sha256:34b6a614d2c27851fe6cbf88fbd1137609cefab8b10d0615aaeb6fd47975d74e" "/opt/rustwide/cargo-home/bin/cargo" "+1.54.0" "build" "--frozen" "--message-format=json", kill_on_drop: false }`
[INFO] [stdout] d0668e430aa1b9dc6309e9121827b6cb9579e5931c24a312646aa6b0e55edef1
[INFO] running `Command { std: "docker" "start" "-a" "d0668e430aa1b9dc6309e9121827b6cb9579e5931c24a312646aa6b0e55edef1", kill_on_drop: false }`
[INFO] [stderr]    Compiling libc v0.2.58
[INFO] [stderr]    Compiling syn v0.15.39
[INFO] [stderr]    Compiling cfg-if v0.1.9
[INFO] [stderr]    Compiling rand_core v0.4.0
[INFO] [stderr]    Compiling autocfg v0.1.4
[INFO] [stderr]    Compiling lazy_static v1.3.0
[INFO] [stderr]    Compiling serde v1.0.94
[INFO] [stderr]    Compiling smallvec v0.6.10
[INFO] [stderr]    Compiling byteorder v1.3.2
[INFO] [stderr]    Compiling bitflags v1.1.0
[INFO] [stderr]    Compiling cc v1.0.37
[INFO] [stderr]    Compiling semver-parser v0.7.0
[INFO] [stderr]    Compiling scopeguard v0.3.3
[INFO] [stderr]    Compiling arrayvec v0.4.10
[INFO] [stderr]    Compiling siphasher v0.2.3
[INFO] [stderr]    Compiling unicode-width v0.1.5
[INFO] [stderr]    Compiling nodrop v0.1.13
[INFO] [stderr]    Compiling memchr v2.2.0
[INFO] [stderr]    Compiling memoffset v0.2.1
[INFO] [stderr]    Compiling indexmap v1.0.2
[INFO] [stderr]    Compiling stable_deref_trait v1.1.1
[INFO] [stderr]    Compiling either v1.5.2
[INFO] [stderr]    Compiling rustc-rayon-core v0.2.0
[INFO] [stderr]    Compiling ryu v1.0.0
[INFO] [stderr]    Compiling rustc-rayon v0.2.0
[INFO] [stderr]    Compiling string_cache_shared v0.3.0
[INFO] [stderr]    Compiling rustc-ap-graphviz v491.0.0
[INFO] [stderr]    Compiling ucd-util v0.1.3
[INFO] [stderr]    Compiling regex v1.1.7
[INFO] [stderr]    Compiling yansi v0.4.0
[INFO] [stderr]    Compiling itoa v0.4.4
[INFO] [stderr]    Compiling ansi_term v0.11.0
[INFO] [stderr]    Compiling httparse v1.3.4
[INFO] [stderr]    Compiling version_check v0.9.1
[INFO] [stderr]    Compiling utf8-ranges v1.0.3
[INFO] [stderr]    Compiling safemem v0.3.0
[INFO] [stderr]    Compiling scoped-tls v1.0.0
[INFO] [stderr]    Compiling failure_derive v0.1.5
[INFO] [stderr]    Compiling new_debug_unreachable v1.0.3
[INFO] [stderr]    Compiling untrusted v0.6.2
[INFO] [stderr]    Compiling termcolor v1.0.5
[INFO] [stderr]    Compiling mac v0.1.1
[INFO] [stderr]    Compiling unicode-segmentation v1.3.0
[INFO] [stderr]    Compiling rustc-ap-rustc_target v491.0.0
[INFO] [stderr]    Compiling rustc-demangle v0.1.15
[INFO] [stderr]    Compiling same-file v1.0.4
[INFO] [stderr]    Compiling strsim v0.8.0
[INFO] [stderr]    Compiling utf-8 v0.7.5
[INFO] [stderr]    Compiling rustc-ap-syntax v491.0.0
[INFO] [stderr]    Compiling state v0.4.1
[INFO] [stderr]    Compiling quick-error v1.2.2
[INFO] [stderr]    Compiling fnv v1.0.6
[INFO] [stderr]    Compiling vec_map v0.8.1
[INFO] [stderr]    Compiling precomputed-hash v0.1.1
[INFO] [stderr]    Compiling rustfmt-nightly v1.3.1
[INFO] [stderr]    Compiling diff v0.1.11
[INFO] [stderr]    Compiling rustc-workspace-hack v1.0.0
[INFO] [stderr]    Compiling bytecount v0.5.1
[INFO] [stderr]    Compiling unicode_categories v0.1.1
[INFO] [stderr]    Compiling quote v0.6.12
[INFO] [stderr]    Compiling log v0.4.6
[INFO] [stderr]    Compiling crossbeam-utils v0.2.2
[INFO] [stdout] error[E0554]: `#![feature]` may not be used on the stable release channel
[INFO] [stdout]   --> /opt/rustwide/cargo-home/registry/src/github.com-1ecc6299db9ec823/smallvec-0.6.10/lib.rs:33:32
[INFO] [stdout]    |
[INFO] [stdout] 33 | #![cfg_attr(feature = "union", feature(untagged_unions))]
[INFO] [stdout]    |                                ^^^^^^^^^^^^^^^^^^^^^^^^
[INFO] [stdout] 
[INFO] [stdout] 
[INFO] [stdout] error[E0554]: `#![feature]` may not be used on the stable release channel
[INFO] [stdout]   --> /opt/rustwide/cargo-home/registry/src/github.com-1ecc6299db9ec823/smallvec-0.6.10/lib.rs:35:37
[INFO] [stdout]    |
[INFO] [stdout] 35 | #![cfg_attr(feature = "may_dangle", feature(dropck_eyepatch))]
[INFO] [stdout]    |                                     ^^^^^^^^^^^^^^^^^^^^^^^^
[INFO] [stdout] 
[INFO] [stdout] 
[INFO] [stdout] error[E0554]: `#![feature]` may not be used on the stable release channel
[INFO] [stdout]    --> /opt/rustwide/cargo-home/registry/src/github.com-1ecc6299db9ec823/rustc-ap-graphviz-491.0.0/lib.rs:279:1
[INFO] [stdout]     |
[INFO] [stdout] 279 | #![feature(rustc_private, nll)]
[INFO] [stdout]     | ^^^^^^^^^^^^^^^^^^^^^^^^^^^^^^^
[INFO] [stdout] 
[INFO] [stdout] 
[INFO] [stdout] error: aborting due to previous error
[INFO] [stdout] 
[INFO] [stdout] 
[INFO] [stdout] For more information about this error, try `rustc --explain E0554`.
[INFO] [stdout] 
[INFO] [stderr] error: could not compile `rustc-ap-graphviz`
[INFO] [stderr] 
[INFO] [stderr] To learn more, run the command again with --verbose.
[INFO] [stderr] warning: build failed, waiting for other jobs to finish...
[INFO] [stdout] error: aborting due to 2 previous errors
[INFO] [stdout] 
[INFO] [stdout] 
[INFO] [stdout] For more information about this error, try `rustc --explain E0554`.
[INFO] [stdout] 
[INFO] [stderr] error: build failed
[INFO] running `Command { std: "docker" "inspect" "d0668e430aa1b9dc6309e9121827b6cb9579e5931c24a312646aa6b0e55edef1", kill_on_drop: false }`
[INFO] running `Command { std: "docker" "rm" "-f" "d0668e430aa1b9dc6309e9121827b6cb9579e5931c24a312646aa6b0e55edef1", kill_on_drop: false }`
[INFO] [stdout] d0668e430aa1b9dc6309e9121827b6cb9579e5931c24a312646aa6b0e55edef1
