[INFO] cloning repository https://github.com/Tamschi/subset-struct
[INFO] running `Command { std: "git" "-c" "credential.helper=" "-c" "credential.helper=/workspace/cargo-home/bin/git-credential-null" "clone" "--bare" "https://github.com/Tamschi/subset-struct" "/workspace/cache/git-repos/https%3A%2F%2Fgithub.com%2FTamschi%2Fsubset-struct", kill_on_drop: false }`
[INFO] [stderr] Cloning into bare repository '/workspace/cache/git-repos/https%3A%2F%2Fgithub.com%2FTamschi%2Fsubset-struct'...
[INFO] running `Command { std: "git" "rev-parse" "HEAD", kill_on_drop: false }`
[INFO] [stdout] 2eae5bcbcd6894e111a0dead97da4979ba84c958
[INFO] testing Tamschi/subset-struct against 1.54.0 for beta-1.55-1
[INFO] running `Command { std: "git" "clone" "/workspace/cache/git-repos/https%3A%2F%2Fgithub.com%2FTamschi%2Fsubset-struct" "/workspace/builds/worker-90/source", kill_on_drop: false }`
[INFO] [stderr] Cloning into '/workspace/builds/worker-90/source'...
[INFO] [stderr] done.
[INFO] validating manifest of git repo https://github.com/Tamschi/subset-struct on toolchain 1.54.0
[INFO] running `Command { std: "/workspace/cargo-home/bin/cargo" "+1.54.0" "metadata" "--manifest-path" "Cargo.toml" "--no-deps", kill_on_drop: false }`
[INFO] removed /workspace/builds/worker-90/source/.cargo/config.toml
[INFO] removed /workspace/builds/worker-90/source/rust-toolchain
[INFO] started tweaking git repo https://github.com/Tamschi/subset-struct
[INFO] finished tweaking git repo https://github.com/Tamschi/subset-struct
[INFO] tweaked toml for git repo https://github.com/Tamschi/subset-struct written to /workspace/builds/worker-90/source/Cargo.toml
[INFO] crate git repo https://github.com/Tamschi/subset-struct already has a lockfile, it will not be regenerated
[INFO] running `Command { std: "/workspace/cargo-home/bin/cargo" "+1.54.0" "fetch" "--manifest-path" "Cargo.toml", kill_on_drop: false }`
[INFO] running `Command { std: "docker" "create" "-v" "/var/lib/crater-agent-workspace/builds/worker-90/target:/opt/rustwide/target:rw,Z" "-v" "/var/lib/crater-agent-workspace/builds/worker-90/source:/opt/rustwide/workdir:ro,Z" "-v" "/var/lib/crater-agent-workspace/cargo-home:/opt/rustwide/cargo-home:ro,Z" "-v" "/var/lib/crater-agent-workspace/rustup-home:/opt/rustwide/rustup-home:ro,Z" "-e" "SOURCE_DIR=/opt/rustwide/workdir" "-e" "CARGO_TARGET_DIR=/opt/rustwide/target" "-e" "CARGO_HOME=/opt/rustwide/cargo-home" "-e" "RUSTUP_HOME=/opt/rustwide/rustup-home" "-w" "/opt/rustwide/workdir" "-m" "1610612736" "--user" "0:0" "--network" "none" "ghcr.io/rust-lang/crates-build-env/linux@sha256:34b6a614d2c27851fe6cbf88fbd1137609cefab8b10d0615aaeb6fd47975d74e" "/opt/rustwide/cargo-home/bin/cargo" "+1.54.0" "metadata" "--no-deps" "--format-version=1", kill_on_drop: false }`
[INFO] [stdout] 9282cc34622bb08cebf66a270b99b04c9643a41ef7add0ab45fc10724667904d
[INFO] running `Command { std: "docker" "start" "-a" "9282cc34622bb08cebf66a270b99b04c9643a41ef7add0ab45fc10724667904d", kill_on_drop: false }`
[INFO] running `Command { std: "docker" "inspect" "9282cc34622bb08cebf66a270b99b04c9643a41ef7add0ab45fc10724667904d", kill_on_drop: false }`
[INFO] running `Command { std: "docker" "rm" "-f" "9282cc34622bb08cebf66a270b99b04c9643a41ef7add0ab45fc10724667904d", kill_on_drop: false }`
[INFO] [stdout] 9282cc34622bb08cebf66a270b99b04c9643a41ef7add0ab45fc10724667904d
[INFO] running `Command { std: "docker" "create" "-v" "/var/lib/crater-agent-workspace/builds/worker-90/target:/opt/rustwide/target:rw,Z" "-v" "/var/lib/crater-agent-workspace/builds/worker-90/source:/opt/rustwide/workdir:ro,Z" "-v" "/var/lib/crater-agent-workspace/cargo-home:/opt/rustwide/cargo-home:ro,Z" "-v" "/var/lib/crater-agent-workspace/rustup-home:/opt/rustwide/rustup-home:ro,Z" "-e" "SOURCE_DIR=/opt/rustwide/workdir" "-e" "CARGO_TARGET_DIR=/opt/rustwide/target" "-e" "CARGO_INCREMENTAL=0" "-e" "RUST_BACKTRACE=full" "-e" "RUSTFLAGS=--cap-lints=warn" "-e" "CARGO_HOME=/opt/rustwide/cargo-home" "-e" "RUSTUP_HOME=/opt/rustwide/rustup-home" "-w" "/opt/rustwide/workdir" "-m" "1610612736" "--user" "0:0" "--network" "none" "ghcr.io/rust-lang/crates-build-env/linux@sha256:34b6a614d2c27851fe6cbf88fbd1137609cefab8b10d0615aaeb6fd47975d74e" "/opt/rustwide/cargo-home/bin/cargo" "+1.54.0" "build" "--frozen" "--message-format=json", kill_on_drop: false }`
[INFO] [stdout] f770060aad162530ca6f60ac7d581544d6eade45df6224308f1118a4f128668b
[INFO] running `Command { std: "docker" "start" "-a" "f770060aad162530ca6f60ac7d581544d6eade45df6224308f1118a4f128668b", kill_on_drop: false }`
[INFO] [stderr]    Compiling syn v1.0.73
[INFO] [stderr]    Compiling rustversion v1.0.5
[INFO] [stderr]    Compiling tap v1.0.1
[INFO] [stderr]    Compiling debugless-unwrap v0.0.4
[INFO] [stderr]    Compiling call2-for-syn v2.0.3
[INFO] [stderr]    Compiling subset-struct v0.0.1 (/opt/rustwide/workdir)
[INFO] [stdout] warning: unused imports: `Delimiter`, `Group`
[INFO] [stdout]   --> src/lib.rs:12:19
[INFO] [stdout]    |
[INFO] [stdout] 12 | use proc_macro2::{Delimiter, Group, Span, TokenStream, TokenTree};
[INFO] [stdout]    |                   ^^^^^^^^^  ^^^^^
[INFO] [stdout]    |
[INFO] [stdout]    = note: `#[warn(unused_imports)]` on by default
[INFO] [stdout] 
[INFO] [stdout] 
[INFO] [stdout] warning: unused imports: `atomic::AtomicBool`, `fmt::Display`
[INFO] [stdout]   --> src/lib.rs:15:2
[INFO] [stdout]    |
[INFO] [stdout] 15 |     fmt::Display,
[INFO] [stdout]    |     ^^^^^^^^^^^^
[INFO] [stdout] 16 |     iter,
[INFO] [stdout] 17 |     sync::{atomic::AtomicBool, Once},
[INFO] [stdout]    |            ^^^^^^^^^^^^^^^^^^
[INFO] [stdout] 
[INFO] [stdout] 
[INFO] [stdout] warning: unused imports: `NestedMeta`, `ParseBuffer`, `Peek`
[INFO] [stdout]   --> src/lib.rs:21:17
[INFO] [stdout]    |
[INFO] [stdout] 21 |     parse::{Parse, ParseBuffer, ParseStream, Parser, Peek},
[INFO] [stdout]    |                    ^^^^^^^^^^^                       ^^^^
[INFO] [stdout] ...
[INFO] [stdout] 26 |     Error, Ident, NestedMeta, Result, Token,
[INFO] [stdout]    |                   ^^^^^^^^^^
[INFO] [stdout] 
[INFO] [stdout] 
[INFO] [stdout] warning: unused import: `Parse`
[INFO] [stdout]   --> src/lib.rs:21:10
[INFO] [stdout]    |
[INFO] [stdout] 21 |     parse::{Parse, ParseBuffer, ParseStream, Parser, Peek},
[INFO] [stdout]    |             ^^^^^
[INFO] [stdout] 
[INFO] [stdout] 
[INFO] [stdout] warning: unused import: `CustomToken`
[INFO] [stdout]   --> src/lib.rs:25:17
[INFO] [stdout]    |
[INFO] [stdout] 25 |     token::{Brace, CustomToken, Paren},
[INFO] [stdout]    |                    ^^^^^^^^^^^
[INFO] [stdout] 
[INFO] [stdout] 
[INFO] [stdout] warning: unused variable: `attr_args`
[INFO] [stdout]   --> src/lib.rs:44:6
[INFO] [stdout]    |
[INFO] [stdout] 44 |     let attr_args = call2_strict(attr_args, |attr_args: ParseStream| {
[INFO] [stdout]    |         ^^^^^^^^^ help: if this is intentional, prefix it with an underscore: `_attr_args`
[INFO] [stdout]    |
[INFO] [stdout]    = note: `#[warn(unused_variables)]` on by default
[INFO] [stdout] 
[INFO] [stdout] 
[INFO] [stdout] warning: unused variable: `token`
[INFO] [stdout]    --> src/lib.rs:190:10
[INFO] [stdout]     |
[INFO] [stdout] 190 |                     for token in conversions.unwrap() {
[INFO] [stdout]     |                         ^^^^^ help: if this is intentional, prefix it with an underscore: `_token`
[INFO] [stdout] 
[INFO] [stdout] 
[INFO] [stdout] warning: variable does not need to be mutable
[INFO] [stdout]    --> src/lib.rs:189:10
[INFO] [stdout]     |
[INFO] [stdout] 189 |                     let mut punctuated = Punctuated::new();
[INFO] [stdout]     |                         ----^^^^^^^^^^
[INFO] [stdout]     |                         |
[INFO] [stdout]     |                         help: remove this `mut`
[INFO] [stdout]     |
[INFO] [stdout]     = note: `#[warn(unused_mut)]` on by default
[INFO] [stdout] 
[INFO] [stdout] 
[INFO] [stdout] warning: field is never read: `default_`
[INFO] [stdout]   --> src/lib.rs:60:3
[INFO] [stdout]    |
[INFO] [stdout] 60 |         default_: Token![default],
[INFO] [stdout]    |         ^^^^^^^^^^^^^^^^^^^^^^^^^
[INFO] [stdout]    |
[INFO] [stdout]    = note: `#[warn(dead_code)]` on by default
[INFO] [stdout] 
[INFO] [stdout] 
[INFO] [stdout] warning: field is never read: `attrs`
[INFO] [stdout]   --> src/lib.rs:62:3
[INFO] [stdout]    |
[INFO] [stdout] 62 |         attrs: Punctuated<TokenStream, Token![,]>,
[INFO] [stdout]    |         ^^^^^^^^^^^^^^^^^^^^^^^^^^^^^^^^^^^^^^^^^
[INFO] [stdout] 
[INFO] [stdout] 
[INFO] [stdout] warning: field is never read: `conv_brace`
[INFO] [stdout]   --> src/lib.rs:65:3
[INFO] [stdout]    |
[INFO] [stdout] 65 |         conv_brace: Brace,
[INFO] [stdout]    |         ^^^^^^^^^^^^^^^^^
[INFO] [stdout] 
[INFO] [stdout] 
[INFO] [stdout] warning: field is never read: `conversions`
[INFO] [stdout]   --> src/lib.rs:66:3
[INFO] [stdout]    |
[INFO] [stdout] 66 | /         conversions: Punctuated<
[INFO] [stdout] 67 | |             (
[INFO] [stdout] 68 | |                 Ident,
[INFO] [stdout] 69 | |                 Paren,
[INFO] [stdout] ...  |
[INFO] [stdout] 74 | |             Token![,],
[INFO] [stdout] 75 | |         >,
[INFO] [stdout]    | |_________^
[INFO] [stdout] 
[INFO] [stdout] 
[INFO] [stdout] warning: field is never read: `r_arrow`
[INFO] [stdout]   --> src/lib.rs:76:3
[INFO] [stdout]    |
[INFO] [stdout] 76 |         r_arrow: Token![->],
[INFO] [stdout]    |         ^^^^^^^^^^^^^^^^^^^
[INFO] [stdout] 
[INFO] [stdout] 
[INFO] [stdout] warning: field is never read: `name`
[INFO] [stdout]   --> src/lib.rs:77:3
[INFO] [stdout]    |
[INFO] [stdout] 77 |         name: Ident,
[INFO] [stdout]    |         ^^^^^^^^^^^
[INFO] [stdout] 
[INFO] [stdout] 
[INFO] [stdout] warning: field is never read: `attr_paren`
[INFO] [stdout]   --> src/lib.rs:78:3
[INFO] [stdout]    |
[INFO] [stdout] 78 |         attr_paren: Paren,
[INFO] [stdout]    |         ^^^^^^^^^^^^^^^^^
[INFO] [stdout] 
[INFO] [stdout] 
[INFO] [stdout] warning: field is never read: `attrs`
[INFO] [stdout]   --> src/lib.rs:79:3
[INFO] [stdout]    |
[INFO] [stdout] 79 |         attrs: Punctuated<TokenStream, Token![,]>,
[INFO] [stdout]    |         ^^^^^^^^^^^^^^^^^^^^^^^^^^^^^^^^^^^^^^^^^
[INFO] [stdout] 
[INFO] [stdout] 
[INFO] [stdout] warning: 16 warnings emitted
[INFO] [stdout] 
[INFO] [stdout] 
[INFO] [stderr]     Finished dev [unoptimized + debuginfo] target(s) in 10.46s
[INFO] running `Command { std: "docker" "inspect" "f770060aad162530ca6f60ac7d581544d6eade45df6224308f1118a4f128668b", kill_on_drop: false }`
[INFO] running `Command { std: "docker" "rm" "-f" "f770060aad162530ca6f60ac7d581544d6eade45df6224308f1118a4f128668b", kill_on_drop: false }`
[INFO] [stdout] f770060aad162530ca6f60ac7d581544d6eade45df6224308f1118a4f128668b
[INFO] running `Command { std: "docker" "create" "-v" "/var/lib/crater-agent-workspace/builds/worker-90/target:/opt/rustwide/target:rw,Z" "-v" "/var/lib/crater-agent-workspace/builds/worker-90/source:/opt/rustwide/workdir:ro,Z" "-v" "/var/lib/crater-agent-workspace/cargo-home:/opt/rustwide/cargo-home:ro,Z" "-v" "/var/lib/crater-agent-workspace/rustup-home:/opt/rustwide/rustup-home:ro,Z" "-e" "SOURCE_DIR=/opt/rustwide/workdir" "-e" "CARGO_TARGET_DIR=/opt/rustwide/target" "-e" "CARGO_INCREMENTAL=0" "-e" "RUST_BACKTRACE=full" "-e" "RUSTFLAGS=--cap-lints=warn" "-e" "CARGO_HOME=/opt/rustwide/cargo-home" "-e" "RUSTUP_HOME=/opt/rustwide/rustup-home" "-w" "/opt/rustwide/workdir" "-m" "1610612736" "--user" "0:0" "--network" "none" "ghcr.io/rust-lang/crates-build-env/linux@sha256:34b6a614d2c27851fe6cbf88fbd1137609cefab8b10d0615aaeb6fd47975d74e" "/opt/rustwide/cargo-home/bin/cargo" "+1.54.0" "test" "--frozen" "--no-run" "--message-format=json", kill_on_drop: false }`
[INFO] [stdout] 40ed2f3b0985f29f2be88293cd191a809b4031c8ecac5e17c594eb7506ce1f1e
[INFO] running `Command { std: "docker" "start" "-a" "40ed2f3b0985f29f2be88293cd191a809b4031c8ecac5e17c594eb7506ce1f1e", kill_on_drop: false }`
[INFO] [stderr]    Compiling proc-macro2 v1.0.27
[INFO] [stderr]    Compiling syn v1.0.73
[INFO] [stderr]    Compiling wasm-bindgen-shared v0.2.74
[INFO] [stderr]    Compiling bumpalo v3.7.0
[INFO] [stderr]    Compiling wasm-bindgen v0.2.74
[INFO] [stderr]    Compiling memchr v2.4.0
[INFO] [stderr]    Compiling pulldown-cmark v0.8.0
[INFO] [stderr]    Compiling regex-syntax v0.6.25
[INFO] [stderr]    Compiling doc-comment v0.3.3
[INFO] [stderr]    Compiling cargo-husky v1.5.0
[INFO] [stderr]    Compiling semver-parser v0.9.0
[INFO] [stderr]    Compiling git_info v0.1.2
[INFO] [stderr]    Compiling quote v1.0.9
[INFO] [stderr]    Compiling wasm-bindgen-test-macro v0.3.24
[INFO] [stderr]    Compiling regex v1.5.4
[INFO] [stderr]    Compiling call2-for-syn v2.0.3
[INFO] [stderr]    Compiling wasm-bindgen-backend v0.2.74
[INFO] [stderr]    Compiling wasm-bindgen-macro-support v0.2.74
[INFO] [stderr]    Compiling serde_derive v1.0.126
[INFO] [stderr]    Compiling subset-struct v0.0.1 (/opt/rustwide/workdir)
[INFO] [stdout] warning: unused imports: `Delimiter`, `Group`
[INFO] [stdout]   --> src/lib.rs:12:19
[INFO] [stdout]    |
[INFO] [stdout] 12 | use proc_macro2::{Delimiter, Group, Span, TokenStream, TokenTree};
[INFO] [stdout]    |                   ^^^^^^^^^  ^^^^^
[INFO] [stdout]    |
[INFO] [stdout]    = note: `#[warn(unused_imports)]` on by default
[INFO] [stdout] 
[INFO] [stdout] 
[INFO] [stdout] warning: unused imports: `atomic::AtomicBool`, `fmt::Display`
[INFO] [stdout]   --> src/lib.rs:15:2
[INFO] [stdout]    |
[INFO] [stdout] 15 |     fmt::Display,
[INFO] [stdout]    |     ^^^^^^^^^^^^
[INFO] [stdout] 16 |     iter,
[INFO] [stdout] 17 |     sync::{atomic::AtomicBool, Once},
[INFO] [stdout]    |            ^^^^^^^^^^^^^^^^^^
[INFO] [stdout] 
[INFO] [stdout] 
[INFO] [stdout] warning: unused imports: `NestedMeta`, `ParseBuffer`, `Peek`
[INFO] [stdout]   --> src/lib.rs:21:17
[INFO] [stdout]    |
[INFO] [stdout] 21 |     parse::{Parse, ParseBuffer, ParseStream, Parser, Peek},
[INFO] [stdout]    |                    ^^^^^^^^^^^                       ^^^^
[INFO] [stdout] ...
[INFO] [stdout] 26 |     Error, Ident, NestedMeta, Result, Token,
[INFO] [stdout]    |                   ^^^^^^^^^^
[INFO] [stdout] 
[INFO] [stdout] 
[INFO] [stdout] warning: unused import: `Parse`
[INFO] [stdout]   --> src/lib.rs:21:10
[INFO] [stdout]    |
[INFO] [stdout] 21 |     parse::{Parse, ParseBuffer, ParseStream, Parser, Peek},
[INFO] [stdout]    |             ^^^^^
[INFO] [stdout] 
[INFO] [stdout] 
[INFO] [stdout] warning: unused import: `CustomToken`
[INFO] [stdout]   --> src/lib.rs:25:17
[INFO] [stdout]    |
[INFO] [stdout] 25 |     token::{Brace, CustomToken, Paren},
[INFO] [stdout]    |                    ^^^^^^^^^^^
[INFO] [stdout] 
[INFO] [stdout] 
[INFO] [stdout] warning: unused variable: `attr_args`
[INFO] [stdout]   --> src/lib.rs:44:6
[INFO] [stdout]    |
[INFO] [stdout] 44 |     let attr_args = call2_strict(attr_args, |attr_args: ParseStream| {
[INFO] [stdout]    |         ^^^^^^^^^ help: if this is intentional, prefix it with an underscore: `_attr_args`
[INFO] [stdout]    |
[INFO] [stdout]    = note: `#[warn(unused_variables)]` on by default
[INFO] [stdout] 
[INFO] [stdout] 
[INFO] [stdout] warning: unused variable: `token`
[INFO] [stdout]    --> src/lib.rs:190:10
[INFO] [stdout]     |
[INFO] [stdout] 190 |                     for token in conversions.unwrap() {
[INFO] [stdout]     |                         ^^^^^ help: if this is intentional, prefix it with an underscore: `_token`
[INFO] [stdout] 
[INFO] [stdout] 
[INFO] [stdout] warning: variable does not need to be mutable
[INFO] [stdout]    --> src/lib.rs:189:10
[INFO] [stdout]     |
[INFO] [stdout] 189 |                     let mut punctuated = Punctuated::new();
[INFO] [stdout]     |                         ----^^^^^^^^^^
[INFO] [stdout]     |                         |
[INFO] [stdout]     |                         help: remove this `mut`
[INFO] [stdout]     |
[INFO] [stdout]     = note: `#[warn(unused_mut)]` on by default
[INFO] [stdout] 
[INFO] [stdout] 
[INFO] [stdout] warning: field is never read: `default_`
[INFO] [stdout]   --> src/lib.rs:60:3
[INFO] [stdout]    |
[INFO] [stdout] 60 |         default_: Token![default],
[INFO] [stdout]    |         ^^^^^^^^^^^^^^^^^^^^^^^^^
[INFO] [stdout]    |
[INFO] [stdout]    = note: `#[warn(dead_code)]` on by default
[INFO] [stdout] 
[INFO] [stdout] 
[INFO] [stdout] warning: field is never read: `attrs`
[INFO] [stdout]   --> src/lib.rs:62:3
[INFO] [stdout]    |
[INFO] [stdout] 62 |         attrs: Punctuated<TokenStream, Token![,]>,
[INFO] [stdout]    |         ^^^^^^^^^^^^^^^^^^^^^^^^^^^^^^^^^^^^^^^^^
[INFO] [stdout] 
[INFO] [stdout] 
[INFO] [stdout] warning: field is never read: `conv_brace`
[INFO] [stdout]   --> src/lib.rs:65:3
[INFO] [stdout]    |
[INFO] [stdout] 65 |         conv_brace: Brace,
[INFO] [stdout]    |         ^^^^^^^^^^^^^^^^^
[INFO] [stdout] 
[INFO] [stdout] 
[INFO] [stdout] warning: field is never read: `conversions`
[INFO] [stdout]   --> src/lib.rs:66:3
[INFO] [stdout]    |
[INFO] [stdout] 66 | /         conversions: Punctuated<
[INFO] [stdout] 67 | |             (
[INFO] [stdout] 68 | |                 Ident,
[INFO] [stdout] 69 | |                 Paren,
[INFO] [stdout] ...  |
[INFO] [stdout] 74 | |             Token![,],
[INFO] [stdout] 75 | |         >,
[INFO] [stdout]    | |_________^
[INFO] [stdout] 
[INFO] [stdout] 
[INFO] [stdout] warning: field is never read: `r_arrow`
[INFO] [stdout]   --> src/lib.rs:76:3
[INFO] [stdout]    |
[INFO] [stdout] 76 |         r_arrow: Token![->],
[INFO] [stdout]    |         ^^^^^^^^^^^^^^^^^^^
[INFO] [stdout] 
[INFO] [stdout] 
[INFO] [stdout] warning: field is never read: `name`
[INFO] [stdout]   --> src/lib.rs:77:3
[INFO] [stdout]    |
[INFO] [stdout] 77 |         name: Ident,
[INFO] [stdout]    |         ^^^^^^^^^^^
[INFO] [stdout] 
[INFO] [stdout] 
[INFO] [stdout] warning: field is never read: `attr_paren`
[INFO] [stdout]   --> src/lib.rs:78:3
[INFO] [stdout]    |
[INFO] [stdout] 78 |         attr_paren: Paren,
[INFO] [stdout]    |         ^^^^^^^^^^^^^^^^^
[INFO] [stdout] 
[INFO] [stdout] 
[INFO] [stdout] warning: field is never read: `attrs`
[INFO] [stdout]   --> src/lib.rs:79:3
[INFO] [stdout]    |
[INFO] [stdout] 79 |         attrs: Punctuated<TokenStream, Token![,]>,
[INFO] [stdout]    |         ^^^^^^^^^^^^^^^^^^^^^^^^^^^^^^^^^^^^^^^^^
[INFO] [stdout] 
[INFO] [stdout] 
[INFO] [stderr]    Compiling wasm-bindgen-macro v0.2.74
[INFO] [stdout] warning: 16 warnings emitted
[INFO] [stdout] 
[INFO] [stdout] 
[INFO] [stderr]    Compiling js-sys v0.3.51
[INFO] [stderr]    Compiling console_error_panic_hook v0.1.6
[INFO] [stderr]    Compiling serde v1.0.126
[INFO] [stderr]    Compiling wasm-bindgen-futures v0.4.24
[INFO] [stderr]    Compiling wasm-bindgen-test v0.3.24
[INFO] [stderr]    Compiling toml v0.5.8
[INFO] [stderr]    Compiling version-sync v0.9.2
[INFO] [stderr] Macro panic: panicked at 'not yet implemented: conversions', src/lib.rs:191:25
[INFO] [stdout] error: custom attribute panicked
[INFO] [stdout]   --> tests/subsets.rs:6:1
[INFO] [stdout]    |
[INFO] [stdout] 6  | / #[subset(
[INFO] [stdout] 7  | |     /// This documentation will appear on `Base`, as will the attribute.
[INFO] [stdout] 8  | |     #[derive(Deserialize)]
[INFO] [stdout] 9  | |     default,
[INFO] [stdout] ...  |
[INFO] [stdout] 41 | |     ref Extant,
[INFO] [stdout] 42 | | )]
[INFO] [stdout]    | |__^
[INFO] [stdout]    |
[INFO] [stdout]    = help: message: not yet implemented: conversions
[INFO] [stdout] 
[INFO] [stdout] 
[INFO] [stdout] warning: unused imports: `Deserialize`, `Serialize`
[INFO] [stdout]  --> tests/subsets.rs:1:13
[INFO] [stdout]   |
[INFO] [stdout] 1 | use serde::{Deserialize, Serialize};
[INFO] [stdout]   |             ^^^^^^^^^^^  ^^^^^^^^^
[INFO] [stdout]   |
[INFO] [stdout]   = note: `#[warn(unused_imports)]` on by default
[INFO] [stdout] 
[INFO] [stdout] 
[INFO] [stdout] error: aborting due to previous error; 1 warning emitted
[INFO] [stdout] 
[INFO] [stdout] 
[INFO] [stderr] error: could not compile `subset-struct`
[INFO] [stdout] warning: unused imports: `Delimiter`, `Group`
[INFO] [stdout]   --> src/lib.rs:12:19
[INFO] [stdout]    |
[INFO] [stdout] 12 | use proc_macro2::{Delimiter, Group, Span, TokenStream, TokenTree};
[INFO] [stdout]    |                   ^^^^^^^^^  ^^^^^
[INFO] [stdout]    |
[INFO] [stdout]    = note: `#[warn(unused_imports)]` on by default
[INFO] [stdout] 
[INFO] [stdout] 
[INFO] [stderr] 
[INFO] [stdout] warning: unused imports: `atomic::AtomicBool`, `fmt::Display`
[INFO] [stdout]   --> src/lib.rs:15:2
[INFO] [stdout]    |
[INFO] [stdout] 15 |     fmt::Display,
[INFO] [stdout]    |     ^^^^^^^^^^^^
[INFO] [stdout] 16 |     iter,
[INFO] [stdout] 17 |     sync::{atomic::AtomicBool, Once},
[INFO] [stdout]    |            ^^^^^^^^^^^^^^^^^^
[INFO] [stdout] 
[INFO] [stdout] 
[INFO] [stderr] To learn more, run the command again with --verbose.
[INFO] [stdout] warning: unused imports: `NestedMeta`, `ParseBuffer`, `Peek`
[INFO] [stdout]   --> src/lib.rs:21:17
[INFO] [stdout]    |
[INFO] [stdout] 21 |     parse::{Parse, ParseBuffer, ParseStream, Parser, Peek},
[INFO] [stdout]    |                    ^^^^^^^^^^^                       ^^^^
[INFO] [stdout] ...
[INFO] [stdout] 26 |     Error, Ident, NestedMeta, Result, Token,
[INFO] [stdout]    |                   ^^^^^^^^^^
[INFO] [stdout] 
[INFO] [stdout] 
[INFO] [stderr] warning: build failed, waiting for other jobs to finish...
[INFO] [stdout] warning: unused import: `Parse`
[INFO] [stdout]   --> src/lib.rs:21:10
[INFO] [stdout]    |
[INFO] [stdout] 21 |     parse::{Parse, ParseBuffer, ParseStream, Parser, Peek},
[INFO] [stdout]    |             ^^^^^
[INFO] [stdout] 
[INFO] [stdout] 
[INFO] [stdout] warning: unused import: `CustomToken`
[INFO] [stdout]   --> src/lib.rs:25:17
[INFO] [stdout]    |
[INFO] [stdout] 25 |     token::{Brace, CustomToken, Paren},
[INFO] [stdout]    |                    ^^^^^^^^^^^
[INFO] [stdout] 
[INFO] [stdout] 
[INFO] [stdout] warning: unused variable: `attr_args`
[INFO] [stdout]   --> src/lib.rs:44:6
[INFO] [stdout]    |
[INFO] [stdout] 44 |     let attr_args = call2_strict(attr_args, |attr_args: ParseStream| {
[INFO] [stdout]    |         ^^^^^^^^^ help: if this is intentional, prefix it with an underscore: `_attr_args`
[INFO] [stdout]    |
[INFO] [stdout]    = note: `#[warn(unused_variables)]` on by default
[INFO] [stdout] 
[INFO] [stdout] 
[INFO] [stdout] warning: unused variable: `token`
[INFO] [stdout]    --> src/lib.rs:190:10
[INFO] [stdout]     |
[INFO] [stdout] 190 |                     for token in conversions.unwrap() {
[INFO] [stdout]     |                         ^^^^^ help: if this is intentional, prefix it with an underscore: `_token`
[INFO] [stdout] 
[INFO] [stdout] 
[INFO] [stdout] warning: variable does not need to be mutable
[INFO] [stdout]    --> src/lib.rs:189:10
[INFO] [stdout]     |
[INFO] [stdout] 189 |                     let mut punctuated = Punctuated::new();
[INFO] [stdout]     |                         ----^^^^^^^^^^
[INFO] [stdout]     |                         |
[INFO] [stdout]     |                         help: remove this `mut`
[INFO] [stdout]     |
[INFO] [stdout]     = note: `#[warn(unused_mut)]` on by default
[INFO] [stdout] 
[INFO] [stdout] 
[INFO] [stdout] warning: field is never read: `default_`
[INFO] [stdout]   --> src/lib.rs:60:3
[INFO] [stdout]    |
[INFO] [stdout] 60 |         default_: Token![default],
[INFO] [stdout]    |         ^^^^^^^^^^^^^^^^^^^^^^^^^
[INFO] [stdout]    |
[INFO] [stdout]    = note: `#[warn(dead_code)]` on by default
[INFO] [stdout] 
[INFO] [stdout] 
[INFO] [stdout] warning: field is never read: `attrs`
[INFO] [stdout]   --> src/lib.rs:62:3
[INFO] [stdout]    |
[INFO] [stdout] 62 |         attrs: Punctuated<TokenStream, Token![,]>,
[INFO] [stdout]    |         ^^^^^^^^^^^^^^^^^^^^^^^^^^^^^^^^^^^^^^^^^
[INFO] [stdout] 
[INFO] [stdout] 
[INFO] [stdout] warning: field is never read: `conv_brace`
[INFO] [stdout]   --> src/lib.rs:65:3
[INFO] [stdout]    |
[INFO] [stdout] 65 |         conv_brace: Brace,
[INFO] [stdout]    |         ^^^^^^^^^^^^^^^^^
[INFO] [stdout] 
[INFO] [stdout] 
[INFO] [stdout] warning: field is never read: `conversions`
[INFO] [stdout]   --> src/lib.rs:66:3
[INFO] [stdout]    |
[INFO] [stdout] 66 | /         conversions: Punctuated<
[INFO] [stdout] 67 | |             (
[INFO] [stdout] 68 | |                 Ident,
[INFO] [stdout] 69 | |                 Paren,
[INFO] [stdout] ...  |
[INFO] [stdout] 74 | |             Token![,],
[INFO] [stdout] 75 | |         >,
[INFO] [stdout]    | |_________^
[INFO] [stdout] 
[INFO] [stdout] 
[INFO] [stdout] warning: field is never read: `r_arrow`
[INFO] [stdout]   --> src/lib.rs:76:3
[INFO] [stdout]    |
[INFO] [stdout] 76 |         r_arrow: Token![->],
[INFO] [stdout]    |         ^^^^^^^^^^^^^^^^^^^
[INFO] [stdout] 
[INFO] [stdout] 
[INFO] [stdout] warning: field is never read: `name`
[INFO] [stdout]   --> src/lib.rs:77:3
[INFO] [stdout]    |
[INFO] [stdout] 77 |         name: Ident,
[INFO] [stdout]    |         ^^^^^^^^^^^
[INFO] [stdout] 
[INFO] [stdout] 
[INFO] [stdout] warning: field is never read: `attr_paren`
[INFO] [stdout]   --> src/lib.rs:78:3
[INFO] [stdout]    |
[INFO] [stdout] 78 |         attr_paren: Paren,
[INFO] [stdout]    |         ^^^^^^^^^^^^^^^^^
[INFO] [stdout] 
[INFO] [stdout] 
[INFO] [stdout] warning: field is never read: `attrs`
[INFO] [stdout]   --> src/lib.rs:79:3
[INFO] [stdout]    |
[INFO] [stdout] 79 |         attrs: Punctuated<TokenStream, Token![,]>,
[INFO] [stdout]    |         ^^^^^^^^^^^^^^^^^^^^^^^^^^^^^^^^^^^^^^^^^
[INFO] [stdout] 
[INFO] [stdout] 
[INFO] [stdout] warning: 16 warnings emitted
[INFO] [stdout] 
[INFO] [stdout] 
[INFO] [stdout] error: linking with `cc` failed: exit status: 1
[INFO] [stdout]   |
[INFO] [stdout]   = note: "cc" "-m64" "/opt/rustwide/target/debug/deps/meta_badges-06f95de302b68661.meta_badges.8gatofrt-cgu.0.rcgu.o" "/opt/rustwide/target/debug/deps/meta_badges-06f95de302b68661.meta_badges.8gatofrt-cgu.1.rcgu.o" "/opt/rustwide/target/debug/deps/meta_badges-06f95de302b68661.meta_badges.8gatofrt-cgu.10.rcgu.o" "/opt/rustwide/target/debug/deps/meta_badges-06f95de302b68661.meta_badges.8gatofrt-cgu.11.rcgu.o" "/opt/rustwide/target/debug/deps/meta_badges-06f95de302b68661.meta_badges.8gatofrt-cgu.2.rcgu.o" "/opt/rustwide/target/debug/deps/meta_badges-06f95de302b68661.meta_badges.8gatofrt-cgu.3.rcgu.o" "/opt/rustwide/target/debug/deps/meta_badges-06f95de302b68661.meta_badges.8gatofrt-cgu.4.rcgu.o" "/opt/rustwide/target/debug/deps/meta_badges-06f95de302b68661.meta_badges.8gatofrt-cgu.5.rcgu.o" "/opt/rustwide/target/debug/deps/meta_badges-06f95de302b68661.meta_badges.8gatofrt-cgu.6.rcgu.o" "/opt/rustwide/target/debug/deps/meta_badges-06f95de302b68661.meta_badges.8gatofrt-cgu.7.rcgu.o" "/opt/rustwide/target/debug/deps/meta_badges-06f95de302b68661.meta_badges.8gatofrt-cgu.8.rcgu.o" "/opt/rustwide/target/debug/deps/meta_badges-06f95de302b68661.meta_badges.8gatofrt-cgu.9.rcgu.o" "/opt/rustwide/target/debug/deps/meta_badges-06f95de302b68661.2fkcldl907upqfv2.rcgu.o" "-Wl,--as-needed" "-L" "/opt/rustwide/target/debug/deps" "-L" "/opt/rustwide/rustup-home/toolchains/1.54.0-x86_64-unknown-linux-gnu/lib/rustlib/x86_64-unknown-linux-gnu/lib" "-Wl,-Bstatic" "/opt/rustwide/target/debug/deps/libgit_info-e3e9eed288ebc928.rlib" "/opt/rustwide/target/debug/deps/libversion_sync-60d8ca40c4195a04.rlib" "/opt/rustwide/target/debug/deps/libtoml-f1a2f0f76c31d41a.rlib" "/opt/rustwide/target/debug/deps/libserde-d3c5979cc1d6b011.rlib" "/opt/rustwide/target/debug/deps/libpulldown_cmark-c9427e2341bb0397.rlib" "/opt/rustwide/target/debug/deps/libmemchr-1f0d97dc9aa3dd56.rlib" "/opt/rustwide/target/debug/deps/libunicase-3712d2bec500204b.rlib" "/opt/rustwide/target/debug/deps/libbitflags-f89ae4b715176e2d.rlib" "/opt/rustwide/target/debug/deps/liburl-303620141394977c.rlib" "/opt/rustwide/target/debug/deps/libidna-870fe332e5755c16.rlib" "/opt/rustwide/target/debug/deps/libunicode_normalization-bdd54b6aed6aafe2.rlib" "/opt/rustwide/target/debug/deps/libtinyvec-3afe53cee5d40983.rlib" "/opt/rustwide/target/debug/deps/libtinyvec_macros-f6b5563d3767ea26.rlib" "/opt/rustwide/target/debug/deps/libunicode_bidi-cd5d16f1476c6336.rlib" "/opt/rustwide/target/debug/deps/libform_urlencoded-64c48050f569228e.rlib" "/opt/rustwide/target/debug/deps/libpercent_encoding-549c334c22432c49.rlib" "/opt/rustwide/target/debug/deps/libmatches-5bfcef5685786a07.rlib" "/opt/rustwide/target/debug/deps/libsyn-7668354140c79acb.rlib" "/opt/rustwide/target/debug/deps/libquote-127711d739e80e49.rlib" "/opt/rustwide/target/debug/deps/libproc_macro2-68a3eb89bd75b2df.rlib" "/opt/rustwide/target/debug/deps/libunicode_xid-521ae656dc054791.rlib" "/opt/rustwide/rustup-home/toolchains/1.54.0-x86_64-unknown-linux-gnu/lib/rustlib/x86_64-unknown-linux-gnu/lib/libproc_macro-48a8f96062ed4274.rlib" "/opt/rustwide/target/debug/deps/libsemver_parser-2195ef79d5b72e25.rlib" "/opt/rustwide/target/debug/deps/libregex-85814fa774c3c1bd.rlib" "/opt/rustwide/target/debug/deps/libregex_syntax-9656b199553475c2.rlib" "/opt/rustwide/rustup-home/toolchains/1.54.0-x86_64-unknown-linux-gnu/lib/rustlib/x86_64-unknown-linux-gnu/lib/libtest-3599c5491d44663f.rlib" "/opt/rustwide/rustup-home/toolchains/1.54.0-x86_64-unknown-linux-gnu/lib/rustlib/x86_64-unknown-linux-gnu/lib/libterm-1d56ea45a67842c8.rlib" "/opt/rustwide/rustup-home/toolchains/1.54.0-x86_64-unknown-linux-gnu/lib/rustlib/x86_64-unknown-linux-gnu/lib/libgetopts-9749f7c936ebf9a7.rlib" "/opt/rustwide/rustup-home/toolchains/1.54.0-x86_64-unknown-linux-gnu/lib/rustlib/x86_64-unknown-linux-gnu/lib/libunicode_width-627a220173eefff1.rlib" "/opt/rustwide/rustup-home/toolchains/1.54.0-x86_64-unknown-linux-gnu/lib/rustlib/x86_64-unknown-linux-gnu/lib/librustc_std_workspace_std-16ed15e5bfe21b9b.rlib" "-Wl,--start-group" "/opt/rustwide/rustup-home/toolchains/1.54.0-x86_64-unknown-linux-gnu/lib/rustlib/x86_64-unknown-linux-gnu/lib/libstd-2420485b9e5ef5e1.rlib" "/opt/rustwide/rustup-home/toolchains/1.54.0-x86_64-unknown-linux-gnu/lib/rustlib/x86_64-unknown-linux-gnu/lib/libpanic_unwind-785e3cb61c4b1960.rlib" "/opt/rustwide/rustup-home/toolchains/1.54.0-x86_64-unknown-linux-gnu/lib/rustlib/x86_64-unknown-linux-gnu/lib/libminiz_oxide-087191a88bdaa22d.rlib" "/opt/rustwide/rustup-home/toolchains/1.54.0-x86_64-unknown-linux-gnu/lib/rustlib/x86_64-unknown-linux-gnu/lib/libadler-9981842c02975178.rlib" "/opt/rustwide/rustup-home/toolchains/1.54.0-x86_64-unknown-linux-gnu/lib/rustlib/x86_64-unknown-linux-gnu/lib/libobject-6fb405869b015fde.rlib" "/opt/rustwide/rustup-home/toolchains/1.54.0-x86_64-unknown-linux-gnu/lib/rustlib/x86_64-unknown-linux-gnu/lib/libaddr2line-d05c5c3c56004b7b.rlib" "/opt/rustwide/rustup-home/toolchains/1.54.0-x86_64-unknown-linux-gnu/lib/rustlib/x86_64-unknown-linux-gnu/lib/libgimli-42d74d2097528b38.rlib" "/opt/rustwide/rustup-home/toolchains/1.54.0-x86_64-unknown-linux-gnu/lib/rustlib/x86_64-unknown-linux-gnu/lib/libstd_detect-fb36534c113d2209.rlib" "/opt/rustwide/rustup-home/toolchains/1.54.0-x86_64-unknown-linux-gnu/lib/rustlib/x86_64-unknown-linux-gnu/lib/librustc_demangle-b56b9042c12b6535.rlib" "/opt/rustwide/rustup-home/toolchains/1.54.0-x86_64-unknown-linux-gnu/lib/rustlib/x86_64-unknown-linux-gnu/lib/libhashbrown-491902d6cb3e76df.rlib" "/opt/rustwide/rustup-home/toolchains/1.54.0-x86_64-unknown-linux-gnu/lib/rustlib/x86_64-unknown-linux-gnu/lib/librustc_std_workspace_alloc-61834e0981b8c367.rlib" "/opt/rustwide/rustup-home/toolchains/1.54.0-x86_64-unknown-linux-gnu/lib/rustlib/x86_64-unknown-linux-gnu/lib/libunwind-f78aa99d613a55bc.rlib" "/opt/rustwide/rustup-home/toolchains/1.54.0-x86_64-unknown-linux-gnu/lib/rustlib/x86_64-unknown-linux-gnu/lib/libcfg_if-53ee54cd7fed2c57.rlib" "/opt/rustwide/rustup-home/toolchains/1.54.0-x86_64-unknown-linux-gnu/lib/rustlib/x86_64-unknown-linux-gnu/lib/liblibc-544ecdbd6cda3c58.rlib" "/opt/rustwide/rustup-home/toolchains/1.54.0-x86_64-unknown-linux-gnu/lib/rustlib/x86_64-unknown-linux-gnu/lib/liballoc-379cc252b6943a79.rlib" "/opt/rustwide/rustup-home/toolchains/1.54.0-x86_64-unknown-linux-gnu/lib/rustlib/x86_64-unknown-linux-gnu/lib/librustc_std_workspace_core-8063eea38dcc5e62.rlib" "/opt/rustwide/rustup-home/toolchains/1.54.0-x86_64-unknown-linux-gnu/lib/rustlib/x86_64-unknown-linux-gnu/lib/libcore-5b228734afae15ee.rlib" "-Wl,--end-group" "/opt/rustwide/rustup-home/toolchains/1.54.0-x86_64-unknown-linux-gnu/lib/rustlib/x86_64-unknown-linux-gnu/lib/libcompiler_builtins-d6c7a399d95d173f.rlib" "-Wl,-Bdynamic" "-lgcc_s" "-lutil" "-lrt" "-lpthread" "-lm" "-ldl" "-lc" "-Wl,--eh-frame-hdr" "-Wl,-znoexecstack" "-L" "/opt/rustwide/rustup-home/toolchains/1.54.0-x86_64-unknown-linux-gnu/lib/rustlib/x86_64-unknown-linux-gnu/lib" "-o" "/opt/rustwide/target/debug/deps/meta_badges-06f95de302b68661" "-Wl,--gc-sections" "-pie" "-Wl,-zrelro" "-Wl,-znow" "-nodefaultlibs"
[INFO] [stdout]   = note: collect2: fatal error: ld terminated with signal 9 [Killed]
[INFO] [stdout]           compilation terminated.
[INFO] [stdout]           
[INFO] [stdout] 
[INFO] [stdout] 
[INFO] [stdout] error: aborting due to previous error
[INFO] [stdout] 
[INFO] [stdout] 
[INFO] [stdout] error: linking with `cc` failed: exit status: 1
[INFO] [stdout]   |
[INFO] [stdout]   = note: "cc" "-m64" "/opt/rustwide/target/debug/deps/unincluded_meta_contributing-02bc508a01557264.unincluded_meta_contributing.6d10k7dv-cgu.0.rcgu.o" "/opt/rustwide/target/debug/deps/unincluded_meta_contributing-02bc508a01557264.unincluded_meta_contributing.6d10k7dv-cgu.1.rcgu.o" "/opt/rustwide/target/debug/deps/unincluded_meta_contributing-02bc508a01557264.unincluded_meta_contributing.6d10k7dv-cgu.10.rcgu.o" "/opt/rustwide/target/debug/deps/unincluded_meta_contributing-02bc508a01557264.unincluded_meta_contributing.6d10k7dv-cgu.2.rcgu.o" "/opt/rustwide/target/debug/deps/unincluded_meta_contributing-02bc508a01557264.unincluded_meta_contributing.6d10k7dv-cgu.3.rcgu.o" "/opt/rustwide/target/debug/deps/unincluded_meta_contributing-02bc508a01557264.unincluded_meta_contributing.6d10k7dv-cgu.4.rcgu.o" "/opt/rustwide/target/debug/deps/unincluded_meta_contributing-02bc508a01557264.unincluded_meta_contributing.6d10k7dv-cgu.5.rcgu.o" "/opt/rustwide/target/debug/deps/unincluded_meta_contributing-02bc508a01557264.unincluded_meta_contributing.6d10k7dv-cgu.6.rcgu.o" "/opt/rustwide/target/debug/deps/unincluded_meta_contributing-02bc508a01557264.unincluded_meta_contributing.6d10k7dv-cgu.7.rcgu.o" "/opt/rustwide/target/debug/deps/unincluded_meta_contributing-02bc508a01557264.unincluded_meta_contributing.6d10k7dv-cgu.8.rcgu.o" "/opt/rustwide/target/debug/deps/unincluded_meta_contributing-02bc508a01557264.unincluded_meta_contributing.6d10k7dv-cgu.9.rcgu.o" "/opt/rustwide/target/debug/deps/unincluded_meta_contributing-02bc508a01557264.22tryhxmjeer5903.rcgu.o" "-Wl,--as-needed" "-L" "/opt/rustwide/target/debug/deps" "-L" "/opt/rustwide/rustup-home/toolchains/1.54.0-x86_64-unknown-linux-gnu/lib/rustlib/x86_64-unknown-linux-gnu/lib" "-Wl,-Bstatic" "/opt/rustwide/target/debug/deps/libversion_sync-60d8ca40c4195a04.rlib" "/opt/rustwide/target/debug/deps/libtoml-f1a2f0f76c31d41a.rlib" "/opt/rustwide/target/debug/deps/libserde-d3c5979cc1d6b011.rlib" "/opt/rustwide/target/debug/deps/libpulldown_cmark-c9427e2341bb0397.rlib" "/opt/rustwide/target/debug/deps/libmemchr-1f0d97dc9aa3dd56.rlib" "/opt/rustwide/target/debug/deps/libunicase-3712d2bec500204b.rlib" "/opt/rustwide/target/debug/deps/libbitflags-f89ae4b715176e2d.rlib" "/opt/rustwide/target/debug/deps/liburl-303620141394977c.rlib" "/opt/rustwide/target/debug/deps/libidna-870fe332e5755c16.rlib" "/opt/rustwide/target/debug/deps/libunicode_normalization-bdd54b6aed6aafe2.rlib" "/opt/rustwide/target/debug/deps/libtinyvec-3afe53cee5d40983.rlib" "/opt/rustwide/target/debug/deps/libtinyvec_macros-f6b5563d3767ea26.rlib" "/opt/rustwide/target/debug/deps/libunicode_bidi-cd5d16f1476c6336.rlib" "/opt/rustwide/target/debug/deps/libform_urlencoded-64c48050f569228e.rlib" "/opt/rustwide/target/debug/deps/libpercent_encoding-549c334c22432c49.rlib" "/opt/rustwide/target/debug/deps/libmatches-5bfcef5685786a07.rlib" "/opt/rustwide/target/debug/deps/libsyn-7668354140c79acb.rlib" "/opt/rustwide/target/debug/deps/libquote-127711d739e80e49.rlib" "/opt/rustwide/target/debug/deps/libproc_macro2-68a3eb89bd75b2df.rlib" "/opt/rustwide/target/debug/deps/libunicode_xid-521ae656dc054791.rlib" "/opt/rustwide/rustup-home/toolchains/1.54.0-x86_64-unknown-linux-gnu/lib/rustlib/x86_64-unknown-linux-gnu/lib/libproc_macro-48a8f96062ed4274.rlib" "/opt/rustwide/target/debug/deps/libsemver_parser-2195ef79d5b72e25.rlib" "/opt/rustwide/target/debug/deps/libregex-85814fa774c3c1bd.rlib" "/opt/rustwide/target/debug/deps/libregex_syntax-9656b199553475c2.rlib" "/opt/rustwide/rustup-home/toolchains/1.54.0-x86_64-unknown-linux-gnu/lib/rustlib/x86_64-unknown-linux-gnu/lib/libtest-3599c5491d44663f.rlib" "/opt/rustwide/rustup-home/toolchains/1.54.0-x86_64-unknown-linux-gnu/lib/rustlib/x86_64-unknown-linux-gnu/lib/libterm-1d56ea45a67842c8.rlib" "/opt/rustwide/rustup-home/toolchains/1.54.0-x86_64-unknown-linux-gnu/lib/rustlib/x86_64-unknown-linux-gnu/lib/libgetopts-9749f7c936ebf9a7.rlib" "/opt/rustwide/rustup-home/toolchains/1.54.0-x86_64-unknown-linux-gnu/lib/rustlib/x86_64-unknown-linux-gnu/lib/libunicode_width-627a220173eefff1.rlib" "/opt/rustwide/rustup-home/toolchains/1.54.0-x86_64-unknown-linux-gnu/lib/rustlib/x86_64-unknown-linux-gnu/lib/librustc_std_workspace_std-16ed15e5bfe21b9b.rlib" "-Wl,--start-group" "/opt/rustwide/rustup-home/toolchains/1.54.0-x86_64-unknown-linux-gnu/lib/rustlib/x86_64-unknown-linux-gnu/lib/libstd-2420485b9e5ef5e1.rlib" "/opt/rustwide/rustup-home/toolchains/1.54.0-x86_64-unknown-linux-gnu/lib/rustlib/x86_64-unknown-linux-gnu/lib/libpanic_unwind-785e3cb61c4b1960.rlib" "/opt/rustwide/rustup-home/toolchains/1.54.0-x86_64-unknown-linux-gnu/lib/rustlib/x86_64-unknown-linux-gnu/lib/libminiz_oxide-087191a88bdaa22d.rlib" "/opt/rustwide/rustup-home/toolchains/1.54.0-x86_64-unknown-linux-gnu/lib/rustlib/x86_64-unknown-linux-gnu/lib/libadler-9981842c02975178.rlib" "/opt/rustwide/rustup-home/toolchains/1.54.0-x86_64-unknown-linux-gnu/lib/rustlib/x86_64-unknown-linux-gnu/lib/libobject-6fb405869b015fde.rlib" "/opt/rustwide/rustup-home/toolchains/1.54.0-x86_64-unknown-linux-gnu/lib/rustlib/x86_64-unknown-linux-gnu/lib/libaddr2line-d05c5c3c56004b7b.rlib" "/opt/rustwide/rustup-home/toolchains/1.54.0-x86_64-unknown-linux-gnu/lib/rustlib/x86_64-unknown-linux-gnu/lib/libgimli-42d74d2097528b38.rlib" "/opt/rustwide/rustup-home/toolchains/1.54.0-x86_64-unknown-linux-gnu/lib/rustlib/x86_64-unknown-linux-gnu/lib/libstd_detect-fb36534c113d2209.rlib" "/opt/rustwide/rustup-home/toolchains/1.54.0-x86_64-unknown-linux-gnu/lib/rustlib/x86_64-unknown-linux-gnu/lib/librustc_demangle-b56b9042c12b6535.rlib" "/opt/rustwide/rustup-home/toolchains/1.54.0-x86_64-unknown-linux-gnu/lib/rustlib/x86_64-unknown-linux-gnu/lib/libhashbrown-491902d6cb3e76df.rlib" "/opt/rustwide/rustup-home/toolchains/1.54.0-x86_64-unknown-linux-gnu/lib/rustlib/x86_64-unknown-linux-gnu/lib/librustc_std_workspace_alloc-61834e0981b8c367.rlib" "/opt/rustwide/rustup-home/toolchains/1.54.0-x86_64-unknown-linux-gnu/lib/rustlib/x86_64-unknown-linux-gnu/lib/libunwind-f78aa99d613a55bc.rlib" "/opt/rustwide/rustup-home/toolchains/1.54.0-x86_64-unknown-linux-gnu/lib/rustlib/x86_64-unknown-linux-gnu/lib/libcfg_if-53ee54cd7fed2c57.rlib" "/opt/rustwide/rustup-home/toolchains/1.54.0-x86_64-unknown-linux-gnu/lib/rustlib/x86_64-unknown-linux-gnu/lib/liblibc-544ecdbd6cda3c58.rlib" "/opt/rustwide/rustup-home/toolchains/1.54.0-x86_64-unknown-linux-gnu/lib/rustlib/x86_64-unknown-linux-gnu/lib/liballoc-379cc252b6943a79.rlib" "/opt/rustwide/rustup-home/toolchains/1.54.0-x86_64-unknown-linux-gnu/lib/rustlib/x86_64-unknown-linux-gnu/lib/librustc_std_workspace_core-8063eea38dcc5e62.rlib" "/opt/rustwide/rustup-home/toolchains/1.54.0-x86_64-unknown-linux-gnu/lib/rustlib/x86_64-unknown-linux-gnu/lib/libcore-5b228734afae15ee.rlib" "-Wl,--end-group" "/opt/rustwide/rustup-home/toolchains/1.54.0-x86_64-unknown-linux-gnu/lib/rustlib/x86_64-unknown-linux-gnu/lib/libcompiler_builtins-d6c7a399d95d173f.rlib" "-Wl,-Bdynamic" "-lgcc_s" "-lutil" "-lrt" "-lpthread" "-lm" "-ldl" "-lc" "-Wl,--eh-frame-hdr" "-Wl,-znoexecstack" "-L" "/opt/rustwide/rustup-home/toolchains/1.54.0-x86_64-unknown-linux-gnu/lib/rustlib/x86_64-unknown-linux-gnu/lib" "-o" "/opt/rustwide/target/debug/deps/unincluded_meta_contributing-02bc508a01557264" "-Wl,--gc-sections" "-pie" "-Wl,-zrelro" "-Wl,-znow" "-nodefaultlibs"
[INFO] [stdout]   = note: collect2: fatal error: ld terminated with signal 9 [Killed]
[INFO] [stdout]           compilation terminated.
[INFO] [stdout]           
[INFO] [stdout] 
[INFO] [stdout] 
[INFO] [stdout] error: aborting due to previous error
[INFO] [stdout] 
[INFO] [stdout] 
[INFO] [stderr] error: build failed
[INFO] running `Command { std: "docker" "inspect" "40ed2f3b0985f29f2be88293cd191a809b4031c8ecac5e17c594eb7506ce1f1e", kill_on_drop: false }`
[INFO] running `Command { std: "docker" "rm" "-f" "40ed2f3b0985f29f2be88293cd191a809b4031c8ecac5e17c594eb7506ce1f1e", kill_on_drop: false }`
[INFO] [stdout] 40ed2f3b0985f29f2be88293cd191a809b4031c8ecac5e17c594eb7506ce1f1e
