[INFO] cloning repository https://github.com/Tamschi/rantsy
[INFO] running `Command { std: "git" "-c" "credential.helper=" "-c" "credential.helper=/workspace/cargo-home/bin/git-credential-null" "clone" "--bare" "https://github.com/Tamschi/rantsy" "/workspace/cache/git-repos/https%3A%2F%2Fgithub.com%2FTamschi%2Frantsy", kill_on_drop: false }`
[INFO] [stderr] Cloning into bare repository '/workspace/cache/git-repos/https%3A%2F%2Fgithub.com%2FTamschi%2Frantsy'...
[INFO] running `Command { std: "git" "rev-parse" "HEAD", kill_on_drop: false }`
[INFO] [stdout] 9a788c2059ba5f27d1b11f88d4da5add041e0a41
[INFO] testing Tamschi/rantsy against 1.54.0 for beta-1.55-1
[INFO] running `Command { std: "git" "clone" "/workspace/cache/git-repos/https%3A%2F%2Fgithub.com%2FTamschi%2Frantsy" "/workspace/builds/worker-64/source", kill_on_drop: false }`
[INFO] [stderr] Cloning into '/workspace/builds/worker-64/source'...
[INFO] [stderr] done.
[INFO] validating manifest of git repo https://github.com/Tamschi/rantsy on toolchain 1.54.0
[INFO] running `Command { std: "/workspace/cargo-home/bin/cargo" "+1.54.0" "metadata" "--manifest-path" "Cargo.toml" "--no-deps", kill_on_drop: false }`
[INFO] removed /workspace/builds/worker-64/source/.cargo/config.toml
[INFO] removed /workspace/builds/worker-64/source/rust-toolchain
[INFO] started tweaking git repo https://github.com/Tamschi/rantsy
[INFO] finished tweaking git repo https://github.com/Tamschi/rantsy
[INFO] tweaked toml for git repo https://github.com/Tamschi/rantsy written to /workspace/builds/worker-64/source/Cargo.toml
[INFO] crate git repo https://github.com/Tamschi/rantsy already has a lockfile, it will not be regenerated
[INFO] running `Command { std: "/workspace/cargo-home/bin/cargo" "+1.54.0" "fetch" "--manifest-path" "Cargo.toml", kill_on_drop: false }`
[INFO] [stderr]  Downloading crates ...
[INFO] [stderr]   Downloaded rand_xoshiro v0.6.0
[INFO] [stderr]   Downloaded quickscope v0.1.6
[INFO] [stderr]   Downloaded wasm-bindgen-test-macro v0.3.25
[INFO] [stderr]   Downloaded smartstring v0.2.7
[INFO] [stderr]   Downloaded wasm-bindgen-test v0.3.25
[INFO] [stderr]   Downloaded rant v4.0.0-alpha.22
[INFO] running `Command { std: "docker" "create" "-v" "/var/lib/crater-agent-workspace/builds/worker-64/target:/opt/rustwide/target:rw,Z" "-v" "/var/lib/crater-agent-workspace/builds/worker-64/source:/opt/rustwide/workdir:ro,Z" "-v" "/var/lib/crater-agent-workspace/cargo-home:/opt/rustwide/cargo-home:ro,Z" "-v" "/var/lib/crater-agent-workspace/rustup-home:/opt/rustwide/rustup-home:ro,Z" "-e" "SOURCE_DIR=/opt/rustwide/workdir" "-e" "CARGO_TARGET_DIR=/opt/rustwide/target" "-e" "CARGO_HOME=/opt/rustwide/cargo-home" "-e" "RUSTUP_HOME=/opt/rustwide/rustup-home" "-w" "/opt/rustwide/workdir" "-m" "1610612736" "--user" "0:0" "--network" "none" "ghcr.io/rust-lang/crates-build-env/linux@sha256:34b6a614d2c27851fe6cbf88fbd1137609cefab8b10d0615aaeb6fd47975d74e" "/opt/rustwide/cargo-home/bin/cargo" "+1.54.0" "metadata" "--no-deps" "--format-version=1", kill_on_drop: false }`
[INFO] [stdout] 2502db6c6182bb961acfe5e09cf0503cb9b0ec7af21cafee1de2d4c22f7033db
[INFO] running `Command { std: "docker" "start" "-a" "2502db6c6182bb961acfe5e09cf0503cb9b0ec7af21cafee1de2d4c22f7033db", kill_on_drop: false }`
[INFO] running `Command { std: "docker" "inspect" "2502db6c6182bb961acfe5e09cf0503cb9b0ec7af21cafee1de2d4c22f7033db", kill_on_drop: false }`
[INFO] running `Command { std: "docker" "rm" "-f" "2502db6c6182bb961acfe5e09cf0503cb9b0ec7af21cafee1de2d4c22f7033db", kill_on_drop: false }`
[INFO] [stdout] 2502db6c6182bb961acfe5e09cf0503cb9b0ec7af21cafee1de2d4c22f7033db
[INFO] running `Command { std: "docker" "create" "-v" "/var/lib/crater-agent-workspace/builds/worker-64/target:/opt/rustwide/target:rw,Z" "-v" "/var/lib/crater-agent-workspace/builds/worker-64/source:/opt/rustwide/workdir:ro,Z" "-v" "/var/lib/crater-agent-workspace/cargo-home:/opt/rustwide/cargo-home:ro,Z" "-v" "/var/lib/crater-agent-workspace/rustup-home:/opt/rustwide/rustup-home:ro,Z" "-e" "SOURCE_DIR=/opt/rustwide/workdir" "-e" "CARGO_TARGET_DIR=/opt/rustwide/target" "-e" "CARGO_INCREMENTAL=0" "-e" "RUST_BACKTRACE=full" "-e" "RUSTFLAGS=--cap-lints=warn" "-e" "CARGO_HOME=/opt/rustwide/cargo-home" "-e" "RUSTUP_HOME=/opt/rustwide/rustup-home" "-w" "/opt/rustwide/workdir" "-m" "1610612736" "--user" "0:0" "--network" "none" "ghcr.io/rust-lang/crates-build-env/linux@sha256:34b6a614d2c27851fe6cbf88fbd1137609cefab8b10d0615aaeb6fd47975d74e" "/opt/rustwide/cargo-home/bin/cargo" "+1.54.0" "build" "--frozen" "--message-format=json", kill_on_drop: false }`
[INFO] [stdout] 9dd712e6ac89a1acba1e033191ff2a5962fc4b0c8d8f1f36b5422883b90d1dd5
[INFO] running `Command { std: "docker" "start" "-a" "9dd712e6ac89a1acba1e033191ff2a5962fc4b0c8d8f1f36b5422883b90d1dd5", kill_on_drop: false }`
[INFO] [stderr]    Compiling libc v0.2.98
[INFO] [stderr]    Compiling proc-macro2 v1.0.26
[INFO] [stderr]    Compiling semver v1.0.3
[INFO] [stderr]    Compiling syn v1.0.69
[INFO] [stderr]    Compiling hashbrown v0.11.2
[INFO] [stderr]    Compiling regex-syntax v0.6.22
[INFO] [stderr]    Compiling utf8-ranges v1.0.4
[INFO] [stderr]    Compiling beef v0.5.1
[INFO] [stderr]    Compiling smallvec v1.6.1
[INFO] [stderr]    Compiling static_assertions v1.1.0
[INFO] [stderr]    Compiling cervine v0.0.6
[INFO] [stderr]    Compiling once_cell v1.8.0
[INFO] [stderr]    Compiling unicode-segmentation v1.8.0
[INFO] [stderr]    Compiling line-col v0.2.1
[INFO] [stderr]    Compiling tap v1.0.1
[INFO] [stderr]    Compiling indexmap v1.7.0
[INFO] [stderr]    Compiling smartstring v0.2.7
[INFO] [stderr]    Compiling rustc_version v0.4.0
[INFO] [stderr]    Compiling quote v1.0.9
[INFO] [stderr]    Compiling cast v0.2.7
[INFO] [stderr]    Compiling getrandom v0.2.3
[INFO] [stderr]    Compiling quickscope v0.1.6
[INFO] [stderr]    Compiling rand_core v0.6.3
[INFO] [stderr]    Compiling rand_chacha v0.3.1
[INFO] [stderr]    Compiling rand_xoshiro v0.6.0
[INFO] [stderr]    Compiling rand v0.8.4
[INFO] [stderr]    Compiling logos-derive v0.12.0
[INFO] [stderr]    Compiling logos v0.12.0
[INFO] [stderr]    Compiling rant v4.0.0-alpha.22
[INFO] [stderr]    Compiling rantsy v0.0.1 (/opt/rustwide/workdir)
[INFO] [stdout] warning: missing documentation for a module
[INFO] [stdout]   --> src/lib.rs:25:1
[INFO] [stdout]    |
[INFO] [stdout] 25 | pub mod rant;
[INFO] [stdout]    | ^^^^^^^^^^^^^
[INFO] [stdout]    |
[INFO] [stdout] note: the lint level is defined here
[INFO] [stdout]   --> src/lib.rs:5:9
[INFO] [stdout]    |
[INFO] [stdout] 5  | #![warn(missing_docs)]
[INFO] [stdout]    |         ^^^^^^^^^^^^
[INFO] [stdout] 
[INFO] [stdout] 
[INFO] [stdout] warning: missing documentation for a module
[INFO] [stdout]   --> src/lib.rs:26:1
[INFO] [stdout]    |
[INFO] [stdout] 26 | pub mod types;
[INFO] [stdout]    | ^^^^^^^^^^^^^^
[INFO] [stdout] 
[INFO] [stdout] 
[INFO] [stdout] warning: missing documentation for a struct
[INFO] [stdout]  --> src/types.rs:5:1
[INFO] [stdout]   |
[INFO] [stdout] 5 | pub struct RantProgram;
[INFO] [stdout]   | ^^^^^^^^^^^^^^^^^^^^^^^
[INFO] [stdout] 
[INFO] [stdout] 
[INFO] [stdout] warning: missing documentation for a struct
[INFO] [stdout]  --> src/types.rs:6:1
[INFO] [stdout]   |
[INFO] [stdout] 6 | pub struct RantValue;
[INFO] [stdout]   | ^^^^^^^^^^^^^^^^^^^^^
[INFO] [stdout] 
[INFO] [stdout] 
[INFO] [stdout] warning: missing documentation for a struct
[INFO] [stdout]  --> src/types.rs:7:1
[INFO] [stdout]   |
[INFO] [stdout] 7 | pub struct RuntimeResult<T>(PhantomData<T>);
[INFO] [stdout]   | ^^^^^^^^^^^^^^^^^^^^^^^^^^^^^^^^^^^^^^^^^^^^
[INFO] [stdout] 
[INFO] [stdout] 
[INFO] [stdout] warning: 5 warnings emitted
[INFO] [stdout] 
[INFO] [stdout] 
[INFO] [stderr]     Finished dev [unoptimized + debuginfo] target(s) in 35.04s
[INFO] running `Command { std: "docker" "inspect" "9dd712e6ac89a1acba1e033191ff2a5962fc4b0c8d8f1f36b5422883b90d1dd5", kill_on_drop: false }`
[INFO] running `Command { std: "docker" "rm" "-f" "9dd712e6ac89a1acba1e033191ff2a5962fc4b0c8d8f1f36b5422883b90d1dd5", kill_on_drop: false }`
[INFO] [stdout] 9dd712e6ac89a1acba1e033191ff2a5962fc4b0c8d8f1f36b5422883b90d1dd5
[INFO] running `Command { std: "docker" "create" "-v" "/var/lib/crater-agent-workspace/builds/worker-64/target:/opt/rustwide/target:rw,Z" "-v" "/var/lib/crater-agent-workspace/builds/worker-64/source:/opt/rustwide/workdir:ro,Z" "-v" "/var/lib/crater-agent-workspace/cargo-home:/opt/rustwide/cargo-home:ro,Z" "-v" "/var/lib/crater-agent-workspace/rustup-home:/opt/rustwide/rustup-home:ro,Z" "-e" "SOURCE_DIR=/opt/rustwide/workdir" "-e" "CARGO_TARGET_DIR=/opt/rustwide/target" "-e" "CARGO_INCREMENTAL=0" "-e" "RUST_BACKTRACE=full" "-e" "RUSTFLAGS=--cap-lints=warn" "-e" "CARGO_HOME=/opt/rustwide/cargo-home" "-e" "RUSTUP_HOME=/opt/rustwide/rustup-home" "-w" "/opt/rustwide/workdir" "-m" "1610612736" "--user" "0:0" "--network" "none" "ghcr.io/rust-lang/crates-build-env/linux@sha256:34b6a614d2c27851fe6cbf88fbd1137609cefab8b10d0615aaeb6fd47975d74e" "/opt/rustwide/cargo-home/bin/cargo" "+1.54.0" "test" "--frozen" "--no-run" "--message-format=json", kill_on_drop: false }`
[INFO] [stdout] 2c4005a27be7b62872aa3a9dd30600d51cf1e180fcc04a6bfc9459f026adce8b
[INFO] running `Command { std: "docker" "start" "-a" "2c4005a27be7b62872aa3a9dd30600d51cf1e180fcc04a6bfc9459f026adce8b", kill_on_drop: false }`
[INFO] [stderr]     Blocking waiting for file lock on package cache
[INFO] [stderr]    Compiling syn v1.0.69
[INFO] [stderr]    Compiling wasm-bindgen-shared v0.2.75
[INFO] [stderr]    Compiling log v0.4.14
[INFO] [stderr]    Compiling bumpalo v3.6.1
[INFO] [stderr]    Compiling wasm-bindgen v0.2.75
[INFO] [stderr]    Compiling tinyvec_macros v0.1.0
[INFO] [stderr]    Compiling proc-macro2 v1.0.26
[INFO] [stderr]    Compiling matches v0.1.8
[INFO] [stderr]    Compiling serde v1.0.124
[INFO] [stderr]    Compiling memchr v2.3.4
[INFO] [stderr]    Compiling percent-encoding v2.1.0
[INFO] [stderr]    Compiling pulldown-cmark v0.8.0
[INFO] [stderr]    Compiling doc-comment v0.3.3
[INFO] [stderr]    Compiling cargo-husky v1.5.0
[INFO] [stderr]    Compiling regex-syntax v0.6.22
[INFO] [stderr]    Compiling scoped-tls v1.0.0
[INFO] [stderr]    Compiling semver-parser v0.9.0
[INFO] [stderr]    Compiling git_info v0.1.2
[INFO] [stderr]    Compiling unicase v2.6.0
[INFO] [stderr]    Compiling wasm-bindgen-test-macro v0.3.25
[INFO] [stderr]    Compiling tinyvec v1.1.1
[INFO] [stderr]    Compiling unicode-bidi v0.3.4
[INFO] [stderr]    Compiling form_urlencoded v1.0.1
[INFO] [stderr]    Compiling unicode-normalization v0.1.17
[INFO] [stderr]    Compiling quote v1.0.9
[INFO] [stderr]    Compiling idna v0.2.2
[INFO] [stderr]    Compiling regex v1.4.3
[INFO] [stderr]    Compiling url v2.2.1
[INFO] [stderr]    Compiling wasm-bindgen-backend v0.2.75
[INFO] [stderr]    Compiling toml v0.5.8
[INFO] [stderr]    Compiling wasm-bindgen-macro-support v0.2.75
[INFO] [stderr]    Compiling logos-derive v0.12.0
[INFO] [stderr]    Compiling version-sync v0.9.2
[INFO] [stderr]    Compiling wasm-bindgen-macro v0.2.75
[INFO] [stderr]    Compiling js-sys v0.3.52
[INFO] [stderr]    Compiling console_error_panic_hook v0.1.6
[INFO] [stderr]    Compiling logos v0.12.0
[INFO] [stderr]    Compiling rant v4.0.0-alpha.22
[INFO] [stderr]    Compiling wasm-bindgen-futures v0.4.25
[INFO] [stderr]    Compiling wasm-bindgen-test v0.3.25
[INFO] [stderr]    Compiling rantsy v0.0.1 (/opt/rustwide/workdir)
[INFO] [stdout] warning: missing documentation for a module
[INFO] [stdout]   --> src/lib.rs:25:1
[INFO] [stdout]    |
[INFO] [stdout] 25 | pub mod rant;
[INFO] [stdout]    | ^^^^^^^^^^^^^
[INFO] [stdout]    |
[INFO] [stdout] note: the lint level is defined here
[INFO] [stdout]   --> src/lib.rs:5:9
[INFO] [stdout]    |
[INFO] [stdout] 5  | #![warn(missing_docs)]
[INFO] [stdout]    |         ^^^^^^^^^^^^
[INFO] [stdout] 
[INFO] [stdout] 
[INFO] [stdout] warning: missing documentation for a module
[INFO] [stdout]   --> src/lib.rs:26:1
[INFO] [stdout]    |
[INFO] [stdout] 26 | pub mod types;
[INFO] [stdout]    | ^^^^^^^^^^^^^^
[INFO] [stdout] 
[INFO] [stdout] 
[INFO] [stdout] warning: missing documentation for a struct
[INFO] [stdout]  --> src/types.rs:5:1
[INFO] [stdout]   |
[INFO] [stdout] 5 | pub struct RantProgram;
[INFO] [stdout]   | ^^^^^^^^^^^^^^^^^^^^^^^
[INFO] [stdout] 
[INFO] [stdout] 
[INFO] [stdout] warning: missing documentation for a struct
[INFO] [stdout]  --> src/types.rs:6:1
[INFO] [stdout]   |
[INFO] [stdout] 6 | pub struct RantValue;
[INFO] [stdout]   | ^^^^^^^^^^^^^^^^^^^^^
[INFO] [stdout] 
[INFO] [stdout] 
[INFO] [stdout] warning: missing documentation for a struct
[INFO] [stdout]  --> src/types.rs:7:1
[INFO] [stdout]   |
[INFO] [stdout] 7 | pub struct RuntimeResult<T>(PhantomData<T>);
[INFO] [stdout]   | ^^^^^^^^^^^^^^^^^^^^^^^^^^^^^^^^^^^^^^^^^^^^
[INFO] [stdout] 
[INFO] [stdout] 
[INFO] [stdout] warning: 5 warnings emitted
[INFO] [stdout] 
[INFO] [stdout] 
[INFO] [stdout] error: linking with `cc` failed: exit status: 1
[INFO] [stdout]   |
[INFO] [stdout]   = note: "cc" "-m64" "/opt/rustwide/target/debug/deps/unincluded_meta_dependabot-5f9526e5b9f054de.unincluded_meta_dependabot.djsi32e1-cgu.0.rcgu.o" "/opt/rustwide/target/debug/deps/unincluded_meta_dependabot-5f9526e5b9f054de.unincluded_meta_dependabot.djsi32e1-cgu.1.rcgu.o" "/opt/rustwide/target/debug/deps/unincluded_meta_dependabot-5f9526e5b9f054de.unincluded_meta_dependabot.djsi32e1-cgu.10.rcgu.o" "/opt/rustwide/target/debug/deps/unincluded_meta_dependabot-5f9526e5b9f054de.unincluded_meta_dependabot.djsi32e1-cgu.2.rcgu.o" "/opt/rustwide/target/debug/deps/unincluded_meta_dependabot-5f9526e5b9f054de.unincluded_meta_dependabot.djsi32e1-cgu.3.rcgu.o" "/opt/rustwide/target/debug/deps/unincluded_meta_dependabot-5f9526e5b9f054de.unincluded_meta_dependabot.djsi32e1-cgu.4.rcgu.o" "/opt/rustwide/target/debug/deps/unincluded_meta_dependabot-5f9526e5b9f054de.unincluded_meta_dependabot.djsi32e1-cgu.5.rcgu.o" "/opt/rustwide/target/debug/deps/unincluded_meta_dependabot-5f9526e5b9f054de.unincluded_meta_dependabot.djsi32e1-cgu.6.rcgu.o" "/opt/rustwide/target/debug/deps/unincluded_meta_dependabot-5f9526e5b9f054de.unincluded_meta_dependabot.djsi32e1-cgu.7.rcgu.o" "/opt/rustwide/target/debug/deps/unincluded_meta_dependabot-5f9526e5b9f054de.unincluded_meta_dependabot.djsi32e1-cgu.8.rcgu.o" "/opt/rustwide/target/debug/deps/unincluded_meta_dependabot-5f9526e5b9f054de.unincluded_meta_dependabot.djsi32e1-cgu.9.rcgu.o" "/opt/rustwide/target/debug/deps/unincluded_meta_dependabot-5f9526e5b9f054de.4fyconwkqua159e9.rcgu.o" "-Wl,--as-needed" "-L" "/opt/rustwide/target/debug/deps" "-L" "/opt/rustwide/rustup-home/toolchains/1.54.0-x86_64-unknown-linux-gnu/lib/rustlib/x86_64-unknown-linux-gnu/lib" "-Wl,-Bstatic" "/opt/rustwide/target/debug/deps/libversion_sync-d3329e8376d48666.rlib" "/opt/rustwide/target/debug/deps/libtoml-2c1c2c6c9a3d9f14.rlib" "/opt/rustwide/target/debug/deps/libserde-6f382aaca93d79d7.rlib" "/opt/rustwide/target/debug/deps/libpulldown_cmark-c0ba03c432531d27.rlib" "/opt/rustwide/target/debug/deps/libmemchr-4b0efb25cb3e65ef.rlib" "/opt/rustwide/target/debug/deps/libunicase-4a08b382c01023e9.rlib" "/opt/rustwide/target/debug/deps/libbitflags-f89ae4b715176e2d.rlib" "/opt/rustwide/target/debug/deps/liburl-970a44b2393ae2ad.rlib" "/opt/rustwide/target/debug/deps/libidna-13f423600600d9ed.rlib" "/opt/rustwide/target/debug/deps/libunicode_normalization-dafba359870038b5.rlib" "/opt/rustwide/target/debug/deps/libtinyvec-dd4c492ec8be24e7.rlib" "/opt/rustwide/target/debug/deps/libtinyvec_macros-f6b5563d3767ea26.rlib" "/opt/rustwide/target/debug/deps/libunicode_bidi-658b16b5d9bb5631.rlib" "/opt/rustwide/target/debug/deps/libform_urlencoded-64c48050f569228e.rlib" "/opt/rustwide/target/debug/deps/libpercent_encoding-549c334c22432c49.rlib" "/opt/rustwide/target/debug/deps/libmatches-5bfcef5685786a07.rlib" "/opt/rustwide/target/debug/deps/libsyn-e1876d65b2db8be0.rlib" "/opt/rustwide/target/debug/deps/libquote-6c68b0c707ad9bbc.rlib" "/opt/rustwide/target/debug/deps/libproc_macro2-2e06dda840544704.rlib" "/opt/rustwide/target/debug/deps/libunicode_xid-12009cf1a2496f6d.rlib" "/opt/rustwide/rustup-home/toolchains/1.54.0-x86_64-unknown-linux-gnu/lib/rustlib/x86_64-unknown-linux-gnu/lib/libproc_macro-48a8f96062ed4274.rlib" "/opt/rustwide/target/debug/deps/libsemver_parser-2195ef79d5b72e25.rlib" "/opt/rustwide/target/debug/deps/libregex-cbe7b835e839488c.rlib" "/opt/rustwide/target/debug/deps/libregex_syntax-887900520785fbaa.rlib" "/opt/rustwide/rustup-home/toolchains/1.54.0-x86_64-unknown-linux-gnu/lib/rustlib/x86_64-unknown-linux-gnu/lib/libtest-3599c5491d44663f.rlib" "/opt/rustwide/rustup-home/toolchains/1.54.0-x86_64-unknown-linux-gnu/lib/rustlib/x86_64-unknown-linux-gnu/lib/libterm-1d56ea45a67842c8.rlib" "/opt/rustwide/rustup-home/toolchains/1.54.0-x86_64-unknown-linux-gnu/lib/rustlib/x86_64-unknown-linux-gnu/lib/libgetopts-9749f7c936ebf9a7.rlib" "/opt/rustwide/rustup-home/toolchains/1.54.0-x86_64-unknown-linux-gnu/lib/rustlib/x86_64-unknown-linux-gnu/lib/libunicode_width-627a220173eefff1.rlib" "/opt/rustwide/rustup-home/toolchains/1.54.0-x86_64-unknown-linux-gnu/lib/rustlib/x86_64-unknown-linux-gnu/lib/librustc_std_workspace_std-16ed15e5bfe21b9b.rlib" "-Wl,--start-group" "/opt/rustwide/rustup-home/toolchains/1.54.0-x86_64-unknown-linux-gnu/lib/rustlib/x86_64-unknown-linux-gnu/lib/libstd-2420485b9e5ef5e1.rlib" "/opt/rustwide/rustup-home/toolchains/1.54.0-x86_64-unknown-linux-gnu/lib/rustlib/x86_64-unknown-linux-gnu/lib/libpanic_unwind-785e3cb61c4b1960.rlib" "/opt/rustwide/rustup-home/toolchains/1.54.0-x86_64-unknown-linux-gnu/lib/rustlib/x86_64-unknown-linux-gnu/lib/libminiz_oxide-087191a88bdaa22d.rlib" "/opt/rustwide/rustup-home/toolchains/1.54.0-x86_64-unknown-linux-gnu/lib/rustlib/x86_64-unknown-linux-gnu/lib/libadler-9981842c02975178.rlib" "/opt/rustwide/rustup-home/toolchains/1.54.0-x86_64-unknown-linux-gnu/lib/rustlib/x86_64-unknown-linux-gnu/lib/libobject-6fb405869b015fde.rlib" "/opt/rustwide/rustup-home/toolchains/1.54.0-x86_64-unknown-linux-gnu/lib/rustlib/x86_64-unknown-linux-gnu/lib/libaddr2line-d05c5c3c56004b7b.rlib" "/opt/rustwide/rustup-home/toolchains/1.54.0-x86_64-unknown-linux-gnu/lib/rustlib/x86_64-unknown-linux-gnu/lib/libgimli-42d74d2097528b38.rlib" "/opt/rustwide/rustup-home/toolchains/1.54.0-x86_64-unknown-linux-gnu/lib/rustlib/x86_64-unknown-linux-gnu/lib/libstd_detect-fb36534c113d2209.rlib" "/opt/rustwide/rustup-home/toolchains/1.54.0-x86_64-unknown-linux-gnu/lib/rustlib/x86_64-unknown-linux-gnu/lib/librustc_demangle-b56b9042c12b6535.rlib" "/opt/rustwide/rustup-home/toolchains/1.54.0-x86_64-unknown-linux-gnu/lib/rustlib/x86_64-unknown-linux-gnu/lib/libhashbrown-491902d6cb3e76df.rlib" "/opt/rustwide/rustup-home/toolchains/1.54.0-x86_64-unknown-linux-gnu/lib/rustlib/x86_64-unknown-linux-gnu/lib/librustc_std_workspace_alloc-61834e0981b8c367.rlib" "/opt/rustwide/rustup-home/toolchains/1.54.0-x86_64-unknown-linux-gnu/lib/rustlib/x86_64-unknown-linux-gnu/lib/libunwind-f78aa99d613a55bc.rlib" "/opt/rustwide/rustup-home/toolchains/1.54.0-x86_64-unknown-linux-gnu/lib/rustlib/x86_64-unknown-linux-gnu/lib/libcfg_if-53ee54cd7fed2c57.rlib" "/opt/rustwide/rustup-home/toolchains/1.54.0-x86_64-unknown-linux-gnu/lib/rustlib/x86_64-unknown-linux-gnu/lib/liblibc-544ecdbd6cda3c58.rlib" "/opt/rustwide/rustup-home/toolchains/1.54.0-x86_64-unknown-linux-gnu/lib/rustlib/x86_64-unknown-linux-gnu/lib/liballoc-379cc252b6943a79.rlib" "/opt/rustwide/rustup-home/toolchains/1.54.0-x86_64-unknown-linux-gnu/lib/rustlib/x86_64-unknown-linux-gnu/lib/librustc_std_workspace_core-8063eea38dcc5e62.rlib" "/opt/rustwide/rustup-home/toolchains/1.54.0-x86_64-unknown-linux-gnu/lib/rustlib/x86_64-unknown-linux-gnu/lib/libcore-5b228734afae15ee.rlib" "-Wl,--end-group" "/opt/rustwide/rustup-home/toolchains/1.54.0-x86_64-unknown-linux-gnu/lib/rustlib/x86_64-unknown-linux-gnu/lib/libcompiler_builtins-d6c7a399d95d173f.rlib" "-Wl,-Bdynamic" "-lgcc_s" "-lutil" "-lrt" "-lpthread" "-lm" "-ldl" "-lc" "-Wl,--eh-frame-hdr" "-Wl,-znoexecstack" "-L" "/opt/rustwide/rustup-home/toolchains/1.54.0-x86_64-unknown-linux-gnu/lib/rustlib/x86_64-unknown-linux-gnu/lib" "-o" "/opt/rustwide/target/debug/deps/unincluded_meta_dependabot-5f9526e5b9f054de" "-Wl,--gc-sections" "-pie" "-Wl,-zrelro" "-Wl,-znow" "-nodefaultlibs"
[INFO] [stdout]   = note: collect2: fatal error: ld terminated with signal 9 [Killed]
[INFO] [stdout]           compilation terminated.
[INFO] [stdout]           
[INFO] [stdout] 
[INFO] [stdout] 
[INFO] [stdout] error: aborting due to previous error
[INFO] [stdout] 
[INFO] [stdout] 
[INFO] [stderr] error: could not compile `rantsy`
[INFO] [stderr] 
[INFO] [stderr] To learn more, run the command again with --verbose.
[INFO] [stderr] warning: build failed, waiting for other jobs to finish...
[INFO] [stdout] error: linking with `cc` failed: exit status: 1
[INFO] [stdout]   |
[INFO] [stdout]   = note: "cc" "-m64" "/opt/rustwide/target/debug/deps/meta_badges-7a9e9c07cf5ca92a.meta_badges.4atlfn3f-cgu.0.rcgu.o" "/opt/rustwide/target/debug/deps/meta_badges-7a9e9c07cf5ca92a.meta_badges.4atlfn3f-cgu.1.rcgu.o" "/opt/rustwide/target/debug/deps/meta_badges-7a9e9c07cf5ca92a.meta_badges.4atlfn3f-cgu.10.rcgu.o" "/opt/rustwide/target/debug/deps/meta_badges-7a9e9c07cf5ca92a.meta_badges.4atlfn3f-cgu.11.rcgu.o" "/opt/rustwide/target/debug/deps/meta_badges-7a9e9c07cf5ca92a.meta_badges.4atlfn3f-cgu.2.rcgu.o" "/opt/rustwide/target/debug/deps/meta_badges-7a9e9c07cf5ca92a.meta_badges.4atlfn3f-cgu.3.rcgu.o" "/opt/rustwide/target/debug/deps/meta_badges-7a9e9c07cf5ca92a.meta_badges.4atlfn3f-cgu.4.rcgu.o" "/opt/rustwide/target/debug/deps/meta_badges-7a9e9c07cf5ca92a.meta_badges.4atlfn3f-cgu.5.rcgu.o" "/opt/rustwide/target/debug/deps/meta_badges-7a9e9c07cf5ca92a.meta_badges.4atlfn3f-cgu.6.rcgu.o" "/opt/rustwide/target/debug/deps/meta_badges-7a9e9c07cf5ca92a.meta_badges.4atlfn3f-cgu.7.rcgu.o" "/opt/rustwide/target/debug/deps/meta_badges-7a9e9c07cf5ca92a.meta_badges.4atlfn3f-cgu.8.rcgu.o" "/opt/rustwide/target/debug/deps/meta_badges-7a9e9c07cf5ca92a.meta_badges.4atlfn3f-cgu.9.rcgu.o" "/opt/rustwide/target/debug/deps/meta_badges-7a9e9c07cf5ca92a.38dzhrvwmigbneqy.rcgu.o" "-Wl,--as-needed" "-L" "/opt/rustwide/target/debug/deps" "-L" "/opt/rustwide/rustup-home/toolchains/1.54.0-x86_64-unknown-linux-gnu/lib/rustlib/x86_64-unknown-linux-gnu/lib" "-Wl,-Bstatic" "/opt/rustwide/target/debug/deps/libgit_info-e3e9eed288ebc928.rlib" "/opt/rustwide/target/debug/deps/libversion_sync-d3329e8376d48666.rlib" "/opt/rustwide/target/debug/deps/libtoml-2c1c2c6c9a3d9f14.rlib" "/opt/rustwide/target/debug/deps/libserde-6f382aaca93d79d7.rlib" "/opt/rustwide/target/debug/deps/libpulldown_cmark-c0ba03c432531d27.rlib" "/opt/rustwide/target/debug/deps/libmemchr-4b0efb25cb3e65ef.rlib" "/opt/rustwide/target/debug/deps/libunicase-4a08b382c01023e9.rlib" "/opt/rustwide/target/debug/deps/libbitflags-f89ae4b715176e2d.rlib" "/opt/rustwide/target/debug/deps/liburl-970a44b2393ae2ad.rlib" "/opt/rustwide/target/debug/deps/libidna-13f423600600d9ed.rlib" "/opt/rustwide/target/debug/deps/libunicode_normalization-dafba359870038b5.rlib" "/opt/rustwide/target/debug/deps/libtinyvec-dd4c492ec8be24e7.rlib" "/opt/rustwide/target/debug/deps/libtinyvec_macros-f6b5563d3767ea26.rlib" "/opt/rustwide/target/debug/deps/libunicode_bidi-658b16b5d9bb5631.rlib" "/opt/rustwide/target/debug/deps/libform_urlencoded-64c48050f569228e.rlib" "/opt/rustwide/target/debug/deps/libpercent_encoding-549c334c22432c49.rlib" "/opt/rustwide/target/debug/deps/libmatches-5bfcef5685786a07.rlib" "/opt/rustwide/target/debug/deps/libsyn-e1876d65b2db8be0.rlib" "/opt/rustwide/target/debug/deps/libquote-6c68b0c707ad9bbc.rlib" "/opt/rustwide/target/debug/deps/libproc_macro2-2e06dda840544704.rlib" "/opt/rustwide/target/debug/deps/libunicode_xid-12009cf1a2496f6d.rlib" "/opt/rustwide/rustup-home/toolchains/1.54.0-x86_64-unknown-linux-gnu/lib/rustlib/x86_64-unknown-linux-gnu/lib/libproc_macro-48a8f96062ed4274.rlib" "/opt/rustwide/target/debug/deps/libsemver_parser-2195ef79d5b72e25.rlib" "/opt/rustwide/target/debug/deps/libregex-cbe7b835e839488c.rlib" "/opt/rustwide/target/debug/deps/libregex_syntax-887900520785fbaa.rlib" "/opt/rustwide/rustup-home/toolchains/1.54.0-x86_64-unknown-linux-gnu/lib/rustlib/x86_64-unknown-linux-gnu/lib/libtest-3599c5491d44663f.rlib" "/opt/rustwide/rustup-home/toolchains/1.54.0-x86_64-unknown-linux-gnu/lib/rustlib/x86_64-unknown-linux-gnu/lib/libterm-1d56ea45a67842c8.rlib" "/opt/rustwide/rustup-home/toolchains/1.54.0-x86_64-unknown-linux-gnu/lib/rustlib/x86_64-unknown-linux-gnu/lib/libgetopts-9749f7c936ebf9a7.rlib" "/opt/rustwide/rustup-home/toolchains/1.54.0-x86_64-unknown-linux-gnu/lib/rustlib/x86_64-unknown-linux-gnu/lib/libunicode_width-627a220173eefff1.rlib" "/opt/rustwide/rustup-home/toolchains/1.54.0-x86_64-unknown-linux-gnu/lib/rustlib/x86_64-unknown-linux-gnu/lib/librustc_std_workspace_std-16ed15e5bfe21b9b.rlib" "-Wl,--start-group" "/opt/rustwide/rustup-home/toolchains/1.54.0-x86_64-unknown-linux-gnu/lib/rustlib/x86_64-unknown-linux-gnu/lib/libstd-2420485b9e5ef5e1.rlib" "/opt/rustwide/rustup-home/toolchains/1.54.0-x86_64-unknown-linux-gnu/lib/rustlib/x86_64-unknown-linux-gnu/lib/libpanic_unwind-785e3cb61c4b1960.rlib" "/opt/rustwide/rustup-home/toolchains/1.54.0-x86_64-unknown-linux-gnu/lib/rustlib/x86_64-unknown-linux-gnu/lib/libminiz_oxide-087191a88bdaa22d.rlib" "/opt/rustwide/rustup-home/toolchains/1.54.0-x86_64-unknown-linux-gnu/lib/rustlib/x86_64-unknown-linux-gnu/lib/libadler-9981842c02975178.rlib" "/opt/rustwide/rustup-home/toolchains/1.54.0-x86_64-unknown-linux-gnu/lib/rustlib/x86_64-unknown-linux-gnu/lib/libobject-6fb405869b015fde.rlib" "/opt/rustwide/rustup-home/toolchains/1.54.0-x86_64-unknown-linux-gnu/lib/rustlib/x86_64-unknown-linux-gnu/lib/libaddr2line-d05c5c3c56004b7b.rlib" "/opt/rustwide/rustup-home/toolchains/1.54.0-x86_64-unknown-linux-gnu/lib/rustlib/x86_64-unknown-linux-gnu/lib/libgimli-42d74d2097528b38.rlib" "/opt/rustwide/rustup-home/toolchains/1.54.0-x86_64-unknown-linux-gnu/lib/rustlib/x86_64-unknown-linux-gnu/lib/libstd_detect-fb36534c113d2209.rlib" "/opt/rustwide/rustup-home/toolchains/1.54.0-x86_64-unknown-linux-gnu/lib/rustlib/x86_64-unknown-linux-gnu/lib/librustc_demangle-b56b9042c12b6535.rlib" "/opt/rustwide/rustup-home/toolchains/1.54.0-x86_64-unknown-linux-gnu/lib/rustlib/x86_64-unknown-linux-gnu/lib/libhashbrown-491902d6cb3e76df.rlib" "/opt/rustwide/rustup-home/toolchains/1.54.0-x86_64-unknown-linux-gnu/lib/rustlib/x86_64-unknown-linux-gnu/lib/librustc_std_workspace_alloc-61834e0981b8c367.rlib" "/opt/rustwide/rustup-home/toolchains/1.54.0-x86_64-unknown-linux-gnu/lib/rustlib/x86_64-unknown-linux-gnu/lib/libunwind-f78aa99d613a55bc.rlib" "/opt/rustwide/rustup-home/toolchains/1.54.0-x86_64-unknown-linux-gnu/lib/rustlib/x86_64-unknown-linux-gnu/lib/libcfg_if-53ee54cd7fed2c57.rlib" "/opt/rustwide/rustup-home/toolchains/1.54.0-x86_64-unknown-linux-gnu/lib/rustlib/x86_64-unknown-linux-gnu/lib/liblibc-544ecdbd6cda3c58.rlib" "/opt/rustwide/rustup-home/toolchains/1.54.0-x86_64-unknown-linux-gnu/lib/rustlib/x86_64-unknown-linux-gnu/lib/liballoc-379cc252b6943a79.rlib" "/opt/rustwide/rustup-home/toolchains/1.54.0-x86_64-unknown-linux-gnu/lib/rustlib/x86_64-unknown-linux-gnu/lib/librustc_std_workspace_core-8063eea38dcc5e62.rlib" "/opt/rustwide/rustup-home/toolchains/1.54.0-x86_64-unknown-linux-gnu/lib/rustlib/x86_64-unknown-linux-gnu/lib/libcore-5b228734afae15ee.rlib" "-Wl,--end-group" "/opt/rustwide/rustup-home/toolchains/1.54.0-x86_64-unknown-linux-gnu/lib/rustlib/x86_64-unknown-linux-gnu/lib/libcompiler_builtins-d6c7a399d95d173f.rlib" "-Wl,-Bdynamic" "-lgcc_s" "-lutil" "-lrt" "-lpthread" "-lm" "-ldl" "-lc" "-Wl,--eh-frame-hdr" "-Wl,-znoexecstack" "-L" "/opt/rustwide/rustup-home/toolchains/1.54.0-x86_64-unknown-linux-gnu/lib/rustlib/x86_64-unknown-linux-gnu/lib" "-o" "/opt/rustwide/target/debug/deps/meta_badges-7a9e9c07cf5ca92a" "-Wl,--gc-sections" "-pie" "-Wl,-zrelro" "-Wl,-znow" "-nodefaultlibs"
[INFO] [stdout]   = note: collect2: fatal error: ld terminated with signal 9 [Killed]
[INFO] [stdout]           compilation terminated.
[INFO] [stdout]           
[INFO] [stdout] 
[INFO] [stdout] 
[INFO] [stdout] error: aborting due to previous error
[INFO] [stdout] 
[INFO] [stdout] 
[INFO] [stdout] error: linking with `cc` failed: exit status: 1
[INFO] [stdout]   |
[INFO] [stdout]   = note: "cc" "-m64" "/opt/rustwide/target/debug/deps/unincluded_meta_contributing-9d1b95113ba61e4a.unincluded_meta_contributing.15ztx3bu-cgu.0.rcgu.o" "/opt/rustwide/target/debug/deps/unincluded_meta_contributing-9d1b95113ba61e4a.unincluded_meta_contributing.15ztx3bu-cgu.1.rcgu.o" "/opt/rustwide/target/debug/deps/unincluded_meta_contributing-9d1b95113ba61e4a.unincluded_meta_contributing.15ztx3bu-cgu.10.rcgu.o" "/opt/rustwide/target/debug/deps/unincluded_meta_contributing-9d1b95113ba61e4a.unincluded_meta_contributing.15ztx3bu-cgu.2.rcgu.o" "/opt/rustwide/target/debug/deps/unincluded_meta_contributing-9d1b95113ba61e4a.unincluded_meta_contributing.15ztx3bu-cgu.3.rcgu.o" "/opt/rustwide/target/debug/deps/unincluded_meta_contributing-9d1b95113ba61e4a.unincluded_meta_contributing.15ztx3bu-cgu.4.rcgu.o" "/opt/rustwide/target/debug/deps/unincluded_meta_contributing-9d1b95113ba61e4a.unincluded_meta_contributing.15ztx3bu-cgu.5.rcgu.o" "/opt/rustwide/target/debug/deps/unincluded_meta_contributing-9d1b95113ba61e4a.unincluded_meta_contributing.15ztx3bu-cgu.6.rcgu.o" "/opt/rustwide/target/debug/deps/unincluded_meta_contributing-9d1b95113ba61e4a.unincluded_meta_contributing.15ztx3bu-cgu.7.rcgu.o" "/opt/rustwide/target/debug/deps/unincluded_meta_contributing-9d1b95113ba61e4a.unincluded_meta_contributing.15ztx3bu-cgu.8.rcgu.o" "/opt/rustwide/target/debug/deps/unincluded_meta_contributing-9d1b95113ba61e4a.unincluded_meta_contributing.15ztx3bu-cgu.9.rcgu.o" "/opt/rustwide/target/debug/deps/unincluded_meta_contributing-9d1b95113ba61e4a.9hikpcb6iz2pg60.rcgu.o" "-Wl,--as-needed" "-L" "/opt/rustwide/target/debug/deps" "-L" "/opt/rustwide/rustup-home/toolchains/1.54.0-x86_64-unknown-linux-gnu/lib/rustlib/x86_64-unknown-linux-gnu/lib" "-Wl,-Bstatic" "/opt/rustwide/target/debug/deps/libversion_sync-d3329e8376d48666.rlib" "/opt/rustwide/target/debug/deps/libtoml-2c1c2c6c9a3d9f14.rlib" "/opt/rustwide/target/debug/deps/libserde-6f382aaca93d79d7.rlib" "/opt/rustwide/target/debug/deps/libpulldown_cmark-c0ba03c432531d27.rlib" "/opt/rustwide/target/debug/deps/libmemchr-4b0efb25cb3e65ef.rlib" "/opt/rustwide/target/debug/deps/libunicase-4a08b382c01023e9.rlib" "/opt/rustwide/target/debug/deps/libbitflags-f89ae4b715176e2d.rlib" "/opt/rustwide/target/debug/deps/liburl-970a44b2393ae2ad.rlib" "/opt/rustwide/target/debug/deps/libidna-13f423600600d9ed.rlib" "/opt/rustwide/target/debug/deps/libunicode_normalization-dafba359870038b5.rlib" "/opt/rustwide/target/debug/deps/libtinyvec-dd4c492ec8be24e7.rlib" "/opt/rustwide/target/debug/deps/libtinyvec_macros-f6b5563d3767ea26.rlib" "/opt/rustwide/target/debug/deps/libunicode_bidi-658b16b5d9bb5631.rlib" "/opt/rustwide/target/debug/deps/libform_urlencoded-64c48050f569228e.rlib" "/opt/rustwide/target/debug/deps/libpercent_encoding-549c334c22432c49.rlib" "/opt/rustwide/target/debug/deps/libmatches-5bfcef5685786a07.rlib" "/opt/rustwide/target/debug/deps/libsyn-e1876d65b2db8be0.rlib" "/opt/rustwide/target/debug/deps/libquote-6c68b0c707ad9bbc.rlib" "/opt/rustwide/target/debug/deps/libproc_macro2-2e06dda840544704.rlib" "/opt/rustwide/target/debug/deps/libunicode_xid-12009cf1a2496f6d.rlib" "/opt/rustwide/rustup-home/toolchains/1.54.0-x86_64-unknown-linux-gnu/lib/rustlib/x86_64-unknown-linux-gnu/lib/libproc_macro-48a8f96062ed4274.rlib" "/opt/rustwide/target/debug/deps/libsemver_parser-2195ef79d5b72e25.rlib" "/opt/rustwide/target/debug/deps/libregex-cbe7b835e839488c.rlib" "/opt/rustwide/target/debug/deps/libregex_syntax-887900520785fbaa.rlib" "/opt/rustwide/rustup-home/toolchains/1.54.0-x86_64-unknown-linux-gnu/lib/rustlib/x86_64-unknown-linux-gnu/lib/libtest-3599c5491d44663f.rlib" "/opt/rustwide/rustup-home/toolchains/1.54.0-x86_64-unknown-linux-gnu/lib/rustlib/x86_64-unknown-linux-gnu/lib/libterm-1d56ea45a67842c8.rlib" "/opt/rustwide/rustup-home/toolchains/1.54.0-x86_64-unknown-linux-gnu/lib/rustlib/x86_64-unknown-linux-gnu/lib/libgetopts-9749f7c936ebf9a7.rlib" "/opt/rustwide/rustup-home/toolchains/1.54.0-x86_64-unknown-linux-gnu/lib/rustlib/x86_64-unknown-linux-gnu/lib/libunicode_width-627a220173eefff1.rlib" "/opt/rustwide/rustup-home/toolchains/1.54.0-x86_64-unknown-linux-gnu/lib/rustlib/x86_64-unknown-linux-gnu/lib/librustc_std_workspace_std-16ed15e5bfe21b9b.rlib" "-Wl,--start-group" "/opt/rustwide/rustup-home/toolchains/1.54.0-x86_64-unknown-linux-gnu/lib/rustlib/x86_64-unknown-linux-gnu/lib/libstd-2420485b9e5ef5e1.rlib" "/opt/rustwide/rustup-home/toolchains/1.54.0-x86_64-unknown-linux-gnu/lib/rustlib/x86_64-unknown-linux-gnu/lib/libpanic_unwind-785e3cb61c4b1960.rlib" "/opt/rustwide/rustup-home/toolchains/1.54.0-x86_64-unknown-linux-gnu/lib/rustlib/x86_64-unknown-linux-gnu/lib/libminiz_oxide-087191a88bdaa22d.rlib" "/opt/rustwide/rustup-home/toolchains/1.54.0-x86_64-unknown-linux-gnu/lib/rustlib/x86_64-unknown-linux-gnu/lib/libadler-9981842c02975178.rlib" "/opt/rustwide/rustup-home/toolchains/1.54.0-x86_64-unknown-linux-gnu/lib/rustlib/x86_64-unknown-linux-gnu/lib/libobject-6fb405869b015fde.rlib" "/opt/rustwide/rustup-home/toolchains/1.54.0-x86_64-unknown-linux-gnu/lib/rustlib/x86_64-unknown-linux-gnu/lib/libaddr2line-d05c5c3c56004b7b.rlib" "/opt/rustwide/rustup-home/toolchains/1.54.0-x86_64-unknown-linux-gnu/lib/rustlib/x86_64-unknown-linux-gnu/lib/libgimli-42d74d2097528b38.rlib" "/opt/rustwide/rustup-home/toolchains/1.54.0-x86_64-unknown-linux-gnu/lib/rustlib/x86_64-unknown-linux-gnu/lib/libstd_detect-fb36534c113d2209.rlib" "/opt/rustwide/rustup-home/toolchains/1.54.0-x86_64-unknown-linux-gnu/lib/rustlib/x86_64-unknown-linux-gnu/lib/librustc_demangle-b56b9042c12b6535.rlib" "/opt/rustwide/rustup-home/toolchains/1.54.0-x86_64-unknown-linux-gnu/lib/rustlib/x86_64-unknown-linux-gnu/lib/libhashbrown-491902d6cb3e76df.rlib" "/opt/rustwide/rustup-home/toolchains/1.54.0-x86_64-unknown-linux-gnu/lib/rustlib/x86_64-unknown-linux-gnu/lib/librustc_std_workspace_alloc-61834e0981b8c367.rlib" "/opt/rustwide/rustup-home/toolchains/1.54.0-x86_64-unknown-linux-gnu/lib/rustlib/x86_64-unknown-linux-gnu/lib/libunwind-f78aa99d613a55bc.rlib" "/opt/rustwide/rustup-home/toolchains/1.54.0-x86_64-unknown-linux-gnu/lib/rustlib/x86_64-unknown-linux-gnu/lib/libcfg_if-53ee54cd7fed2c57.rlib" "/opt/rustwide/rustup-home/toolchains/1.54.0-x86_64-unknown-linux-gnu/lib/rustlib/x86_64-unknown-linux-gnu/lib/liblibc-544ecdbd6cda3c58.rlib" "/opt/rustwide/rustup-home/toolchains/1.54.0-x86_64-unknown-linux-gnu/lib/rustlib/x86_64-unknown-linux-gnu/lib/liballoc-379cc252b6943a79.rlib" "/opt/rustwide/rustup-home/toolchains/1.54.0-x86_64-unknown-linux-gnu/lib/rustlib/x86_64-unknown-linux-gnu/lib/librustc_std_workspace_core-8063eea38dcc5e62.rlib" "/opt/rustwide/rustup-home/toolchains/1.54.0-x86_64-unknown-linux-gnu/lib/rustlib/x86_64-unknown-linux-gnu/lib/libcore-5b228734afae15ee.rlib" "-Wl,--end-group" "/opt/rustwide/rustup-home/toolchains/1.54.0-x86_64-unknown-linux-gnu/lib/rustlib/x86_64-unknown-linux-gnu/lib/libcompiler_builtins-d6c7a399d95d173f.rlib" "-Wl,-Bdynamic" "-lgcc_s" "-lutil" "-lrt" "-lpthread" "-lm" "-ldl" "-lc" "-Wl,--eh-frame-hdr" "-Wl,-znoexecstack" "-L" "/opt/rustwide/rustup-home/toolchains/1.54.0-x86_64-unknown-linux-gnu/lib/rustlib/x86_64-unknown-linux-gnu/lib" "-o" "/opt/rustwide/target/debug/deps/unincluded_meta_contributing-9d1b95113ba61e4a" "-Wl,--gc-sections" "-pie" "-Wl,-zrelro" "-Wl,-znow" "-nodefaultlibs"
[INFO] [stdout]   = note: collect2: fatal error: ld terminated with signal 9 [Killed]
[INFO] [stdout]           compilation terminated.
[INFO] [stdout]           
[INFO] [stdout] 
[INFO] [stdout] 
[INFO] [stdout] error: aborting due to previous error
[INFO] [stdout] 
[INFO] [stdout] 
[INFO] [stderr] error: build failed
[INFO] running `Command { std: "docker" "inspect" "2c4005a27be7b62872aa3a9dd30600d51cf1e180fcc04a6bfc9459f026adce8b", kill_on_drop: false }`
[INFO] running `Command { std: "docker" "rm" "-f" "2c4005a27be7b62872aa3a9dd30600d51cf1e180fcc04a6bfc9459f026adce8b", kill_on_drop: false }`
[INFO] [stdout] 2c4005a27be7b62872aa3a9dd30600d51cf1e180fcc04a6bfc9459f026adce8b
