[INFO] cloning repository https://github.com/Steav005/PpmController
[INFO] running `Command { std: "git" "-c" "credential.helper=" "-c" "credential.helper=/workspace/cargo-home/bin/git-credential-null" "clone" "--bare" "https://github.com/Steav005/PpmController" "/workspace/cache/git-repos/https%3A%2F%2Fgithub.com%2FSteav005%2FPpmController", kill_on_drop: false }`
[INFO] [stderr] Cloning into bare repository '/workspace/cache/git-repos/https%3A%2F%2Fgithub.com%2FSteav005%2FPpmController'...
[INFO] running `Command { std: "git" "rev-parse" "HEAD", kill_on_drop: false }`
[INFO] [stdout] c89c68362564b9bed6968261dfb05d4b8048b47c
[INFO] testing Steav005/PpmController against beta-2021-08-01 for beta-1.55-1
[INFO] running `Command { std: "git" "clone" "/workspace/cache/git-repos/https%3A%2F%2Fgithub.com%2FSteav005%2FPpmController" "/workspace/builds/worker-107/source", kill_on_drop: false }`
[INFO] [stderr] Cloning into '/workspace/builds/worker-107/source'...
[INFO] [stderr] done.
[INFO] validating manifest of git repo https://github.com/Steav005/PpmController on toolchain beta-2021-08-01
[INFO] running `Command { std: "/workspace/cargo-home/bin/cargo" "+beta-2021-08-01" "metadata" "--manifest-path" "Cargo.toml" "--no-deps", kill_on_drop: false }`
[INFO] removed /workspace/builds/worker-107/source/.cargo/config
[INFO] started tweaking git repo https://github.com/Steav005/PpmController
[INFO] finished tweaking git repo https://github.com/Steav005/PpmController
[INFO] tweaked toml for git repo https://github.com/Steav005/PpmController written to /workspace/builds/worker-107/source/Cargo.toml
[INFO] crate git repo https://github.com/Steav005/PpmController already has a lockfile, it will not be regenerated
[INFO] running `Command { std: "/workspace/cargo-home/bin/cargo" "+beta-2021-08-01" "fetch" "--manifest-path" "Cargo.toml", kill_on_drop: false }`
[INFO] [stderr]     Blocking waiting for file lock on package cache
[INFO] [stderr]     Blocking waiting for file lock on package cache
[INFO] running `Command { std: "docker" "create" "-v" "/var/lib/crater-agent-workspace/builds/worker-107/target:/opt/rustwide/target:rw,Z" "-v" "/var/lib/crater-agent-workspace/builds/worker-107/source:/opt/rustwide/workdir:ro,Z" "-v" "/var/lib/crater-agent-workspace/cargo-home:/opt/rustwide/cargo-home:ro,Z" "-v" "/var/lib/crater-agent-workspace/rustup-home:/opt/rustwide/rustup-home:ro,Z" "-e" "SOURCE_DIR=/opt/rustwide/workdir" "-e" "CARGO_TARGET_DIR=/opt/rustwide/target" "-e" "CARGO_HOME=/opt/rustwide/cargo-home" "-e" "RUSTUP_HOME=/opt/rustwide/rustup-home" "-w" "/opt/rustwide/workdir" "-m" "1610612736" "--user" "0:0" "--network" "none" "ghcr.io/rust-lang/crates-build-env/linux@sha256:34b6a614d2c27851fe6cbf88fbd1137609cefab8b10d0615aaeb6fd47975d74e" "/opt/rustwide/cargo-home/bin/cargo" "+beta-2021-08-01" "metadata" "--no-deps" "--format-version=1", kill_on_drop: false }`
[INFO] [stdout] 0fe5ac74e506303841a948d8445d944f3f5c6f7d31c444648df8922878cbe5fb
[INFO] running `Command { std: "docker" "start" "-a" "0fe5ac74e506303841a948d8445d944f3f5c6f7d31c444648df8922878cbe5fb", kill_on_drop: false }`
[INFO] running `Command { std: "docker" "inspect" "0fe5ac74e506303841a948d8445d944f3f5c6f7d31c444648df8922878cbe5fb", kill_on_drop: false }`
[INFO] running `Command { std: "docker" "rm" "-f" "0fe5ac74e506303841a948d8445d944f3f5c6f7d31c444648df8922878cbe5fb", kill_on_drop: false }`
[INFO] [stdout] 0fe5ac74e506303841a948d8445d944f3f5c6f7d31c444648df8922878cbe5fb
[INFO] running `Command { std: "docker" "create" "-v" "/var/lib/crater-agent-workspace/builds/worker-107/target:/opt/rustwide/target:rw,Z" "-v" "/var/lib/crater-agent-workspace/builds/worker-107/source:/opt/rustwide/workdir:ro,Z" "-v" "/var/lib/crater-agent-workspace/cargo-home:/opt/rustwide/cargo-home:ro,Z" "-v" "/var/lib/crater-agent-workspace/rustup-home:/opt/rustwide/rustup-home:ro,Z" "-e" "SOURCE_DIR=/opt/rustwide/workdir" "-e" "CARGO_TARGET_DIR=/opt/rustwide/target" "-e" "CARGO_INCREMENTAL=0" "-e" "RUST_BACKTRACE=full" "-e" "RUSTFLAGS=--cap-lints=warn" "-e" "CARGO_HOME=/opt/rustwide/cargo-home" "-e" "RUSTUP_HOME=/opt/rustwide/rustup-home" "-w" "/opt/rustwide/workdir" "-m" "1610612736" "--user" "0:0" "--network" "none" "ghcr.io/rust-lang/crates-build-env/linux@sha256:34b6a614d2c27851fe6cbf88fbd1137609cefab8b10d0615aaeb6fd47975d74e" "/opt/rustwide/cargo-home/bin/cargo" "+beta-2021-08-01" "build" "--frozen" "--message-format=json", kill_on_drop: false }`
[INFO] [stdout] 8df608f0363c456696fb2cc666e91007e1c3613c7990ac7f17cc5a86d01ee019
[INFO] running `Command { std: "docker" "start" "-a" "8df608f0363c456696fb2cc666e91007e1c3613c7990ac7f17cc5a86d01ee019", kill_on_drop: false }`
[INFO] [stderr]     Blocking waiting for file lock on package cache
[INFO] [stderr]    Compiling semver-parser v0.7.0
[INFO] [stderr]    Compiling nb v1.0.0
[INFO] [stderr]    Compiling syn v1.0.60
[INFO] [stderr]    Compiling stable_deref_trait v1.2.0
[INFO] [stderr]    Compiling cortex-m v0.7.1
[INFO] [stderr]    Compiling void v1.0.2
[INFO] [stderr]    Compiling vcell v0.1.3
[INFO] [stderr]    Compiling bitfield v0.13.2
[INFO] [stderr]    Compiling cortex-m v0.6.6
[INFO] [stderr]    Compiling cortex-m-rt v0.6.13
[INFO] [stderr]    Compiling r0 v0.2.2
[INFO] [stderr]    Compiling stm32ral v0.3.1
[INFO] [stderr]    Compiling byteorder v1.4.2
[INFO] [stderr]    Compiling synopsys-usb-otg v0.1.0
[INFO] [stderr]    Compiling heapless v0.5.6
[INFO] [stderr]    Compiling stm32f4 v0.11.0
[INFO] [stderr]    Compiling usb-device v0.2.7
[INFO] [stderr]    Compiling rtic-core v0.3.1
[INFO] [stderr]    Compiling rand_core v0.5.1
[INFO] [stderr]    Compiling panic-halt v0.2.0
[INFO] [stderr]    Compiling ppm_decode v0.1.3
[INFO] [stderr]    Compiling generic-array v0.14.4
[INFO] [stderr]    Compiling indexmap v1.6.1
[INFO] [stderr]    Compiling cortex-m-rtic v0.5.5
[INFO] [stderr]    Compiling generic-array v0.12.3
[INFO] [stderr]    Compiling generic-array v0.13.2
[INFO] [stderr]    Compiling quote v1.0.8
[INFO] [stderr]    Compiling semver v0.9.0
[INFO] [stderr]    Compiling volatile-register v0.2.0
[INFO] [stderr]    Compiling nb v0.1.3
[INFO] [stderr]    Compiling hash32 v0.1.1
[INFO] [stderr]    Compiling rustc_version v0.2.3
[INFO] [stderr]    Compiling embedded-hal v0.2.4
[INFO] [stderr]    Compiling bare-metal v0.2.5
[INFO] [stderr]    Compiling cast v0.2.3
[INFO] [stderr]    Compiling as-slice v0.1.4
[INFO] [stderr]    Compiling aligned v0.3.4
[INFO] [stderr]    Compiling rtic-syntax v0.4.0
[INFO] [stderr]    Compiling cortex-m-rt-macros v0.1.8
[INFO] [stderr]    Compiling cortex-m-rtic-macros v0.5.2
[INFO] [stderr]    Compiling stm32f4xx-hal v0.8.3
[INFO] [stderr]    Compiling rc-usb-interface v0.1.0 (/opt/rustwide/workdir)
[INFO] [stdout] error[E0432]: unresolved import `rtic::cyccnt`
[INFO] [stdout]   --> src/main.rs:14:5
[INFO] [stdout]    |
[INFO] [stdout] 14 |     cyccnt::{Instant, U32Ext},
[INFO] [stdout]    |     ^^^^^^ could not find `cyccnt` in `rtic`
[INFO] [stdout] 
[INFO] [stdout] 
[INFO] [stdout] error[E0433]: failed to resolve: could not find `cyccnt` in `rtic`
[INFO] [stdout]   --> src/main.rs:37:76
[INFO] [stdout]    |
[INFO] [stdout] 37 | #[app(device = stm32f4xx_hal::stm32, peripherals = true, monotonic = rtic::cyccnt::CYCCNT)]
[INFO] [stdout]    |                                                                            ^^^^^^ could not find `cyccnt` in `rtic`
[INFO] [stdout] 
[INFO] [stdout] 
[INFO] [stdout] warning: unused import: `stm32f4xx_hal::gpio::gpioa::PA`
[INFO] [stdout]   --> src/main.rs:16:5
[INFO] [stdout]    |
[INFO] [stdout] 16 | use stm32f4xx_hal::gpio::gpioa::PA;
[INFO] [stdout]    |     ^^^^^^^^^^^^^^^^^^^^^^^^^^^^^^
[INFO] [stdout]    |
[INFO] [stdout]    = note: `#[warn(unused_imports)]` on by default
[INFO] [stdout] 
[INFO] [stdout] 
[INFO] [stdout] error: language item required, but not found: `eh_personality`
[INFO] [stdout] 
[INFO] [stdout] 
[INFO] [stdout] error[E0599]: no method named `cycles` found for type `u32` in the current scope
[INFO] [stdout]    --> src/main.rs:115:46
[INFO] [stdout]     |
[INFO] [stdout] 115 |             .report(cx.start + REPORT_PERIOD.cycles())
[INFO] [stdout]     |                                              ^^^^^^ method not found in `u32`
[INFO] [stdout] 
[INFO] [stdout] 
[INFO] [stdout] error[E0599]: no method named `cycles` found for type `u32` in the current scope
[INFO] [stdout]    --> src/main.rs:152:50
[INFO] [stdout]     |
[INFO] [stdout] 152 |             .report(cx.scheduled + REPORT_PERIOD.cycles())
[INFO] [stdout]     |                                                  ^^^^^^ method not found in `u32`
[INFO] [stdout] 
[INFO] [stdout] 
[INFO] [stdout] error[E0282]: type annotations needed
[INFO] [stdout]   --> src/main.rs:37:1
[INFO] [stdout]    |
[INFO] [stdout] 37 | #[app(device = stm32f4xx_hal::stm32, peripherals = true, monotonic = rtic::cyccnt::CYCCNT)]
[INFO] [stdout]    | ^^^^^^^^^^^^^^^^^^^^^^^^^^^^^^^^^^^^^^^^^^^^^^^^^^^^^^^^^^^^^^^^^^^^^^^^^^^^^^^^^^^^^^^^^^^
[INFO] [stdout]    |
[INFO] [stdout]    = note: type must be known at this point
[INFO] [stdout]    = note: this error originates in the attribute macro `app` (in Nightly builds, run with -Z macro-backtrace for more info)
[INFO] [stdout] 
[INFO] [stdout] 
[INFO] [stdout] error: aborting due to 6 previous errors; 1 warning emitted
[INFO] [stdout] 
[INFO] [stdout] 
[INFO] [stdout] Some errors have detailed explanations: E0282, E0432, E0433, E0599.
[INFO] [stdout] 
[INFO] [stdout] For more information about an error, try `rustc --explain E0282`.
[INFO] [stdout] 
[INFO] [stderr] error: could not compile `rc-usb-interface` due to 7 previous errors; 1 warning emitted
[INFO] running `Command { std: "docker" "inspect" "8df608f0363c456696fb2cc666e91007e1c3613c7990ac7f17cc5a86d01ee019", kill_on_drop: false }`
[INFO] running `Command { std: "docker" "rm" "-f" "8df608f0363c456696fb2cc666e91007e1c3613c7990ac7f17cc5a86d01ee019", kill_on_drop: false }`
[INFO] [stdout] 8df608f0363c456696fb2cc666e91007e1c3613c7990ac7f17cc5a86d01ee019
