[INFO] cloning repository https://github.com/SheldonNico/ctp-rs
[INFO] running `Command { std: "git" "-c" "credential.helper=" "-c" "credential.helper=/workspace/cargo-home/bin/git-credential-null" "clone" "--bare" "https://github.com/SheldonNico/ctp-rs" "/workspace/cache/git-repos/https%3A%2F%2Fgithub.com%2FSheldonNico%2Fctp-rs", kill_on_drop: false }`
[INFO] [stderr] Cloning into bare repository '/workspace/cache/git-repos/https%3A%2F%2Fgithub.com%2FSheldonNico%2Fctp-rs'...
[INFO] running `Command { std: "git" "rev-parse" "HEAD", kill_on_drop: false }`
[INFO] [stdout] 6ce9c10338983463f425b6c3d53f402e8f019215
[INFO] testing SheldonNico/ctp-rs against 1.54.0 for beta-1.55-1
[INFO] running `Command { std: "git" "clone" "/workspace/cache/git-repos/https%3A%2F%2Fgithub.com%2FSheldonNico%2Fctp-rs" "/workspace/builds/worker-1/source", kill_on_drop: false }`
[INFO] [stderr] Cloning into '/workspace/builds/worker-1/source'...
[INFO] [stderr] done.
[INFO] validating manifest of git repo https://github.com/SheldonNico/ctp-rs on toolchain 1.54.0
[INFO] running `Command { std: "/workspace/cargo-home/bin/cargo" "+1.54.0" "metadata" "--manifest-path" "Cargo.toml" "--no-deps", kill_on_drop: false }`
[INFO] started tweaking git repo https://github.com/SheldonNico/ctp-rs
[INFO] finished tweaking git repo https://github.com/SheldonNico/ctp-rs
[INFO] tweaked toml for git repo https://github.com/SheldonNico/ctp-rs written to /workspace/builds/worker-1/source/Cargo.toml
[INFO] crate git repo https://github.com/SheldonNico/ctp-rs already has a lockfile, it will not be regenerated
[INFO] running `Command { std: "/workspace/cargo-home/bin/cargo" "+1.54.0" "fetch" "--manifest-path" "Cargo.toml", kill_on_drop: false }`
[INFO] running `Command { std: "docker" "create" "-v" "/var/lib/crater-agent-workspace/builds/worker-1/target:/opt/rustwide/target:rw,Z" "-v" "/var/lib/crater-agent-workspace/builds/worker-1/source:/opt/rustwide/workdir:ro,Z" "-v" "/var/lib/crater-agent-workspace/cargo-home:/opt/rustwide/cargo-home:ro,Z" "-v" "/var/lib/crater-agent-workspace/rustup-home:/opt/rustwide/rustup-home:ro,Z" "-e" "SOURCE_DIR=/opt/rustwide/workdir" "-e" "CARGO_TARGET_DIR=/opt/rustwide/target" "-e" "CARGO_HOME=/opt/rustwide/cargo-home" "-e" "RUSTUP_HOME=/opt/rustwide/rustup-home" "-w" "/opt/rustwide/workdir" "-m" "1610612736" "--user" "0:0" "--network" "none" "ghcr.io/rust-lang/crates-build-env/linux@sha256:34b6a614d2c27851fe6cbf88fbd1137609cefab8b10d0615aaeb6fd47975d74e" "/opt/rustwide/cargo-home/bin/cargo" "+1.54.0" "metadata" "--no-deps" "--format-version=1", kill_on_drop: false }`
[INFO] [stdout] 2b7b8056aa018de782cc2719a4180f07b09ef2f05b2ebc0a1e3fe9e5c1d89990
[INFO] [stderr] WARNING: Your kernel does not support swap limit capabilities or the cgroup is not mounted. Memory limited without swap.
[INFO] running `Command { std: "docker" "start" "-a" "2b7b8056aa018de782cc2719a4180f07b09ef2f05b2ebc0a1e3fe9e5c1d89990", kill_on_drop: false }`
[INFO] running `Command { std: "docker" "inspect" "2b7b8056aa018de782cc2719a4180f07b09ef2f05b2ebc0a1e3fe9e5c1d89990", kill_on_drop: false }`
[INFO] running `Command { std: "docker" "rm" "-f" "2b7b8056aa018de782cc2719a4180f07b09ef2f05b2ebc0a1e3fe9e5c1d89990", kill_on_drop: false }`
[INFO] [stdout] 2b7b8056aa018de782cc2719a4180f07b09ef2f05b2ebc0a1e3fe9e5c1d89990
[INFO] running `Command { std: "docker" "create" "-v" "/var/lib/crater-agent-workspace/builds/worker-1/target:/opt/rustwide/target:rw,Z" "-v" "/var/lib/crater-agent-workspace/builds/worker-1/source:/opt/rustwide/workdir:ro,Z" "-v" "/var/lib/crater-agent-workspace/cargo-home:/opt/rustwide/cargo-home:ro,Z" "-v" "/var/lib/crater-agent-workspace/rustup-home:/opt/rustwide/rustup-home:ro,Z" "-e" "SOURCE_DIR=/opt/rustwide/workdir" "-e" "CARGO_TARGET_DIR=/opt/rustwide/target" "-e" "CARGO_INCREMENTAL=0" "-e" "RUST_BACKTRACE=full" "-e" "RUSTFLAGS=--cap-lints=warn" "-e" "CARGO_HOME=/opt/rustwide/cargo-home" "-e" "RUSTUP_HOME=/opt/rustwide/rustup-home" "-w" "/opt/rustwide/workdir" "-m" "1610612736" "--user" "0:0" "--network" "none" "ghcr.io/rust-lang/crates-build-env/linux@sha256:34b6a614d2c27851fe6cbf88fbd1137609cefab8b10d0615aaeb6fd47975d74e" "/opt/rustwide/cargo-home/bin/cargo" "+1.54.0" "build" "--frozen" "--message-format=json", kill_on_drop: false }`
[INFO] [stderr] WARNING: Your kernel does not support swap limit capabilities or the cgroup is not mounted. Memory limited without swap.
[INFO] [stdout] 5671cc87a55c1decd49ec5d9667ea1c13a3c606aa03cdef84323fb1031ad95b8
[INFO] running `Command { std: "docker" "start" "-a" "5671cc87a55c1decd49ec5d9667ea1c13a3c606aa03cdef84323fb1031ad95b8", kill_on_drop: false }`
[INFO] [stderr]    Compiling libc v0.2.79
[INFO] [stderr]    Compiling memchr v2.3.3
[INFO] [stderr]    Compiling glob v0.3.0
[INFO] [stderr]    Compiling log v0.4.11
[INFO] [stderr]    Compiling unicode-width v0.1.8
[INFO] [stderr]    Compiling regex-syntax v0.6.20
[INFO] [stderr]    Compiling bindgen v0.55.1
[INFO] [stderr]    Compiling strsim v0.8.0
[INFO] [stderr]    Compiling vec_map v0.8.2
[INFO] [stderr]    Compiling termcolor v1.1.0
[INFO] [stderr]    Compiling shlex v0.1.1
[INFO] [stderr]    Compiling lazycell v1.3.0
[INFO] [stderr]    Compiling rustc-hash v1.1.0
[INFO] [stderr]    Compiling nom v5.1.2
[INFO] [stderr]    Compiling humantime v1.3.0
[INFO] [stderr]    Compiling libloading v0.6.4
[INFO] [stderr]    Compiling quote v1.0.7
[INFO] [stderr]    Compiling textwrap v0.11.0
[INFO] [stderr]    Compiling clang-sys v1.0.1
[INFO] [stderr]    Compiling aho-corasick v0.7.14
[INFO] [stderr]    Compiling atty v0.2.14
[INFO] [stderr]    Compiling jobserver v0.1.21
[INFO] [stderr]    Compiling which v3.1.1
[INFO] [stderr]    Compiling clap v2.33.3
[INFO] [stderr]    Compiling cc v1.0.61
[INFO] [stderr]    Compiling regex v1.4.1
[INFO] [stderr]    Compiling cexpr v0.4.0
[INFO] [stderr]    Compiling env_logger v0.7.1
[INFO] [stderr]    Compiling ctp_rs v0.1.0 (/opt/rustwide/workdir)
[INFO] [stdout] warning: unused import: `std::io::Read`
[INFO] [stdout]  --> build.rs:4:5
[INFO] [stdout]   |
[INFO] [stdout] 4 | use std::io::Read;
[INFO] [stdout]   |     ^^^^^^^^^^^^^
[INFO] [stdout]   |
[INFO] [stdout]   = note: `#[warn(unused_imports)]` on by default
[INFO] [stdout] 
[INFO] [stdout] 
[INFO] [stdout] warning: panic message is not a string literal
[INFO] [stdout]   --> build.rs:94:51
[INFO] [stdout]    |
[INFO] [stdout] 94 |         assert!(pattern.captures(&buf).is_some(), format!("`{}` not found in source code", trait_extern));
[INFO] [stdout]    |                                                   ^^^^^^^^^^^^^^^^^^^^^^^^^^^^^^^^^^^^^^^^^^^^^^^^^^^^^^
[INFO] [stdout]    |
[INFO] [stdout]    = note: `#[warn(non_fmt_panic)]` on by default
[INFO] [stdout]    = note: this is no longer accepted in Rust 2021
[INFO] [stdout]    = note: the assert!() macro supports formatting, so there's no need for the format!() macro here
[INFO] [stdout] help: remove the `format!(..)` macro call
[INFO] [stdout]    |
[INFO] [stdout] 94 |         assert!(pattern.captures(&buf).is_some(), "`{}` not found in source code", trait_extern);
[INFO] [stdout]    |                                                  --                                           --
[INFO] [stdout] 
[INFO] [stdout] 
[INFO] [stdout] warning: 2 warnings emitted
[INFO] [stdout] 
[INFO] [stdout] 
[INFO] [stderr]     Finished dev [unoptimized + debuginfo] target(s) in 1m 38s
[INFO] running `Command { std: "docker" "inspect" "5671cc87a55c1decd49ec5d9667ea1c13a3c606aa03cdef84323fb1031ad95b8", kill_on_drop: false }`
[INFO] running `Command { std: "docker" "rm" "-f" "5671cc87a55c1decd49ec5d9667ea1c13a3c606aa03cdef84323fb1031ad95b8", kill_on_drop: false }`
[INFO] [stdout] 5671cc87a55c1decd49ec5d9667ea1c13a3c606aa03cdef84323fb1031ad95b8
[INFO] running `Command { std: "docker" "create" "-v" "/var/lib/crater-agent-workspace/builds/worker-1/target:/opt/rustwide/target:rw,Z" "-v" "/var/lib/crater-agent-workspace/builds/worker-1/source:/opt/rustwide/workdir:ro,Z" "-v" "/var/lib/crater-agent-workspace/cargo-home:/opt/rustwide/cargo-home:ro,Z" "-v" "/var/lib/crater-agent-workspace/rustup-home:/opt/rustwide/rustup-home:ro,Z" "-e" "SOURCE_DIR=/opt/rustwide/workdir" "-e" "CARGO_TARGET_DIR=/opt/rustwide/target" "-e" "CARGO_INCREMENTAL=0" "-e" "RUST_BACKTRACE=full" "-e" "RUSTFLAGS=--cap-lints=warn" "-e" "CARGO_HOME=/opt/rustwide/cargo-home" "-e" "RUSTUP_HOME=/opt/rustwide/rustup-home" "-w" "/opt/rustwide/workdir" "-m" "1610612736" "--user" "0:0" "--network" "none" "ghcr.io/rust-lang/crates-build-env/linux@sha256:34b6a614d2c27851fe6cbf88fbd1137609cefab8b10d0615aaeb6fd47975d74e" "/opt/rustwide/cargo-home/bin/cargo" "+1.54.0" "test" "--frozen" "--no-run" "--message-format=json", kill_on_drop: false }`
[INFO] [stdout] 2cd4d0ea20c458512d1fcf0e7f0335637fd47f849275f03d4ca25491aabed9ae
[INFO] [stderr] WARNING: Your kernel does not support swap limit capabilities or the cgroup is not mounted. Memory limited without swap.
[INFO] running `Command { std: "docker" "start" "-a" "2cd4d0ea20c458512d1fcf0e7f0335637fd47f849275f03d4ca25491aabed9ae", kill_on_drop: false }`
[INFO] [stderr]    Compiling const_fn v0.4.2
[INFO] [stderr]    Compiling syn v1.0.44
[INFO] [stderr]    Compiling serde_derive v1.0.117
[INFO] [stderr]    Compiling serde v1.0.117
[INFO] [stderr]    Compiling crossbeam-utils v0.8.0
[INFO] [stdout] warning: unused import: `std::io::Read`
[INFO] [stdout]  --> build.rs:4:5
[INFO] [stdout]   |
[INFO] [stdout] 4 | use std::io::Read;
[INFO] [stdout]   |     ^^^^^^^^^^^^^
[INFO] [stdout]   |
[INFO] [stdout]   = note: `#[warn(unused_imports)]` on by default
[INFO] [stdout] 
[INFO] [stdout] 
[INFO] [stdout] warning: panic message is not a string literal
[INFO] [stdout]   --> build.rs:94:51
[INFO] [stdout]    |
[INFO] [stdout] 94 |         assert!(pattern.captures(&buf).is_some(), format!("`{}` not found in source code", trait_extern));
[INFO] [stdout]    |                                                   ^^^^^^^^^^^^^^^^^^^^^^^^^^^^^^^^^^^^^^^^^^^^^^^^^^^^^^
[INFO] [stdout]    |
[INFO] [stdout]    = note: `#[warn(non_fmt_panic)]` on by default
[INFO] [stdout]    = note: this is no longer accepted in Rust 2021
[INFO] [stdout]    = note: the assert!() macro supports formatting, so there's no need for the format!() macro here
[INFO] [stdout] help: remove the `format!(..)` macro call
[INFO] [stdout]    |
[INFO] [stdout] 94 |         assert!(pattern.captures(&buf).is_some(), "`{}` not found in source code", trait_extern);
[INFO] [stdout]    |                                                  --                                           --
[INFO] [stdout] 
[INFO] [stdout] 
[INFO] [stdout] warning: 2 warnings emitted
[INFO] [stdout] 
[INFO] [stdout] 
[INFO] [stderr]    Compiling crossbeam-epoch v0.9.0
[INFO] [stderr]    Compiling crossbeam-queue v0.3.0
[INFO] [stderr]    Compiling crossbeam-channel v0.5.0
[INFO] [stderr]    Compiling crossbeam-deque v0.8.0
[INFO] [stderr]    Compiling crossbeam v0.8.0
[INFO] [stderr]    Compiling ctp_rs v0.1.0 (/opt/rustwide/workdir)
[INFO] [stdout] warning: unused import: `Instant`
[INFO] [stdout]  --> examples/mdapi.rs:3:27
[INFO] [stdout]   |
[INFO] [stdout] 3 | use std::time::{Duration, Instant};
[INFO] [stdout]   |                           ^^^^^^^
[INFO] [stdout]   |
[INFO] [stdout]   = note: `#[warn(unused_imports)]` on by default
[INFO] [stdout] 
[INFO] [stdout] 
[INFO] [stdout] warning: unused import: `Write`
[INFO] [stdout]  --> examples/mdapi.rs:4:15
[INFO] [stdout]   |
[INFO] [stdout] 4 | use std::io::{Write, Read};
[INFO] [stdout]   |               ^^^^^
[INFO] [stdout] 
[INFO] [stdout] 
[INFO] [stdout] warning: unused imports: `HashMap`, `HashSet`
[INFO] [stdout]  --> examples/mdapi.rs:7:24
[INFO] [stdout]   |
[INFO] [stdout] 7 | use std::collections::{HashMap, HashSet};
[INFO] [stdout]   |                        ^^^^^^^  ^^^^^^^
[INFO] [stdout] 
[INFO] [stdout] 
[INFO] [stdout] warning: unused import: `std::path::Path`
[INFO] [stdout]  --> examples/mdapi.rs:8:5
[INFO] [stdout]   |
[INFO] [stdout] 8 | use std::path::Path;
[INFO] [stdout]   |     ^^^^^^^^^^^^^^^
[INFO] [stdout] 
[INFO] [stdout] 
[INFO] [stdout] warning: unused imports: `Arc`, `Condvar`, `Mutex`
[INFO] [stdout]  --> examples/mdapi.rs:9:17
[INFO] [stdout]   |
[INFO] [stdout] 9 | use std::sync::{Arc, Mutex, Condvar};
[INFO] [stdout]   |                 ^^^  ^^^^^  ^^^^^^^
[INFO] [stdout] 
[INFO] [stdout] 
[INFO] [stdout] warning: unused imports: `Duration`, `Instant`
[INFO] [stdout]  --> examples/tdapi.rs:3:17
[INFO] [stdout]   |
[INFO] [stdout] 3 | use std::time::{Duration, Instant};
[INFO] [stdout]   |                 ^^^^^^^^  ^^^^^^^
[INFO] [stdout]   |
[INFO] [stdout]   = note: `#[warn(unused_imports)]` on by default
[INFO] [stdout] 
[INFO] [stdout] 
[INFO] [stdout] warning: unused import: `Write`
[INFO] [stdout]  --> examples/tdapi.rs:4:15
[INFO] [stdout]   |
[INFO] [stdout] 4 | use std::io::{Write, Read};
[INFO] [stdout]   |               ^^^^^
[INFO] [stdout] 
[INFO] [stdout] 
[INFO] [stdout] warning: unused imports: `HashMap`, `HashSet`
[INFO] [stdout]  --> examples/tdapi.rs:7:24
[INFO] [stdout]   |
[INFO] [stdout] 7 | use std::collections::{HashMap, HashSet};
[INFO] [stdout]   |                        ^^^^^^^  ^^^^^^^
[INFO] [stdout] 
[INFO] [stdout] 
[INFO] [stdout] warning: unused import: `std::path::Path`
[INFO] [stdout]  --> examples/tdapi.rs:8:5
[INFO] [stdout]   |
[INFO] [stdout] 8 | use std::path::Path;
[INFO] [stdout]   |     ^^^^^^^^^^^^^^^
[INFO] [stdout] 
[INFO] [stdout] 
[INFO] [stdout] warning: unused imports: `Arc`, `Condvar`, `Mutex`
[INFO] [stdout]  --> examples/tdapi.rs:9:17
[INFO] [stdout]   |
[INFO] [stdout] 9 | use std::sync::{Arc, Mutex, Condvar};
[INFO] [stdout]   |                 ^^^  ^^^^^  ^^^^^^^
[INFO] [stdout] 
[INFO] [stdout] 
[INFO] [stdout] warning: unused import: `select`
[INFO] [stdout]   --> examples/tdapi.rs:12:52
[INFO] [stdout]    |
[INFO] [stdout] 12 | use crossbeam::{channel::{self, Sender, Receiver}, select};
[INFO] [stdout]    |                                                    ^^^^^^
[INFO] [stdout] 
[INFO] [stdout] 
[INFO] [stdout] warning: unused import: `Read`
[INFO] [stdout]  --> examples/mdapi.rs:4:22
[INFO] [stdout]   |
[INFO] [stdout] 4 | use std::io::{Write, Read};
[INFO] [stdout]   |                      ^^^^
[INFO] [stdout] 
[INFO] [stdout] 
[INFO] [stdout] warning: unused variable: `pRspUserLogin`
[INFO] [stdout]   --> examples/mdapi.rs:54:37
[INFO] [stdout]    |
[INFO] [stdout] 54 |     fn on_rsp_user_login(&mut self, pRspUserLogin: *mut CThostFtdcRspUserLoginField, pRspInfo: *mut CThostFtdcRspInfoField, nRequestID: :...
[INFO] [stdout]    |                                     ^^^^^^^^^^^^^ help: if this is intentional, prefix it with an underscore: `_pRspUserLogin`
[INFO] [stdout]    |
[INFO] [stdout]    = note: `#[warn(unused_variables)]` on by default
[INFO] [stdout] 
[INFO] [stdout] 
[INFO] [stdout] warning: unused variable: `pRspInfo`
[INFO] [stdout]   --> examples/mdapi.rs:54:86
[INFO] [stdout]    |
[INFO] [stdout] 54 | ...hostFtdcRspUserLoginField, pRspInfo: *mut CThostFtdcRspInfoField, nRequestID: ::std::os::raw::c_int, bIsLast: bool) {
[INFO] [stdout]    |                               ^^^^^^^^ help: if this is intentional, prefix it with an underscore: `_pRspInfo`
[INFO] [stdout] 
[INFO] [stdout] 
[INFO] [stdout] warning: unused variable: `nRequestID`
[INFO] [stdout]   --> examples/mdapi.rs:54:125
[INFO] [stdout]    |
[INFO] [stdout] 54 | ... CThostFtdcRspInfoField, nRequestID: ::std::os::raw::c_int, bIsLast: bool) {
[INFO] [stdout]    |                             ^^^^^^^^^^ help: if this is intentional, prefix it with an underscore: `_nRequestID`
[INFO] [stdout] 
[INFO] [stdout] 
[INFO] [stdout] warning: unused variable: `bIsLast`
[INFO] [stdout]   --> examples/mdapi.rs:54:160
[INFO] [stdout]    |
[INFO] [stdout] 54 | ...tID: ::std::os::raw::c_int, bIsLast: bool) {
[INFO] [stdout]    |                                ^^^^^^^ help: if this is intentional, prefix it with an underscore: `_bIsLast`
[INFO] [stdout] 
[INFO] [stdout] 
[INFO] [stdout] warning: unused variable: `nReason`
[INFO] [stdout]   --> examples/mdapi.rs:59:41
[INFO] [stdout]    |
[INFO] [stdout] 59 |     fn on_front_disconnected(&mut self, nReason: ::std::os::raw::c_int) {
[INFO] [stdout]    |                                         ^^^^^^^ help: if this is intentional, prefix it with an underscore: `_nReason`
[INFO] [stdout] 
[INFO] [stdout] 
[INFO] [stdout] warning: unused variable: `nTimeLapse`
[INFO] [stdout]   --> examples/mdapi.rs:63:41
[INFO] [stdout]    |
[INFO] [stdout] 63 |     fn on_heart_beat_warning(&mut self, nTimeLapse: ::std::os::raw::c_int) {
[INFO] [stdout]    |                                         ^^^^^^^^^^ help: if this is intentional, prefix it with an underscore: `_nTimeLapse`
[INFO] [stdout] 
[INFO] [stdout] 
[INFO] [stdout] warning: unused variable: `pRspInfo`
[INFO] [stdout]   --> examples/mdapi.rs:67:32
[INFO] [stdout]    |
[INFO] [stdout] 67 |     fn on_rsp_error(&mut self, pRspInfo: *mut CThostFtdcRspInfoField, nRequestID: ::std::os::raw::c_int, bIsLast: bool) {
[INFO] [stdout]    |                                ^^^^^^^^ help: if this is intentional, prefix it with an underscore: `_pRspInfo`
[INFO] [stdout] 
[INFO] [stdout] 
[INFO] [stdout] warning: unused variable: `nRequestID`
[INFO] [stdout]   --> examples/mdapi.rs:67:71
[INFO] [stdout]    |
[INFO] [stdout] 67 |     fn on_rsp_error(&mut self, pRspInfo: *mut CThostFtdcRspInfoField, nRequestID: ::std::os::raw::c_int, bIsLast: bool) {
[INFO] [stdout]    |                                                                       ^^^^^^^^^^ help: if this is intentional, prefix it with an underscore: `_nRequestID`
[INFO] [stdout] 
[INFO] [stdout] 
[INFO] [stdout] warning: unused variable: `bIsLast`
[INFO] [stdout]   --> examples/mdapi.rs:67:106
[INFO] [stdout]    |
[INFO] [stdout] 67 |     fn on_rsp_error(&mut self, pRspInfo: *mut CThostFtdcRspInfoField, nRequestID: ::std::os::raw::c_int, bIsLast: bool) {
[INFO] [stdout]    |                                                                                                          ^^^^^^^ help: if this is intentional, prefix it with an underscore: `_bIsLast`
[INFO] [stdout] 
[INFO] [stdout] 
[INFO] [stdout] warning: variable `pRspUserLogin` should have a snake case name
[INFO] [stdout]   --> examples/mdapi.rs:54:37
[INFO] [stdout]    |
[INFO] [stdout] 54 |     fn on_rsp_user_login(&mut self, pRspUserLogin: *mut CThostFtdcRspUserLoginField, pRspInfo: *mut CThostFtdcRspInfoField, nRequestID: :...
[INFO] [stdout]    |                                     ^^^^^^^^^^^^^ help: convert the identifier to snake case: `p_rsp_user_login`
[INFO] [stdout]    |
[INFO] [stdout]    = note: `#[warn(non_snake_case)]` on by default
[INFO] [stdout] 
[INFO] [stdout] 
[INFO] [stdout] warning: variable `pRspInfo` should have a snake case name
[INFO] [stdout]   --> examples/mdapi.rs:54:86
[INFO] [stdout]    |
[INFO] [stdout] 54 | ...*mut CThostFtdcRspUserLoginField, pRspInfo: *mut CThostFtdcRspInfoField, nRequestID: ::std::os::raw::c_int, bIsLast: bool) {
[INFO] [stdout]    |                                      ^^^^^^^^ help: convert the identifier to snake case: `p_rsp_info`
[INFO] [stdout] 
[INFO] [stdout] 
[INFO] [stdout] warning: variable `nRequestID` should have a snake case name
[INFO] [stdout]   --> examples/mdapi.rs:54:125
[INFO] [stdout]    |
[INFO] [stdout] 54 | ...o: *mut CThostFtdcRspInfoField, nRequestID: ::std::os::raw::c_int, bIsLast: bool) {
[INFO] [stdout]    |                                    ^^^^^^^^^^ help: convert the identifier to snake case: `n_request_id`
[INFO] [stdout] 
[INFO] [stdout] 
[INFO] [stdout] warning: variable `bIsLast` should have a snake case name
[INFO] [stdout]   --> examples/mdapi.rs:54:160
[INFO] [stdout]    |
[INFO] [stdout] 54 | ...nRequestID: ::std::os::raw::c_int, bIsLast: bool) {
[INFO] [stdout]    |                                       ^^^^^^^ help: convert the identifier to snake case: `b_is_last`
[INFO] [stdout] 
[INFO] [stdout] 
[INFO] [stdout] warning: variable `nReason` should have a snake case name
[INFO] [stdout]   --> examples/mdapi.rs:59:41
[INFO] [stdout]    |
[INFO] [stdout] 59 |     fn on_front_disconnected(&mut self, nReason: ::std::os::raw::c_int) {
[INFO] [stdout]    |                                         ^^^^^^^ help: convert the identifier to snake case: `n_reason`
[INFO] [stdout] 
[INFO] [stdout] 
[INFO] [stdout] warning: variable `nTimeLapse` should have a snake case name
[INFO] [stdout]   --> examples/mdapi.rs:63:41
[INFO] [stdout]    |
[INFO] [stdout] 63 |     fn on_heart_beat_warning(&mut self, nTimeLapse: ::std::os::raw::c_int) {
[INFO] [stdout]    |                                         ^^^^^^^^^^ help: convert the identifier to snake case: `n_time_lapse`
[INFO] [stdout] 
[INFO] [stdout] 
[INFO] [stdout] warning: variable `pRspInfo` should have a snake case name
[INFO] [stdout]   --> examples/mdapi.rs:67:32
[INFO] [stdout]    |
[INFO] [stdout] 67 |     fn on_rsp_error(&mut self, pRspInfo: *mut CThostFtdcRspInfoField, nRequestID: ::std::os::raw::c_int, bIsLast: bool) {
[INFO] [stdout]    |                                ^^^^^^^^ help: convert the identifier to snake case: `p_rsp_info`
[INFO] [stdout] 
[INFO] [stdout] 
[INFO] [stdout] warning: variable `nRequestID` should have a snake case name
[INFO] [stdout]   --> examples/mdapi.rs:67:71
[INFO] [stdout]    |
[INFO] [stdout] 67 |     fn on_rsp_error(&mut self, pRspInfo: *mut CThostFtdcRspInfoField, nRequestID: ::std::os::raw::c_int, bIsLast: bool) {
[INFO] [stdout]    |                                                                       ^^^^^^^^^^ help: convert the identifier to snake case: `n_request_id`
[INFO] [stdout] 
[INFO] [stdout] 
[INFO] [stdout] warning: variable `bIsLast` should have a snake case name
[INFO] [stdout]   --> examples/mdapi.rs:67:106
[INFO] [stdout]    |
[INFO] [stdout] 67 |     fn on_rsp_error(&mut self, pRspInfo: *mut CThostFtdcRspInfoField, nRequestID: ::std::os::raw::c_int, bIsLast: bool) {
[INFO] [stdout]    |                                                                                                          ^^^^^^^ help: convert the identifier to snake case: `b_is_last`
[INFO] [stdout] 
[INFO] [stdout] 
[INFO] [stdout] warning: variable `pDepthMarketData` should have a snake case name
[INFO] [stdout]   --> examples/mdapi.rs:71:44
[INFO] [stdout]    |
[INFO] [stdout] 71 |     fn on_rtn_depth_market_data(&mut self, pDepthMarketData: *mut CThostFtdcDepthMarketDataField) {
[INFO] [stdout]    |                                            ^^^^^^^^^^^^^^^^ help: convert the identifier to snake case: `p_depth_market_data`
[INFO] [stdout] 
[INFO] [stdout] 
[INFO] [stdout] warning: variable `pDepthMarketData` should have a snake case name
[INFO] [stdout]   --> examples/mdapi.rs:75:17
[INFO] [stdout]    |
[INFO] [stdout] 75 |             let pDepthMarketData = unsafe { &mut *pDepthMarketData };
[INFO] [stdout]    |                 ^^^^^^^^^^^^^^^^ help: convert the identifier to snake case: `p_depth_market_data`
[INFO] [stdout] 
[INFO] [stdout] 
[INFO] [stdout] warning: unused import: `Read`
[INFO] [stdout]  --> examples/tdapi.rs:4:22
[INFO] [stdout]   |
[INFO] [stdout] 4 | use std::io::{Write, Read};
[INFO] [stdout]   |                      ^^^^
[INFO] [stdout] 
[INFO] [stdout] 
[INFO] [stdout] error: linking with `cc` failed: exit status: 1
[INFO] [stdout]   |
[INFO] [stdout]   = note: "cc" "-m64" "/opt/rustwide/target/debug/examples/mdapi-367760dcaef6ea55.mdapi.abuphmcc-cgu.0.rcgu.o" "/opt/rustwide/target/debug/examples/mdapi-367760dcaef6ea55.mdapi.abuphmcc-cgu.1.rcgu.o" "/opt/rustwide/target/debug/examples/mdapi-367760dcaef6ea55.mdapi.abuphmcc-cgu.10.rcgu.o" "/opt/rustwide/target/debug/examples/mdapi-367760dcaef6ea55.mdapi.abuphmcc-cgu.11.rcgu.o" "/opt/rustwide/target/debug/examples/mdapi-367760dcaef6ea55.mdapi.abuphmcc-cgu.12.rcgu.o" "/opt/rustwide/target/debug/examples/mdapi-367760dcaef6ea55.mdapi.abuphmcc-cgu.13.rcgu.o" "/opt/rustwide/target/debug/examples/mdapi-367760dcaef6ea55.mdapi.abuphmcc-cgu.14.rcgu.o" "/opt/rustwide/target/debug/examples/mdapi-367760dcaef6ea55.mdapi.abuphmcc-cgu.15.rcgu.o" "/opt/rustwide/target/debug/examples/mdapi-367760dcaef6ea55.mdapi.abuphmcc-cgu.2.rcgu.o" "/opt/rustwide/target/debug/examples/mdapi-367760dcaef6ea55.mdapi.abuphmcc-cgu.3.rcgu.o" "/opt/rustwide/target/debug/examples/mdapi-367760dcaef6ea55.mdapi.abuphmcc-cgu.4.rcgu.o" "/opt/rustwide/target/debug/examples/mdapi-367760dcaef6ea55.mdapi.abuphmcc-cgu.5.rcgu.o" "/opt/rustwide/target/debug/examples/mdapi-367760dcaef6ea55.mdapi.abuphmcc-cgu.6.rcgu.o" "/opt/rustwide/target/debug/examples/mdapi-367760dcaef6ea55.mdapi.abuphmcc-cgu.7.rcgu.o" "/opt/rustwide/target/debug/examples/mdapi-367760dcaef6ea55.mdapi.abuphmcc-cgu.8.rcgu.o" "/opt/rustwide/target/debug/examples/mdapi-367760dcaef6ea55.mdapi.abuphmcc-cgu.9.rcgu.o" "/opt/rustwide/target/debug/examples/mdapi-367760dcaef6ea55.3772y9v8w9ra1vqk.rcgu.o" "-Wl,--as-needed" "-L" "/opt/rustwide/target/debug/deps" "-L" "/opt/rustwide/target/debug/build/ctp_rs-7ab1233b4c3b23f9/out" "-L" "/opt/rustwide/workdir/shared/md/unix.x86_64" "-L" "/opt/rustwide/workdir/shared/td/unix.x86_64" "-L" "/opt/rustwide/workdir/shared/data_collect/unix.x86_64" "-L" "/opt/rustwide/rustup-home/toolchains/1.54.0-x86_64-unknown-linux-gnu/lib/rustlib/x86_64-unknown-linux-gnu/lib" "-Wl,-Bstatic" "/opt/rustwide/target/debug/deps/libenv_logger-0069eb60388762dc.rlib" "/opt/rustwide/target/debug/deps/libtermcolor-3ab12f6f0b59135c.rlib" "/opt/rustwide/target/debug/deps/libatty-d2c4433763cb2fd4.rlib" "/opt/rustwide/target/debug/deps/liblibc-810bc8db445184c0.rlib" "/opt/rustwide/target/debug/deps/libhumantime-0c5f2594fbfc0e6a.rlib" "/opt/rustwide/target/debug/deps/libquick_error-ed708074fa1e3146.rlib" "/opt/rustwide/target/debug/deps/libregex-86771b9d0db1e0d8.rlib" "/opt/rustwide/target/debug/deps/libthread_local-79a746b2b8f7bdad.rlib" "/opt/rustwide/target/debug/deps/libregex_syntax-9314dde5e883aab1.rlib" "/opt/rustwide/target/debug/deps/libaho_corasick-147d771579ad7c15.rlib" "/opt/rustwide/target/debug/deps/libmemchr-d7dcdb754b97af01.rlib" "/opt/rustwide/target/debug/deps/libdotenv-69b715699244bcc0.rlib" "/opt/rustwide/target/debug/deps/libserde-4efca5115382b495.rlib" "/opt/rustwide/target/debug/deps/libcrossbeam-e8135e9d91fb1297.rlib" "/opt/rustwide/target/debug/deps/libcrossbeam_channel-fe399dbeacb2fd7e.rlib" "/opt/rustwide/target/debug/deps/libcrossbeam_deque-7a63bd19f7df4e83.rlib" "/opt/rustwide/target/debug/deps/libcrossbeam_queue-5a0838a0fab29956.rlib" "/opt/rustwide/target/debug/deps/libcrossbeam_epoch-c97d96ba6035feb7.rlib" "/opt/rustwide/target/debug/deps/libmemoffset-2824ef9595d5db8e.rlib" "/opt/rustwide/target/debug/deps/libscopeguard-7a1710762e6687e9.rlib" "/opt/rustwide/target/debug/deps/libcrossbeam_utils-8fc000b2cb9a160c.rlib" "/opt/rustwide/target/debug/deps/liblazy_static-5c53d641eb010a81.rlib" "/opt/rustwide/target/debug/deps/libcfg_if-38c8a3e888ecb06a.rlib" "/opt/rustwide/target/debug/deps/liblog-5cbe0f12134ea5ad.rlib" "/opt/rustwide/target/debug/deps/libcfg_if-e7a28af79b261e75.rlib" "/opt/rustwide/target/debug/deps/libctp_rs-2a1533919f9ffe44.rlib" "-Wl,--start-group" "/opt/rustwide/rustup-home/toolchains/1.54.0-x86_64-unknown-linux-gnu/lib/rustlib/x86_64-unknown-linux-gnu/lib/libstd-2420485b9e5ef5e1.rlib" "/opt/rustwide/rustup-home/toolchains/1.54.0-x86_64-unknown-linux-gnu/lib/rustlib/x86_64-unknown-linux-gnu/lib/libpanic_unwind-785e3cb61c4b1960.rlib" "/opt/rustwide/rustup-home/toolchains/1.54.0-x86_64-unknown-linux-gnu/lib/rustlib/x86_64-unknown-linux-gnu/lib/libminiz_oxide-087191a88bdaa22d.rlib" "/opt/rustwide/rustup-home/toolchains/1.54.0-x86_64-unknown-linux-gnu/lib/rustlib/x86_64-unknown-linux-gnu/lib/libadler-9981842c02975178.rlib" "/opt/rustwide/rustup-home/toolchains/1.54.0-x86_64-unknown-linux-gnu/lib/rustlib/x86_64-unknown-linux-gnu/lib/libobject-6fb405869b015fde.rlib" "/opt/rustwide/rustup-home/toolchains/1.54.0-x86_64-unknown-linux-gnu/lib/rustlib/x86_64-unknown-linux-gnu/lib/libaddr2line-d05c5c3c56004b7b.rlib" "/opt/rustwide/rustup-home/toolchains/1.54.0-x86_64-unknown-linux-gnu/lib/rustlib/x86_64-unknown-linux-gnu/lib/libgimli-42d74d2097528b38.rlib" "/opt/rustwide/rustup-home/toolchains/1.54.0-x86_64-unknown-linux-gnu/lib/rustlib/x86_64-unknown-linux-gnu/lib/libstd_detect-fb36534c113d2209.rlib" "/opt/rustwide/rustup-home/toolchains/1.54.0-x86_64-unknown-linux-gnu/lib/rustlib/x86_64-unknown-linux-gnu/lib/librustc_demangle-b56b9042c12b6535.rlib" "/opt/rustwide/rustup-home/toolchains/1.54.0-x86_64-unknown-linux-gnu/lib/rustlib/x86_64-unknown-linux-gnu/lib/libhashbrown-491902d6cb3e76df.rlib" "/opt/rustwide/rustup-home/toolchains/1.54.0-x86_64-unknown-linux-gnu/lib/rustlib/x86_64-unknown-linux-gnu/lib/librustc_std_workspace_alloc-61834e0981b8c367.rlib" "/opt/rustwide/rustup-home/toolchains/1.54.0-x86_64-unknown-linux-gnu/lib/rustlib/x86_64-unknown-linux-gnu/lib/libunwind-f78aa99d613a55bc.rlib" "/opt/rustwide/rustup-home/toolchains/1.54.0-x86_64-unknown-linux-gnu/lib/rustlib/x86_64-unknown-linux-gnu/lib/libcfg_if-53ee54cd7fed2c57.rlib" "/opt/rustwide/rustup-home/toolchains/1.54.0-x86_64-unknown-linux-gnu/lib/rustlib/x86_64-unknown-linux-gnu/lib/liblibc-544ecdbd6cda3c58.rlib" "/opt/rustwide/rustup-home/toolchains/1.54.0-x86_64-unknown-linux-gnu/lib/rustlib/x86_64-unknown-linux-gnu/lib/liballoc-379cc252b6943a79.rlib" "/opt/rustwide/rustup-home/toolchains/1.54.0-x86_64-unknown-linux-gnu/lib/rustlib/x86_64-unknown-linux-gnu/lib/librustc_std_workspace_core-8063eea38dcc5e62.rlib" "/opt/rustwide/rustup-home/toolchains/1.54.0-x86_64-unknown-linux-gnu/lib/rustlib/x86_64-unknown-linux-gnu/lib/libcore-5b228734afae15ee.rlib" "-Wl,--end-group" "/opt/rustwide/rustup-home/toolchains/1.54.0-x86_64-unknown-linux-gnu/lib/rustlib/x86_64-unknown-linux-gnu/lib/libcompiler_builtins-d6c7a399d95d173f.rlib" "-Wl,-Bdynamic" "-lstdc++" "-lLinuxDataCollect" "-lthostmduserapi_se" "-lthosttraderapi_se" "-lgcc_s" "-lutil" "-lrt" "-lpthread" "-lm" "-ldl" "-lc" "-Wl,--eh-frame-hdr" "-Wl,-znoexecstack" "-L" "/opt/rustwide/rustup-home/toolchains/1.54.0-x86_64-unknown-linux-gnu/lib/rustlib/x86_64-unknown-linux-gnu/lib" "-o" "/opt/rustwide/target/debug/examples/mdapi-367760dcaef6ea55" "-Wl,--gc-sections" "-pie" "-Wl,-zrelro" "-Wl,-znow" "-nodefaultlibs"
[INFO] [stdout]   = note: /usr/bin/ld: cannot find -lLinuxDataCollect
[INFO] [stdout]           /usr/bin/ld: cannot find -lthostmduserapi_se
[INFO] [stdout]           /usr/bin/ld: cannot find -lthosttraderapi_se
[INFO] [stdout]           collect2: error: ld returned 1 exit status
[INFO] [stdout]           
[INFO] [stdout] 
[INFO] [stdout] 
[INFO] [stdout] error: aborting due to previous error; 26 warnings emitted
[INFO] [stdout] 
[INFO] [stdout] 
[INFO] [stderr] error: could not compile `ctp_rs`
[INFO] [stderr] 
[INFO] [stderr] To learn more, run the command again with --verbose.
[INFO] [stderr] warning: build failed, waiting for other jobs to finish...
[INFO] [stdout] error: linking with `cc` failed: exit status: 1
[INFO] [stdout]   |
[INFO] [stdout]   = note: "cc" "-m64" "/opt/rustwide/target/debug/examples/tdapi-4cd7abe7cbc48628.tdapi.aptyut8w-cgu.0.rcgu.o" "/opt/rustwide/target/debug/examples/tdapi-4cd7abe7cbc48628.tdapi.aptyut8w-cgu.1.rcgu.o" "/opt/rustwide/target/debug/examples/tdapi-4cd7abe7cbc48628.tdapi.aptyut8w-cgu.10.rcgu.o" "/opt/rustwide/target/debug/examples/tdapi-4cd7abe7cbc48628.tdapi.aptyut8w-cgu.11.rcgu.o" "/opt/rustwide/target/debug/examples/tdapi-4cd7abe7cbc48628.tdapi.aptyut8w-cgu.12.rcgu.o" "/opt/rustwide/target/debug/examples/tdapi-4cd7abe7cbc48628.tdapi.aptyut8w-cgu.13.rcgu.o" "/opt/rustwide/target/debug/examples/tdapi-4cd7abe7cbc48628.tdapi.aptyut8w-cgu.14.rcgu.o" "/opt/rustwide/target/debug/examples/tdapi-4cd7abe7cbc48628.tdapi.aptyut8w-cgu.15.rcgu.o" "/opt/rustwide/target/debug/examples/tdapi-4cd7abe7cbc48628.tdapi.aptyut8w-cgu.2.rcgu.o" "/opt/rustwide/target/debug/examples/tdapi-4cd7abe7cbc48628.tdapi.aptyut8w-cgu.3.rcgu.o" "/opt/rustwide/target/debug/examples/tdapi-4cd7abe7cbc48628.tdapi.aptyut8w-cgu.4.rcgu.o" "/opt/rustwide/target/debug/examples/tdapi-4cd7abe7cbc48628.tdapi.aptyut8w-cgu.5.rcgu.o" "/opt/rustwide/target/debug/examples/tdapi-4cd7abe7cbc48628.tdapi.aptyut8w-cgu.6.rcgu.o" "/opt/rustwide/target/debug/examples/tdapi-4cd7abe7cbc48628.tdapi.aptyut8w-cgu.7.rcgu.o" "/opt/rustwide/target/debug/examples/tdapi-4cd7abe7cbc48628.tdapi.aptyut8w-cgu.8.rcgu.o" "/opt/rustwide/target/debug/examples/tdapi-4cd7abe7cbc48628.tdapi.aptyut8w-cgu.9.rcgu.o" "/opt/rustwide/target/debug/examples/tdapi-4cd7abe7cbc48628.2ka0c63c7x4bijdd.rcgu.o" "-Wl,--as-needed" "-L" "/opt/rustwide/target/debug/deps" "-L" "/opt/rustwide/target/debug/build/ctp_rs-7ab1233b4c3b23f9/out" "-L" "/opt/rustwide/workdir/shared/md/unix.x86_64" "-L" "/opt/rustwide/workdir/shared/td/unix.x86_64" "-L" "/opt/rustwide/workdir/shared/data_collect/unix.x86_64" "-L" "/opt/rustwide/rustup-home/toolchains/1.54.0-x86_64-unknown-linux-gnu/lib/rustlib/x86_64-unknown-linux-gnu/lib" "-Wl,-Bstatic" "/opt/rustwide/target/debug/deps/libenv_logger-0069eb60388762dc.rlib" "/opt/rustwide/target/debug/deps/libtermcolor-3ab12f6f0b59135c.rlib" "/opt/rustwide/target/debug/deps/libatty-d2c4433763cb2fd4.rlib" "/opt/rustwide/target/debug/deps/liblibc-810bc8db445184c0.rlib" "/opt/rustwide/target/debug/deps/libhumantime-0c5f2594fbfc0e6a.rlib" "/opt/rustwide/target/debug/deps/libquick_error-ed708074fa1e3146.rlib" "/opt/rustwide/target/debug/deps/libregex-86771b9d0db1e0d8.rlib" "/opt/rustwide/target/debug/deps/libthread_local-79a746b2b8f7bdad.rlib" "/opt/rustwide/target/debug/deps/libregex_syntax-9314dde5e883aab1.rlib" "/opt/rustwide/target/debug/deps/libaho_corasick-147d771579ad7c15.rlib" "/opt/rustwide/target/debug/deps/libmemchr-d7dcdb754b97af01.rlib" "/opt/rustwide/target/debug/deps/libdotenv-69b715699244bcc0.rlib" "/opt/rustwide/target/debug/deps/libserde-4efca5115382b495.rlib" "/opt/rustwide/target/debug/deps/libcrossbeam-e8135e9d91fb1297.rlib" "/opt/rustwide/target/debug/deps/libcrossbeam_channel-fe399dbeacb2fd7e.rlib" "/opt/rustwide/target/debug/deps/libcrossbeam_deque-7a63bd19f7df4e83.rlib" "/opt/rustwide/target/debug/deps/libcrossbeam_queue-5a0838a0fab29956.rlib" "/opt/rustwide/target/debug/deps/libcrossbeam_epoch-c97d96ba6035feb7.rlib" "/opt/rustwide/target/debug/deps/libmemoffset-2824ef9595d5db8e.rlib" "/opt/rustwide/target/debug/deps/libscopeguard-7a1710762e6687e9.rlib" "/opt/rustwide/target/debug/deps/libcrossbeam_utils-8fc000b2cb9a160c.rlib" "/opt/rustwide/target/debug/deps/liblazy_static-5c53d641eb010a81.rlib" "/opt/rustwide/target/debug/deps/libcfg_if-38c8a3e888ecb06a.rlib" "/opt/rustwide/target/debug/deps/liblog-5cbe0f12134ea5ad.rlib" "/opt/rustwide/target/debug/deps/libcfg_if-e7a28af79b261e75.rlib" "/opt/rustwide/target/debug/deps/libctp_rs-2a1533919f9ffe44.rlib" "-Wl,--start-group" "/opt/rustwide/rustup-home/toolchains/1.54.0-x86_64-unknown-linux-gnu/lib/rustlib/x86_64-unknown-linux-gnu/lib/libstd-2420485b9e5ef5e1.rlib" "/opt/rustwide/rustup-home/toolchains/1.54.0-x86_64-unknown-linux-gnu/lib/rustlib/x86_64-unknown-linux-gnu/lib/libpanic_unwind-785e3cb61c4b1960.rlib" "/opt/rustwide/rustup-home/toolchains/1.54.0-x86_64-unknown-linux-gnu/lib/rustlib/x86_64-unknown-linux-gnu/lib/libminiz_oxide-087191a88bdaa22d.rlib" "/opt/rustwide/rustup-home/toolchains/1.54.0-x86_64-unknown-linux-gnu/lib/rustlib/x86_64-unknown-linux-gnu/lib/libadler-9981842c02975178.rlib" "/opt/rustwide/rustup-home/toolchains/1.54.0-x86_64-unknown-linux-gnu/lib/rustlib/x86_64-unknown-linux-gnu/lib/libobject-6fb405869b015fde.rlib" "/opt/rustwide/rustup-home/toolchains/1.54.0-x86_64-unknown-linux-gnu/lib/rustlib/x86_64-unknown-linux-gnu/lib/libaddr2line-d05c5c3c56004b7b.rlib" "/opt/rustwide/rustup-home/toolchains/1.54.0-x86_64-unknown-linux-gnu/lib/rustlib/x86_64-unknown-linux-gnu/lib/libgimli-42d74d2097528b38.rlib" "/opt/rustwide/rustup-home/toolchains/1.54.0-x86_64-unknown-linux-gnu/lib/rustlib/x86_64-unknown-linux-gnu/lib/libstd_detect-fb36534c113d2209.rlib" "/opt/rustwide/rustup-home/toolchains/1.54.0-x86_64-unknown-linux-gnu/lib/rustlib/x86_64-unknown-linux-gnu/lib/librustc_demangle-b56b9042c12b6535.rlib" "/opt/rustwide/rustup-home/toolchains/1.54.0-x86_64-unknown-linux-gnu/lib/rustlib/x86_64-unknown-linux-gnu/lib/libhashbrown-491902d6cb3e76df.rlib" "/opt/rustwide/rustup-home/toolchains/1.54.0-x86_64-unknown-linux-gnu/lib/rustlib/x86_64-unknown-linux-gnu/lib/librustc_std_workspace_alloc-61834e0981b8c367.rlib" "/opt/rustwide/rustup-home/toolchains/1.54.0-x86_64-unknown-linux-gnu/lib/rustlib/x86_64-unknown-linux-gnu/lib/libunwind-f78aa99d613a55bc.rlib" "/opt/rustwide/rustup-home/toolchains/1.54.0-x86_64-unknown-linux-gnu/lib/rustlib/x86_64-unknown-linux-gnu/lib/libcfg_if-53ee54cd7fed2c57.rlib" "/opt/rustwide/rustup-home/toolchains/1.54.0-x86_64-unknown-linux-gnu/lib/rustlib/x86_64-unknown-linux-gnu/lib/liblibc-544ecdbd6cda3c58.rlib" "/opt/rustwide/rustup-home/toolchains/1.54.0-x86_64-unknown-linux-gnu/lib/rustlib/x86_64-unknown-linux-gnu/lib/liballoc-379cc252b6943a79.rlib" "/opt/rustwide/rustup-home/toolchains/1.54.0-x86_64-unknown-linux-gnu/lib/rustlib/x86_64-unknown-linux-gnu/lib/librustc_std_workspace_core-8063eea38dcc5e62.rlib" "/opt/rustwide/rustup-home/toolchains/1.54.0-x86_64-unknown-linux-gnu/lib/rustlib/x86_64-unknown-linux-gnu/lib/libcore-5b228734afae15ee.rlib" "-Wl,--end-group" "/opt/rustwide/rustup-home/toolchains/1.54.0-x86_64-unknown-linux-gnu/lib/rustlib/x86_64-unknown-linux-gnu/lib/libcompiler_builtins-d6c7a399d95d173f.rlib" "-Wl,-Bdynamic" "-lstdc++" "-lLinuxDataCollect" "-lthostmduserapi_se" "-lthosttraderapi_se" "-lgcc_s" "-lutil" "-lrt" "-lpthread" "-lm" "-ldl" "-lc" "-Wl,--eh-frame-hdr" "-Wl,-znoexecstack" "-L" "/opt/rustwide/rustup-home/toolchains/1.54.0-x86_64-unknown-linux-gnu/lib/rustlib/x86_64-unknown-linux-gnu/lib" "-o" "/opt/rustwide/target/debug/examples/tdapi-4cd7abe7cbc48628" "-Wl,--gc-sections" "-pie" "-Wl,-zrelro" "-Wl,-znow" "-nodefaultlibs"
[INFO] [stdout]   = note: /usr/bin/ld: cannot find -lLinuxDataCollect
[INFO] [stdout]           /usr/bin/ld: cannot find -lthostmduserapi_se
[INFO] [stdout]           /usr/bin/ld: cannot find -lthosttraderapi_se
[INFO] [stdout]           collect2: error: ld returned 1 exit status
[INFO] [stdout]           
[INFO] [stdout] 
[INFO] [stdout] 
[INFO] [stdout] error: aborting due to previous error; 7 warnings emitted
[INFO] [stdout] 
[INFO] [stdout] 
[INFO] [stdout] error: linking with `cc` failed: exit status: 1
[INFO] [stdout]   |
[INFO] [stdout]   = note: "cc" "-m64" "/opt/rustwide/target/debug/deps/ctp_rs-7a046c1cbff458ac.ctp_rs.b2j4nkd4-cgu.0.rcgu.o" "/opt/rustwide/target/debug/deps/ctp_rs-7a046c1cbff458ac.ctp_rs.b2j4nkd4-cgu.1.rcgu.o" "/opt/rustwide/target/debug/deps/ctp_rs-7a046c1cbff458ac.ctp_rs.b2j4nkd4-cgu.10.rcgu.o" "/opt/rustwide/target/debug/deps/ctp_rs-7a046c1cbff458ac.ctp_rs.b2j4nkd4-cgu.11.rcgu.o" "/opt/rustwide/target/debug/deps/ctp_rs-7a046c1cbff458ac.ctp_rs.b2j4nkd4-cgu.12.rcgu.o" "/opt/rustwide/target/debug/deps/ctp_rs-7a046c1cbff458ac.ctp_rs.b2j4nkd4-cgu.13.rcgu.o" "/opt/rustwide/target/debug/deps/ctp_rs-7a046c1cbff458ac.ctp_rs.b2j4nkd4-cgu.2.rcgu.o" "/opt/rustwide/target/debug/deps/ctp_rs-7a046c1cbff458ac.ctp_rs.b2j4nkd4-cgu.3.rcgu.o" "/opt/rustwide/target/debug/deps/ctp_rs-7a046c1cbff458ac.ctp_rs.b2j4nkd4-cgu.4.rcgu.o" "/opt/rustwide/target/debug/deps/ctp_rs-7a046c1cbff458ac.ctp_rs.b2j4nkd4-cgu.5.rcgu.o" "/opt/rustwide/target/debug/deps/ctp_rs-7a046c1cbff458ac.ctp_rs.b2j4nkd4-cgu.6.rcgu.o" "/opt/rustwide/target/debug/deps/ctp_rs-7a046c1cbff458ac.ctp_rs.b2j4nkd4-cgu.7.rcgu.o" "/opt/rustwide/target/debug/deps/ctp_rs-7a046c1cbff458ac.ctp_rs.b2j4nkd4-cgu.8.rcgu.o" "/opt/rustwide/target/debug/deps/ctp_rs-7a046c1cbff458ac.ctp_rs.b2j4nkd4-cgu.9.rcgu.o" "/opt/rustwide/target/debug/deps/ctp_rs-7a046c1cbff458ac.397so1vm3l5of2ni.rcgu.o" "-Wl,--as-needed" "-L" "/opt/rustwide/target/debug/deps" "-L" "/opt/rustwide/target/debug/build/ctp_rs-7ab1233b4c3b23f9/out" "-L" "/opt/rustwide/workdir/shared/md/unix.x86_64" "-L" "/opt/rustwide/workdir/shared/td/unix.x86_64" "-L" "/opt/rustwide/workdir/shared/data_collect/unix.x86_64" "-L" "/opt/rustwide/rustup-home/toolchains/1.54.0-x86_64-unknown-linux-gnu/lib/rustlib/x86_64-unknown-linux-gnu/lib" "-Wl,-Bstatic" "-Wl,--whole-archive" "-lwrapper" "-Wl,--no-whole-archive" "-Wl,-Bdynamic" "-lstdc++" "-lLinuxDataCollect" "-lthostmduserapi_se" "-lthosttraderapi_se" "-Wl,-Bstatic" "/opt/rustwide/rustup-home/toolchains/1.54.0-x86_64-unknown-linux-gnu/lib/rustlib/x86_64-unknown-linux-gnu/lib/libtest-3599c5491d44663f.rlib" "/opt/rustwide/rustup-home/toolchains/1.54.0-x86_64-unknown-linux-gnu/lib/rustlib/x86_64-unknown-linux-gnu/lib/libterm-1d56ea45a67842c8.rlib" "/opt/rustwide/rustup-home/toolchains/1.54.0-x86_64-unknown-linux-gnu/lib/rustlib/x86_64-unknown-linux-gnu/lib/libgetopts-9749f7c936ebf9a7.rlib" "/opt/rustwide/rustup-home/toolchains/1.54.0-x86_64-unknown-linux-gnu/lib/rustlib/x86_64-unknown-linux-gnu/lib/libunicode_width-627a220173eefff1.rlib" "/opt/rustwide/rustup-home/toolchains/1.54.0-x86_64-unknown-linux-gnu/lib/rustlib/x86_64-unknown-linux-gnu/lib/librustc_std_workspace_std-16ed15e5bfe21b9b.rlib" "-Wl,--start-group" "/opt/rustwide/rustup-home/toolchains/1.54.0-x86_64-unknown-linux-gnu/lib/rustlib/x86_64-unknown-linux-gnu/lib/libstd-2420485b9e5ef5e1.rlib" "/opt/rustwide/rustup-home/toolchains/1.54.0-x86_64-unknown-linux-gnu/lib/rustlib/x86_64-unknown-linux-gnu/lib/libpanic_unwind-785e3cb61c4b1960.rlib" "/opt/rustwide/rustup-home/toolchains/1.54.0-x86_64-unknown-linux-gnu/lib/rustlib/x86_64-unknown-linux-gnu/lib/libminiz_oxide-087191a88bdaa22d.rlib" "/opt/rustwide/rustup-home/toolchains/1.54.0-x86_64-unknown-linux-gnu/lib/rustlib/x86_64-unknown-linux-gnu/lib/libadler-9981842c02975178.rlib" "/opt/rustwide/rustup-home/toolchains/1.54.0-x86_64-unknown-linux-gnu/lib/rustlib/x86_64-unknown-linux-gnu/lib/libobject-6fb405869b015fde.rlib" "/opt/rustwide/rustup-home/toolchains/1.54.0-x86_64-unknown-linux-gnu/lib/rustlib/x86_64-unknown-linux-gnu/lib/libaddr2line-d05c5c3c56004b7b.rlib" "/opt/rustwide/rustup-home/toolchains/1.54.0-x86_64-unknown-linux-gnu/lib/rustlib/x86_64-unknown-linux-gnu/lib/libgimli-42d74d2097528b38.rlib" "/opt/rustwide/rustup-home/toolchains/1.54.0-x86_64-unknown-linux-gnu/lib/rustlib/x86_64-unknown-linux-gnu/lib/libstd_detect-fb36534c113d2209.rlib" "/opt/rustwide/rustup-home/toolchains/1.54.0-x86_64-unknown-linux-gnu/lib/rustlib/x86_64-unknown-linux-gnu/lib/librustc_demangle-b56b9042c12b6535.rlib" "/opt/rustwide/rustup-home/toolchains/1.54.0-x86_64-unknown-linux-gnu/lib/rustlib/x86_64-unknown-linux-gnu/lib/libhashbrown-491902d6cb3e76df.rlib" "/opt/rustwide/rustup-home/toolchains/1.54.0-x86_64-unknown-linux-gnu/lib/rustlib/x86_64-unknown-linux-gnu/lib/librustc_std_workspace_alloc-61834e0981b8c367.rlib" "/opt/rustwide/rustup-home/toolchains/1.54.0-x86_64-unknown-linux-gnu/lib/rustlib/x86_64-unknown-linux-gnu/lib/libunwind-f78aa99d613a55bc.rlib" "/opt/rustwide/rustup-home/toolchains/1.54.0-x86_64-unknown-linux-gnu/lib/rustlib/x86_64-unknown-linux-gnu/lib/libcfg_if-53ee54cd7fed2c57.rlib" "/opt/rustwide/rustup-home/toolchains/1.54.0-x86_64-unknown-linux-gnu/lib/rustlib/x86_64-unknown-linux-gnu/lib/liblibc-544ecdbd6cda3c58.rlib" "/opt/rustwide/rustup-home/toolchains/1.54.0-x86_64-unknown-linux-gnu/lib/rustlib/x86_64-unknown-linux-gnu/lib/liballoc-379cc252b6943a79.rlib" "/opt/rustwide/rustup-home/toolchains/1.54.0-x86_64-unknown-linux-gnu/lib/rustlib/x86_64-unknown-linux-gnu/lib/librustc_std_workspace_core-8063eea38dcc5e62.rlib" "/opt/rustwide/rustup-home/toolchains/1.54.0-x86_64-unknown-linux-gnu/lib/rustlib/x86_64-unknown-linux-gnu/lib/libcore-5b228734afae15ee.rlib" "-Wl,--end-group" "/opt/rustwide/rustup-home/toolchains/1.54.0-x86_64-unknown-linux-gnu/lib/rustlib/x86_64-unknown-linux-gnu/lib/libcompiler_builtins-d6c7a399d95d173f.rlib" "-Wl,-Bdynamic" "-lgcc_s" "-lutil" "-lrt" "-lpthread" "-lm" "-ldl" "-lc" "-Wl,--eh-frame-hdr" "-Wl,-znoexecstack" "-L" "/opt/rustwide/rustup-home/toolchains/1.54.0-x86_64-unknown-linux-gnu/lib/rustlib/x86_64-unknown-linux-gnu/lib" "-o" "/opt/rustwide/target/debug/deps/ctp_rs-7a046c1cbff458ac" "-Wl,--gc-sections" "-pie" "-Wl,-zrelro" "-Wl,-znow" "-nodefaultlibs"
[INFO] [stdout]   = note: /usr/bin/ld: cannot find -lLinuxDataCollect
[INFO] [stdout]           /usr/bin/ld: cannot find -lthostmduserapi_se
[INFO] [stdout]           /usr/bin/ld: cannot find -lthosttraderapi_se
[INFO] [stdout]           collect2: error: ld returned 1 exit status
[INFO] [stdout]           
[INFO] [stdout] 
[INFO] [stdout] 
[INFO] [stdout] error: aborting due to previous error
[INFO] [stdout] 
[INFO] [stdout] 
[INFO] [stderr] error: build failed
[INFO] running `Command { std: "docker" "inspect" "2cd4d0ea20c458512d1fcf0e7f0335637fd47f849275f03d4ca25491aabed9ae", kill_on_drop: false }`
[INFO] running `Command { std: "docker" "rm" "-f" "2cd4d0ea20c458512d1fcf0e7f0335637fd47f849275f03d4ca25491aabed9ae", kill_on_drop: false }`
[INFO] [stdout] 2cd4d0ea20c458512d1fcf0e7f0335637fd47f849275f03d4ca25491aabed9ae
