[INFO] cloning repository https://github.com/ShallowFeather/os-practice
[INFO] running `Command { std: "git" "-c" "credential.helper=" "-c" "credential.helper=/workspace/cargo-home/bin/git-credential-null" "clone" "--bare" "https://github.com/ShallowFeather/os-practice" "/workspace/cache/git-repos/https%3A%2F%2Fgithub.com%2FShallowFeather%2Fos-practice", kill_on_drop: false }`
[INFO] [stderr] Cloning into bare repository '/workspace/cache/git-repos/https%3A%2F%2Fgithub.com%2FShallowFeather%2Fos-practice'...
[INFO] running `Command { std: "git" "rev-parse" "HEAD", kill_on_drop: false }`
[INFO] [stdout] dddbef8f033429c181718c2b3b054f1b8b30d631
[INFO] testing ShallowFeather/os-practice against beta-2021-08-01 for beta-1.55-1
[INFO] running `Command { std: "git" "clone" "/workspace/cache/git-repos/https%3A%2F%2Fgithub.com%2FShallowFeather%2Fos-practice" "/workspace/builds/worker-1/source", kill_on_drop: false }`
[INFO] [stderr] Cloning into '/workspace/builds/worker-1/source'...
[INFO] [stderr] done.
[INFO] validating manifest of git repo https://github.com/ShallowFeather/os-practice on toolchain beta-2021-08-01
[INFO] running `Command { std: "/workspace/cargo-home/bin/cargo" "+beta-2021-08-01" "metadata" "--manifest-path" "Cargo.toml" "--no-deps", kill_on_drop: false }`
[INFO] removed /workspace/builds/worker-1/source/.cargo/config
[INFO] started tweaking git repo https://github.com/ShallowFeather/os-practice
[INFO] finished tweaking git repo https://github.com/ShallowFeather/os-practice
[INFO] tweaked toml for git repo https://github.com/ShallowFeather/os-practice written to /workspace/builds/worker-1/source/Cargo.toml
[INFO] crate git repo https://github.com/ShallowFeather/os-practice already has a lockfile, it will not be regenerated
[INFO] running `Command { std: "/workspace/cargo-home/bin/cargo" "+beta-2021-08-01" "fetch" "--manifest-path" "Cargo.toml", kill_on_drop: false }`
[INFO] [stderr]  Downloading crates ...
[INFO] [stderr]   Downloaded volatile v0.4.4
[INFO] [stderr]   Downloaded uart_16550 v0.2.15
[INFO] [stderr]   Downloaded bootloader v0.9.17
[INFO] [stderr]   Downloaded x86_64 v0.14.3
[INFO] running `Command { std: "docker" "create" "-v" "/var/lib/crater-agent-workspace/builds/worker-1/target:/opt/rustwide/target:rw,Z" "-v" "/var/lib/crater-agent-workspace/builds/worker-1/source:/opt/rustwide/workdir:ro,Z" "-v" "/var/lib/crater-agent-workspace/cargo-home:/opt/rustwide/cargo-home:ro,Z" "-v" "/var/lib/crater-agent-workspace/rustup-home:/opt/rustwide/rustup-home:ro,Z" "-e" "SOURCE_DIR=/opt/rustwide/workdir" "-e" "CARGO_TARGET_DIR=/opt/rustwide/target" "-e" "CARGO_HOME=/opt/rustwide/cargo-home" "-e" "RUSTUP_HOME=/opt/rustwide/rustup-home" "-w" "/opt/rustwide/workdir" "-m" "1610612736" "--user" "0:0" "--network" "none" "ghcr.io/rust-lang/crates-build-env/linux@sha256:34b6a614d2c27851fe6cbf88fbd1137609cefab8b10d0615aaeb6fd47975d74e" "/opt/rustwide/cargo-home/bin/cargo" "+beta-2021-08-01" "metadata" "--no-deps" "--format-version=1", kill_on_drop: false }`
[INFO] [stdout] 1c0eeeb7b10fabf80dc62ec7bb8356199fd46a308727cd44d151351ce951964c
[INFO] [stderr] WARNING: Your kernel does not support swap limit capabilities or the cgroup is not mounted. Memory limited without swap.
[INFO] running `Command { std: "docker" "start" "-a" "1c0eeeb7b10fabf80dc62ec7bb8356199fd46a308727cd44d151351ce951964c", kill_on_drop: false }`
[INFO] running `Command { std: "docker" "inspect" "1c0eeeb7b10fabf80dc62ec7bb8356199fd46a308727cd44d151351ce951964c", kill_on_drop: false }`
[INFO] running `Command { std: "docker" "rm" "-f" "1c0eeeb7b10fabf80dc62ec7bb8356199fd46a308727cd44d151351ce951964c", kill_on_drop: false }`
[INFO] [stdout] 1c0eeeb7b10fabf80dc62ec7bb8356199fd46a308727cd44d151351ce951964c
[INFO] running `Command { std: "docker" "create" "-v" "/var/lib/crater-agent-workspace/builds/worker-1/target:/opt/rustwide/target:rw,Z" "-v" "/var/lib/crater-agent-workspace/builds/worker-1/source:/opt/rustwide/workdir:ro,Z" "-v" "/var/lib/crater-agent-workspace/cargo-home:/opt/rustwide/cargo-home:ro,Z" "-v" "/var/lib/crater-agent-workspace/rustup-home:/opt/rustwide/rustup-home:ro,Z" "-e" "SOURCE_DIR=/opt/rustwide/workdir" "-e" "CARGO_TARGET_DIR=/opt/rustwide/target" "-e" "CARGO_INCREMENTAL=0" "-e" "RUST_BACKTRACE=full" "-e" "RUSTFLAGS=--cap-lints=warn" "-e" "CARGO_HOME=/opt/rustwide/cargo-home" "-e" "RUSTUP_HOME=/opt/rustwide/rustup-home" "-w" "/opt/rustwide/workdir" "-m" "1610612736" "--user" "0:0" "--network" "none" "ghcr.io/rust-lang/crates-build-env/linux@sha256:34b6a614d2c27851fe6cbf88fbd1137609cefab8b10d0615aaeb6fd47975d74e" "/opt/rustwide/cargo-home/bin/cargo" "+beta-2021-08-01" "build" "--frozen" "--message-format=json", kill_on_drop: false }`
[INFO] [stdout] 53e049b4b7da680bc56fddf03709e785b10183b1a5199458307caeab9866ff60
[INFO] [stderr] WARNING: Your kernel does not support swap limit capabilities or the cgroup is not mounted. Memory limited without swap.
[INFO] running `Command { std: "docker" "start" "-a" "53e049b4b7da680bc56fddf03709e785b10183b1a5199458307caeab9866ff60", kill_on_drop: false }`
[INFO] [stderr]    Compiling x86_64 v0.14.3
[INFO] [stderr]    Compiling volatile v0.4.4
[INFO] [stderr]    Compiling bootloader v0.9.17
[INFO] [stderr]    Compiling bit_field v0.9.0
[INFO] [stderr]    Compiling spin v0.5.2
[INFO] [stderr]    Compiling volatile v0.2.7
[INFO] [stderr]    Compiling lazy_static v1.4.0
[INFO] [stdout] error[E0554]: `#![feature]` may not be used on the beta release channel
[INFO] [stdout]  --> /opt/rustwide/cargo-home/registry/src/github.com-1ecc6299db9ec823/x86_64-0.14.3/src/lib.rs:5:35
[INFO] [stdout]   |
[INFO] [stdout] 5 | #![cfg_attr(feature = "const_fn", feature(const_panic))] // Better panic messages
[INFO] [stdout]   |                                   ^^^^^^^^^^^^^^^^^^^^
[INFO] [stdout] 
[INFO] [stdout] 
[INFO] [stdout] error[E0554]: `#![feature]` may not be used on the beta release channel
[INFO] [stdout]  --> /opt/rustwide/cargo-home/registry/src/github.com-1ecc6299db9ec823/x86_64-0.14.3/src/lib.rs:6:35
[INFO] [stdout]   |
[INFO] [stdout] 6 | #![cfg_attr(feature = "const_fn", feature(const_mut_refs))] // GDT add_entry()
[INFO] [stdout]   |                                   ^^^^^^^^^^^^^^^^^^^^^^^
[INFO] [stdout] 
[INFO] [stdout] 
[INFO] [stdout] error[E0554]: `#![feature]` may not be used on the beta release channel
[INFO] [stdout]  --> /opt/rustwide/cargo-home/registry/src/github.com-1ecc6299db9ec823/x86_64-0.14.3/src/lib.rs:7:35
[INFO] [stdout]   |
[INFO] [stdout] 7 | #![cfg_attr(feature = "const_fn", feature(const_fn_fn_ptr_basics))] // IDT new()
[INFO] [stdout]   |                                   ^^^^^^^^^^^^^^^^^^^^^^^^^^^^^^^
[INFO] [stdout] 
[INFO] [stdout] 
[INFO] [stdout] error[E0554]: `#![feature]` may not be used on the beta release channel
[INFO] [stdout]  --> /opt/rustwide/cargo-home/registry/src/github.com-1ecc6299db9ec823/x86_64-0.14.3/src/lib.rs:8:35
[INFO] [stdout]   |
[INFO] [stdout] 8 | #![cfg_attr(feature = "const_fn", feature(const_fn_trait_bound))] // PageSize marker trait
[INFO] [stdout]   |                                   ^^^^^^^^^^^^^^^^^^^^^^^^^^^^^
[INFO] [stdout] 
[INFO] [stdout] 
[INFO] [stdout] error[E0554]: `#![feature]` may not be used on the beta release channel
[INFO] [stdout]  --> /opt/rustwide/cargo-home/registry/src/github.com-1ecc6299db9ec823/x86_64-0.14.3/src/lib.rs:9:37
[INFO] [stdout]   |
[INFO] [stdout] 9 | #![cfg_attr(feature = "inline_asm", feature(asm))]
[INFO] [stdout]   |                                     ^^^^^^^^^^^^
[INFO] [stdout] 
[INFO] [stdout] 
[INFO] [stdout] error[E0554]: `#![feature]` may not be used on the beta release channel
[INFO] [stdout]   --> /opt/rustwide/cargo-home/registry/src/github.com-1ecc6299db9ec823/x86_64-0.14.3/src/lib.rs:10:44
[INFO] [stdout]    |
[INFO] [stdout] 10 | #![cfg_attr(feature = "abi_x86_interrupt", feature(abi_x86_interrupt))]
[INFO] [stdout]    |                                            ^^^^^^^^^^^^^^^^^^^^^^^^^^
[INFO] [stdout] 
[INFO] [stdout] 
[INFO] [stdout] error: aborting due to 6 previous errors
[INFO] [stdout] 
[INFO] [stdout] 
[INFO] [stdout] For more information about this error, try `rustc --explain E0554`.
[INFO] [stdout] 
[INFO] [stderr] error: could not compile `x86_64` due to 7 previous errors
[INFO] running `Command { std: "docker" "inspect" "53e049b4b7da680bc56fddf03709e785b10183b1a5199458307caeab9866ff60", kill_on_drop: false }`
[INFO] running `Command { std: "docker" "rm" "-f" "53e049b4b7da680bc56fddf03709e785b10183b1a5199458307caeab9866ff60", kill_on_drop: false }`
[INFO] [stdout] 53e049b4b7da680bc56fddf03709e785b10183b1a5199458307caeab9866ff60
