[INFO] cloning repository https://github.com/SebastianAlba84/DesignsPatternsRust
[INFO] running `Command { std: "git" "-c" "credential.helper=" "-c" "credential.helper=/workspace/cargo-home/bin/git-credential-null" "clone" "--bare" "https://github.com/SebastianAlba84/DesignsPatternsRust" "/workspace/cache/git-repos/https%3A%2F%2Fgithub.com%2FSebastianAlba84%2FDesignsPatternsRust", kill_on_drop: false }`
[INFO] [stderr] Cloning into bare repository '/workspace/cache/git-repos/https%3A%2F%2Fgithub.com%2FSebastianAlba84%2FDesignsPatternsRust'...
[INFO] running `Command { std: "git" "rev-parse" "HEAD", kill_on_drop: false }`
[INFO] [stdout] 361240fc74a12999af3e7e9ddbc84f868e404018
[INFO] testing SebastianAlba84/DesignsPatternsRust against 1.54.0 for beta-1.55-1
[INFO] running `Command { std: "git" "clone" "/workspace/cache/git-repos/https%3A%2F%2Fgithub.com%2FSebastianAlba84%2FDesignsPatternsRust" "/workspace/builds/worker-3/source", kill_on_drop: false }`
[INFO] [stderr] Cloning into '/workspace/builds/worker-3/source'...
[INFO] [stderr] done.
[INFO] validating manifest of git repo https://github.com/SebastianAlba84/DesignsPatternsRust on toolchain 1.54.0
[INFO] running `Command { std: "/workspace/cargo-home/bin/cargo" "+1.54.0" "metadata" "--manifest-path" "Cargo.toml" "--no-deps", kill_on_drop: false }`
[INFO] started tweaking git repo https://github.com/SebastianAlba84/DesignsPatternsRust
[INFO] finished tweaking git repo https://github.com/SebastianAlba84/DesignsPatternsRust
[INFO] tweaked toml for git repo https://github.com/SebastianAlba84/DesignsPatternsRust written to /workspace/builds/worker-3/source/Cargo.toml
[INFO] crate git repo https://github.com/SebastianAlba84/DesignsPatternsRust already has a lockfile, it will not be regenerated
[INFO] running `Command { std: "/workspace/cargo-home/bin/cargo" "+1.54.0" "fetch" "--manifest-path" "Cargo.toml", kill_on_drop: false }`
[INFO] running `Command { std: "docker" "create" "-v" "/var/lib/crater-agent-workspace/builds/worker-3/target:/opt/rustwide/target:rw,Z" "-v" "/var/lib/crater-agent-workspace/builds/worker-3/source:/opt/rustwide/workdir:ro,Z" "-v" "/var/lib/crater-agent-workspace/cargo-home:/opt/rustwide/cargo-home:ro,Z" "-v" "/var/lib/crater-agent-workspace/rustup-home:/opt/rustwide/rustup-home:ro,Z" "-e" "SOURCE_DIR=/opt/rustwide/workdir" "-e" "CARGO_TARGET_DIR=/opt/rustwide/target" "-e" "CARGO_HOME=/opt/rustwide/cargo-home" "-e" "RUSTUP_HOME=/opt/rustwide/rustup-home" "-w" "/opt/rustwide/workdir" "-m" "1610612736" "--user" "0:0" "--network" "none" "ghcr.io/rust-lang/crates-build-env/linux@sha256:34b6a614d2c27851fe6cbf88fbd1137609cefab8b10d0615aaeb6fd47975d74e" "/opt/rustwide/cargo-home/bin/cargo" "+1.54.0" "metadata" "--no-deps" "--format-version=1", kill_on_drop: false }`
[INFO] [stdout] 4cb73e9cfba2226600cf995a78eae2b42611af56e2b38bcdce29200f413e300b
[INFO] [stderr] WARNING: Your kernel does not support swap limit capabilities or the cgroup is not mounted. Memory limited without swap.
[INFO] running `Command { std: "docker" "start" "-a" "4cb73e9cfba2226600cf995a78eae2b42611af56e2b38bcdce29200f413e300b", kill_on_drop: false }`
[INFO] running `Command { std: "docker" "inspect" "4cb73e9cfba2226600cf995a78eae2b42611af56e2b38bcdce29200f413e300b", kill_on_drop: false }`
[INFO] running `Command { std: "docker" "rm" "-f" "4cb73e9cfba2226600cf995a78eae2b42611af56e2b38bcdce29200f413e300b", kill_on_drop: false }`
[INFO] [stdout] 4cb73e9cfba2226600cf995a78eae2b42611af56e2b38bcdce29200f413e300b
[INFO] running `Command { std: "docker" "create" "-v" "/var/lib/crater-agent-workspace/builds/worker-3/target:/opt/rustwide/target:rw,Z" "-v" "/var/lib/crater-agent-workspace/builds/worker-3/source:/opt/rustwide/workdir:ro,Z" "-v" "/var/lib/crater-agent-workspace/cargo-home:/opt/rustwide/cargo-home:ro,Z" "-v" "/var/lib/crater-agent-workspace/rustup-home:/opt/rustwide/rustup-home:ro,Z" "-e" "SOURCE_DIR=/opt/rustwide/workdir" "-e" "CARGO_TARGET_DIR=/opt/rustwide/target" "-e" "CARGO_INCREMENTAL=0" "-e" "RUST_BACKTRACE=full" "-e" "RUSTFLAGS=--cap-lints=warn" "-e" "CARGO_HOME=/opt/rustwide/cargo-home" "-e" "RUSTUP_HOME=/opt/rustwide/rustup-home" "-w" "/opt/rustwide/workdir" "-m" "1610612736" "--user" "0:0" "--network" "none" "ghcr.io/rust-lang/crates-build-env/linux@sha256:34b6a614d2c27851fe6cbf88fbd1137609cefab8b10d0615aaeb6fd47975d74e" "/opt/rustwide/cargo-home/bin/cargo" "+1.54.0" "build" "--frozen" "--message-format=json", kill_on_drop: false }`
[INFO] [stdout] 3942577a55620a65987fc8318ed0b372f1e3a13c146340a0cd076304f725dc8a
[INFO] [stderr] WARNING: Your kernel does not support swap limit capabilities or the cgroup is not mounted. Memory limited without swap.
[INFO] running `Command { std: "docker" "start" "-a" "3942577a55620a65987fc8318ed0b372f1e3a13c146340a0cd076304f725dc8a", kill_on_drop: false }`
[INFO] [stderr]    Compiling Extraclase2PatronesdediseñoRust v0.1.0 (/opt/rustwide/workdir)
[INFO] [stdout] error[E0433]: failed to resolve: use of undeclared type `Display`
[INFO] [stdout]   --> src/main.rs:74:19
[INFO] [stdout]    |
[INFO] [stdout] 74 |     let display = Display::new("COMPURADORA".to_string());
[INFO] [stdout]    |                   ^^^^^^^ not found in this scope
[INFO] [stdout]    |
[INFO] [stdout] help: consider importing one of these items
[INFO] [stdout]    |
[INFO] [stdout] 7  | use std::fmt::Display;
[INFO] [stdout]    |
[INFO] [stdout] 7  | use std::path::Display;
[INFO] [stdout]    |
[INFO] [stdout] 
[INFO] [stdout] 
[INFO] [stdout] error[E0433]: failed to resolve: use of undeclared type `Display`
[INFO] [stdout]   --> src/main.rs:75:20
[INFO] [stdout]    |
[INFO] [stdout] 75 |     let display2 = Display::new("COMPURADORA2".to_string());
[INFO] [stdout]    |                    ^^^^^^^ not found in this scope
[INFO] [stdout]    |
[INFO] [stdout] help: consider importing one of these items
[INFO] [stdout]    |
[INFO] [stdout] 7  | use std::fmt::Display;
[INFO] [stdout]    |
[INFO] [stdout] 7  | use std::path::Display;
[INFO] [stdout]    |
[INFO] [stdout] 
[INFO] [stdout] 
[INFO] [stdout] error[E0422]: cannot find struct, variant or union type `Weather` in this scope
[INFO] [stdout]   --> src/main.rs:76:23
[INFO] [stdout]    |
[INFO] [stdout] 76 |     let mut weather = Weather{temperature: 19.0, observers: Vec::new()};
[INFO] [stdout]    |                       ^^^^^^^ not found in this scope
[INFO] [stdout] 
[INFO] [stdout] 
[INFO] [stdout] warning: type `pizza` should have an upper camel case name
[INFO] [stdout]   --> src/AbstFactory.rs:26:12
[INFO] [stdout]    |
[INFO] [stdout] 26 | pub struct pizza{ // "Clase" pizza
[INFO] [stdout]    |            ^^^^^ help: convert the identifier to upper camel case: `Pizza`
[INFO] [stdout]    |
[INFO] [stdout]    = note: `#[warn(non_camel_case_types)]` on by default
[INFO] [stdout] 
[INFO] [stdout] 
[INFO] [stdout] warning: type `abstract_factory` should have an upper camel case name
[INFO] [stdout]   --> src/AbstFactory.rs:50:8
[INFO] [stdout]    |
[INFO] [stdout] 50 | struct abstract_factory{ // Esta es el "struct" que servirá como la clase Abstract Factory
[INFO] [stdout]    |        ^^^^^^^^^^^^^^^^ help: convert the identifier to upper camel case: `AbstractFactory`
[INFO] [stdout] 
[INFO] [stdout] 
[INFO] [stdout] error[E0061]: this function takes 0 arguments but 1 argument was supplied
[INFO] [stdout]    --> src/main.rs:100:24
[INFO] [stdout]     |
[INFO] [stdout] 100 |     println!("{}", oso.rugir(oso_teddy));
[INFO] [stdout]     |                        ^^^^^ --------- supplied 1 argument
[INFO] [stdout]     |                        |
[INFO] [stdout]     |                        expected 0 arguments
[INFO] [stdout]     |
[INFO] [stdout] note: associated function defined here
[INFO] [stdout]    --> src/Adapter2.rs:4:8
[INFO] [stdout]     |
[INFO] [stdout] 4   |     fn rugir(&self) -> String;
[INFO] [stdout]     |        ^^^^^
[INFO] [stdout] 
[INFO] [stdout] 
[INFO] [stdout] error: aborting due to 4 previous errors; 2 warnings emitted
[INFO] [stdout] 
[INFO] [stdout] 
[INFO] [stdout] Some errors have detailed explanations: E0061, E0422, E0433.
[INFO] [stdout] 
[INFO] [stdout] For more information about an error, try `rustc --explain E0061`.
[INFO] [stdout] 
[INFO] [stderr] error: could not compile `Extraclase2PatronesdediseñoRust`
[INFO] [stderr] 
[INFO] [stderr] To learn more, run the command again with --verbose.
[INFO] running `Command { std: "docker" "inspect" "3942577a55620a65987fc8318ed0b372f1e3a13c146340a0cd076304f725dc8a", kill_on_drop: false }`
[INFO] running `Command { std: "docker" "rm" "-f" "3942577a55620a65987fc8318ed0b372f1e3a13c146340a0cd076304f725dc8a", kill_on_drop: false }`
[INFO] [stdout] 3942577a55620a65987fc8318ed0b372f1e3a13c146340a0cd076304f725dc8a
