[INFO] cloning repository https://github.com/Ryusei-0407/actix-mysql
[INFO] running `Command { std: "git" "-c" "credential.helper=" "-c" "credential.helper=/workspace/cargo-home/bin/git-credential-null" "clone" "--bare" "https://github.com/Ryusei-0407/actix-mysql" "/workspace/cache/git-repos/https%3A%2F%2Fgithub.com%2FRyusei-0407%2Factix-mysql", kill_on_drop: false }`
[INFO] [stderr] Cloning into bare repository '/workspace/cache/git-repos/https%3A%2F%2Fgithub.com%2FRyusei-0407%2Factix-mysql'...
[INFO] running `Command { std: "git" "rev-parse" "HEAD", kill_on_drop: false }`
[INFO] [stdout] 1b1819893e067b81a3ba07e738defe54ad6fd8fc
[INFO] testing Ryusei-0407/actix-mysql against 1.54.0 for beta-1.55-1
[INFO] running `Command { std: "git" "clone" "/workspace/cache/git-repos/https%3A%2F%2Fgithub.com%2FRyusei-0407%2Factix-mysql" "/workspace/builds/worker-50/source", kill_on_drop: false }`
[INFO] [stderr] Cloning into '/workspace/builds/worker-50/source'...
[INFO] [stderr] done.
[INFO] [stderr] Updating files:  13% (16/120)
Updating files:  14% (17/120)
Updating files:  15% (18/120)
Updating files:  16% (20/120)
Updating files:  17% (21/120)
Updating files:  18% (22/120)
Updating files:  19% (23/120)
Updating files:  20% (24/120)
Updating files:  21% (26/120)
Updating files:  22% (27/120)
Updating files:  23% (28/120)
Updating files:  24% (29/120)
Updating files:  25% (30/120)
Updating files:  26% (32/120)
Updating files:  27% (33/120)
Updating files:  28% (34/120)
Updating files:  29% (35/120)
Updating files:  30% (36/120)
Updating files:  31% (38/120)
Updating files:  32% (39/120)
Updating files:  33% (40/120)
Updating files:  34% (41/120)
Updating files:  35% (42/120)
Updating files:  36% (44/120)
Updating files:  37% (45/120)
Updating files:  38% (46/120)
Updating files:  39% (47/120)
Updating files:  40% (48/120)
Updating files:  41% (50/120)
Updating files:  42% (51/120)
Updating files:  43% (52/120)
Updating files:  44% (53/120)
Updating files:  45% (54/120)
Updating files:  46% (56/120)
Updating files:  47% (57/120)
Updating files:  48% (58/120)
Updating files:  49% (59/120)
Updating files:  50% (60/120)
Updating files:  51% (62/120)
Updating files:  52% (63/120)
Updating files:  53% (64/120)
Updating files:  54% (65/120)
Updating files:  55% (66/120)
Updating files:  56% (68/120)
Updating files:  57% (69/120)
Updating files:  58% (70/120)
Updating files:  59% (71/120)
Updating files:  60% (72/120)
Updating files:  61% (74/120)
Updating files:  62% (75/120)
Updating files:  63% (76/120)
Updating files:  64% (77/120)
Updating files:  65% (78/120)
Updating files:  66% (80/120)
Updating files:  67% (81/120)
Updating files:  68% (82/120)
Updating files:  69% (83/120)
Updating files:  70% (84/120)
Updating files:  71% (86/120)
Updating files:  72% (87/120)
Updating files:  73% (88/120)
Updating files:  74% (89/120)
Updating files:  75% (90/120)
Updating files:  76% (92/120)
Updating files:  77% (93/120)
Updating files:  78% (94/120)
Updating files:  79% (95/120)
Updating files:  80% (96/120)
Updating files:  81% (98/120)
Updating files:  82% (99/120)
Updating files:  83% (100/120)
Updating files:  84% (101/120)
Updating files:  85% (102/120)
Updating files:  86% (104/120)
Updating files:  87% (105/120)
Updating files:  88% (106/120)
Updating files:  89% (107/120)
Updating files:  90% (108/120)
Updating files:  91% (110/120)
Updating files:  92% (111/120)
Updating files:  93% (112/120)
Updating files:  94% (113/120)
Updating files:  95% (114/120)
Updating files:  96% (116/120)
Updating files:  97% (117/120)
Updating files:  98% (118/120)
Updating files:  99% (119/120)
Updating files: 100% (120/120)
Updating files: 100% (120/120), done.
[INFO] validating manifest of git repo https://github.com/Ryusei-0407/actix-mysql on toolchain 1.54.0
[INFO] running `Command { std: "/workspace/cargo-home/bin/cargo" "+1.54.0" "metadata" "--manifest-path" "Cargo.toml" "--no-deps", kill_on_drop: false }`
[INFO] started tweaking git repo https://github.com/Ryusei-0407/actix-mysql
[INFO] finished tweaking git repo https://github.com/Ryusei-0407/actix-mysql
[INFO] tweaked toml for git repo https://github.com/Ryusei-0407/actix-mysql written to /workspace/builds/worker-50/source/Cargo.toml
[INFO] crate git repo https://github.com/Ryusei-0407/actix-mysql already has a lockfile, it will not be regenerated
[INFO] running `Command { std: "/workspace/cargo-home/bin/cargo" "+1.54.0" "fetch" "--manifest-path" "Cargo.toml", kill_on_drop: false }`
[INFO] [stderr]     Blocking waiting for file lock on package cache
[INFO] running `Command { std: "docker" "create" "-v" "/var/lib/crater-agent-workspace/builds/worker-50/target:/opt/rustwide/target:rw,Z" "-v" "/var/lib/crater-agent-workspace/builds/worker-50/source:/opt/rustwide/workdir:ro,Z" "-v" "/var/lib/crater-agent-workspace/cargo-home:/opt/rustwide/cargo-home:ro,Z" "-v" "/var/lib/crater-agent-workspace/rustup-home:/opt/rustwide/rustup-home:ro,Z" "-e" "SOURCE_DIR=/opt/rustwide/workdir" "-e" "CARGO_TARGET_DIR=/opt/rustwide/target" "-e" "CARGO_HOME=/opt/rustwide/cargo-home" "-e" "RUSTUP_HOME=/opt/rustwide/rustup-home" "-w" "/opt/rustwide/workdir" "-m" "1610612736" "--user" "0:0" "--network" "none" "ghcr.io/rust-lang/crates-build-env/linux@sha256:34b6a614d2c27851fe6cbf88fbd1137609cefab8b10d0615aaeb6fd47975d74e" "/opt/rustwide/cargo-home/bin/cargo" "+1.54.0" "metadata" "--no-deps" "--format-version=1", kill_on_drop: false }`
[INFO] [stdout] 67a091f0ec2cedd991d5931fbab24ab306adb46fdc57ff9833b2f0f51b7b1518
[INFO] running `Command { std: "docker" "start" "-a" "67a091f0ec2cedd991d5931fbab24ab306adb46fdc57ff9833b2f0f51b7b1518", kill_on_drop: false }`
[INFO] running `Command { std: "docker" "inspect" "67a091f0ec2cedd991d5931fbab24ab306adb46fdc57ff9833b2f0f51b7b1518", kill_on_drop: false }`
[INFO] running `Command { std: "docker" "rm" "-f" "67a091f0ec2cedd991d5931fbab24ab306adb46fdc57ff9833b2f0f51b7b1518", kill_on_drop: false }`
[INFO] [stdout] 67a091f0ec2cedd991d5931fbab24ab306adb46fdc57ff9833b2f0f51b7b1518
[INFO] running `Command { std: "docker" "create" "-v" "/var/lib/crater-agent-workspace/builds/worker-50/target:/opt/rustwide/target:rw,Z" "-v" "/var/lib/crater-agent-workspace/builds/worker-50/source:/opt/rustwide/workdir:ro,Z" "-v" "/var/lib/crater-agent-workspace/cargo-home:/opt/rustwide/cargo-home:ro,Z" "-v" "/var/lib/crater-agent-workspace/rustup-home:/opt/rustwide/rustup-home:ro,Z" "-e" "SOURCE_DIR=/opt/rustwide/workdir" "-e" "CARGO_TARGET_DIR=/opt/rustwide/target" "-e" "CARGO_INCREMENTAL=0" "-e" "RUST_BACKTRACE=full" "-e" "RUSTFLAGS=--cap-lints=warn" "-e" "CARGO_HOME=/opt/rustwide/cargo-home" "-e" "RUSTUP_HOME=/opt/rustwide/rustup-home" "-w" "/opt/rustwide/workdir" "-m" "1610612736" "--user" "0:0" "--network" "none" "ghcr.io/rust-lang/crates-build-env/linux@sha256:34b6a614d2c27851fe6cbf88fbd1137609cefab8b10d0615aaeb6fd47975d74e" "/opt/rustwide/cargo-home/bin/cargo" "+1.54.0" "build" "--frozen" "--message-format=json", kill_on_drop: false }`
[INFO] [stdout] d96725b5db88d60c0902f14e6789ee565746650466c7fcfbd8164cb6067af5ce
[INFO] running `Command { std: "docker" "start" "-a" "d96725b5db88d60c0902f14e6789ee565746650466c7fcfbd8164cb6067af5ce", kill_on_drop: false }`
[INFO] [stderr]    Compiling proc-macro2 v1.0.27
[INFO] [stderr]    Compiling unicode-xid v0.2.2
[INFO] [stderr]    Compiling syn v1.0.73
[INFO] [stderr]    Compiling libc v0.2.97
[INFO] [stderr]    Compiling cfg-if v1.0.0
[INFO] [stderr]    Compiling autocfg v1.0.1
[INFO] [stderr]    Compiling memchr v2.4.0
[INFO] [stderr]    Compiling log v0.4.14
[INFO] [stderr]    Compiling proc-macro-hack v0.5.19
[INFO] [stderr]    Compiling futures-core v0.3.15
[INFO] [stderr]    Compiling version_check v0.9.3
[INFO] [stderr]    Compiling slab v0.4.3
[INFO] [stderr]    Compiling lazy_static v1.4.0
[INFO] [stderr]    Compiling futures-sink v0.3.15
[INFO] [stderr]    Compiling futures-channel v0.3.15
[INFO] [stderr]    Compiling cfg-if v0.1.10
[INFO] [stderr]    Compiling futures-task v0.3.15
[INFO] [stderr]    Compiling proc-macro-nested v0.1.7
[INFO] [stderr]    Compiling pin-project-lite v0.2.7
[INFO] [stderr]    Compiling futures-io v0.3.15
[INFO] [stderr]    Compiling pin-utils v0.1.0
[INFO] [stderr]    Compiling bytes v0.5.6
[INFO] [stderr]    Compiling pin-project-lite v0.1.12
[INFO] [stderr]    Compiling smallvec v1.6.1
[INFO] [stderr]    Compiling matches v0.1.8
[INFO] [stderr]    Compiling pin-project-internal v0.4.28
[INFO] [stderr]    Compiling tinyvec_macros v0.1.0
[INFO] [stderr]    Compiling scopeguard v1.1.0
[INFO] [stderr]    Compiling convert_case v0.4.0
[INFO] [stderr]    Compiling getrandom v0.1.16
[INFO] [stderr]    Compiling bitflags v1.2.1
[INFO] [stderr]    Compiling percent-encoding v2.1.0
[INFO] [stderr]    Compiling copyless v0.1.5
[INFO] [stderr]    Compiling typenum v1.13.0
[INFO] [stderr]    Compiling serde_derive v1.0.126
[INFO] [stderr]    Compiling itoa v0.4.7
[INFO] [stderr]    Compiling unicode-segmentation v1.7.1
[INFO] [stderr]    Compiling ppv-lite86 v0.2.10
[INFO] [stderr]    Compiling async-trait v0.1.50
[INFO] [stderr]    Compiling either v1.6.1
[INFO] [stderr]    Compiling serde v1.0.126
[INFO] [stderr]    Compiling bytes v1.0.1
[INFO] [stderr]    Compiling cc v1.0.68
[INFO] [stderr]    Compiling const_fn v0.4.8
[INFO] [stderr]    Compiling match_cfg v0.1.0
[INFO] [stderr]    Compiling ryu v1.0.5
[INFO] [stderr]    Compiling fnv v1.0.7
[INFO] [stderr]    Compiling linked-hash-map v0.5.4
[INFO] [stderr]    Compiling quick-error v1.2.3
[INFO] [stderr]    Compiling crc32fast v1.2.1
[INFO] [stderr]    Compiling encoding_rs v0.8.28
[INFO] [stderr]    Compiling regex-syntax v0.6.25
[INFO] [stderr]    Compiling httparse v1.4.1
[INFO] [stderr]    Compiling serde_json v1.0.64
[INFO] [stderr]    Compiling hashbrown v0.9.1
[INFO] [stderr]    Compiling byteorder v1.4.3
[INFO] [stderr]    Compiling adler v1.0.2
[INFO] [stderr]    Compiling opaque-debug v0.3.0
[INFO] [stderr]    Compiling pkg-config v0.3.19
[INFO] [stderr]    Compiling cpufeatures v0.1.5
[INFO] [stderr]    Compiling mime v0.3.16
[INFO] [stderr]    Compiling base64 v0.13.0
[INFO] [stderr]    Compiling percent-encoding v1.0.1
[INFO] [stderr]    Compiling dotenv v0.15.0
[INFO] [stderr]    Compiling instant v0.1.9
[INFO] [stderr]    Compiling lock_api v0.4.4
[INFO] [stderr]    Compiling tinyvec v1.2.0
[INFO] [stderr]    Compiling tracing-core v0.1.18
[INFO] [stderr]    Compiling unicode-bidi v0.3.5
[INFO] [stderr]    Compiling form_urlencoded v1.0.1
[INFO] [stderr]    Compiling lru-cache v0.1.2
[INFO] [stderr]    Compiling fxhash v0.2.1
[INFO] [stderr]    Compiling futures-macro v0.3.15
[INFO] [stderr]    Compiling futures-util v0.3.15
[INFO] [stderr]    Compiling miniz_oxide v0.4.4
[INFO] [stderr]    Compiling indexmap v1.6.2
[INFO] [stderr]    Compiling http v0.2.4
[INFO] [stderr]    Compiling bytestring v1.0.0
[INFO] [stderr]    Compiling heck v0.3.3
[INFO] [stderr]    Compiling tracing v0.1.26
[INFO] [stderr]    Compiling standback v0.2.17
[INFO] [stderr]    Compiling generic-array v0.14.4
[INFO] [stderr]    Compiling time v0.2.27
[INFO] [stderr]    Compiling cookie v0.14.4
[INFO] [stderr]    Compiling mysqlclient-sys v0.2.4
[INFO] [stderr]    Compiling aho-corasick v0.7.18
[INFO] [stderr]    Compiling unicode-normalization v0.1.19
[INFO] [stderr]    Compiling quote v1.0.9
[INFO] [stderr]    Compiling net2 v0.2.37
[INFO] [stderr]    Compiling iovec v0.1.4
[INFO] [stderr]    Compiling signal-hook-registry v1.4.0
[INFO] [stderr]    Compiling num_cpus v1.13.0
[INFO] [stderr]    Compiling parking_lot_core v0.8.3
[INFO] [stderr]    Compiling hostname v0.3.1
[INFO] [stderr]    Compiling socket2 v0.3.19
[INFO] [stderr]    Compiling brotli-sys v0.3.2
[INFO] [stderr]    Compiling resolv-conf v0.7.0
[INFO] [stderr]    Compiling rand_core v0.5.1
[INFO] [stderr]    Compiling threadpool v1.8.1
[INFO] [stderr]    Compiling parking_lot v0.11.1
[INFO] [stderr]    Compiling mio v0.6.23
[INFO] [stderr]    Compiling rand_chacha v0.2.2
[INFO] [stderr]    Compiling flate2 v1.0.20
[INFO] [stderr]    Compiling rand v0.7.3
[INFO] [stderr]    Compiling idna v0.2.3
[INFO] [stderr]    Compiling idna v0.1.5
[INFO] [stderr]    Compiling digest v0.9.0
[INFO] [stderr]    Compiling block-buffer v0.9.0
[INFO] [stderr]    Compiling mio-uds v0.6.8
[INFO] [stderr]    Compiling sha-1 v0.9.6
[INFO] [stderr]    Compiling tokio v0.2.25
[INFO] [stderr]    Compiling url v1.7.2
[INFO] [stderr]    Compiling url v2.2.2
[INFO] [stderr]    Compiling regex v1.5.4
[INFO] [stderr]    Compiling tokio-util v0.3.1
[INFO] [stderr]    Compiling brotli2 v0.3.2
[INFO] [stderr]    Compiling derive_more v0.99.14
[INFO] [stderr]    Compiling actix-macros v0.1.3
[INFO] [stderr]    Compiling thiserror-impl v1.0.25
[INFO] [stderr]    Compiling enum-as-inner v0.3.3
[INFO] [stderr]    Compiling time-macros-impl v0.1.2
[INFO] [stderr]    Compiling pin-project-internal v1.0.7
[INFO] [stderr]    Compiling actix-web-codegen v0.4.0
[INFO] [stderr]    Compiling diesel_derives v1.4.1
[INFO] [stderr]    Compiling time-macros v0.1.1
[INFO] [stderr]    Compiling thiserror v1.0.25
[INFO] [stderr]    Compiling pin-project v0.4.28
[INFO] [stderr]    Compiling pin-project v1.0.7
[INFO] [stderr]    Compiling actix-codec v0.3.0
[INFO] [stderr]    Compiling tracing-futures v0.2.5
[INFO] [stderr]    Compiling actix-service v1.0.6
[INFO] [stderr]    Compiling futures v0.3.15
[INFO] [stderr]    Compiling h2 v0.2.7
[INFO] [stderr]    Compiling trust-dns-proto v0.19.7
[INFO] [stderr]    Compiling actix-threadpool v0.3.3
[INFO] [stderr]    Compiling actix-rt v1.1.1
[INFO] [stderr]    Compiling actix-utils v2.0.0
[INFO] [stderr]    Compiling diesel v1.4.7
[INFO] [stderr]    Compiling actix-server v1.0.4
[INFO] [stderr]    Compiling actix-tls v2.0.0
[INFO] [stderr]    Compiling trust-dns-resolver v0.19.7
[INFO] [stderr]    Compiling actix-testing v1.0.1
[INFO] [stderr]    Compiling actix-connect v2.0.0
[INFO] [stderr]    Compiling serde_urlencoded v0.7.0
[INFO] [stderr]    Compiling actix-router v0.2.7
[INFO] [stderr]    Compiling actix-http v2.2.0
[INFO] [stderr]    Compiling awc v2.0.3
[INFO] [stderr]    Compiling actix-web v3.3.2
[INFO] [stderr]    Compiling app v0.1.0 (/opt/rustwide/workdir)
[INFO] [stdout] error[E0433]: failed to resolve: use of undeclared crate or module `api`
[INFO] [stdout]  --> src/bin/update_user.rs:1:5
[INFO] [stdout]   |
[INFO] [stdout] 1 | use api::schema::users as users_schema;
[INFO] [stdout]   |     ^^^ use of undeclared crate or module `api`
[INFO] [stdout] 
[INFO] [stdout] 
[INFO] [stdout] error[E0433]: failed to resolve: use of undeclared crate or module `api`
[INFO] [stdout]  --> src/bin/update_user.rs:2:5
[INFO] [stdout]   |
[INFO] [stdout] 2 | use api::utils::establish_connection;
[INFO] [stdout]   |     ^^^ use of undeclared crate or module `api`
[INFO] [stdout] 
[INFO] [stdout] 
[INFO] [stdout] error[E0433]: failed to resolve: use of undeclared crate or module `api`
[INFO] [stdout]  --> src/bin/show_user.rs:1:5
[INFO] [stdout]   |
[INFO] [stdout] 1 | use api::models::User;
[INFO] [stdout]   |     ^^^ use of undeclared crate or module `api`
[INFO] [stdout] 
[INFO] [stdout] 
[INFO] [stdout] error[E0433]: failed to resolve: use of undeclared crate or module `api`
[INFO] [stdout]  --> src/bin/show_user.rs:2:5
[INFO] [stdout]   |
[INFO] [stdout] 2 | use api::schema::users as users_schema;
[INFO] [stdout]   |     ^^^ use of undeclared crate or module `api`
[INFO] [stdout] 
[INFO] [stdout] 
[INFO] [stdout] error[E0433]: failed to resolve: use of undeclared crate or module `api`
[INFO] [stdout]  --> src/bin/show_user.rs:3:5
[INFO] [stdout]   |
[INFO] [stdout] 3 | use api::utils::establish_connection;
[INFO] [stdout]   |     ^^^ use of undeclared crate or module `api`
[INFO] [stdout] 
[INFO] [stdout] 
[INFO] [stdout] error[E0433]: failed to resolve: use of undeclared crate or module `api`
[INFO] [stdout]  --> src/bin/delete_user.rs:1:5
[INFO] [stdout]   |
[INFO] [stdout] 1 | use api::schema::users as users_schema;
[INFO] [stdout]   |     ^^^ use of undeclared crate or module `api`
[INFO] [stdout] 
[INFO] [stdout] 
[INFO] [stdout] error[E0433]: failed to resolve: use of undeclared crate or module `api`
[INFO] [stdout]  --> src/bin/delete_user.rs:2:5
[INFO] [stdout]   |
[INFO] [stdout] 2 | use api::utils::establish_connection;
[INFO] [stdout]   |     ^^^ use of undeclared crate or module `api`
[INFO] [stdout] 
[INFO] [stdout] 
[INFO] [stdout] error[E0433]: failed to resolve: use of undeclared crate or module `users_schema`
[INFO] [stdout]  --> src/bin/update_user.rs:8:20
[INFO] [stdout]   |
[INFO] [stdout] 8 |     diesel::update(users_schema::dsl::users.find(2))
[INFO] [stdout]   |                    ^^^^^^^^^^^^ use of undeclared crate or module `users_schema`
[INFO] [stdout] 
[INFO] [stdout] 
[INFO] [stdout] error[E0433]: failed to resolve: use of undeclared crate or module `users_schema`
[INFO] [stdout]   --> src/bin/update_user.rs:10:14
[INFO] [stdout]    |
[INFO] [stdout] 10 |         .set(users_schema::name.eq("updaet_user"))
[INFO] [stdout]    |              ^^^^^^^^^^^^ use of undeclared crate or module `users_schema`
[INFO] [stdout] 
[INFO] [stdout] 
[INFO] [stdout] error[E0425]: cannot find function `establish_connection` in this scope
[INFO] [stdout]  --> src/bin/update_user.rs:6:22
[INFO] [stdout]   |
[INFO] [stdout] 6 |     let connection = establish_connection();
[INFO] [stdout]   |                      ^^^^^^^^^^^^^^^^^^^^ not found in this scope
[INFO] [stdout]   |
[INFO] [stdout] help: consider importing this function
[INFO] [stdout]   |
[INFO] [stdout] 1 | use app::utils::establish_connection;
[INFO] [stdout]   |
[INFO] [stdout] 
[INFO] [stdout] 
[INFO] [stdout] error: aborting due to 5 previous errors
[INFO] [stdout] 
[INFO] [stdout] 
[INFO] [stdout] Some errors have detailed explanations: E0425, E0433.
[INFO] [stdout] 
[INFO] [stdout] For more information about an error, try `rustc --explain E0425`.
[INFO] [stdout] 
[INFO] [stdout] error[E0433]: failed to resolve: use of undeclared crate or module `api`
[INFO] [stdout]  --> src/bin/insert_user.rs:1:5
[INFO] [stdout]   |
[INFO] [stdout] 1 | use api::models::NewUser;
[INFO] [stdout]   |     ^^^ use of undeclared crate or module `api`
[INFO] [stdout] 
[INFO] [stdout] 
[INFO] [stdout] error[E0433]: failed to resolve: use of undeclared crate or module `api`
[INFO] [stdout]  --> src/bin/insert_user.rs:2:5
[INFO] [stdout]   |
[INFO] [stdout] 2 | use api::schema::users as users_schema;
[INFO] [stdout]   |     ^^^ use of undeclared crate or module `api`
[INFO] [stdout] 
[INFO] [stdout] 
[INFO] [stdout] error[E0433]: failed to resolve: use of undeclared crate or module `api`
[INFO] [stdout]  --> src/bin/insert_user.rs:3:5
[INFO] [stdout]   |
[INFO] [stdout] 3 | use api::utils::establish_connection;
[INFO] [stdout]   |     ^^^ use of undeclared crate or module `api`
[INFO] [stdout] 
[INFO] [stdout] 
[INFO] [stderr] error: could not compile `app`
[INFO] [stderr] 
[INFO] [stderr] To learn more, run the command again with --verbose.
[INFO] [stderr] warning: build failed, waiting for other jobs to finish...
[INFO] [stdout] error[E0433]: failed to resolve: use of undeclared crate or module `users_schema`
[INFO] [stdout]  --> src/bin/show_user.rs:8:17
[INFO] [stdout]   |
[INFO] [stdout] 8 |     let users = users_schema::dsl::users
[INFO] [stdout]   |                 ^^^^^^^^^^^^ use of undeclared crate or module `users_schema`
[INFO] [stdout] 
[INFO] [stdout] 
[INFO] [stdout] error[E0425]: cannot find function `establish_connection` in this scope
[INFO] [stdout]  --> src/bin/show_user.rs:7:22
[INFO] [stdout]   |
[INFO] [stdout] 7 |     let connection = establish_connection();
[INFO] [stdout]   |                      ^^^^^^^^^^^^^^^^^^^^ not found in this scope
[INFO] [stdout]   |
[INFO] [stdout] help: consider importing this function
[INFO] [stdout]   |
[INFO] [stdout] 1 | use app::utils::establish_connection;
[INFO] [stdout]   |
[INFO] [stdout] 
[INFO] [stdout] 
[INFO] [stdout] error[E0412]: cannot find type `User` in this scope
[INFO] [stdout]  --> src/bin/show_user.rs:9:17
[INFO] [stdout]   |
[INFO] [stdout] 9 |         .load::<User>(&connection)
[INFO] [stdout]   |                 ^^^^ not found in this scope
[INFO] [stdout]   |
[INFO] [stdout] help: consider importing this struct
[INFO] [stdout]   |
[INFO] [stdout] 1 | use app::models::User;
[INFO] [stdout]   |
[INFO] [stdout] 
[INFO] [stdout] 
[INFO] [stdout] warning: unused import: `diesel::prelude`
[INFO] [stdout]  --> src/bin/show_user.rs:4:5
[INFO] [stdout]   |
[INFO] [stdout] 4 | use diesel::prelude::*;
[INFO] [stdout]   |     ^^^^^^^^^^^^^^^
[INFO] [stdout]   |
[INFO] [stdout]   = note: `#[warn(unused_imports)]` on by default
[INFO] [stdout] 
[INFO] [stdout] 
[INFO] [stdout] error[E0433]: failed to resolve: use of undeclared crate or module `users_schema`
[INFO] [stdout]  --> src/bin/delete_user.rs:8:20
[INFO] [stdout]   |
[INFO] [stdout] 8 |     diesel::delete(users_schema::dsl::users.find(1))
[INFO] [stdout]   |                    ^^^^^^^^^^^^ use of undeclared crate or module `users_schema`
[INFO] [stdout] 
[INFO] [stdout] 
[INFO] [stdout] error[E0425]: cannot find function `establish_connection` in this scope
[INFO] [stdout]  --> src/bin/delete_user.rs:6:22
[INFO] [stdout]   |
[INFO] [stdout] 6 |     let connection = establish_connection();
[INFO] [stdout]   |                      ^^^^^^^^^^^^^^^^^^^^ not found in this scope
[INFO] [stdout]   |
[INFO] [stdout] help: consider importing this function
[INFO] [stdout]   |
[INFO] [stdout] 1 | use app::utils::establish_connection;
[INFO] [stdout]   |
[INFO] [stdout] 
[INFO] [stdout] 
[INFO] [stdout] error: aborting due to 4 previous errors
[INFO] [stdout] 
[INFO] [stdout] 
[INFO] [stdout] Some errors have detailed explanations: E0425, E0433.
[INFO] [stdout] 
[INFO] [stdout] For more information about an error, try `rustc --explain E0425`.
[INFO] [stdout] 
[INFO] [stdout] error[E0433]: failed to resolve: use of undeclared crate or module `users_schema`
[INFO] [stdout]   --> src/bin/insert_user.rs:19:25
[INFO] [stdout]    |
[INFO] [stdout] 19 |     diesel::insert_into(users_schema::dsl::users)
[INFO] [stdout]    |                         ^^^^^^^^^^^^ use of undeclared crate or module `users_schema`
[INFO] [stdout] 
[INFO] [stdout] 
[INFO] [stdout] error[E0425]: cannot find function `establish_connection` in this scope
[INFO] [stdout]  --> src/bin/insert_user.rs:8:22
[INFO] [stdout]   |
[INFO] [stdout] 8 |     let connection = establish_connection();
[INFO] [stdout]   |                      ^^^^^^^^^^^^^^^^^^^^ not found in this scope
[INFO] [stdout]   |
[INFO] [stdout] help: consider importing this function
[INFO] [stdout]   |
[INFO] [stdout] 1 | use app::utils::establish_connection;
[INFO] [stdout]   |
[INFO] [stdout] 
[INFO] [stdout] 
[INFO] [stdout] error[E0422]: cannot find struct, variant or union type `NewUser` in this scope
[INFO] [stdout]   --> src/bin/insert_user.rs:11:9
[INFO] [stdout]    |
[INFO] [stdout] 11 |         NewUser {
[INFO] [stdout]    |         ^^^^^^^ not found in this scope
[INFO] [stdout]    |
[INFO] [stdout] help: consider importing this struct
[INFO] [stdout]    |
[INFO] [stdout] 1  | use app::models::NewUser;
[INFO] [stdout]    |
[INFO] [stdout] 
[INFO] [stdout] 
[INFO] [stdout] error[E0422]: cannot find struct, variant or union type `NewUser` in this scope
[INFO] [stdout]   --> src/bin/insert_user.rs:14:9
[INFO] [stdout]    |
[INFO] [stdout] 14 |         NewUser {
[INFO] [stdout]    |         ^^^^^^^ not found in this scope
[INFO] [stdout]    |
[INFO] [stdout] help: consider importing this struct
[INFO] [stdout]    |
[INFO] [stdout] 1  | use app::models::NewUser;
[INFO] [stdout]    |
[INFO] [stdout] 
[INFO] [stdout] 
[INFO] [stdout] error: aborting due to 6 previous errors; 1 warning emitted
[INFO] [stdout] 
[INFO] [stdout] 
[INFO] [stdout] Some errors have detailed explanations: E0412, E0425, E0433.
[INFO] [stdout] 
[INFO] [stdout] For more information about an error, try `rustc --explain E0412`.
[INFO] [stdout] 
[INFO] [stdout] error[E0275]: overflow evaluating the requirement `(&_, &_, &_, &_, &_): diesel::Insertable<_>`
[INFO] [stdout]   --> src/bin/insert_user.rs:21:10
[INFO] [stdout]    |
[INFO] [stdout] 21 |         .execute(&connection)
[INFO] [stdout]    |          ^^^^^^^
[INFO] [stdout]    |
[INFO] [stdout]    = help: consider adding a `#![recursion_limit="256"]` attribute to your crate (`insert_user`)
[INFO] [stdout]    = note: required because of the requirements on the impl of `diesel::Insertable<_>` for `&(_, _, _, _, _)`
[INFO] [stdout]    = note: 124 redundant requirements hidden
[INFO] [stdout]    = note: required because of the requirements on the impl of `diesel::Insertable<_>` for `&(((((((((((((((((((((((((((((((((((((((((((((((((((((((((((((((_, _, _, _, _), _, _, _, _), _, _, _, _), _, _, _, _), _, _, _, _), _, _, _, _), _, _, _, _), _, _, _, _), _, _, _, _), _, _, _, _), _, _, _, _), _, _, _, _), _, _, _, _), _, _, _, _), _, _, _, _), _, _, _, _), _, _, _, _), _, _, _, _), _, _, _, _), _, _, _, _), _, _, _, _), _, _, _, _), _, _, _, _), _, _, _, _), _, _, _, _), _, _, _, _), _, _, _, _), _, _, _, _), _, _, _, _), _, _, _, _), _, _, _, _), _, _, _, _), _, _, _, _), _, _, _, _), _, _, _, _), _, _, _, _), _, _, _, _), _, _, _, _), _, _, _, _), _, _, _, _), _, _, _, _), _, _, _, _), _, _, _, _), _, _, _, _), _, _, _, _), _, _, _, _), _, _, _, _), _, _, _, _), _, _, _, _), _, _, _, _), _, _, _, _), _, _, _, _), _, _, _, _), _, _, _, _), _, _, _, _), _, _, _, _), _, _, _, _), _, _, _, _), _, _, _, _), _, _, _, _), _, _, _, _), _, _, _, _), _, _, _, _)`
[INFO] [stdout]    = note: required because of the requirements on the impl of `QueryFragment<_>` for `BatchInsert<'_, (((((((((((((((((((((((((((((((((((((((((((((((((((((((((((((((_, _, _, _, _), _, _, _, _), _, _, _, _), _, _, _, _), _, _, _, _), _, _, _, _), _, _, _, _), _, _, _, _), _, _, _, _), _, _, _, _), _, _, _, _), _, _, _, _), _, _, _, _), _, _, _, _), _, _, _, _), _, _, _, _), _, _, _, _), _, _, _, _), _, _, _, _), _, _, _, _), _, _, _, _), _, _, _, _), _, _, _, _), _, _, _, _), _, _, _, _), _, _, _, _), _, _, _, _), _, _, _, _), _, _, _, _), _, _, _, _), _, _, _, _), _, _, _, _), _, _, _, _), _, _, _, _), _, _, _, _), _, _, _, _), _, _, _, _), _, _, _, _), _, _, _, _), _, _, _, _), _, _, _, _), _, _, _, _), _, _, _, _), _, _, _, _), _, _, _, _), _, _, _, _), _, _, _, _), _, _, _, _), _, _, _, _), _, _, _, _), _, _, _, _), _, _, _, _), _, _, _, _), _, _, _, _), _, _, _, _), _, _, _, _), _, _, _, _), _, _, _, _), _, _, _, _), _, _, _, _), _, _, _, _), _, _, _, _), _, _, _, _), _>`
[INFO] [stdout]    = note: 1 redundant requirements hidden
[INFO] [stdout]    = note: required because of the requirements on the impl of `QueryFragment<_>` for `InsertStatement<_, BatchInsert<'_, (((((((((((((((((((((((((((((((((((((((((((((((((((((((((((((((_, _, _, _, _), _, _, _, _), _, _, _, _), _, _, _, _), _, _, _, _), _, _, _, _), _, _, _, _), _, _, _, _), _, _, _, _), _, _, _, _), _, _, _, _), _, _, _, _), _, _, _, _), _, _, _, _), _, _, _, _), _, _, _, _), _, _, _, _), _, _, _, _), _, _, _, _), _, _, _, _), _, _, _, _), _, _, _, _), _, _, _, _), _, _, _, _), _, _, _, _), _, _, _, _), _, _, _, _), _, _, _, _), _, _, _, _), _, _, _, _), _, _, _, _), _, _, _, _), _, _, _, _), _, _, _, _), _, _, _, _), _, _, _, _), _, _, _, _), _, _, _, _), _, _, _, _), _, _, _, _), _, _, _, _), _, _, _, _), _, _, _, _), _, _, _, _), _, _, _, _), _, _, _, _), _, _, _, _), _, _, _, _), _, _, _, _), _, _, _, _), _, _, _, _), _, _, _, _), _, _, _, _), _, _, _, _), _, _, _, _), _, _, _, _), _, _, _, _), _, _, _, _), _, _, _, _), _, _, _, _), _, _, _, _), _, _, _, _), _, _, _, _), _>>`
[INFO] [stdout]    = note: required because of the requirements on the impl of `ExecuteDsl<_, _>` for `InsertStatement<_, BatchInsert<'_, (((((((((((((((((((((((((((((((((((((((((((((((((((((((((((((((_, _, _, _, _), _, _, _, _), _, _, _, _), _, _, _, _), _, _, _, _), _, _, _, _), _, _, _, _), _, _, _, _), _, _, _, _), _, _, _, _), _, _, _, _), _, _, _, _), _, _, _, _), _, _, _, _), _, _, _, _), _, _, _, _), _, _, _, _), _, _, _, _), _, _, _, _), _, _, _, _), _, _, _, _), _, _, _, _), _, _, _, _), _, _, _, _), _, _, _, _), _, _, _, _), _, _, _, _), _, _, _, _), _, _, _, _), _, _, _, _), _, _, _, _), _, _, _, _), _, _, _, _), _, _, _, _), _, _, _, _), _, _, _, _), _, _, _, _), _, _, _, _), _, _, _, _), _, _, _, _), _, _, _, _), _, _, _, _), _, _, _, _), _, _, _, _), _, _, _, _), _, _, _, _), _, _, _, _), _, _, _, _), _, _, _, _), _, _, _, _), _, _, _, _), _, _, _, _), _, _, _, _), _, _, _, _), _, _, _, _), _, _, _, _), _, _, _, _), _, _, _, _), _, _, _, _), _, _, _, _), _, _, _, _), _, _, _, _), _, _, _, _), _>>`
[INFO] [stdout] 
[INFO] [stdout] 
[INFO] [stdout] error: aborting due to 8 previous errors
[INFO] [stdout] 
[INFO] [stdout] 
[INFO] [stdout] Some errors have detailed explanations: E0275, E0422, E0425, E0433.
[INFO] [stdout] 
[INFO] [stdout] For more information about an error, try `rustc --explain E0275`.
[INFO] [stdout] 
[INFO] [stderr] error: build failed
[INFO] running `Command { std: "docker" "inspect" "d96725b5db88d60c0902f14e6789ee565746650466c7fcfbd8164cb6067af5ce", kill_on_drop: false }`
[INFO] running `Command { std: "docker" "rm" "-f" "d96725b5db88d60c0902f14e6789ee565746650466c7fcfbd8164cb6067af5ce", kill_on_drop: false }`
[INFO] [stdout] d96725b5db88d60c0902f14e6789ee565746650466c7fcfbd8164cb6067af5ce
