[INFO] cloning repository https://github.com/RustemB/oxiide
[INFO] running `Command { std: "git" "-c" "credential.helper=" "-c" "credential.helper=/workspace/cargo-home/bin/git-credential-null" "clone" "--bare" "https://github.com/RustemB/oxiide" "/workspace/cache/git-repos/https%3A%2F%2Fgithub.com%2FRustemB%2Foxiide", kill_on_drop: false }`
[INFO] [stderr] Cloning into bare repository '/workspace/cache/git-repos/https%3A%2F%2Fgithub.com%2FRustemB%2Foxiide'...
[INFO] running `Command { std: "git" "rev-parse" "HEAD", kill_on_drop: false }`
[INFO] [stdout] baa73ec9d4d82203c6c2a8d3b96e5704dd2ed7f6
[INFO] testing RustemB/oxiide against beta-2021-08-01 for beta-1.55-1
[INFO] running `Command { std: "git" "clone" "/workspace/cache/git-repos/https%3A%2F%2Fgithub.com%2FRustemB%2Foxiide" "/workspace/builds/worker-7/source", kill_on_drop: false }`
[INFO] [stderr] Cloning into '/workspace/builds/worker-7/source'...
[INFO] [stderr] done.
[INFO] validating manifest of git repo https://github.com/RustemB/oxiide on toolchain beta-2021-08-01
[INFO] running `Command { std: "/workspace/cargo-home/bin/cargo" "+beta-2021-08-01" "metadata" "--manifest-path" "Cargo.toml" "--no-deps", kill_on_drop: false }`
[INFO] started tweaking git repo https://github.com/RustemB/oxiide
[INFO] finished tweaking git repo https://github.com/RustemB/oxiide
[INFO] tweaked toml for git repo https://github.com/RustemB/oxiide written to /workspace/builds/worker-7/source/Cargo.toml
[INFO] running `Command { std: "/workspace/cargo-home/bin/cargo" "+beta-2021-08-01" "generate-lockfile" "--manifest-path" "Cargo.toml" "-Zno-index-update", kill_on_drop: false }`
[INFO] running `Command { std: "/workspace/cargo-home/bin/cargo" "+beta-2021-08-01" "fetch" "--manifest-path" "Cargo.toml", kill_on_drop: false }`
[INFO] [stderr]     Blocking waiting for file lock on package cache
[INFO] running `Command { std: "docker" "create" "-v" "/var/lib/crater-agent-workspace/builds/worker-7/target:/opt/rustwide/target:rw,Z" "-v" "/var/lib/crater-agent-workspace/builds/worker-7/source:/opt/rustwide/workdir:ro,Z" "-v" "/var/lib/crater-agent-workspace/cargo-home:/opt/rustwide/cargo-home:ro,Z" "-v" "/var/lib/crater-agent-workspace/rustup-home:/opt/rustwide/rustup-home:ro,Z" "-e" "SOURCE_DIR=/opt/rustwide/workdir" "-e" "CARGO_TARGET_DIR=/opt/rustwide/target" "-e" "CARGO_HOME=/opt/rustwide/cargo-home" "-e" "RUSTUP_HOME=/opt/rustwide/rustup-home" "-w" "/opt/rustwide/workdir" "-m" "1610612736" "--user" "0:0" "--network" "none" "ghcr.io/rust-lang/crates-build-env/linux@sha256:34b6a614d2c27851fe6cbf88fbd1137609cefab8b10d0615aaeb6fd47975d74e" "/opt/rustwide/cargo-home/bin/cargo" "+beta-2021-08-01" "metadata" "--no-deps" "--format-version=1", kill_on_drop: false }`
[INFO] [stdout] f547552e5833323bc57917bddf6ebd59a87de46792f1b20e5f2d9717b14a7827
[INFO] running `Command { std: "docker" "start" "-a" "f547552e5833323bc57917bddf6ebd59a87de46792f1b20e5f2d9717b14a7827", kill_on_drop: false }`
[INFO] running `Command { std: "docker" "inspect" "f547552e5833323bc57917bddf6ebd59a87de46792f1b20e5f2d9717b14a7827", kill_on_drop: false }`
[INFO] running `Command { std: "docker" "rm" "-f" "f547552e5833323bc57917bddf6ebd59a87de46792f1b20e5f2d9717b14a7827", kill_on_drop: false }`
[INFO] [stdout] f547552e5833323bc57917bddf6ebd59a87de46792f1b20e5f2d9717b14a7827
[INFO] running `Command { std: "docker" "create" "-v" "/var/lib/crater-agent-workspace/builds/worker-7/target:/opt/rustwide/target:rw,Z" "-v" "/var/lib/crater-agent-workspace/builds/worker-7/source:/opt/rustwide/workdir:ro,Z" "-v" "/var/lib/crater-agent-workspace/cargo-home:/opt/rustwide/cargo-home:ro,Z" "-v" "/var/lib/crater-agent-workspace/rustup-home:/opt/rustwide/rustup-home:ro,Z" "-e" "SOURCE_DIR=/opt/rustwide/workdir" "-e" "CARGO_TARGET_DIR=/opt/rustwide/target" "-e" "CARGO_INCREMENTAL=0" "-e" "RUST_BACKTRACE=full" "-e" "RUSTFLAGS=--cap-lints=warn" "-e" "CARGO_HOME=/opt/rustwide/cargo-home" "-e" "RUSTUP_HOME=/opt/rustwide/rustup-home" "-w" "/opt/rustwide/workdir" "-m" "1610612736" "--user" "0:0" "--network" "none" "ghcr.io/rust-lang/crates-build-env/linux@sha256:34b6a614d2c27851fe6cbf88fbd1137609cefab8b10d0615aaeb6fd47975d74e" "/opt/rustwide/cargo-home/bin/cargo" "+beta-2021-08-01" "build" "--frozen" "--message-format=json", kill_on_drop: false }`
[INFO] [stdout] c7151cb2d3aeb7ee60462982aceffa4171e8416e6d0f0d646377d7a0be027c61
[INFO] running `Command { std: "docker" "start" "-a" "c7151cb2d3aeb7ee60462982aceffa4171e8416e6d0f0d646377d7a0be027c61", kill_on_drop: false }`
[INFO] [stderr]    Compiling oxiide v0.1.0 (/opt/rustwide/workdir)
[INFO] [stdout] warning: field is never read: `msg`
[INFO] [stdout]  --> src/keybind.rs:2:5
[INFO] [stdout]   |
[INFO] [stdout] 2 |     msg: T,
[INFO] [stdout]   |     ^^^^^^
[INFO] [stdout]   |
[INFO] [stdout]   = note: `#[warn(dead_code)]` on by default
[INFO] [stdout] 
[INFO] [stdout] 
[INFO] [stdout] warning: 1 warning emitted
[INFO] [stdout] 
[INFO] [stdout] 
[INFO] [stderr]     Finished dev [unoptimized + debuginfo] target(s) in 1.28s
[INFO] running `Command { std: "docker" "inspect" "c7151cb2d3aeb7ee60462982aceffa4171e8416e6d0f0d646377d7a0be027c61", kill_on_drop: false }`
[INFO] running `Command { std: "docker" "rm" "-f" "c7151cb2d3aeb7ee60462982aceffa4171e8416e6d0f0d646377d7a0be027c61", kill_on_drop: false }`
[INFO] [stdout] c7151cb2d3aeb7ee60462982aceffa4171e8416e6d0f0d646377d7a0be027c61
[INFO] running `Command { std: "docker" "create" "-v" "/var/lib/crater-agent-workspace/builds/worker-7/target:/opt/rustwide/target:rw,Z" "-v" "/var/lib/crater-agent-workspace/builds/worker-7/source:/opt/rustwide/workdir:ro,Z" "-v" "/var/lib/crater-agent-workspace/cargo-home:/opt/rustwide/cargo-home:ro,Z" "-v" "/var/lib/crater-agent-workspace/rustup-home:/opt/rustwide/rustup-home:ro,Z" "-e" "SOURCE_DIR=/opt/rustwide/workdir" "-e" "CARGO_TARGET_DIR=/opt/rustwide/target" "-e" "CARGO_INCREMENTAL=0" "-e" "RUST_BACKTRACE=full" "-e" "RUSTFLAGS=--cap-lints=warn" "-e" "CARGO_HOME=/opt/rustwide/cargo-home" "-e" "RUSTUP_HOME=/opt/rustwide/rustup-home" "-w" "/opt/rustwide/workdir" "-m" "1610612736" "--user" "0:0" "--network" "none" "ghcr.io/rust-lang/crates-build-env/linux@sha256:34b6a614d2c27851fe6cbf88fbd1137609cefab8b10d0615aaeb6fd47975d74e" "/opt/rustwide/cargo-home/bin/cargo" "+beta-2021-08-01" "test" "--frozen" "--no-run" "--message-format=json", kill_on_drop: false }`
[INFO] [stdout] 94495ebf43516f0829dd6a651848b791e3da22c13dfa8195838f64778a2c8a76
[INFO] running `Command { std: "docker" "start" "-a" "94495ebf43516f0829dd6a651848b791e3da22c13dfa8195838f64778a2c8a76", kill_on_drop: false }`
[INFO] [stderr]     Blocking waiting for file lock on package cache
[INFO] [stdout] warning: field is never read: `msg`
[INFO] [stdout]  --> src/keybind.rs:2:5
[INFO] [stdout]   |
[INFO] [stdout] 2 |     msg: T,
[INFO] [stdout]   |     ^^^^^^
[INFO] [stdout]   |
[INFO] [stdout]   = note: `#[warn(dead_code)]` on by default
[INFO] [stdout] 
[INFO] [stdout] 
[INFO] [stderr]    Compiling oxiide v0.1.0 (/opt/rustwide/workdir)
[INFO] [stdout] warning: 1 warning emitted
[INFO] [stdout] 
[INFO] [stdout] 
[INFO] [stdout] error[E0432]: unresolved imports `oxiide::Color`, `oxiide::Execute`, `oxiide::KeyBind`, `oxiide::Keys`, `oxiide::Layout`, `oxiide::Window`, `oxiide::WindowManager`, `oxiide::Workspace`
[INFO] [stdout]  --> examples/simple.rs:1:14
[INFO] [stdout]   |
[INFO] [stdout] 1 | use oxiide::{Color, Execute, KeyBind, Keys, Layout, Window, WindowManager, Workspace};
[INFO] [stdout]   |              ^^^^^  ^^^^^^^  ^^^^^^^  ^^^^  ^^^^^^  ^^^^^^  ^^^^^^^^^^^^^  ^^^^^^^^^ no `Workspace` in the root
[INFO] [stdout]   |              |      |        |        |     |       |       |
[INFO] [stdout]   |              |      |        |        |     |       |       no `WindowManager` in the root
[INFO] [stdout]   |              |      |        |        |     |       no `Window` in the root
[INFO] [stdout]   |              |      |        |        |     no `Layout` in the root
[INFO] [stdout]   |              |      |        |        no `Keys` in the root
[INFO] [stdout]   |              |      |        no `KeyBind` in the root
[INFO] [stdout]   |              |      no `Execute` in the root
[INFO] [stdout]   |              no `Color` in the root
[INFO] [stdout]   |
[INFO] [stdout] help: a similar name exists in the module
[INFO] [stdout]   |
[INFO] [stdout] 1 | use oxiide::{Color, Execute, keybind, Keys, Layout, Window, WindowManager, Workspace};
[INFO] [stdout]   |                              ^^^^^^^
[INFO] [stdout] help: a similar name exists in the module
[INFO] [stdout]   |
[INFO] [stdout] 1 | use oxiide::{Color, Execute, KeyBind, Keys, Layout, Window, windowmanager, Workspace};
[INFO] [stdout]   |                                                             ^^^^^^^^^^^^^
[INFO] [stdout] 
[INFO] [stdout] 
[INFO] [stdout] error[E0433]: failed to resolve: use of undeclared type `Key`
[INFO] [stdout]   --> examples/simple.rs:58:13
[INFO] [stdout]    |
[INFO] [stdout] 58 |             Key::Mod(Key::Return).bind(Message::Spawn("alacritty")),
[INFO] [stdout]    |             ^^^ use of undeclared type `Key`
[INFO] [stdout] 
[INFO] [stdout] 
[INFO] [stdout] error[E0433]: failed to resolve: use of undeclared type `Key`
[INFO] [stdout]   --> examples/simple.rs:58:22
[INFO] [stdout]    |
[INFO] [stdout] 58 |             Key::Mod(Key::Return).bind(Message::Spawn("alacritty")),
[INFO] [stdout]    |                      ^^^ use of undeclared type `Key`
[INFO] [stdout] 
[INFO] [stdout] 
[INFO] [stdout] error[E0433]: failed to resolve: use of undeclared type `Key`
[INFO] [stdout]   --> examples/simple.rs:59:13
[INFO] [stdout]    |
[INFO] [stdout] 59 |             Key::Mod(Key::Alt(Key::Escape)).bind(Message::Exit),
[INFO] [stdout]    |             ^^^ use of undeclared type `Key`
[INFO] [stdout] 
[INFO] [stdout] 
[INFO] [stdout] error[E0433]: failed to resolve: use of undeclared type `Key`
[INFO] [stdout]   --> examples/simple.rs:59:22
[INFO] [stdout]    |
[INFO] [stdout] 59 |             Key::Mod(Key::Alt(Key::Escape)).bind(Message::Exit),
[INFO] [stdout]    |                      ^^^ use of undeclared type `Key`
[INFO] [stdout] 
[INFO] [stdout] 
[INFO] [stdout] error[E0433]: failed to resolve: use of undeclared type `Key`
[INFO] [stdout]   --> examples/simple.rs:59:31
[INFO] [stdout]    |
[INFO] [stdout] 59 |             Key::Mod(Key::Alt(Key::Escape)).bind(Message::Exit),
[INFO] [stdout]    |                               ^^^ use of undeclared type `Key`
[INFO] [stdout] 
[INFO] [stdout] 
[INFO] [stdout] error[E0433]: failed to resolve: use of undeclared type `Key`
[INFO] [stdout]   --> examples/simple.rs:61:24
[INFO] [stdout]    |
[INFO] [stdout] 61 |             .map(|idx| Key::Mod(Key::NumLine(idx)).bind(Message::SwitchWorkspace(idx)))
[INFO] [stdout]    |                        ^^^ use of undeclared type `Key`
[INFO] [stdout] 
[INFO] [stdout] 
[INFO] [stdout] error[E0433]: failed to resolve: use of undeclared type `Key`
[INFO] [stdout]   --> examples/simple.rs:61:33
[INFO] [stdout]    |
[INFO] [stdout] 61 |             .map(|idx| Key::Mod(Key::NumLine(idx)).bind(Message::SwitchWorkspace(idx)))
[INFO] [stdout]    |                                 ^^^ use of undeclared type `Key`
[INFO] [stdout] 
[INFO] [stdout] 
[INFO] [stdout] error[E0412]: cannot find type `Result` in crate `oxiide`
[INFO] [stdout]  --> examples/simple.rs:3:22
[INFO] [stdout]   |
[INFO] [stdout] 3 | fn main() -> oxiide::Result {
[INFO] [stdout]   |                      ^^^^^^ not found in `oxiide`
[INFO] [stdout]   |
[INFO] [stdout] help: consider importing one of these items
[INFO] [stdout]   |
[INFO] [stdout] 1 | use core::fmt::Result;
[INFO] [stdout]   |
[INFO] [stdout] 1 | use core::result::Result;
[INFO] [stdout]   |
[INFO] [stdout] 1 | use oxiide::result::Result;
[INFO] [stdout]   |
[INFO] [stdout] 1 | use std::fmt::Result;
[INFO] [stdout]   |
[INFO] [stdout]     and 3 other candidates
[INFO] [stdout] 
[INFO] [stdout] 
[INFO] [stdout] error[E0531]: cannot find tuple struct or tuple variant `Spawn` in this scope
[INFO] [stdout]   --> examples/simple.rs:49:13
[INFO] [stdout]    |
[INFO] [stdout] 49 |             Spawn(cmd) => Execute::spawn(cmd),
[INFO] [stdout]    |             ^^^^^ not found in this scope
[INFO] [stdout]    |
[INFO] [stdout] help: consider importing this tuple variant
[INFO] [stdout]    |
[INFO] [stdout] 1  | use crate::Message::Spawn;
[INFO] [stdout]    |
[INFO] [stdout] 
[INFO] [stdout] 
[INFO] [stdout] error[E0531]: cannot find tuple struct or tuple variant `SwitchWorkspace` in this scope
[INFO] [stdout]   --> examples/simple.rs:50:13
[INFO] [stdout]    |
[INFO] [stdout] 50 |             SwitchWorkspace(idx) => self.cws = idx,
[INFO] [stdout]    |             ^^^^^^^^^^^^^^^ not found in this scope
[INFO] [stdout]    |
[INFO] [stdout] help: consider importing this tuple variant
[INFO] [stdout]    |
[INFO] [stdout] 1  | use crate::Message::SwitchWorkspace;
[INFO] [stdout]    |
[INFO] [stdout] 
[INFO] [stdout] 
[INFO] [stdout] error: aborting due to 11 previous errors
[INFO] [stdout] 
[INFO] [stdout] 
[INFO] [stdout] Some errors have detailed explanations: E0412, E0432, E0433, E0531.
[INFO] [stdout] 
[INFO] [stdout] For more information about an error, try `rustc --explain E0412`.
[INFO] [stdout] 
[INFO] [stderr] error: could not compile `oxiide` due to 12 previous errors
[INFO] [stderr] warning: build failed, waiting for other jobs to finish...
[INFO] [stdout] warning: field is never read: `msg`
[INFO] [stdout]  --> src/keybind.rs:2:5
[INFO] [stdout]   |
[INFO] [stdout] 2 |     msg: T,
[INFO] [stdout]   |     ^^^^^^
[INFO] [stdout]   |
[INFO] [stdout]   = note: `#[warn(dead_code)]` on by default
[INFO] [stdout] 
[INFO] [stdout] 
[INFO] [stdout] warning: 1 warning emitted
[INFO] [stdout] 
[INFO] [stdout] 
[INFO] [stderr] error: build failed
[INFO] running `Command { std: "docker" "inspect" "94495ebf43516f0829dd6a651848b791e3da22c13dfa8195838f64778a2c8a76", kill_on_drop: false }`
[INFO] running `Command { std: "docker" "rm" "-f" "94495ebf43516f0829dd6a651848b791e3da22c13dfa8195838f64778a2c8a76", kill_on_drop: false }`
[INFO] [stdout] 94495ebf43516f0829dd6a651848b791e3da22c13dfa8195838f64778a2c8a76
