[INFO] cloning repository https://github.com/RustAudio/rnnoise-c
[INFO] running `Command { std: "git" "-c" "credential.helper=" "-c" "credential.helper=/workspace/cargo-home/bin/git-credential-null" "clone" "--bare" "https://github.com/RustAudio/rnnoise-c" "/workspace/cache/git-repos/https%3A%2F%2Fgithub.com%2FRustAudio%2Frnnoise-c", kill_on_drop: false }`
[INFO] [stderr] Cloning into bare repository '/workspace/cache/git-repos/https%3A%2F%2Fgithub.com%2FRustAudio%2Frnnoise-c'...
[INFO] running `Command { std: "git" "rev-parse" "HEAD", kill_on_drop: false }`
[INFO] [stdout] 454ef9d12aeaff32ab00dc59d1d8cce7232a29b1
[INFO] testing RustAudio/rnnoise-c against beta-2021-08-01 for beta-1.55-1
[INFO] running `Command { std: "git" "clone" "/workspace/cache/git-repos/https%3A%2F%2Fgithub.com%2FRustAudio%2Frnnoise-c" "/workspace/builds/worker-37/source", kill_on_drop: false }`
[INFO] [stderr] Cloning into '/workspace/builds/worker-37/source'...
[INFO] [stderr] done.
[INFO] validating manifest of git repo https://github.com/RustAudio/rnnoise-c on toolchain beta-2021-08-01
[INFO] running `Command { std: "/workspace/cargo-home/bin/cargo" "+beta-2021-08-01" "metadata" "--manifest-path" "Cargo.toml" "--no-deps", kill_on_drop: false }`
[INFO] started tweaking git repo https://github.com/RustAudio/rnnoise-c
[INFO] finished tweaking git repo https://github.com/RustAudio/rnnoise-c
[INFO] tweaked toml for git repo https://github.com/RustAudio/rnnoise-c written to /workspace/builds/worker-37/source/Cargo.toml
[INFO] crate git repo https://github.com/RustAudio/rnnoise-c already has a lockfile, it will not be regenerated
[INFO] running `Command { std: "/workspace/cargo-home/bin/cargo" "+beta-2021-08-01" "fetch" "--manifest-path" "Cargo.toml", kill_on_drop: false }`
[INFO] [stderr]     Blocking waiting for file lock on package cache
[INFO] [stderr]  Downloading crates ...
[INFO] [stderr]   Downloaded alac v0.3.3
[INFO] [stderr]   Downloaded caf v0.1.0
[INFO] [stderr]   Downloaded ogg v0.5.1
[INFO] [stderr]   Downloaded lewton v0.7.0
[INFO] [stderr]   Downloaded sample v0.9.1
[INFO] [stderr]   Downloaded audrey v0.2.0
[INFO] running `Command { std: "docker" "create" "-v" "/var/lib/crater-agent-workspace/builds/worker-37/target:/opt/rustwide/target:rw,Z" "-v" "/var/lib/crater-agent-workspace/builds/worker-37/source:/opt/rustwide/workdir:ro,Z" "-v" "/var/lib/crater-agent-workspace/cargo-home:/opt/rustwide/cargo-home:ro,Z" "-v" "/var/lib/crater-agent-workspace/rustup-home:/opt/rustwide/rustup-home:ro,Z" "-e" "SOURCE_DIR=/opt/rustwide/workdir" "-e" "CARGO_TARGET_DIR=/opt/rustwide/target" "-e" "CARGO_HOME=/opt/rustwide/cargo-home" "-e" "RUSTUP_HOME=/opt/rustwide/rustup-home" "-w" "/opt/rustwide/workdir" "-m" "1610612736" "--user" "0:0" "--network" "none" "ghcr.io/rust-lang/crates-build-env/linux@sha256:34b6a614d2c27851fe6cbf88fbd1137609cefab8b10d0615aaeb6fd47975d74e" "/opt/rustwide/cargo-home/bin/cargo" "+beta-2021-08-01" "metadata" "--no-deps" "--format-version=1", kill_on_drop: false }`
[INFO] [stdout] a9bd1fa845ac021a410705e3fcc236ec991330489af448569b9927f96609ad4a
[INFO] running `Command { std: "docker" "start" "-a" "a9bd1fa845ac021a410705e3fcc236ec991330489af448569b9927f96609ad4a", kill_on_drop: false }`
[INFO] running `Command { std: "docker" "inspect" "a9bd1fa845ac021a410705e3fcc236ec991330489af448569b9927f96609ad4a", kill_on_drop: false }`
[INFO] running `Command { std: "docker" "rm" "-f" "a9bd1fa845ac021a410705e3fcc236ec991330489af448569b9927f96609ad4a", kill_on_drop: false }`
[INFO] [stdout] a9bd1fa845ac021a410705e3fcc236ec991330489af448569b9927f96609ad4a
[INFO] running `Command { std: "docker" "create" "-v" "/var/lib/crater-agent-workspace/builds/worker-37/target:/opt/rustwide/target:rw,Z" "-v" "/var/lib/crater-agent-workspace/builds/worker-37/source:/opt/rustwide/workdir:ro,Z" "-v" "/var/lib/crater-agent-workspace/cargo-home:/opt/rustwide/cargo-home:ro,Z" "-v" "/var/lib/crater-agent-workspace/rustup-home:/opt/rustwide/rustup-home:ro,Z" "-e" "SOURCE_DIR=/opt/rustwide/workdir" "-e" "CARGO_TARGET_DIR=/opt/rustwide/target" "-e" "CARGO_INCREMENTAL=0" "-e" "RUST_BACKTRACE=full" "-e" "RUSTFLAGS=--cap-lints=warn" "-e" "CARGO_HOME=/opt/rustwide/cargo-home" "-e" "RUSTUP_HOME=/opt/rustwide/rustup-home" "-w" "/opt/rustwide/workdir" "-m" "1610612736" "--user" "0:0" "--network" "none" "ghcr.io/rust-lang/crates-build-env/linux@sha256:34b6a614d2c27851fe6cbf88fbd1137609cefab8b10d0615aaeb6fd47975d74e" "/opt/rustwide/cargo-home/bin/cargo" "+beta-2021-08-01" "build" "--frozen" "--message-format=json", kill_on_drop: false }`
[INFO] [stdout] f5b7bfcc8825eb558e2b9cca02b75942f1e4ac1db466831ad4751f89f47c2ead
[INFO] running `Command { std: "docker" "start" "-a" "f5b7bfcc8825eb558e2b9cca02b75942f1e4ac1db466831ad4751f89f47c2ead", kill_on_drop: false }`
[INFO] [stderr]     Blocking waiting for file lock on package cache
[INFO] [stderr]     Blocking waiting for file lock on package cache
[INFO] [stderr]    Compiling glob v0.3.0
[INFO] [stderr]    Compiling cc v1.0.52
[INFO] [stderr]    Compiling memchr v2.3.3
[INFO] [stderr]    Compiling version_check v0.9.1
[INFO] [stderr]    Compiling proc-macro2 v1.0.12
[INFO] [stderr]    Compiling libc v0.2.69
[INFO] [stderr]    Compiling unicode-xid v0.2.0
[INFO] [stderr]    Compiling bitflags v1.2.1
[INFO] [stderr]    Compiling regex-syntax v0.6.17
[INFO] [stderr]    Compiling bindgen v0.53.2
[INFO] [stderr]    Compiling cfg-if v0.1.10
[INFO] [stderr]    Compiling shlex v0.1.1
[INFO] [stderr]    Compiling lazycell v1.2.1
[INFO] [stderr]    Compiling peeking_take_while v0.1.2
[INFO] [stderr]    Compiling lazy_static v1.4.0
[INFO] [stderr]    Compiling rustc-hash v1.1.0
[INFO] [stderr]    Compiling nom v5.1.1
[INFO] [stderr]    Compiling libloading v0.5.2
[INFO] [stderr]    Compiling clang-sys v0.29.3
[INFO] [stderr]    Compiling regex v1.3.7
[INFO] [stderr]    Compiling quote v1.0.4
[INFO] [stderr]    Compiling cexpr v0.4.0
[INFO] [stderr]    Compiling rnnoise-sys v0.1.3 (/opt/rustwide/workdir/sys)
[INFO] [stderr] The following warnings were emitted during compilation:
[INFO] [stderr] 
[INFO] [stderr] warning: cc: error: rnnoise/src/celt_lpc.c: No such file or directory
[INFO] [stderr] warning: cc: fatal error: no input files
[INFO] [stderr] warning: compilation terminated.
[INFO] [stderr] 
[INFO] [stderr] error: failed to run custom build command for `rnnoise-sys v0.1.3 (/opt/rustwide/workdir/sys)`
[INFO] [stderr] 
[INFO] [stderr] Caused by:
[INFO] [stderr]   process didn't exit successfully: `/opt/rustwide/target/debug/build/rnnoise-sys-db296aa61f274d26/build-script-build` (exit status: 1)
[INFO] [stderr]   --- stdout
[INFO] [stderr]   TARGET = Some("x86_64-unknown-linux-gnu")
[INFO] [stderr]   OPT_LEVEL = Some("0")
[INFO] [stderr]   HOST = Some("x86_64-unknown-linux-gnu")
[INFO] [stderr]   CC_x86_64-unknown-linux-gnu = None
[INFO] [stderr]   CC_x86_64_unknown_linux_gnu = None
[INFO] [stderr]   HOST_CC = None
[INFO] [stderr]   CC = None
[INFO] [stderr]   CFLAGS_x86_64-unknown-linux-gnu = None
[INFO] [stderr]   CFLAGS_x86_64_unknown_linux_gnu = None
[INFO] [stderr]   HOST_CFLAGS = None
[INFO] [stderr]   CFLAGS = None
[INFO] [stderr]   CRATE_CC_NO_DEFAULTS = None
[INFO] [stderr]   DEBUG = Some("true")
[INFO] [stderr]   CARGO_CFG_TARGET_FEATURE = Some("fxsr,sse,sse2")
[INFO] [stderr]   running: "cc" "-O0" "-ffunction-sections" "-fdata-sections" "-fPIC" "-g" "-fno-omit-frame-pointer" "-m64" "-I" "rnnoise/src" "-I" "rnnoise/include" "-Wall" "-Wextra" "-o" "/opt/rustwide/target/debug/build/rnnoise-sys-0cd4659df766298a/out/rnnoise/src/celt_lpc.o" "-c" "rnnoise/src/celt_lpc.c"
[INFO] [stderr]   cargo:warning=cc: error: rnnoise/src/celt_lpc.c: No such file or directory
[INFO] [stderr]   cargo:warning=cc: fatal error: no input files
[INFO] [stderr]   cargo:warning=compilation terminated.
[INFO] [stderr]   exit status: 1
[INFO] [stderr] 
[INFO] [stderr]   --- stderr
[INFO] [stderr] 
[INFO] [stderr] 
[INFO] [stderr]   error occurred: Command "cc" "-O0" "-ffunction-sections" "-fdata-sections" "-fPIC" "-g" "-fno-omit-frame-pointer" "-m64" "-I" "rnnoise/src" "-I" "rnnoise/include" "-Wall" "-Wextra" "-o" "/opt/rustwide/target/debug/build/rnnoise-sys-0cd4659df766298a/out/rnnoise/src/celt_lpc.o" "-c" "rnnoise/src/celt_lpc.c" with args "cc" did not execute successfully (status code exit status: 1).
[INFO] [stderr] 
[INFO] [stderr] 
[INFO] running `Command { std: "docker" "inspect" "f5b7bfcc8825eb558e2b9cca02b75942f1e4ac1db466831ad4751f89f47c2ead", kill_on_drop: false }`
[INFO] running `Command { std: "docker" "rm" "-f" "f5b7bfcc8825eb558e2b9cca02b75942f1e4ac1db466831ad4751f89f47c2ead", kill_on_drop: false }`
[INFO] [stdout] f5b7bfcc8825eb558e2b9cca02b75942f1e4ac1db466831ad4751f89f47c2ead
