[INFO] cloning repository https://github.com/Retamogordo/mockwork
[INFO] running `Command { std: "git" "-c" "credential.helper=" "-c" "credential.helper=/workspace/cargo-home/bin/git-credential-null" "clone" "--bare" "https://github.com/Retamogordo/mockwork" "/workspace/cache/git-repos/https%3A%2F%2Fgithub.com%2FRetamogordo%2Fmockwork", kill_on_drop: false }`
[INFO] [stderr] Cloning into bare repository '/workspace/cache/git-repos/https%3A%2F%2Fgithub.com%2FRetamogordo%2Fmockwork'...
[INFO] running `Command { std: "git" "rev-parse" "HEAD", kill_on_drop: false }`
[INFO] [stdout] e5865098719c4433e266ead24009cacdbedee13f
[INFO] testing Retamogordo/mockwork against 1.54.0 for beta-1.55-1
[INFO] running `Command { std: "git" "clone" "/workspace/cache/git-repos/https%3A%2F%2Fgithub.com%2FRetamogordo%2Fmockwork" "/workspace/builds/worker-25/source", kill_on_drop: false }`
[INFO] [stderr] Cloning into '/workspace/builds/worker-25/source'...
[INFO] [stderr] done.
[INFO] [stderr] Updating files:   3% (342/9554)
Updating files:   3% (348/9554)
Updating files:   3% (358/9554)
Updating files:   3% (363/9554)
Updating files:   3% (375/9554)
Updating files:   4% (383/9554)
Updating files:   5% (478/9554)
Updating files:   6% (574/9554)
Updating files:   6% (648/9554)
Updating files:   6% (664/9554)
Updating files:   7% (669/9554)
Updating files:   7% (724/9554)
Updating files:   8% (765/9554)
Updating files:   9% (860/9554)
Updating files:  10% (956/9554)
Updating files:  11% (1051/9554)
Updating files:  12% (1147/9554)
Updating files:  13% (1243/9554)
Updating files:  14% (1338/9554)
Updating files:  14% (1422/9554)
Updating files:  15% (1434/9554)
Updating files:  16% (1529/9554)
Updating files:  16% (1565/9554)
Updating files:  17% (1625/9554)
Updating files:  17% (1639/9554)
Updating files:  17% (1666/9554)
Updating files:  18% (1720/9554)
Updating files:  19% (1816/9554)
Updating files:  20% (1911/9554)
Updating files:  21% (2007/9554)
Updating files:  22% (2102/9554)
Updating files:  22% (2143/9554)
Updating files:  23% (2198/9554)
Updating files:  24% (2293/9554)
Updating files:  25% (2389/9554)
Updating files:  26% (2485/9554)
Updating files:  27% (2580/9554)
Updating files:  27% (2667/9554)
Updating files:  28% (2676/9554)
Updating files:  29% (2771/9554)
Updating files:  30% (2867/9554)
Updating files:  31% (2962/9554)
Updating files:  32% (3058/9554)
Updating files:  33% (3153/9554)
Updating files:  34% (3249/9554)
Updating files:  35% (3344/9554)
Updating files:  36% (3440/9554)
Updating files:  37% (3535/9554)
Updating files:  38% (3631/9554)
Updating files:  39% (3727/9554)
Updating files:  40% (3822/9554)
Updating files:  41% (3918/9554)
Updating files:  42% (4013/9554)
Updating files:  43% (4109/9554)
Updating files:  44% (4204/9554)
Updating files:  45% (4300/9554)
Updating files:  46% (4395/9554)
Updating files:  47% (4491/9554)
Updating files:  48% (4586/9554)
Updating files:  49% (4682/9554)
Updating files:  50% (4777/9554)
Updating files:  51% (4873/9554)
Updating files:  52% (4969/9554)
Updating files:  53% (5064/9554)
Updating files:  54% (5160/9554)
Updating files:  55% (5255/9554)
Updating files:  56% (5351/9554)
Updating files:  57% (5446/9554)
Updating files:  58% (5542/9554)
Updating files:  59% (5637/9554)
Updating files:  60% (5733/9554)
Updating files:  61% (5828/9554)
Updating files:  62% (5924/9554)
Updating files:  63% (6020/9554)
Updating files:  64% (6115/9554)
Updating files:  65% (6211/9554)
Updating files:  66% (6306/9554)
Updating files:  67% (6402/9554)
Updating files:  68% (6497/9554)
Updating files:  69% (6593/9554)
Updating files:  70% (6688/9554)
Updating files:  71% (6784/9554)
Updating files:  72% (6879/9554)
Updating files:  73% (6975/9554)
Updating files:  74% (7070/9554)
Updating files:  75% (7166/9554)
Updating files:  76% (7262/9554)
Updating files:  77% (7357/9554)
Updating files:  78% (7453/9554)
Updating files:  79% (7548/9554)
Updating files:  80% (7644/9554)
Updating files:  81% (7739/9554)
Updating files:  82% (7835/9554)
Updating files:  83% (7930/9554)
Updating files:  84% (8026/9554)
Updating files:  85% (8121/9554)
Updating files:  86% (8217/9554)
Updating files:  87% (8312/9554)
Updating files:  88% (8408/9554)
Updating files:  89% (8504/9554)
Updating files:  90% (8599/9554)
Updating files:  91% (8695/9554)
Updating files:  92% (8790/9554)
Updating files:  93% (8886/9554)
Updating files:  94% (8981/9554)
Updating files:  95% (9077/9554)
Updating files:  96% (9172/9554)
Updating files:  97% (9268/9554)
Updating files:  98% (9363/9554)
Updating files:  99% (9459/9554)
Updating files: 100% (9554/9554)
Updating files: 100% (9554/9554), done.
[INFO] validating manifest of git repo https://github.com/Retamogordo/mockwork on toolchain 1.54.0
[INFO] running `Command { std: "/workspace/cargo-home/bin/cargo" "+1.54.0" "metadata" "--manifest-path" "Cargo.toml" "--no-deps", kill_on_drop: false }`
[INFO] started tweaking git repo https://github.com/Retamogordo/mockwork
[INFO] finished tweaking git repo https://github.com/Retamogordo/mockwork
[INFO] tweaked toml for git repo https://github.com/Retamogordo/mockwork written to /workspace/builds/worker-25/source/Cargo.toml
[INFO] crate git repo https://github.com/Retamogordo/mockwork already has a lockfile, it will not be regenerated
[INFO] running `Command { std: "/workspace/cargo-home/bin/cargo" "+1.54.0" "fetch" "--manifest-path" "Cargo.toml", kill_on_drop: false }`
[INFO] running `Command { std: "docker" "create" "-v" "/var/lib/crater-agent-workspace/builds/worker-25/target:/opt/rustwide/target:rw,Z" "-v" "/var/lib/crater-agent-workspace/builds/worker-25/source:/opt/rustwide/workdir:ro,Z" "-v" "/var/lib/crater-agent-workspace/cargo-home:/opt/rustwide/cargo-home:ro,Z" "-v" "/var/lib/crater-agent-workspace/rustup-home:/opt/rustwide/rustup-home:ro,Z" "-e" "SOURCE_DIR=/opt/rustwide/workdir" "-e" "CARGO_TARGET_DIR=/opt/rustwide/target" "-e" "CARGO_HOME=/opt/rustwide/cargo-home" "-e" "RUSTUP_HOME=/opt/rustwide/rustup-home" "-w" "/opt/rustwide/workdir" "-m" "1610612736" "--user" "0:0" "--network" "none" "ghcr.io/rust-lang/crates-build-env/linux@sha256:34b6a614d2c27851fe6cbf88fbd1137609cefab8b10d0615aaeb6fd47975d74e" "/opt/rustwide/cargo-home/bin/cargo" "+1.54.0" "metadata" "--no-deps" "--format-version=1", kill_on_drop: false }`
[INFO] [stdout] 4f7a35ced474480024e8ddecc0722e188ecc696c547820ef36ea0b6223b82b81
[INFO] running `Command { std: "docker" "start" "-a" "4f7a35ced474480024e8ddecc0722e188ecc696c547820ef36ea0b6223b82b81", kill_on_drop: false }`
[INFO] running `Command { std: "docker" "inspect" "4f7a35ced474480024e8ddecc0722e188ecc696c547820ef36ea0b6223b82b81", kill_on_drop: false }`
[INFO] running `Command { std: "docker" "rm" "-f" "4f7a35ced474480024e8ddecc0722e188ecc696c547820ef36ea0b6223b82b81", kill_on_drop: false }`
[INFO] [stdout] 4f7a35ced474480024e8ddecc0722e188ecc696c547820ef36ea0b6223b82b81
[INFO] running `Command { std: "docker" "create" "-v" "/var/lib/crater-agent-workspace/builds/worker-25/target:/opt/rustwide/target:rw,Z" "-v" "/var/lib/crater-agent-workspace/builds/worker-25/source:/opt/rustwide/workdir:ro,Z" "-v" "/var/lib/crater-agent-workspace/cargo-home:/opt/rustwide/cargo-home:ro,Z" "-v" "/var/lib/crater-agent-workspace/rustup-home:/opt/rustwide/rustup-home:ro,Z" "-e" "SOURCE_DIR=/opt/rustwide/workdir" "-e" "CARGO_TARGET_DIR=/opt/rustwide/target" "-e" "CARGO_INCREMENTAL=0" "-e" "RUST_BACKTRACE=full" "-e" "RUSTFLAGS=--cap-lints=warn" "-e" "CARGO_HOME=/opt/rustwide/cargo-home" "-e" "RUSTUP_HOME=/opt/rustwide/rustup-home" "-w" "/opt/rustwide/workdir" "-m" "1610612736" "--user" "0:0" "--network" "none" "ghcr.io/rust-lang/crates-build-env/linux@sha256:34b6a614d2c27851fe6cbf88fbd1137609cefab8b10d0615aaeb6fd47975d74e" "/opt/rustwide/cargo-home/bin/cargo" "+1.54.0" "build" "--frozen" "--message-format=json", kill_on_drop: false }`
[INFO] [stdout] 19e9df938fb6da52de0bc78ada925523ea0ead0a138a7cf628565340ae2c6aa6
[INFO] running `Command { std: "docker" "start" "-a" "19e9df938fb6da52de0bc78ada925523ea0ead0a138a7cf628565340ae2c6aa6", kill_on_drop: false }`
[INFO] [stderr]     Blocking waiting for file lock on package cache
[INFO] [stderr]    Compiling proc-macro2 v1.0.27
[INFO] [stderr]    Compiling unicode-xid v0.2.2
[INFO] [stderr]    Compiling syn v1.0.73
[INFO] [stderr]    Compiling autocfg v1.0.1
[INFO] [stderr]    Compiling libc v0.2.97
[INFO] [stderr]    Compiling cfg-if v1.0.0
[INFO] [stderr]    Compiling version_check v0.9.3
[INFO] [stderr]    Compiling log v0.4.14
[INFO] [stderr]    Compiling futures-core v0.3.15
[INFO] [stderr]    Compiling lazy_static v1.4.0
[INFO] [stderr]    Compiling memchr v2.4.0
[INFO] [stderr]    Compiling pin-project-lite v0.2.7
[INFO] [stderr]    Compiling futures-io v0.3.15
[INFO] [stderr]    Compiling wasm-bindgen-shared v0.2.74
[INFO] [stderr]    Compiling cache-padded v1.1.1
[INFO] [stderr]    Compiling slab v0.4.3
[INFO] [stderr]    Compiling event-listener v2.5.1
[INFO] [stderr]    Compiling fastrand v1.4.1
[INFO] [stderr]    Compiling bumpalo v3.7.0
[INFO] [stderr]    Compiling parking v2.0.0
[INFO] [stderr]    Compiling waker-fn v1.1.0
[INFO] [stderr]    Compiling proc-macro-hack v0.5.19
[INFO] [stderr]    Compiling futures-task v0.3.15
[INFO] [stderr]    Compiling once_cell v1.8.0
[INFO] [stderr]    Compiling proc-macro-nested v0.1.7
[INFO] [stderr]    Compiling futures-channel v0.3.15
[INFO] [stderr]    Compiling async-task v4.0.3
[INFO] [stderr]    Compiling wasm-bindgen v0.2.74
[INFO] [stderr]    Compiling pin-utils v0.1.0
[INFO] [stderr]    Compiling futures-sink v0.3.15
[INFO] [stderr]    Compiling serde_derive v1.0.126
[INFO] [stderr]    Compiling atomic-waker v1.0.0
[INFO] [stderr]    Compiling serde v1.0.126
[INFO] [stderr]    Compiling crossbeam-utils v0.8.5
[INFO] [stderr]    Compiling serde_json v1.0.64
[INFO] [stderr]    Compiling hashbrown v0.11.2
[INFO] [stderr]    Compiling unicode-width v0.1.8
[INFO] [stderr]    Compiling unicode-segmentation v1.7.1
[INFO] [stderr]    Compiling ppv-lite86 v0.2.10
[INFO] [stderr]    Compiling strsim v0.8.0
[INFO] [stderr]    Compiling ansi_term v0.11.0
[INFO] [stderr]    Compiling vec_map v0.8.2
[INFO] [stderr]    Compiling fixedbitset v0.2.0
[INFO] [stderr]    Compiling itoa v0.4.7
[INFO] [stderr]    Compiling futures-timer v3.0.2
[INFO] [stderr]    Compiling strum v0.18.0
[INFO] [stderr]    Compiling bitflags v1.2.1
[INFO] [stderr]    Compiling instant v0.1.9
[INFO] [stderr]    Compiling textwrap v0.11.0
[INFO] [stderr]    Compiling async-mutex v1.4.0
[INFO] [stderr]    Compiling async-lock v2.4.0
[INFO] [stderr]    Compiling num-traits v0.2.14
[INFO] [stderr]    Compiling futures-macro v0.3.15
[INFO] [stderr]    Compiling futures-util v0.3.15
[INFO] [stderr]    Compiling num-integer v0.1.44
[INFO] [stderr]    Compiling indexmap v1.7.0
[INFO] [stderr]    Compiling value-bag v1.0.0-alpha.7
[INFO] [stderr]    Compiling heck v0.3.3
[INFO] [stderr]    Compiling concurrent-queue v1.2.2
[INFO] [stderr]    Compiling async-channel v1.6.1
[INFO] [stderr]    Compiling petgraph v0.5.1
[INFO] [stderr]    Compiling atty v0.2.14
[INFO] [stderr]    Compiling getrandom v0.2.3
[INFO] [stderr]    Compiling socket2 v0.4.0
[INFO] [stderr]    Compiling num_cpus v1.13.0
[INFO] [stderr]    Compiling time v0.1.43
[INFO] [stderr]    Compiling quote v1.0.9
[INFO] [stderr]    Compiling futures-lite v1.12.0
[INFO] [stderr]    Compiling colored v1.9.3
[INFO] [stderr]    Compiling colored v2.0.0
[INFO] [stderr]    Compiling clap v2.33.3
[INFO] [stderr]    Compiling rand_core v0.6.3
[INFO] [stderr]    Compiling chrono v0.4.19
[INFO] [stderr]    Compiling blocking v1.0.2
[INFO] [stderr]    Compiling async-executor v1.4.1
[INFO] [stderr]    Compiling rand_chacha v0.3.1
[INFO] [stderr]    Compiling rand v0.8.4
[INFO] [stderr]    Compiling ctor v0.1.20
[INFO] [stderr]    Compiling async-attributes v1.1.2
[INFO] [stderr]    Compiling strum_macros v0.18.0
[INFO] [stderr]    Compiling wasm-bindgen-backend v0.2.74
[INFO] [stderr]    Compiling polling v2.1.0
[INFO] [stderr]    Compiling kv-log-macro v1.0.7
[INFO] [stderr]    Compiling simple_logger v1.11.0
[INFO] [stderr]    Compiling async-io v1.6.0
[INFO] [stderr]    Compiling async-global-executor v2.0.2
[INFO] [stderr]    Compiling async-std v1.9.0
[INFO] [stderr]    Compiling wasm-bindgen-macro-support v0.2.74
[INFO] [stderr]    Compiling futures-executor v0.3.15
[INFO] [stderr]    Compiling wasm-bindgen-macro v0.2.74
[INFO] [stderr]    Compiling futures v0.3.15
[INFO] [stderr]    Compiling js-sys v0.3.51
[INFO] [stderr]    Compiling web-sys v0.3.51
[INFO] [stderr]    Compiling async_protocol_stack v0.1.0 (/opt/rustwide/workdir/crate-wasm)
[INFO] [stdout] error[E0432]: unresolved import `crate::fsm::SignalIdentifier`
[INFO] [stdout]  --> crate-wasm/src/protocol_stack/line_stats.rs:9:54
[INFO] [stdout]   |
[INFO] [stdout] 9 | use crate::fsm::{FSM, TransitionHandle, SignalInput, SignalIdentifier};
[INFO] [stdout]   |                                                      ^^^^^^^^^^^^^^^^ no `SignalIdentifier` in `fsm`
[INFO] [stdout] 
[INFO] [stdout] 
[INFO] [stdout] error[E0432]: unresolved import `crate::fsm::SignalIdentifier`
[INFO] [stdout]   --> crate-wasm/src/protocol_stack/address_map_resolver.rs:14:41
[INFO] [stdout]    |
[INFO] [stdout] 14 | use crate::fsm::{FSM, TransitionHandle, SignalIdentifier, SignalInput};
[INFO] [stdout]    |                                         ^^^^^^^^^^^^^^^^ no `SignalIdentifier` in `fsm`
[INFO] [stdout] 
[INFO] [stdout] 
[INFO] [stdout] error[E0412]: cannot find type `CurrentTransmitInfo` in this scope
[INFO] [stdout]    --> crate-wasm/src/mock_work.rs:265:46
[INFO] [stdout]     |
[INFO] [stdout] 265 |     pub fn current_transmit_status(&self) -> CurrentTransmitInfo {
[INFO] [stdout]     |                                              ^^^^^^^^^^^^^^^^^^^ not found in this scope
[INFO] [stdout]     |
[INFO] [stdout] help: consider importing this struct
[INFO] [stdout]     |
[INFO] [stdout] 1   | use crate::cy_structs::CurrentTransmitInfo;
[INFO] [stdout]     |
[INFO] [stdout] 
[INFO] [stdout] 
[INFO] [stdout] error[E0422]: cannot find struct, variant or union type `CurrentTransmitInfo` in this scope
[INFO] [stdout]    --> crate-wasm/src/mock_work.rs:273:9
[INFO] [stdout]     |
[INFO] [stdout] 273 |         CurrentTransmitInfo {
[INFO] [stdout]     |         ^^^^^^^^^^^^^^^^^^^ not found in this scope
[INFO] [stdout]     |
[INFO] [stdout] help: consider importing this struct
[INFO] [stdout]     |
[INFO] [stdout] 1   | use crate::cy_structs::CurrentTransmitInfo;
[INFO] [stdout]     |
[INFO] [stdout] 
[INFO] [stdout] 
[INFO] [stdout] error[E0425]: cannot find function `spawn_cancellable` in module `crate::target_dependant`
[INFO] [stdout]   --> crate-wasm/src/rebounce_test.rs:49:34
[INFO] [stdout]    |
[INFO] [stdout] 49 |         crate::target_dependant::spawn_cancellable( 
[INFO] [stdout]    |                                  ^^^^^^^^^^^^^^^^^ not found in `crate::target_dependant`
[INFO] [stdout] 
[INFO] [stdout] 
[INFO] [stdout] warning: unused imports: `LineChannelResult`, `SecondLayerCommand`
[INFO] [stdout]  --> crate-wasm/src/protocol_stack/node/node_services.rs:4:34
[INFO] [stdout]   |
[INFO] [stdout] 4 | use super::super::second_layer::{LineChannelResult, SecondLayerCommand, ServiceRequestType, ServiceResultType, LineStatsResult};
[INFO] [stdout]   |                                  ^^^^^^^^^^^^^^^^^  ^^^^^^^^^^^^^^^^^^
[INFO] [stdout]   |
[INFO] [stdout]   = note: `#[warn(unused_imports)]` on by default
[INFO] [stdout] 
[INFO] [stdout] 
[INFO] [stdout] warning: unused imports: `ChannelError`, `StreamHandle`
[INFO] [stdout]  --> crate-wasm/src/protocol_stack/node/node_services.rs:7:26
[INFO] [stdout]   |
[INFO] [stdout] 7 | use super::{NodeAddress, StreamHandle, ChannelError, AcquireStreamHandle, TopLevelError};
[INFO] [stdout]   |                          ^^^^^^^^^^^^  ^^^^^^^^^^^^
[INFO] [stdout] 
[INFO] [stdout] 
[INFO] [stdout] warning: unused import: `Mutex`
[INFO] [stdout]   --> crate-wasm/src/protocol_stack/node/mod.rs:10:30
[INFO] [stdout]    |
[INFO] [stdout] 10 | use std::sync::{Arc, RwLock, Mutex};
[INFO] [stdout]    |                              ^^^^^
[INFO] [stdout] 
[INFO] [stdout] 
[INFO] [stdout] warning: unused import: `ServiceToken`
[INFO] [stdout]   --> crate-wasm/src/protocol_stack/node/mod.rs:20:58
[INFO] [stdout]    |
[INFO] [stdout] 20 | use super::{ ChannelToken, ChannelType, TimerOwnerToken, ServiceToken};
[INFO] [stdout]    |                                                          ^^^^^^^^^^^^
[INFO] [stdout] 
[INFO] [stdout] 
[INFO] [stdout] warning: unused import: `*`
[INFO] [stdout]  --> crate-wasm/src/protocol_stack/line_stats.rs:6:78
[INFO] [stdout]   |
[INFO] [stdout] 6 | use super::first_layer::{FirstLayerCommand, FirstLayerEvent, LineStatistics, *};
[INFO] [stdout]   |                                                                              ^
[INFO] [stdout] 
[INFO] [stdout] 
[INFO] [stdout] warning: unused import: `UnboundedReceiver`
[INFO] [stdout]  --> crate-wasm/src/protocol_stack/line.rs:3:30
[INFO] [stdout]   |
[INFO] [stdout] 3 | use futures::channel::mpsc::{UnboundedReceiver };
[INFO] [stdout]   |                              ^^^^^^^^^^^^^^^^^
[INFO] [stdout] 
[INFO] [stdout] 
[INFO] [stdout] warning: unused import: `global_usize_id`
[INFO] [stdout]  --> crate-wasm/src/protocol_stack/line.rs:7:13
[INFO] [stdout]   |
[INFO] [stdout] 7 | use crate::{global_usize_id};
[INFO] [stdout]   |             ^^^^^^^^^^^^^^^
[INFO] [stdout] 
[INFO] [stdout] 
[INFO] [stdout] warning: unused imports: `*`, `PayloadTimestamped`
[INFO] [stdout]   --> crate-wasm/src/protocol_stack/line.rs:11:29
[INFO] [stdout]    |
[INFO] [stdout] 11 | use super::physical_layer::{*, PayloadTimestamped};
[INFO] [stdout]    |                             ^  ^^^^^^^^^^^^^^^^^^
[INFO] [stdout] 
[INFO] [stdout] 
[INFO] [stdout] warning: unused import: `std::fmt::Display`
[INFO] [stdout]  --> crate-wasm/src/protocol_stack/protocol_layers.rs:1:5
[INFO] [stdout]   |
[INFO] [stdout] 1 | use std::fmt::Display;
[INFO] [stdout]   |     ^^^^^^^^^^^^^^^^^
[INFO] [stdout] 
[INFO] [stdout] 
[INFO] [stdout] warning: unused import: `*`
[INFO] [stdout]  --> crate-wasm/src/protocol_stack/channel_monitor.rs:4:62
[INFO] [stdout]   |
[INFO] [stdout] 4 | use super::first_layer::{FirstLayerCommand, FirstLayerEvent, *};
[INFO] [stdout]   |                                                              ^
[INFO] [stdout] 
[INFO] [stdout] 
[INFO] [stdout] warning: unused import: `FSMStates::*`
[INFO] [stdout]    --> crate-wasm/src/protocol_stack/address_map_resolver.rs:415:5
[INFO] [stdout]     |
[INFO] [stdout] 415 | use FSMStates::*;
[INFO] [stdout]     |     ^^^^^^^^^^^^
[INFO] [stdout] 
[INFO] [stdout] 
[INFO] [stdout] warning: unused imports: `Deserialize`, `Serialize`
[INFO] [stdout]  --> crate-wasm/src/mock_work.rs:3:13
[INFO] [stdout]   |
[INFO] [stdout] 3 | use serde::{Deserialize, Serialize};
[INFO] [stdout]   |             ^^^^^^^^^^^  ^^^^^^^^^
[INFO] [stdout] 
[INFO] [stdout] 
[INFO] [stdout] warning: unused import: `serde::ser::SerializeStructVariant`
[INFO] [stdout]  --> crate-wasm/src/mock_work.rs:5:5
[INFO] [stdout]   |
[INFO] [stdout] 5 | use serde::ser::SerializeStructVariant;
[INFO] [stdout]   |     ^^^^^^^^^^^^^^^^^^^^^^^^^^^^^^^^^^
[INFO] [stdout] 
[INFO] [stdout] 
[INFO] [stdout] warning: unused import: `Socket`
[INFO] [stdout]   --> crate-wasm/src/mock_work.rs:18:43
[INFO] [stdout]    |
[INFO] [stdout] 18 | use crate::protocol_stack::node::socket::{Socket, SocketProfile};
[INFO] [stdout]    |                                           ^^^^^^
[INFO] [stdout] 
[INFO] [stdout] 
[INFO] [stdout] warning: unused import: `block_on`
[INFO] [stdout]  --> crate-wasm/src/rebounce_test.rs:8:24
[INFO] [stdout]   |
[INFO] [stdout] 8 | use async_std::task:: {block_on};
[INFO] [stdout]   |                        ^^^^^^^^
[INFO] [stdout] 
[INFO] [stdout] 
[INFO] [stdout] warning: unused import: `colored::*`
[INFO] [stdout]  --> crate-wasm/src/rebounce_test.rs:9:5
[INFO] [stdout]   |
[INFO] [stdout] 9 | use colored::*;
[INFO] [stdout]   |     ^^^^^^^^^^
[INFO] [stdout] 
[INFO] [stdout] 
[INFO] [stdout] warning: unused import: `Node`
[INFO] [stdout]   --> crate-wasm/src/rebounce_test.rs:19:35
[INFO] [stdout]    |
[INFO] [stdout] 19 | use crate::protocol_stack::node::{Node, NodeAddress};
[INFO] [stdout]    |                                   ^^^^
[INFO] [stdout] 
[INFO] [stdout] 
[INFO] [stdout] warning: unused imports: `CyEdge`, `CyNode`
[INFO] [stdout]   --> crate-wasm/src/rebounce_test.rs:24:25
[INFO] [stdout]    |
[INFO] [stdout] 24 | use crate::cy_structs::{CyNode, CyEdge, CyMockWorkState};
[INFO] [stdout]    |                         ^^^^^^  ^^^^^^
[INFO] [stdout] 
[INFO] [stdout] 
[INFO] [stdout] warning: unused imports: `AbortHandle`, `Abortable`, `Aborted`
[INFO] [stdout]   --> crate-wasm/src/rebounce_test.rs:31:23
[INFO] [stdout]    |
[INFO] [stdout] 31 | use futures::future::{Abortable, AbortHandle, Aborted};
[INFO] [stdout]    |                       ^^^^^^^^^  ^^^^^^^^^^^  ^^^^^^^
[INFO] [stdout] 
[INFO] [stdout] 
[INFO] [stdout] warning: unused import: `Deserialize`
[INFO] [stdout]  --> crate-wasm/src/cy_structs.rs:2:13
[INFO] [stdout]   |
[INFO] [stdout] 2 | use serde::{Deserialize, Serialize};
[INFO] [stdout]   |             ^^^^^^^^^^^
[INFO] [stdout] 
[INFO] [stdout] 
[INFO] [stdout] warning: unused import: `Node`
[INFO] [stdout]  --> crate-wasm/src/cy_structs.rs:5:48
[INFO] [stdout]   |
[INFO] [stdout] 5 | use crate::protocol_stack::node::{NodeAddress, Node};
[INFO] [stdout]   |                                                ^^^^
[INFO] [stdout] 
[INFO] [stdout] 
[INFO] [stdout] warning: unused imports: `LineModel`, `LineTransceiverId`
[INFO] [stdout]  --> crate-wasm/src/cy_structs.rs:6:43
[INFO] [stdout]   |
[INFO] [stdout] 6 | use crate::protocol_stack::line::{LineId, LineTransceiverId, LineModel};
[INFO] [stdout]   |                                           ^^^^^^^^^^^^^^^^^  ^^^^^^^^^
[INFO] [stdout] 
[INFO] [stdout] 
[INFO] [stdout] warning: unused import: `block_on`
[INFO] [stdout]   --> crate-wasm/src/lib.rs:43:24
[INFO] [stdout]    |
[INFO] [stdout] 43 | use async_std::task:: {block_on};
[INFO] [stdout]    |                        ^^^^^^^^
[INFO] [stdout] 
[INFO] [stdout] 
[INFO] [stdout] warning: unused import: `colored::*`
[INFO] [stdout]   --> crate-wasm/src/lib.rs:45:5
[INFO] [stdout]    |
[INFO] [stdout] 45 | use colored::*;
[INFO] [stdout]    |     ^^^^^^^^^^
[INFO] [stdout] 
[INFO] [stdout] 
[INFO] [stdout] warning: unused imports: `Node`, `display_addr_map`
[INFO] [stdout]   --> crate-wasm/src/lib.rs:56:35
[INFO] [stdout]    |
[INFO] [stdout] 56 | use crate::protocol_stack::node::{Node, NodeAddress, display_addr_map};
[INFO] [stdout]    |                                   ^^^^               ^^^^^^^^^^^^^^^^
[INFO] [stdout] 
[INFO] [stdout] 
[INFO] [stdout] warning: unused import: `crate::protocol_stack::node::stream::*`
[INFO] [stdout]   --> crate-wasm/src/lib.rs:57:5
[INFO] [stdout]    |
[INFO] [stdout] 57 | use crate::protocol_stack::node::stream::*;
[INFO] [stdout]    |     ^^^^^^^^^^^^^^^^^^^^^^^^^^^^^^^^^^^^^^
[INFO] [stdout] 
[INFO] [stdout] 
[INFO] [stdout] warning: unused import: `Chunk`
[INFO] [stdout]   --> crate-wasm/src/lib.rs:58:29
[INFO] [stdout]    |
[INFO] [stdout] 58 | use crate::protocol_stack::{Chunk};
[INFO] [stdout]    |                             ^^^^^
[INFO] [stdout] 
[INFO] [stdout] 
[INFO] [stdout] warning: unused import: `CyEdge`
[INFO] [stdout]   --> crate-wasm/src/lib.rs:60:33
[INFO] [stdout]    |
[INFO] [stdout] 60 | use crate::cy_structs::{CyNode, CyEdge, CyMockWorkState};
[INFO] [stdout]    |                                 ^^^^^^
[INFO] [stdout] 
[INFO] [stdout] 
[INFO] [stdout] error: aborting due to 5 previous errors; 28 warnings emitted
[INFO] [stdout] 
[INFO] [stdout] 
[INFO] [stdout] Some errors have detailed explanations: E0412, E0422, E0425, E0432.
[INFO] [stdout] 
[INFO] [stdout] For more information about an error, try `rustc --explain E0412`.
[INFO] [stdout] 
[INFO] [stderr] error: could not compile `async_protocol_stack`
[INFO] [stderr] 
[INFO] [stderr] To learn more, run the command again with --verbose.
[INFO] running `Command { std: "docker" "inspect" "19e9df938fb6da52de0bc78ada925523ea0ead0a138a7cf628565340ae2c6aa6", kill_on_drop: false }`
[INFO] running `Command { std: "docker" "rm" "-f" "19e9df938fb6da52de0bc78ada925523ea0ead0a138a7cf628565340ae2c6aa6", kill_on_drop: false }`
[INFO] [stdout] 19e9df938fb6da52de0bc78ada925523ea0ead0a138a7cf628565340ae2c6aa6
