[INFO] cloning repository https://github.com/Ragarnoy/imu_trajectory_simulator
[INFO] running `Command { std: "git" "-c" "credential.helper=" "-c" "credential.helper=/workspace/cargo-home/bin/git-credential-null" "clone" "--bare" "https://github.com/Ragarnoy/imu_trajectory_simulator" "/workspace/cache/git-repos/https%3A%2F%2Fgithub.com%2FRagarnoy%2Fimu_trajectory_simulator", kill_on_drop: false }`
[INFO] [stderr] Cloning into bare repository '/workspace/cache/git-repos/https%3A%2F%2Fgithub.com%2FRagarnoy%2Fimu_trajectory_simulator'...
[INFO] running `Command { std: "git" "rev-parse" "HEAD", kill_on_drop: false }`
[INFO] [stdout] e7e6ec3db58d3992963dd9b310bfd6d78c6e13d4
[INFO] testing Ragarnoy/imu_trajectory_simulator against 1.54.0 for beta-1.55-1
[INFO] running `Command { std: "git" "clone" "/workspace/cache/git-repos/https%3A%2F%2Fgithub.com%2FRagarnoy%2Fimu_trajectory_simulator" "/workspace/builds/worker-1/source", kill_on_drop: false }`
[INFO] [stderr] Cloning into '/workspace/builds/worker-1/source'...
[INFO] [stderr] done.
[INFO] validating manifest of git repo https://github.com/Ragarnoy/imu_trajectory_simulator on toolchain 1.54.0
[INFO] running `Command { std: "/workspace/cargo-home/bin/cargo" "+1.54.0" "metadata" "--manifest-path" "Cargo.toml" "--no-deps", kill_on_drop: false }`
[INFO] started tweaking git repo https://github.com/Ragarnoy/imu_trajectory_simulator
[INFO] finished tweaking git repo https://github.com/Ragarnoy/imu_trajectory_simulator
[INFO] tweaked toml for git repo https://github.com/Ragarnoy/imu_trajectory_simulator written to /workspace/builds/worker-1/source/Cargo.toml
[INFO] crate git repo https://github.com/Ragarnoy/imu_trajectory_simulator already has a lockfile, it will not be regenerated
[INFO] running `Command { std: "/workspace/cargo-home/bin/cargo" "+1.54.0" "fetch" "--manifest-path" "Cargo.toml", kill_on_drop: false }`
[INFO] [stderr]     Blocking waiting for file lock on package cache
[INFO] [stderr]     Blocking waiting for file lock on package cache
[INFO] running `Command { std: "docker" "create" "-v" "/var/lib/crater-agent-workspace/builds/worker-1/target:/opt/rustwide/target:rw,Z" "-v" "/var/lib/crater-agent-workspace/builds/worker-1/source:/opt/rustwide/workdir:ro,Z" "-v" "/var/lib/crater-agent-workspace/cargo-home:/opt/rustwide/cargo-home:ro,Z" "-v" "/var/lib/crater-agent-workspace/rustup-home:/opt/rustwide/rustup-home:ro,Z" "-e" "SOURCE_DIR=/opt/rustwide/workdir" "-e" "CARGO_TARGET_DIR=/opt/rustwide/target" "-e" "CARGO_HOME=/opt/rustwide/cargo-home" "-e" "RUSTUP_HOME=/opt/rustwide/rustup-home" "-w" "/opt/rustwide/workdir" "-m" "1610612736" "--user" "0:0" "--network" "none" "ghcr.io/rust-lang/crates-build-env/linux@sha256:34b6a614d2c27851fe6cbf88fbd1137609cefab8b10d0615aaeb6fd47975d74e" "/opt/rustwide/cargo-home/bin/cargo" "+1.54.0" "metadata" "--no-deps" "--format-version=1", kill_on_drop: false }`
[INFO] [stdout] 5d7c7099d19213b3e38113493fd77b49fc9032fa0fd9c4116f8f248446ce9a05
[INFO] running `Command { std: "docker" "start" "-a" "5d7c7099d19213b3e38113493fd77b49fc9032fa0fd9c4116f8f248446ce9a05", kill_on_drop: false }`
[INFO] running `Command { std: "docker" "inspect" "5d7c7099d19213b3e38113493fd77b49fc9032fa0fd9c4116f8f248446ce9a05", kill_on_drop: false }`
[INFO] running `Command { std: "docker" "rm" "-f" "5d7c7099d19213b3e38113493fd77b49fc9032fa0fd9c4116f8f248446ce9a05", kill_on_drop: false }`
[INFO] [stdout] 5d7c7099d19213b3e38113493fd77b49fc9032fa0fd9c4116f8f248446ce9a05
[INFO] running `Command { std: "docker" "create" "-v" "/var/lib/crater-agent-workspace/builds/worker-1/target:/opt/rustwide/target:rw,Z" "-v" "/var/lib/crater-agent-workspace/builds/worker-1/source:/opt/rustwide/workdir:ro,Z" "-v" "/var/lib/crater-agent-workspace/cargo-home:/opt/rustwide/cargo-home:ro,Z" "-v" "/var/lib/crater-agent-workspace/rustup-home:/opt/rustwide/rustup-home:ro,Z" "-e" "SOURCE_DIR=/opt/rustwide/workdir" "-e" "CARGO_TARGET_DIR=/opt/rustwide/target" "-e" "CARGO_INCREMENTAL=0" "-e" "RUST_BACKTRACE=full" "-e" "RUSTFLAGS=--cap-lints=warn" "-e" "CARGO_HOME=/opt/rustwide/cargo-home" "-e" "RUSTUP_HOME=/opt/rustwide/rustup-home" "-w" "/opt/rustwide/workdir" "-m" "1610612736" "--user" "0:0" "--network" "none" "ghcr.io/rust-lang/crates-build-env/linux@sha256:34b6a614d2c27851fe6cbf88fbd1137609cefab8b10d0615aaeb6fd47975d74e" "/opt/rustwide/cargo-home/bin/cargo" "+1.54.0" "build" "--frozen" "--message-format=json", kill_on_drop: false }`
[INFO] [stdout] 8412d62155f6ff2132ae5d0a64eb4f09ae3c66b0edbc0aaa591eb51e51445ede
[INFO] running `Command { std: "docker" "start" "-a" "8412d62155f6ff2132ae5d0a64eb4f09ae3c66b0edbc0aaa591eb51e51445ede", kill_on_drop: false }`
[INFO] [stderr]    Compiling cc v1.0.69
[INFO] [stderr]    Compiling proc-macro2 v1.0.27
[INFO] [stderr]    Compiling unicode-xid v0.2.2
[INFO] [stderr]    Compiling syn v1.0.73
[INFO] [stderr]    Compiling version_check v0.9.3
[INFO] [stderr]    Compiling typenum v1.13.0
[INFO] [stderr]    Compiling paste v1.0.5
[INFO] [stderr]    Compiling weezl v0.1.5
[INFO] [stderr]    Compiling plotters-backend v0.3.2
[INFO] [stderr]    Compiling unicode-segmentation v1.8.0
[INFO] [stderr]    Compiling bytemuck v1.7.0
[INFO] [stderr]    Compiling jpeg-decoder v0.1.22
[INFO] [stderr]    Compiling hashbrown v0.11.2
[INFO] [stderr]    Compiling os_str_bytes v2.4.0
[INFO] [stderr]    Compiling ttf-parser v0.12.3
[INFO] [stderr]    Compiling num-traits v0.2.14
[INFO] [stderr]    Compiling num-integer v0.1.44
[INFO] [stderr]    Compiling num-iter v0.1.42
[INFO] [stderr]    Compiling num-rational v0.3.2
[INFO] [stderr]    Compiling num-rational v0.4.0
[INFO] [stderr]    Compiling indexmap v1.7.0
[INFO] [stderr]    Compiling servo-fontconfig-sys v5.1.0
[INFO] [stderr]    Compiling deflate v0.8.6
[INFO] [stderr]    Compiling matrixmultiply v0.3.1
[INFO] [stderr]    Compiling walkdir v2.3.2
[INFO] [stderr]    Compiling textwrap v0.12.1
[INFO] [stderr]    Compiling semver-parser v0.10.2
[INFO] [stderr]    Compiling getrandom v0.2.3
[INFO] [stderr]    Compiling dirs-sys-next v0.1.2
[INFO] [stderr]    Compiling time v0.1.43
[INFO] [stderr]    Compiling dirs-next v2.0.0
[INFO] [stderr]    Compiling rand_core v0.6.3
[INFO] [stderr]    Compiling plotters-svg v0.3.1
[INFO] [stderr]    Compiling gif v0.11.2
[INFO] [stderr]    Compiling cmake v0.1.45
[INFO] [stderr]    Compiling png v0.16.8
[INFO] [stderr]    Compiling semver v0.11.0
[INFO] [stderr]    Compiling rustc_version v0.3.3
[INFO] [stderr]    Compiling proc-macro-error-attr v1.0.4
[INFO] [stderr]    Compiling proc-macro-error v1.0.4
[INFO] [stderr]    Compiling rand_chacha v0.3.1
[INFO] [stderr]    Compiling heck v0.3.3
[INFO] [stderr]    Compiling quote v1.0.9
[INFO] [stderr]    Compiling rand v0.8.4
[INFO] [stderr]    Compiling pathfinder_simd v0.5.1
[INFO] [stderr]    Compiling freetype-sys v0.13.1
[INFO] [stderr]    Compiling expat-sys v2.1.6
[INFO] [stderr]    Compiling num-complex v0.4.0
[INFO] [stderr]    Compiling approx v0.5.0
[INFO] [stderr]    Compiling lerp v0.4.0
[INFO] [stderr]    Compiling rand_distr v0.4.1
[INFO] [stderr]    Compiling freetype v0.7.0
[INFO] [stderr]    Compiling chrono v0.4.19
[INFO] [stderr]    Compiling servo-fontconfig v0.5.1
[INFO] [stderr]    Compiling pathfinder_geometry v0.5.1
[INFO] [stderr]    Compiling simba v0.5.1
[INFO] [stderr]    Compiling image v0.23.14
[INFO] [stderr]    Compiling font-kit v0.10.1
[INFO] [stderr]    Compiling plotters-bitmap v0.3.1
[INFO] [stderr]    Compiling plotters v0.3.1
[INFO] [stderr]    Compiling nalgebra-macros v0.1.0
[INFO] [stderr]    Compiling clap_derive v3.0.0-beta.2
[INFO] [stderr]    Compiling clap v3.0.0-beta.2
[INFO] [stderr]    Compiling nalgebra v0.28.0
[INFO] [stderr]    Compiling trajectory_simulator v0.3.0 (/opt/rustwide/workdir/trajectory_simulator)
[INFO] [stderr]    Compiling imu-sensor-stream v0.1.0 (/opt/rustwide/workdir/imu-sensor-stream)
[INFO] [stderr]    Compiling plotter v0.1.0 (/opt/rustwide/workdir/plotter)
[INFO] [stdout] warning: function is never used: `plot_animated`
[INFO] [stdout]    --> plotter/src/main.rs:137:4
[INFO] [stdout]     |
[INFO] [stdout] 137 | fn plot_animated(points: Vec<(f64, f64, f64)>, filename: &str) {
[INFO] [stdout]     |    ^^^^^^^^^^^^^
[INFO] [stdout]     |
[INFO] [stdout]     = note: `#[warn(dead_code)]` on by default
[INFO] [stdout] 
[INFO] [stdout] 
[INFO] [stdout] warning: function is never used: `plot3d_mean`
[INFO] [stdout]    --> plotter/src/main.rs:182:4
[INFO] [stdout]     |
[INFO] [stdout] 182 | fn plot3d_mean(orig: Vec<(f64, f64, f64)>, mean: Vec<(f64, f64, f64)>) {
[INFO] [stdout]     |    ^^^^^^^^^^^
[INFO] [stdout] 
[INFO] [stdout] 
[INFO] [stdout] warning: 2 warnings emitted
[INFO] [stdout] 
[INFO] [stdout] 
[INFO] [stderr]     Finished dev [unoptimized + debuginfo] target(s) in 55.46s
[INFO] running `Command { std: "docker" "inspect" "8412d62155f6ff2132ae5d0a64eb4f09ae3c66b0edbc0aaa591eb51e51445ede", kill_on_drop: false }`
[INFO] running `Command { std: "docker" "rm" "-f" "8412d62155f6ff2132ae5d0a64eb4f09ae3c66b0edbc0aaa591eb51e51445ede", kill_on_drop: false }`
[INFO] [stdout] 8412d62155f6ff2132ae5d0a64eb4f09ae3c66b0edbc0aaa591eb51e51445ede
[INFO] running `Command { std: "docker" "create" "-v" "/var/lib/crater-agent-workspace/builds/worker-1/target:/opt/rustwide/target:rw,Z" "-v" "/var/lib/crater-agent-workspace/builds/worker-1/source:/opt/rustwide/workdir:ro,Z" "-v" "/var/lib/crater-agent-workspace/cargo-home:/opt/rustwide/cargo-home:ro,Z" "-v" "/var/lib/crater-agent-workspace/rustup-home:/opt/rustwide/rustup-home:ro,Z" "-e" "SOURCE_DIR=/opt/rustwide/workdir" "-e" "CARGO_TARGET_DIR=/opt/rustwide/target" "-e" "CARGO_INCREMENTAL=0" "-e" "RUST_BACKTRACE=full" "-e" "RUSTFLAGS=--cap-lints=warn" "-e" "CARGO_HOME=/opt/rustwide/cargo-home" "-e" "RUSTUP_HOME=/opt/rustwide/rustup-home" "-w" "/opt/rustwide/workdir" "-m" "1610612736" "--user" "0:0" "--network" "none" "ghcr.io/rust-lang/crates-build-env/linux@sha256:34b6a614d2c27851fe6cbf88fbd1137609cefab8b10d0615aaeb6fd47975d74e" "/opt/rustwide/cargo-home/bin/cargo" "+1.54.0" "test" "--frozen" "--no-run" "--message-format=json", kill_on_drop: false }`
[INFO] [stdout] bb3f45385675262a9e12e4267b977375af887a4a8db59579831036e9c48ec18c
[INFO] running `Command { std: "docker" "start" "-a" "bb3f45385675262a9e12e4267b977375af887a4a8db59579831036e9c48ec18c", kill_on_drop: false }`
[INFO] [stderr]     Blocking waiting for file lock on package cache
[INFO] [stderr]     Blocking waiting for file lock on package cache
[INFO] [stderr]    Compiling imu-sensor-stream v0.1.0 (/opt/rustwide/workdir/imu-sensor-stream)
[INFO] [stderr]    Compiling trajectory_simulator v0.3.0 (/opt/rustwide/workdir/trajectory_simulator)
[INFO] [stderr]    Compiling plotter v0.1.0 (/opt/rustwide/workdir/plotter)
[INFO] [stdout] error[E0412]: cannot find type `Car` in this scope
[INFO] [stdout]   --> trajectory_simulator/src/trajectory/trajectory_generator.rs:80:22
[INFO] [stdout]    |
[INFO] [stdout] 80 |         let mut car: Car = Default::default();
[INFO] [stdout]    |                      ^^^ not found in this scope
[INFO] [stdout] 
[INFO] [stdout] 
[INFO] [stdout] warning: unused import: `crate::vehicle::Vehicle`
[INFO] [stdout]   --> trajectory_simulator/src/trajectory/trajectory_generator.rs:76:9
[INFO] [stdout]    |
[INFO] [stdout] 76 |     use crate::vehicle::Vehicle;
[INFO] [stdout]    |         ^^^^^^^^^^^^^^^^^^^^^^^
[INFO] [stdout]    |
[INFO] [stdout]    = note: `#[warn(unused_imports)]` on by default
[INFO] [stdout] 
[INFO] [stdout] 
[INFO] [stdout] warning: function is never used: `plot_animated`
[INFO] [stdout]    --> plotter/src/main.rs:137:4
[INFO] [stdout]     |
[INFO] [stdout] 137 | fn plot_animated(points: Vec<(f64, f64, f64)>, filename: &str) {
[INFO] [stdout]     |    ^^^^^^^^^^^^^
[INFO] [stdout]     |
[INFO] [stdout]     = note: `#[warn(dead_code)]` on by default
[INFO] [stdout] 
[INFO] [stdout] 
[INFO] [stdout] warning: function is never used: `plot3d_mean`
[INFO] [stdout]    --> plotter/src/main.rs:182:4
[INFO] [stdout]     |
[INFO] [stdout] 182 | fn plot3d_mean(orig: Vec<(f64, f64, f64)>, mean: Vec<(f64, f64, f64)>) {
[INFO] [stdout]     |    ^^^^^^^^^^^
[INFO] [stdout] 
[INFO] [stdout] 
[INFO] [stdout] error: aborting due to previous error; 1 warning emitted
[INFO] [stdout] 
[INFO] [stdout] 
[INFO] [stderr] error: could not compile `trajectory_simulator`
[INFO] [stdout] For more information about this error, try `rustc --explain E0412`.
[INFO] [stdout] 
[INFO] [stderr] 
[INFO] [stderr] To learn more, run the command again with --verbose.
[INFO] [stderr] warning: build failed, waiting for other jobs to finish...
[INFO] [stdout] error[E0308]: mismatched types
[INFO] [stdout]  --> trajectory_simulator/examples/print_sensor_data.rs:8:47
[INFO] [stdout]   |
[INFO] [stdout] 8 |     let trajectory = TrajectoryGenerator::new(rng.clone()).run();
[INFO] [stdout]   |                                               ^^^^^^^^^^^ expected enum `GeneratorMode`, found struct `SmallRng`
[INFO] [stdout] 
[INFO] [stdout] 
[INFO] [stdout] error[E0308]: mismatched types
[INFO] [stdout]  --> trajectory_simulator/examples/print_sensor_data.rs:9:40
[INFO] [stdout]   |
[INFO] [stdout] 9 |     let signals = SignalGenerator::new(rng, trajectory).create_signals();
[INFO] [stdout]   |                                        ^^^ expected enum `GeneratorMode`, found struct `SmallRng`
[INFO] [stdout] 
[INFO] [stdout] 
[INFO] [stdout] error: aborting due to 2 previous errors
[INFO] [stdout] 
[INFO] [stdout] 
[INFO] [stdout] For more information about this error, try `rustc --explain E0308`.
[INFO] [stdout] 
[INFO] [stdout] warning: 2 warnings emitted
[INFO] [stdout] 
[INFO] [stdout] 
[INFO] [stderr] error: build failed
[INFO] running `Command { std: "docker" "inspect" "bb3f45385675262a9e12e4267b977375af887a4a8db59579831036e9c48ec18c", kill_on_drop: false }`
[INFO] running `Command { std: "docker" "rm" "-f" "bb3f45385675262a9e12e4267b977375af887a4a8db59579831036e9c48ec18c", kill_on_drop: false }`
[INFO] [stdout] bb3f45385675262a9e12e4267b977375af887a4a8db59579831036e9c48ec18c
