[INFO] cloning repository https://github.com/R030t1/win32_rawinput
[INFO] running `Command { std: "git" "-c" "credential.helper=" "-c" "credential.helper=/workspace/cargo-home/bin/git-credential-null" "clone" "--bare" "https://github.com/R030t1/win32_rawinput" "/workspace/cache/git-repos/https%3A%2F%2Fgithub.com%2FR030t1%2Fwin32_rawinput", kill_on_drop: false }`
[INFO] [stderr] Cloning into bare repository '/workspace/cache/git-repos/https%3A%2F%2Fgithub.com%2FR030t1%2Fwin32_rawinput'...
[INFO] running `Command { std: "git" "rev-parse" "HEAD", kill_on_drop: false }`
[INFO] [stdout] ace71c6620ff5763380a6e847b8fe9e39c2ecb62
[INFO] testing R030t1/win32_rawinput against beta-2021-08-01 for beta-1.55-1
[INFO] running `Command { std: "git" "clone" "/workspace/cache/git-repos/https%3A%2F%2Fgithub.com%2FR030t1%2Fwin32_rawinput" "/workspace/builds/worker-12/source", kill_on_drop: false }`
[INFO] [stderr] Cloning into '/workspace/builds/worker-12/source'...
[INFO] [stderr] done.
[INFO] validating manifest of git repo https://github.com/R030t1/win32_rawinput on toolchain beta-2021-08-01
[INFO] running `Command { std: "/workspace/cargo-home/bin/cargo" "+beta-2021-08-01" "metadata" "--manifest-path" "Cargo.toml" "--no-deps", kill_on_drop: false }`
[INFO] started tweaking git repo https://github.com/R030t1/win32_rawinput
[INFO] finished tweaking git repo https://github.com/R030t1/win32_rawinput
[INFO] tweaked toml for git repo https://github.com/R030t1/win32_rawinput written to /workspace/builds/worker-12/source/Cargo.toml
[INFO] crate git repo https://github.com/R030t1/win32_rawinput already has a lockfile, it will not be regenerated
[INFO] running `Command { std: "/workspace/cargo-home/bin/cargo" "+beta-2021-08-01" "fetch" "--manifest-path" "Cargo.toml", kill_on_drop: false }`
[INFO] running `Command { std: "docker" "create" "-v" "/var/lib/crater-agent-workspace/builds/worker-12/target:/opt/rustwide/target:rw,Z" "-v" "/var/lib/crater-agent-workspace/builds/worker-12/source:/opt/rustwide/workdir:ro,Z" "-v" "/var/lib/crater-agent-workspace/cargo-home:/opt/rustwide/cargo-home:ro,Z" "-v" "/var/lib/crater-agent-workspace/rustup-home:/opt/rustwide/rustup-home:ro,Z" "-e" "SOURCE_DIR=/opt/rustwide/workdir" "-e" "CARGO_TARGET_DIR=/opt/rustwide/target" "-e" "CARGO_HOME=/opt/rustwide/cargo-home" "-e" "RUSTUP_HOME=/opt/rustwide/rustup-home" "-w" "/opt/rustwide/workdir" "-m" "1610612736" "--user" "0:0" "--network" "none" "ghcr.io/rust-lang/crates-build-env/linux@sha256:34b6a614d2c27851fe6cbf88fbd1137609cefab8b10d0615aaeb6fd47975d74e" "/opt/rustwide/cargo-home/bin/cargo" "+beta-2021-08-01" "metadata" "--no-deps" "--format-version=1", kill_on_drop: false }`
[INFO] [stdout] 96c41177646e986e54c2acb0cf54261c08f1fe5835268b5aadd53ba3acf4d914
[INFO] running `Command { std: "docker" "start" "-a" "96c41177646e986e54c2acb0cf54261c08f1fe5835268b5aadd53ba3acf4d914", kill_on_drop: false }`
[INFO] running `Command { std: "docker" "inspect" "96c41177646e986e54c2acb0cf54261c08f1fe5835268b5aadd53ba3acf4d914", kill_on_drop: false }`
[INFO] running `Command { std: "docker" "rm" "-f" "96c41177646e986e54c2acb0cf54261c08f1fe5835268b5aadd53ba3acf4d914", kill_on_drop: false }`
[INFO] [stdout] 96c41177646e986e54c2acb0cf54261c08f1fe5835268b5aadd53ba3acf4d914
[INFO] running `Command { std: "docker" "create" "-v" "/var/lib/crater-agent-workspace/builds/worker-12/target:/opt/rustwide/target:rw,Z" "-v" "/var/lib/crater-agent-workspace/builds/worker-12/source:/opt/rustwide/workdir:ro,Z" "-v" "/var/lib/crater-agent-workspace/cargo-home:/opt/rustwide/cargo-home:ro,Z" "-v" "/var/lib/crater-agent-workspace/rustup-home:/opt/rustwide/rustup-home:ro,Z" "-e" "SOURCE_DIR=/opt/rustwide/workdir" "-e" "CARGO_TARGET_DIR=/opt/rustwide/target" "-e" "CARGO_INCREMENTAL=0" "-e" "RUST_BACKTRACE=full" "-e" "RUSTFLAGS=--cap-lints=warn" "-e" "CARGO_HOME=/opt/rustwide/cargo-home" "-e" "RUSTUP_HOME=/opt/rustwide/rustup-home" "-w" "/opt/rustwide/workdir" "-m" "1610612736" "--user" "0:0" "--network" "none" "ghcr.io/rust-lang/crates-build-env/linux@sha256:34b6a614d2c27851fe6cbf88fbd1137609cefab8b10d0615aaeb6fd47975d74e" "/opt/rustwide/cargo-home/bin/cargo" "+beta-2021-08-01" "build" "--frozen" "--message-format=json", kill_on_drop: false }`
[INFO] [stdout] 3e2b73445da8f8d06998869910e7172fc865cc48036112b9911828f0cc8d339e
[INFO] running `Command { std: "docker" "start" "-a" "3e2b73445da8f8d06998869910e7172fc865cc48036112b9911828f0cc8d339e", kill_on_drop: false }`
[INFO] [stderr]    Compiling winapi-build v0.1.1
[INFO] [stderr]    Compiling winapi v0.2.8
[INFO] [stderr]    Compiling winapi v0.3.8
[INFO] [stderr]    Compiling widestring v0.4.3
[INFO] [stderr]    Compiling kernel32-sys v0.2.2
[INFO] [stderr]    Compiling user32-sys v0.2.0
[INFO] [stderr]    Compiling win32_rawinput v0.1.0 (/opt/rustwide/workdir)
[INFO] [stdout] error[E0433]: failed to resolve: could not find `windows` in `os`
[INFO] [stdout]  --> src/main.rs:8:14
[INFO] [stdout]   |
[INFO] [stdout] 8 | use std::os::windows::ffi::OsStrExt;
[INFO] [stdout]   |              ^^^^^^^ could not find `windows` in `os`
[INFO] [stdout] 
[INFO] [stdout] 
[INFO] [stdout] error[E0433]: failed to resolve: could not find `shared` in `winapi`
[INFO] [stdout]   --> src/main.rs:21:19
[INFO] [stdout]    |
[INFO] [stdout] 21 | use self::winapi::shared::windef::{
[INFO] [stdout]    |                   ^^^^^^ could not find `shared` in `winapi`
[INFO] [stdout] 
[INFO] [stdout] 
[INFO] [stdout] error[E0433]: failed to resolve: could not find `shared` in `winapi`
[INFO] [stdout]   --> src/main.rs:25:19
[INFO] [stdout]    |
[INFO] [stdout] 25 | use self::winapi::shared::minwindef::{
[INFO] [stdout]    |                   ^^^^^^ could not find `shared` in `winapi`
[INFO] [stdout] 
[INFO] [stdout] 
[INFO] [stdout] error[E0433]: failed to resolve: could not find `um` in `winapi`
[INFO] [stdout]   --> src/main.rs:34:19
[INFO] [stdout]    |
[INFO] [stdout] 34 | use self::winapi::um::winuser::{
[INFO] [stdout]    |                   ^^ could not find `um` in `winapi`
[INFO] [stdout] 
[INFO] [stdout] 
[INFO] [stdout] error[E0432]: unresolved imports `kernel32::GetModuleHandleW`, `kernel32::GetLastError`
[INFO] [stdout]   --> src/main.rs:17:16
[INFO] [stdout]    |
[INFO] [stdout] 17 | use kernel32::{GetModuleHandleW, GetLastError};
[INFO] [stdout]    |                ^^^^^^^^^^^^^^^^  ^^^^^^^^^^^^ no `GetLastError` in the root
[INFO] [stdout]    |                |
[INFO] [stdout]    |                no `GetModuleHandleW` in the root
[INFO] [stdout] 
[INFO] [stdout] 
[INFO] [stdout] error[E0433]: failed to resolve: could not find `um` in `winapi`
[INFO] [stdout]   --> src/main.rs:73:13
[INFO] [stdout]    |
[INFO] [stdout] 73 | use winapi::um::winuser::{PRAWINPUTHEADER, RIDEV_NOHOTKEYS, RIDEV_INPUTSINK, GetRawInputDeviceInfoW};
[INFO] [stdout]    |             ^^ could not find `um` in `winapi`
[INFO] [stdout] 
[INFO] [stdout] 
[INFO] [stdout] error[E0432]: unresolved import `winapi::ctypes`
[INFO] [stdout]   --> src/main.rs:72:13
[INFO] [stdout]    |
[INFO] [stdout] 72 | use winapi::ctypes::{c_void, wchar_t};
[INFO] [stdout]    |             ^^^^^^ could not find `ctypes` in `winapi`
[INFO] [stdout] 
[INFO] [stdout] 
[INFO] [stdout] error[E0433]: failed to resolve: could not find `shared` in `winapi`
[INFO] [stdout]    --> src/main.rs:191:26
[INFO] [stdout]     |
[INFO] [stdout] 191 |             *mut winapi::shared::minwindef::HINSTANCE__;
[INFO] [stdout]     |                          ^^^^^^ could not find `shared` in `winapi`
[INFO] [stdout] 
[INFO] [stdout] 
[INFO] [stdout] error[E0412]: cannot find type `RAWINPUT` in this scope
[INFO] [stdout]   --> src/main.rs:81:10
[INFO] [stdout]    |
[INFO] [stdout] 81 |     ri: &RAWINPUT
[INFO] [stdout]    |          ^^^^^^^^ not found in this scope
[INFO] [stdout] 
[INFO] [stdout] 
[INFO] [stdout] error[E0412]: cannot find type `LRESULT` in this scope
[INFO] [stdout]   --> src/main.rs:82:6
[INFO] [stdout]    |
[INFO] [stdout] 82 | ) -> LRESULT {
[INFO] [stdout]    |      ^^^^^^^ not found in this scope
[INFO] [stdout] 
[INFO] [stdout] 
[INFO] [stdout] error[E0412]: cannot find type `RAWMOUSE` in this scope
[INFO] [stdout]   --> src/main.rs:83:14
[INFO] [stdout]    |
[INFO] [stdout] 83 |     let rm: &RAWMOUSE = unsafe { ri.data.mouse() };
[INFO] [stdout]    |              ^^^^^^^^ not found in this scope
[INFO] [stdout] 
[INFO] [stdout] 
[INFO] [stdout] error[E0412]: cannot find type `RAWINPUT` in this scope
[INFO] [stdout]   --> src/main.rs:91:10
[INFO] [stdout]    |
[INFO] [stdout] 91 |     ri: &RAWINPUT
[INFO] [stdout]    |          ^^^^^^^^ not found in this scope
[INFO] [stdout] 
[INFO] [stdout] 
[INFO] [stdout] error[E0412]: cannot find type `LRESULT` in this scope
[INFO] [stdout]   --> src/main.rs:92:6
[INFO] [stdout]    |
[INFO] [stdout] 92 | ) -> LRESULT {
[INFO] [stdout]    |      ^^^^^^^ not found in this scope
[INFO] [stdout] 
[INFO] [stdout] 
[INFO] [stdout] error[E0412]: cannot find type `RAWKEYBOARD` in this scope
[INFO] [stdout]   --> src/main.rs:93:14
[INFO] [stdout]    |
[INFO] [stdout] 93 |     let rk: &RAWKEYBOARD = unsafe { ri.data.keyboard() };
[INFO] [stdout]    |              ^^^^^^^^^^^ not found in this scope
[INFO] [stdout] 
[INFO] [stdout] 
[INFO] [stdout] error[E0412]: cannot find type `RAWINPUT` in this scope
[INFO] [stdout]    --> src/main.rs:101:10
[INFO] [stdout]     |
[INFO] [stdout] 101 |     ri: &RAWINPUT
[INFO] [stdout]     |          ^^^^^^^^ not found in this scope
[INFO] [stdout] 
[INFO] [stdout] 
[INFO] [stdout] error[E0412]: cannot find type `LRESULT` in this scope
[INFO] [stdout]    --> src/main.rs:102:6
[INFO] [stdout]     |
[INFO] [stdout] 102 | ) -> LRESULT {
[INFO] [stdout]     |      ^^^^^^^ not found in this scope
[INFO] [stdout] 
[INFO] [stdout] 
[INFO] [stdout] error[E0412]: cannot find type `RAWHID` in this scope
[INFO] [stdout]    --> src/main.rs:103:14
[INFO] [stdout]     |
[INFO] [stdout] 103 |     let rh: &RAWHID = unsafe { ri.data.hid() };
[INFO] [stdout]     |              ^^^^^^ not found in this scope
[INFO] [stdout] 
[INFO] [stdout] 
[INFO] [stdout] error[E0412]: cannot find type `UINT` in this scope
[INFO] [stdout]    --> src/main.rs:109:17
[INFO] [stdout]     |
[INFO] [stdout] 109 |     let mut sz: UINT = 0;
[INFO] [stdout]     |                 ^^^^ not found in this scope
[INFO] [stdout] 
[INFO] [stdout] 
[INFO] [stdout] error[E0425]: cannot find function, tuple struct or tuple variant `GetRawInputDeviceList` in this scope
[INFO] [stdout]    --> src/main.rs:110:14
[INFO] [stdout]     |
[INFO] [stdout] 110 |     let rc = GetRawInputDeviceList(
[INFO] [stdout]     |              ^^^^^^^^^^^^^^^^^^^^^ not found in this scope
[INFO] [stdout] 
[INFO] [stdout] 
[INFO] [stdout] error[E0412]: cannot find type `RAWINPUTDEVICELIST` in this scope
[INFO] [stdout]    --> src/main.rs:113:24
[INFO] [stdout]     |
[INFO] [stdout] 108 | unsafe fn win32_list_devices() {
[INFO] [stdout]     |                             - help: you might be missing a type parameter: `<RAWINPUTDEVICELIST>`
[INFO] [stdout] ...
[INFO] [stdout] 113 |         mem::size_of::<RAWINPUTDEVICELIST>() as u32
[INFO] [stdout]     |                        ^^^^^^^^^^^^^^^^^^ not found in this scope
[INFO] [stdout] 
[INFO] [stdout] 
[INFO] [stdout] error[E0422]: cannot find struct, variant or union type `RAWINPUTDEVICELIST` in this scope
[INFO] [stdout]    --> src/main.rs:116:25
[INFO] [stdout]     |
[INFO] [stdout] 116 |     let mut rids = vec![RAWINPUTDEVICELIST { hDevice: null_mut(), dwType: u32::MAX }; sz as usize]
[INFO] [stdout]     |                         ^^^^^^^^^^^^^^^^^^ not found in this scope
[INFO] [stdout] 
[INFO] [stdout] 
[INFO] [stdout] error[E0425]: cannot find function, tuple struct or tuple variant `GetRawInputDeviceList` in this scope
[INFO] [stdout]    --> src/main.rs:118:14
[INFO] [stdout]     |
[INFO] [stdout] 118 |     let rc = GetRawInputDeviceList(
[INFO] [stdout]     |              ^^^^^^^^^^^^^^^^^^^^^ not found in this scope
[INFO] [stdout] 
[INFO] [stdout] 
[INFO] [stdout] error[E0412]: cannot find type `RAWINPUTDEVICELIST` in this scope
[INFO] [stdout]    --> src/main.rs:121:24
[INFO] [stdout]     |
[INFO] [stdout] 108 | unsafe fn win32_list_devices() {
[INFO] [stdout]     |                             - help: you might be missing a type parameter: `<RAWINPUTDEVICELIST>`
[INFO] [stdout] ...
[INFO] [stdout] 121 |         mem::size_of::<RAWINPUTDEVICELIST>() as u32
[INFO] [stdout]     |                        ^^^^^^^^^^^^^^^^^^ not found in this scope
[INFO] [stdout] 
[INFO] [stdout] 
[INFO] [stdout] error[E0412]: cannot find type `UINT` in this scope
[INFO] [stdout]    --> src/main.rs:132:22
[INFO] [stdout]     |
[INFO] [stdout] 132 |         let mut ssz: UINT = 0;
[INFO] [stdout]     |                      ^^^^ not found in this scope
[INFO] [stdout] 
[INFO] [stdout] 
[INFO] [stdout] error[E0425]: cannot find function, tuple struct or tuple variant `GetRawInputDeviceInfoW` in this scope
[INFO] [stdout]    --> src/main.rs:133:18
[INFO] [stdout]     |
[INFO] [stdout] 133 |         let rc = GetRawInputDeviceInfoW(
[INFO] [stdout]     |                  ^^^^^^^^^^^^^^^^^^^^^^ not found in this scope
[INFO] [stdout] 
[INFO] [stdout] 
[INFO] [stdout] error[E0425]: cannot find value `RIDI_DEVICENAME` in this scope
[INFO] [stdout]    --> src/main.rs:135:13
[INFO] [stdout]     |
[INFO] [stdout] 135 |             RIDI_DEVICENAME,
[INFO] [stdout]     |             ^^^^^^^^^^^^^^^ not found in this scope
[INFO] [stdout] 
[INFO] [stdout] 
[INFO] [stdout] error[E0425]: cannot find function, tuple struct or tuple variant `GetRawInputDeviceInfoW` in this scope
[INFO] [stdout]    --> src/main.rs:141:18
[INFO] [stdout]     |
[INFO] [stdout] 141 |         let rc = GetRawInputDeviceInfoW(
[INFO] [stdout]     |                  ^^^^^^^^^^^^^^^^^^^^^^ not found in this scope
[INFO] [stdout] 
[INFO] [stdout] 
[INFO] [stdout] error[E0425]: cannot find value `RIDI_DEVICENAME` in this scope
[INFO] [stdout]    --> src/main.rs:143:13
[INFO] [stdout]     |
[INFO] [stdout] 143 |             RIDI_DEVICENAME,
[INFO] [stdout]     |             ^^^^^^^^^^^^^^^ not found in this scope
[INFO] [stdout] 
[INFO] [stdout] 
[INFO] [stdout] error[E0412]: cannot find type `HWND` in this scope
[INFO] [stdout]    --> src/main.rs:155:11
[INFO] [stdout]     |
[INFO] [stdout] 155 |     hWnd: HWND,
[INFO] [stdout]     |           ^^^^ not found in this scope
[INFO] [stdout] 
[INFO] [stdout] 
[INFO] [stdout] error[E0412]: cannot find type `UINT` in this scope
[INFO] [stdout]    --> src/main.rs:156:14
[INFO] [stdout]     |
[INFO] [stdout] 156 |     message: UINT,
[INFO] [stdout]     |              ^^^^ not found in this scope
[INFO] [stdout] 
[INFO] [stdout] 
[INFO] [stdout] error[E0412]: cannot find type `WPARAM` in this scope
[INFO] [stdout]    --> src/main.rs:157:13
[INFO] [stdout]     |
[INFO] [stdout] 157 |     wParam: WPARAM,
[INFO] [stdout]     |             ^^^^^^ not found in this scope
[INFO] [stdout] 
[INFO] [stdout] 
[INFO] [stdout] error[E0412]: cannot find type `LPARAM` in this scope
[INFO] [stdout]    --> src/main.rs:158:13
[INFO] [stdout]     |
[INFO] [stdout] 158 |     lParam: LPARAM
[INFO] [stdout]     |             ^^^^^^ not found in this scope
[INFO] [stdout] 
[INFO] [stdout] 
[INFO] [stdout] error[E0412]: cannot find type `LRESULT` in this scope
[INFO] [stdout]    --> src/main.rs:159:6
[INFO] [stdout]     |
[INFO] [stdout] 159 | ) -> LRESULT {
[INFO] [stdout]     |      ^^^^^^^ not found in this scope
[INFO] [stdout] 
[INFO] [stdout] 
[INFO] [stdout] error[E0412]: cannot find type `UINT` in this scope
[INFO] [stdout]    --> src/main.rs:163:29
[INFO] [stdout]     |
[INFO] [stdout] 163 |             let mut dwsize: UINT = mem::size_of::<RAWINPUT>() as u32;
[INFO] [stdout]     |                             ^^^^ not found in this scope
[INFO] [stdout] 
[INFO] [stdout] 
[INFO] [stdout] error[E0412]: cannot find type `RAWINPUT` in this scope
[INFO] [stdout]    --> src/main.rs:163:51
[INFO] [stdout]     |
[INFO] [stdout] 154 | unsafe extern "system" fn win32_wndproc(
[INFO] [stdout]     |                                        - help: you might be missing a type parameter: `<RAWINPUT>`
[INFO] [stdout] ...
[INFO] [stdout] 163 |             let mut dwsize: UINT = mem::size_of::<RAWINPUT>() as u32;
[INFO] [stdout]     |                                                   ^^^^^^^^ not found in this scope
[INFO] [stdout] 
[INFO] [stdout] 
[INFO] [stdout] error[E0412]: cannot find type `RAWINPUT` in this scope
[INFO] [stdout]    --> src/main.rs:164:25
[INFO] [stdout]     |
[INFO] [stdout] 164 |             let mut ri: RAWINPUT = mem::uninitialized();
[INFO] [stdout]     |                         ^^^^^^^^ not found in this scope
[INFO] [stdout] 
[INFO] [stdout] 
[INFO] [stdout] error[E0425]: cannot find function, tuple struct or tuple variant `GetRawInputData` in this scope
[INFO] [stdout]    --> src/main.rs:166:22
[INFO] [stdout]     |
[INFO] [stdout] 166 |             let rc = GetRawInputData(
[INFO] [stdout]     |                      ^^^^^^^^^^^^^^^ not found in this scope
[INFO] [stdout] 
[INFO] [stdout] 
[INFO] [stdout] error[E0425]: cannot find value `RID_INPUT` in this scope
[INFO] [stdout]    --> src/main.rs:168:17
[INFO] [stdout]     |
[INFO] [stdout] 168 |                 RID_INPUT,
[INFO] [stdout]     |                 ^^^^^^^^^ help: a local variable with a similar name exists: `WM_INPUT`
[INFO] [stdout] 
[INFO] [stdout] 
[INFO] [stdout] error[E0412]: cannot find type `RAWINPUTHEADER` in this scope
[INFO] [stdout]    --> src/main.rs:171:32
[INFO] [stdout]     |
[INFO] [stdout] 154 | unsafe extern "system" fn win32_wndproc(
[INFO] [stdout]     |                                        - help: you might be missing a type parameter: `<RAWINPUTHEADER>`
[INFO] [stdout] ...
[INFO] [stdout] 171 |                 mem::size_of::<RAWINPUTHEADER>() as u32
[INFO] [stdout]     |                                ^^^^^^^^^^^^^^ not found in this scope
[INFO] [stdout] 
[INFO] [stdout] 
[INFO] [stdout] error[E0425]: cannot find function, tuple struct or tuple variant `DefWindowProcW` in this scope
[INFO] [stdout]    --> src/main.rs:181:14
[INFO] [stdout]     |
[INFO] [stdout] 181 |         _ => DefWindowProcW(hWnd, message, wParam, lParam)
[INFO] [stdout]     |              ^^^^^^^^^^^^^^ not found in this scope
[INFO] [stdout] 
[INFO] [stdout] 
[INFO] [stdout] error[E0422]: cannot find struct, variant or union type `WNDCLASSW` in this scope
[INFO] [stdout]    --> src/main.rs:193:25
[INFO] [stdout]     |
[INFO] [stdout] 193 |         let wnd_class = WNDCLASSW {
[INFO] [stdout]     |                         ^^^^^^^^^ not found in this scope
[INFO] [stdout] 
[INFO] [stdout] 
[INFO] [stdout] error[E0425]: cannot find value `CS_HREDRAW` in this scope
[INFO] [stdout]    --> src/main.rs:194:20
[INFO] [stdout]     |
[INFO] [stdout] 194 |             style: CS_HREDRAW | CS_VREDRAW, // CS_OWNDC
[INFO] [stdout]     |                    ^^^^^^^^^^ not found in this scope
[INFO] [stdout] 
[INFO] [stdout] 
[INFO] [stdout] error[E0425]: cannot find value `CS_VREDRAW` in this scope
[INFO] [stdout]    --> src/main.rs:194:33
[INFO] [stdout]     |
[INFO] [stdout] 194 |             style: CS_HREDRAW | CS_VREDRAW, // CS_OWNDC
[INFO] [stdout]     |                                 ^^^^^^^^^^ not found in this scope
[INFO] [stdout] 
[INFO] [stdout] 
[INFO] [stdout] error[E0425]: cannot find function, tuple struct or tuple variant `RegisterClassW` in this scope
[INFO] [stdout]    --> src/main.rs:206:9
[INFO] [stdout]     |
[INFO] [stdout] 206 |         RegisterClassW(&wnd_class);
[INFO] [stdout]     |         ^^^^^^^^^^^^^^ not found in this scope
[INFO] [stdout] 
[INFO] [stdout] 
[INFO] [stdout] error[E0425]: cannot find function, tuple struct or tuple variant `CreateWindowExW` in this scope
[INFO] [stdout]    --> src/main.rs:207:22
[INFO] [stdout]     |
[INFO] [stdout] 207 |         let handle = CreateWindowExW(
[INFO] [stdout]     |                      ^^^^^^^^^^^^^^^ not found in this scope
[INFO] [stdout] 
[INFO] [stdout] 
[INFO] [stdout] error[E0425]: cannot find value `WS_EX_CLIENTEDGE` in this scope
[INFO] [stdout]    --> src/main.rs:208:13
[INFO] [stdout]     |
[INFO] [stdout] 208 |             WS_EX_CLIENTEDGE,
[INFO] [stdout]     |             ^^^^^^^^^^^^^^^^ not found in this scope
[INFO] [stdout] 
[INFO] [stdout] 
[INFO] [stdout] error[E0425]: cannot find value `WS_OVERLAPPEDWINDOW` in this scope
[INFO] [stdout]    --> src/main.rs:211:13
[INFO] [stdout]     |
[INFO] [stdout] 211 |             WS_OVERLAPPEDWINDOW | WS_VISIBLE, // Remove WS_VISIBLE?
[INFO] [stdout]     |             ^^^^^^^^^^^^^^^^^^^ not found in this scope
[INFO] [stdout] 
[INFO] [stdout] 
[INFO] [stdout] error[E0425]: cannot find value `WS_VISIBLE` in this scope
[INFO] [stdout]    --> src/main.rs:211:35
[INFO] [stdout]     |
[INFO] [stdout] 211 |             WS_OVERLAPPEDWINDOW | WS_VISIBLE, // Remove WS_VISIBLE?
[INFO] [stdout]     |                                   ^^^^^^^^^^ not found in this scope
[INFO] [stdout] 
[INFO] [stdout] 
[INFO] [stdout] error[E0425]: cannot find value `CW_USEDEFAULT` in this scope
[INFO] [stdout]    --> src/main.rs:212:13
[INFO] [stdout]     |
[INFO] [stdout] 212 |             CW_USEDEFAULT,
[INFO] [stdout]     |             ^^^^^^^^^^^^^ not found in this scope
[INFO] [stdout] 
[INFO] [stdout] 
[INFO] [stdout] error[E0425]: cannot find value `CW_USEDEFAULT` in this scope
[INFO] [stdout]    --> src/main.rs:213:13
[INFO] [stdout]     |
[INFO] [stdout] 213 |             CW_USEDEFAULT,
[INFO] [stdout]     |             ^^^^^^^^^^^^^ not found in this scope
[INFO] [stdout] 
[INFO] [stdout] 
[INFO] [stdout] error[E0425]: cannot find value `CW_USEDEFAULT` in this scope
[INFO] [stdout]    --> src/main.rs:214:13
[INFO] [stdout]     |
[INFO] [stdout] 214 |             CW_USEDEFAULT,
[INFO] [stdout]     |             ^^^^^^^^^^^^^ not found in this scope
[INFO] [stdout] 
[INFO] [stdout] 
[INFO] [stdout] error[E0425]: cannot find value `CW_USEDEFAULT` in this scope
[INFO] [stdout]    --> src/main.rs:215:13
[INFO] [stdout]     |
[INFO] [stdout] 215 |             CW_USEDEFAULT,
[INFO] [stdout]     |             ^^^^^^^^^^^^^ not found in this scope
[INFO] [stdout] 
[INFO] [stdout] 
[INFO] [stdout] error[E0425]: cannot find function, tuple struct or tuple variant `ShowWindow` in this scope
[INFO] [stdout]    --> src/main.rs:222:18
[INFO] [stdout]     |
[INFO] [stdout] 222 |         let rc = ShowWindow(
[INFO] [stdout]     |                  ^^^^^^^^^^ not found in this scope
[INFO] [stdout] 
[INFO] [stdout] 
[INFO] [stdout] error[E0425]: cannot find value `SW_SHOW` in this scope
[INFO] [stdout]    --> src/main.rs:223:21
[INFO] [stdout]     |
[INFO] [stdout] 223 |             handle, SW_SHOW | SW_RESTORE
[INFO] [stdout]     |                     ^^^^^^^ not found in this scope
[INFO] [stdout] 
[INFO] [stdout] 
[INFO] [stdout] error[E0425]: cannot find value `SW_RESTORE` in this scope
[INFO] [stdout]    --> src/main.rs:223:31
[INFO] [stdout]     |
[INFO] [stdout] 223 |             handle, SW_SHOW | SW_RESTORE
[INFO] [stdout]     |                               ^^^^^^^^^^ not found in this scope
[INFO] [stdout] 
[INFO] [stdout] 
[INFO] [stdout] error[E0422]: cannot find struct, variant or union type `RAWINPUTDEVICE` in this scope
[INFO] [stdout]    --> src/main.rs:228:19
[INFO] [stdout]     |
[INFO] [stdout] 228 |         let rid = RAWINPUTDEVICE {
[INFO] [stdout]     |                   ^^^^^^^^^^^^^^ not found in this scope
[INFO] [stdout] 
[INFO] [stdout] 
[INFO] [stdout] error[E0425]: cannot find value `RIDEV_NOLEGACY` in this scope
[INFO] [stdout]    --> src/main.rs:234:22
[INFO] [stdout]     |
[INFO] [stdout] 234 |             dwFlags: RIDEV_NOLEGACY | RIDEV_NOHOTKEYS | RIDEV_INPUTSINK,
[INFO] [stdout]     |                      ^^^^^^^^^^^^^^ not found in this scope
[INFO] [stdout] 
[INFO] [stdout] 
[INFO] [stdout] error[E0425]: cannot find value `RIDEV_NOHOTKEYS` in this scope
[INFO] [stdout]    --> src/main.rs:234:39
[INFO] [stdout]     |
[INFO] [stdout] 234 |             dwFlags: RIDEV_NOLEGACY | RIDEV_NOHOTKEYS | RIDEV_INPUTSINK,
[INFO] [stdout]     |                                       ^^^^^^^^^^^^^^^ not found in this scope
[INFO] [stdout] 
[INFO] [stdout] 
[INFO] [stdout] error[E0425]: cannot find value `RIDEV_INPUTSINK` in this scope
[INFO] [stdout]    --> src/main.rs:234:57
[INFO] [stdout]     |
[INFO] [stdout] 234 |             dwFlags: RIDEV_NOLEGACY | RIDEV_NOHOTKEYS | RIDEV_INPUTSINK,
[INFO] [stdout]     |                                                         ^^^^^^^^^^^^^^^ not found in this scope
[INFO] [stdout] 
[INFO] [stdout] 
[INFO] [stdout] error[E0425]: cannot find function, tuple struct or tuple variant `RegisterRawInputDevices` in this scope
[INFO] [stdout]    --> src/main.rs:237:18
[INFO] [stdout]     |
[INFO] [stdout] 237 |         let rc = RegisterRawInputDevices(
[INFO] [stdout]     |                  ^^^^^^^^^^^^^^^^^^^^^^^ not found in this scope
[INFO] [stdout] 
[INFO] [stdout] 
[INFO] [stdout] error[E0412]: cannot find type `RAWINPUTDEVICE` in this scope
[INFO] [stdout]    --> src/main.rs:240:28
[INFO] [stdout]     |
[INFO] [stdout] 240 |             mem::size_of::<RAWINPUTDEVICE>() as u32
[INFO] [stdout]     |                            ^^^^^^^^^^^^^^ not found in this scope
[INFO] [stdout] 
[INFO] [stdout] 
[INFO] [stdout] error[E0412]: cannot find type `MSG` in this scope
[INFO] [stdout]    --> src/main.rs:244:30
[INFO] [stdout]     |
[INFO] [stdout] 244 |             let mut message: MSG = mem::uninitialized();
[INFO] [stdout]     |                              ^^^ not found in this scope
[INFO] [stdout] 
[INFO] [stdout] 
[INFO] [stdout] error[E0425]: cannot find function, tuple struct or tuple variant `GetMessageW` in this scope
[INFO] [stdout]    --> src/main.rs:245:16
[INFO] [stdout]     |
[INFO] [stdout] 245 |             if GetMessageW(&mut message as *mut MSG,
[INFO] [stdout]     |                ^^^^^^^^^^^ not found in this scope
[INFO] [stdout] 
[INFO] [stdout] 
[INFO] [stdout] error[E0412]: cannot find type `MSG` in this scope
[INFO] [stdout]    --> src/main.rs:245:49
[INFO] [stdout]     |
[INFO] [stdout] 245 |             if GetMessageW(&mut message as *mut MSG,
[INFO] [stdout]     |                                                 ^^^ not found in this scope
[INFO] [stdout] 
[INFO] [stdout] 
[INFO] [stdout] error[E0425]: cannot find function, tuple struct or tuple variant `TranslateMessage` in this scope
[INFO] [stdout]    --> src/main.rs:247:17
[INFO] [stdout]     |
[INFO] [stdout] 247 |                 TranslateMessage(&message as *const MSG);
[INFO] [stdout]     |                 ^^^^^^^^^^^^^^^^ not found in this scope
[INFO] [stdout] 
[INFO] [stdout] 
[INFO] [stdout] error[E0412]: cannot find type `MSG` in this scope
[INFO] [stdout]    --> src/main.rs:247:53
[INFO] [stdout]     |
[INFO] [stdout] 247 |                 TranslateMessage(&message as *const MSG);
[INFO] [stdout]     |                                                     ^^^ not found in this scope
[INFO] [stdout] 
[INFO] [stdout] 
[INFO] [stdout] error[E0425]: cannot find function, tuple struct or tuple variant `DispatchMessageW` in this scope
[INFO] [stdout]    --> src/main.rs:248:17
[INFO] [stdout]     |
[INFO] [stdout] 248 |                 DispatchMessageW(&message as *const MSG);
[INFO] [stdout]     |                 ^^^^^^^^^^^^^^^^ not found in this scope
[INFO] [stdout] 
[INFO] [stdout] 
[INFO] [stdout] error[E0412]: cannot find type `MSG` in this scope
[INFO] [stdout]    --> src/main.rs:248:53
[INFO] [stdout]     |
[INFO] [stdout] 248 |                 DispatchMessageW(&message as *const MSG);
[INFO] [stdout]     |                                                     ^^^ not found in this scope
[INFO] [stdout] 
[INFO] [stdout] 
[INFO] [stdout] error[E0554]: `#![feature]` may not be used on the beta release channel
[INFO] [stdout]  --> src/main.rs:2:1
[INFO] [stdout]   |
[INFO] [stdout] 2 | #![feature(vec_into_raw_parts)]
[INFO] [stdout]   | ^^^^^^^^^^^^^^^^^^^^^^^^^^^^^^^
[INFO] [stdout] 
[INFO] [stdout] 
[INFO] [stdout] warning: unused import: `std::io::Error`
[INFO] [stdout]   --> src/main.rs:13:5
[INFO] [stdout]    |
[INFO] [stdout] 13 | use std::io::Error;
[INFO] [stdout]    |     ^^^^^^^^^^^^^^
[INFO] [stdout]    |
[INFO] [stdout]    = note: `#[warn(unused_imports)]` on by default
[INFO] [stdout] 
[INFO] [stdout] 
[INFO] [stdout] warning: unused import: `winapi::*`
[INFO] [stdout]   --> src/main.rs:19:5
[INFO] [stdout]    |
[INFO] [stdout] 19 | use winapi::*;
[INFO] [stdout]    |     ^^^^^^^^^
[INFO] [stdout] 
[INFO] [stdout] 
[INFO] [stdout] warning: use of deprecated function `std::mem::uninitialized`: use `mem::MaybeUninit` instead
[INFO] [stdout]    --> src/main.rs:164:41
[INFO] [stdout]     |
[INFO] [stdout] 164 |             let mut ri: RAWINPUT = mem::uninitialized();
[INFO] [stdout]     |                                         ^^^^^^^^^^^^^
[INFO] [stdout]     |
[INFO] [stdout]     = note: `#[warn(deprecated)]` on by default
[INFO] [stdout] 
[INFO] [stdout] 
[INFO] [stdout] warning: use of deprecated function `std::mem::uninitialized`: use `mem::MaybeUninit` instead
[INFO] [stdout]    --> src/main.rs:244:41
[INFO] [stdout]     |
[INFO] [stdout] 244 |             let mut message: MSG = mem::uninitialized();
[INFO] [stdout]     |                                         ^^^^^^^^^^^^^
[INFO] [stdout] 
[INFO] [stdout] 
[INFO] [stdout] error[E0599]: no method named `encode_wide` found for reference `&OsStr` in the current scope
[INFO] [stdout]   --> src/main.rs:76:23
[INFO] [stdout]    |
[INFO] [stdout] 76 |     OsStr::new(value).encode_wide().chain(once(0)).collect()
[INFO] [stdout]    |                       ^^^^^^^^^^^ method not found in `&OsStr`
[INFO] [stdout] 
[INFO] [stdout] 
[INFO] [stdout] error: aborting due to 70 previous errors; 4 warnings emitted
[INFO] [stdout] 
[INFO] [stdout] 
[INFO] [stdout] Some errors have detailed explanations: E0412, E0422, E0425, E0432, E0433, E0554, E0599.
[INFO] [stdout] 
[INFO] [stdout] For more information about an error, try `rustc --explain E0412`.
[INFO] [stdout] 
[INFO] [stderr] error: could not compile `win32_rawinput` due to 71 previous errors; 4 warnings emitted
[INFO] running `Command { std: "docker" "inspect" "3e2b73445da8f8d06998869910e7172fc865cc48036112b9911828f0cc8d339e", kill_on_drop: false }`
[INFO] running `Command { std: "docker" "rm" "-f" "3e2b73445da8f8d06998869910e7172fc865cc48036112b9911828f0cc8d339e", kill_on_drop: false }`
[INFO] [stdout] 3e2b73445da8f8d06998869910e7172fc865cc48036112b9911828f0cc8d339e
