[INFO] cloning repository https://github.com/ProfFan/stm32-cmake-chibios-demo
[INFO] running `Command { std: "git" "-c" "credential.helper=" "-c" "credential.helper=/workspace/cargo-home/bin/git-credential-null" "clone" "--bare" "https://github.com/ProfFan/stm32-cmake-chibios-demo" "/workspace/cache/git-repos/https%3A%2F%2Fgithub.com%2FProfFan%2Fstm32-cmake-chibios-demo", kill_on_drop: false }`
[INFO] [stderr] Cloning into bare repository '/workspace/cache/git-repos/https%3A%2F%2Fgithub.com%2FProfFan%2Fstm32-cmake-chibios-demo'...
[INFO] running `Command { std: "git" "rev-parse" "HEAD", kill_on_drop: false }`
[INFO] [stdout] a0fabd414d95a9d72a031bb13e06dbca4b09fcfa
[INFO] testing ProfFan/stm32-cmake-chibios-demo against beta-2021-08-01 for beta-1.55-1
[INFO] running `Command { std: "git" "clone" "/workspace/cache/git-repos/https%3A%2F%2Fgithub.com%2FProfFan%2Fstm32-cmake-chibios-demo" "/workspace/builds/worker-10/source", kill_on_drop: false }`
[INFO] [stderr] Cloning into '/workspace/builds/worker-10/source'...
[INFO] [stderr] done.
[INFO] validating manifest of git repo https://github.com/ProfFan/stm32-cmake-chibios-demo on toolchain beta-2021-08-01
[INFO] running `Command { std: "/workspace/cargo-home/bin/cargo" "+beta-2021-08-01" "metadata" "--manifest-path" "Cargo.toml" "--no-deps", kill_on_drop: false }`
[INFO] started tweaking git repo https://github.com/ProfFan/stm32-cmake-chibios-demo
[INFO] finished tweaking git repo https://github.com/ProfFan/stm32-cmake-chibios-demo
[INFO] tweaked toml for git repo https://github.com/ProfFan/stm32-cmake-chibios-demo written to /workspace/builds/worker-10/source/Cargo.toml
[INFO] crate git repo https://github.com/ProfFan/stm32-cmake-chibios-demo already has a lockfile, it will not be regenerated
[INFO] running `Command { std: "/workspace/cargo-home/bin/cargo" "+beta-2021-08-01" "fetch" "--manifest-path" "Cargo.toml", kill_on_drop: false }`
[INFO] [stderr] warning: `panic` setting is ignored for `test` profile
[INFO] running `Command { std: "docker" "create" "-v" "/var/lib/crater-agent-workspace/builds/worker-10/target:/opt/rustwide/target:rw,Z" "-v" "/var/lib/crater-agent-workspace/builds/worker-10/source:/opt/rustwide/workdir:ro,Z" "-v" "/var/lib/crater-agent-workspace/cargo-home:/opt/rustwide/cargo-home:ro,Z" "-v" "/var/lib/crater-agent-workspace/rustup-home:/opt/rustwide/rustup-home:ro,Z" "-e" "SOURCE_DIR=/opt/rustwide/workdir" "-e" "CARGO_TARGET_DIR=/opt/rustwide/target" "-e" "CARGO_HOME=/opt/rustwide/cargo-home" "-e" "RUSTUP_HOME=/opt/rustwide/rustup-home" "-w" "/opt/rustwide/workdir" "-m" "1610612736" "--user" "0:0" "--network" "none" "ghcr.io/rust-lang/crates-build-env/linux@sha256:34b6a614d2c27851fe6cbf88fbd1137609cefab8b10d0615aaeb6fd47975d74e" "/opt/rustwide/cargo-home/bin/cargo" "+beta-2021-08-01" "metadata" "--no-deps" "--format-version=1", kill_on_drop: false }`
[INFO] [stdout] df43ab1327e73fbcf880c7037890d26763886beb7e73a2ba6044031ac138d258
[INFO] running `Command { std: "docker" "start" "-a" "df43ab1327e73fbcf880c7037890d26763886beb7e73a2ba6044031ac138d258", kill_on_drop: false }`
[INFO] running `Command { std: "docker" "inspect" "df43ab1327e73fbcf880c7037890d26763886beb7e73a2ba6044031ac138d258", kill_on_drop: false }`
[INFO] running `Command { std: "docker" "rm" "-f" "df43ab1327e73fbcf880c7037890d26763886beb7e73a2ba6044031ac138d258", kill_on_drop: false }`
[INFO] [stdout] df43ab1327e73fbcf880c7037890d26763886beb7e73a2ba6044031ac138d258
[INFO] running `Command { std: "docker" "create" "-v" "/var/lib/crater-agent-workspace/builds/worker-10/target:/opt/rustwide/target:rw,Z" "-v" "/var/lib/crater-agent-workspace/builds/worker-10/source:/opt/rustwide/workdir:ro,Z" "-v" "/var/lib/crater-agent-workspace/cargo-home:/opt/rustwide/cargo-home:ro,Z" "-v" "/var/lib/crater-agent-workspace/rustup-home:/opt/rustwide/rustup-home:ro,Z" "-e" "SOURCE_DIR=/opt/rustwide/workdir" "-e" "CARGO_TARGET_DIR=/opt/rustwide/target" "-e" "CARGO_INCREMENTAL=0" "-e" "RUST_BACKTRACE=full" "-e" "RUSTFLAGS=--cap-lints=warn" "-e" "CARGO_HOME=/opt/rustwide/cargo-home" "-e" "RUSTUP_HOME=/opt/rustwide/rustup-home" "-w" "/opt/rustwide/workdir" "-m" "1610612736" "--user" "0:0" "--network" "none" "ghcr.io/rust-lang/crates-build-env/linux@sha256:34b6a614d2c27851fe6cbf88fbd1137609cefab8b10d0615aaeb6fd47975d74e" "/opt/rustwide/cargo-home/bin/cargo" "+beta-2021-08-01" "build" "--frozen" "--message-format=json", kill_on_drop: false }`
[INFO] [stdout] 8b18cd8f110b9398daae6b1c434a0fe2d09c84f43213f14086e717e2ad228261
[INFO] running `Command { std: "docker" "start" "-a" "8b18cd8f110b9398daae6b1c434a0fe2d09c84f43213f14086e717e2ad228261", kill_on_drop: false }`
[INFO] [stderr] warning: `panic` setting is ignored for `test` profile
[INFO] [stderr]    Compiling rust32 v0.1.0 (/opt/rustwide/workdir)
[INFO] [stdout] error[E0554]: `#![feature]` may not be used on the beta release channel
[INFO] [stdout]  --> src/lib.rs:1:1
[INFO] [stdout]   |
[INFO] [stdout] 1 | #![feature(lang_items, core_intrinsics)]
[INFO] [stdout]   | ^^^^^^^^^^^^^^^^^^^^^^^^^^^^^^^^^^^^^^^^
[INFO] [stdout] 
[INFO] [stdout] 
[INFO] [stdout] error[E0554]: `#![feature]` may not be used on the beta release channel
[INFO] [stdout]  --> src/lib.rs:2:1
[INFO] [stdout]   |
[INFO] [stdout] 2 | #![feature(start)]
[INFO] [stdout]   | ^^^^^^^^^^^^^^^^^^
[INFO] [stdout] 
[INFO] [stdout] 
[INFO] [stdout] error[E0522]: definition of an unknown language item: `eh_unwind_resume`
[INFO] [stdout]   --> src/lib.rs:24:1
[INFO] [stdout]    |
[INFO] [stdout] 24 | #[lang = "eh_unwind_resume"]
[INFO] [stdout]    | ^^^^^^^^^^^^^^^^^^^^^^^^^^^^ definition of unknown language item `eh_unwind_resume`
[INFO] [stdout] 
[INFO] [stdout] 
[INFO] [stdout] error[E0522]: definition of an unknown language item: `panic_fmt`
[INFO] [stdout]   --> src/lib.rs:29:1
[INFO] [stdout]    |
[INFO] [stdout] 29 | #[lang = "panic_fmt"]
[INFO] [stdout]    | ^^^^^^^^^^^^^^^^^^^^^ definition of unknown language item `panic_fmt`
[INFO] [stdout] 
[INFO] [stdout] 
[INFO] [stdout] error: `#[panic_handler]` function required, but not found
[INFO] [stdout] 
[INFO] [stdout] 
[INFO] [stdout] error: aborting due to 5 previous errors
[INFO] [stdout] 
[INFO] [stdout] 
[INFO] [stdout] Some errors have detailed explanations: E0522, E0554.
[INFO] [stdout] 
[INFO] [stdout] For more information about an error, try `rustc --explain E0522`.
[INFO] [stdout] 
[INFO] [stderr] error: could not compile `rust32` due to 6 previous errors
[INFO] running `Command { std: "docker" "inspect" "8b18cd8f110b9398daae6b1c434a0fe2d09c84f43213f14086e717e2ad228261", kill_on_drop: false }`
[INFO] running `Command { std: "docker" "rm" "-f" "8b18cd8f110b9398daae6b1c434a0fe2d09c84f43213f14086e717e2ad228261", kill_on_drop: false }`
[INFO] [stdout] 8b18cd8f110b9398daae6b1c434a0fe2d09c84f43213f14086e717e2ad228261
