[INFO] cloning repository https://github.com/PleXone2019/sn0int
[INFO] running `Command { std: "git" "-c" "credential.helper=" "-c" "credential.helper=/workspace/cargo-home/bin/git-credential-null" "clone" "--bare" "https://github.com/PleXone2019/sn0int" "/workspace/cache/git-repos/https%3A%2F%2Fgithub.com%2FPleXone2019%2Fsn0int", kill_on_drop: false }`
[INFO] [stderr] Cloning into bare repository '/workspace/cache/git-repos/https%3A%2F%2Fgithub.com%2FPleXone2019%2Fsn0int'...
[INFO] running `Command { std: "git" "rev-parse" "HEAD", kill_on_drop: false }`
[INFO] [stdout] ad700d08930d0c7510fc951a9ef000803cdc6c5d
[INFO] testing PleXone2019/sn0int against beta-2021-08-01 for beta-1.55-1
[INFO] running `Command { std: "git" "clone" "/workspace/cache/git-repos/https%3A%2F%2Fgithub.com%2FPleXone2019%2Fsn0int" "/workspace/builds/worker-3/source", kill_on_drop: false }`
[INFO] [stderr] Cloning into '/workspace/builds/worker-3/source'...
[INFO] [stderr] done.
[INFO] validating manifest of git repo https://github.com/PleXone2019/sn0int on toolchain beta-2021-08-01
[INFO] running `Command { std: "/workspace/cargo-home/bin/cargo" "+beta-2021-08-01" "metadata" "--manifest-path" "Cargo.toml" "--no-deps", kill_on_drop: false }`
[INFO] started tweaking git repo https://github.com/PleXone2019/sn0int
[INFO] finished tweaking git repo https://github.com/PleXone2019/sn0int
[INFO] tweaked toml for git repo https://github.com/PleXone2019/sn0int written to /workspace/builds/worker-3/source/Cargo.toml
[INFO] crate git repo https://github.com/PleXone2019/sn0int already has a lockfile, it will not be regenerated
[INFO] running `Command { std: "/workspace/cargo-home/bin/cargo" "+beta-2021-08-01" "fetch" "--manifest-path" "Cargo.toml", kill_on_drop: false }`
[INFO] [stderr]  Downloading crates ...
[INFO] [stderr]   Downloaded try-lock v0.2.2
[INFO] [stderr]   Downloaded fnv v1.0.6
[INFO] [stderr]   Downloaded http-body v0.1.0
[INFO] [stderr]   Downloaded which v2.0.1
[INFO] [stderr]   Downloaded anyhow v1.0.23
[INFO] [stderr]   Downloaded winreg v0.6.2
[INFO] [stderr]   Downloaded webpki-roots v0.18.0
[INFO] [stderr]   Downloaded tokio-buf v0.1.1
[INFO] [stderr]   Downloaded sourcefile v0.1.4
[INFO] [stderr]   Downloaded httparse v1.3.4
[INFO] [stderr]   Downloaded xml-rs v0.8.0
[INFO] [stderr]   Downloaded spin v0.5.2
[INFO] [stderr]   Downloaded same-file v1.0.5
[INFO] [stderr]   Downloaded walkdir v2.2.9
[INFO] [stderr]   Downloaded wasm-bindgen-shared v0.2.55
[INFO] [stderr]   Downloaded errno v0.2.4
[INFO] [stderr]   Downloaded web-sys v0.3.32
[INFO] [stderr]   Downloaded version_check v0.9.1
[INFO] [stderr]   Downloaded native-tls v0.2.3
[INFO] [stderr]   Downloaded uuid v0.7.4
[INFO] [stderr]   Downloaded tokio-sync v0.1.7
[INFO] [stderr]   Downloaded sha-1 v0.8.1
[INFO] [stderr]   Downloaded hyper v0.12.35
[INFO] [stderr]   Downloaded rocket_codegen v0.4.2
[INFO] [stderr]   Downloaded rocket_http v0.4.2
[INFO] [stderr]   Downloaded core-foundation v0.6.4
[INFO] [stderr]   Downloaded curl v0.4.25
[INFO] [stderr]   Downloaded generic-array v0.12.3
[INFO] [stderr]   Downloaded proc-macro-error v0.2.6
[INFO] [stderr]   Downloaded mio-extras v2.0.5
[INFO] [stderr]   Downloaded try_from v0.3.2
[INFO] [stderr]   Downloaded tiff v0.3.1
[INFO] [stderr]   Downloaded cookie v0.12.0
[INFO] [stderr]   Downloaded cexpr v0.3.6
[INFO] [stderr]   Downloaded nix v0.15.0
[INFO] [stderr]   Downloaded bs58 v0.3.0
[INFO] [stderr]   Downloaded cookie_store v0.7.0
[INFO] [stderr]   Downloaded shlex v0.1.1
[INFO] [stderr]   Downloaded encoding_rs v0.8.20
[INFO] [stderr]   Downloaded hostname v0.1.5
[INFO] [stderr]   Downloaded winutil v0.1.1
[INFO] [stderr]   Downloaded pest_generator v2.1.1
[INFO] [stderr]   Downloaded plist v0.4.2
[INFO] [stderr]   Downloaded indexmap v1.3.0
[INFO] [stderr]   Downloaded scoped-tls v0.1.2
[INFO] [stderr]   Downloaded phf_generator v0.7.24
[INFO] [stderr]   Downloaded stable_deref_trait v1.1.1
[INFO] [stderr]   Downloaded tokio-core v0.1.17
[INFO] [stderr]   Downloaded phf_codegen v0.7.24
[INFO] [stderr]   Downloaded phf v0.7.24
[INFO] [stderr]   Downloaded pear_codegen v0.1.2
[INFO] [stderr]   Downloaded rocket_contrib v0.4.2
[INFO] [stderr]   Downloaded inotify-sys v0.1.3
[INFO] [stderr]   Downloaded migrations_internals v1.4.0
[INFO] [stderr]   Downloaded diesel_migrations v1.4.0
[INFO] [stderr]   Downloaded diesel_derives v1.4.1
[INFO] [stderr]   Downloaded endian-type v0.1.2
[INFO] [stderr]   Downloaded colored v1.9.0
[INFO] [stderr]   Downloaded nibble_vec v0.0.4
[INFO] [stderr]   Downloaded enum-as-inner v0.2.1
[INFO] [stderr]   Downloaded crossbeam-channel v0.4.0
[INFO] [stderr]   Downloaded proc-macro-hack v0.5.11
[INFO] [stderr]   Downloaded onig_sys v69.2.0
[INFO] [stderr]   Downloaded pear v0.1.2
[INFO] [stderr]   Downloaded serde_urlencoded v0.5.5
[INFO] [stderr]   Downloaded fsevent-sys v2.0.1
[INFO] [stderr]   Downloaded http v0.1.19
[INFO] [stderr]   Downloaded clang-sys v0.28.1
[INFO] [stderr]   Downloaded devise v0.2.0
[INFO] [stderr]   Downloaded socket2 v0.3.11
[INFO] [stderr]   Downloaded blake2 v0.8.1
[INFO] [stderr]   Downloaded nom v5.0.1
[INFO] [stderr]   Downloaded devise_core v0.2.0
[INFO] [stderr]   Downloaded ucd-trie v0.1.2
[INFO] [stderr]   Downloaded rocket v0.4.2
[INFO] [stderr]   Downloaded nix v0.14.1
[INFO] [stderr]   Downloaded sct v0.6.0
[INFO] [stderr]   Downloaded num-derive v0.2.5
[INFO] [stderr]   Downloaded gif v0.10.3
[INFO] [stderr]   Downloaded scoped_threadpool v0.1.9
[INFO] [stderr]   Downloaded cssparser-macros v0.3.6
[INFO] [stderr]   Downloaded jpeg-decoder v0.1.16
[INFO] [stderr]   Downloaded termcolor v1.0.5
[INFO] [stderr]   Downloaded bindgen v0.50.1
[INFO] [stderr]   Downloaded inflate v0.4.5
[INFO] [stderr]   Downloaded ws2_32-sys v0.2.1
[INFO] [stderr]   Downloaded rle-decode-fast v1.0.1
[INFO] [stderr]   Downloaded syn v1.0.8
[INFO] [stderr]   Downloaded image v0.22.3
[INFO] [stderr]   Downloaded h2 v0.1.26
[INFO] [stderr]   Downloaded syn v0.15.44
[INFO] [stderr]   Downloaded opener v0.4.1
[INFO] [stderr]   Downloaded rayon-core v1.6.1
[INFO] [stderr]   Downloaded yansi v0.5.0
[INFO] [stderr]   Downloaded mime_guess v2.0.1
[INFO] [stderr]   Downloaded rayon v1.2.1
[INFO] [stderr]   Downloaded mime v0.3.14
[INFO] [stderr]   Downloaded security-framework v0.3.4
[INFO] [stderr]   Downloaded cookie v0.11.1
[INFO] [stderr]   Downloaded lexical-core v0.4.6
[INFO] [stderr]   Downloaded notify v4.0.14
[INFO] [stderr]   Downloaded md-5 v0.8.0
[INFO] [stderr]   Downloaded trust-dns-proto v0.8.0
[INFO] [stderr]   Downloaded fsevent v0.4.0
[INFO] [stderr]   Downloaded ring v0.16.9
[INFO] [stderr]   Downloaded untrusted v0.7.0
[INFO] [stderr]   Downloaded hmac v0.7.1
[INFO] [stderr]   Downloaded string_cache v0.7.5
[INFO] [stderr]   Downloaded ipnetwork v0.15.1
[INFO] [stderr]   Downloaded color_quant v1.0.1
[INFO] [stderr]   Downloaded block-padding v0.1.5
[INFO] [stderr]   Downloaded line-wrap v0.1.1
[INFO] [stderr]   Downloaded migrations_macros v1.4.1
[INFO] [stderr]   Downloaded separator v0.4.1
[INFO] [stderr]   Downloaded byte-tools v0.3.1
[INFO] [stderr]   Downloaded dtoa v0.4.4
[INFO] [stderr]   Downloaded widestring v0.4.0
[INFO] [stderr]   Downloaded diesel v1.4.3
[INFO] [stderr]   Downloaded num-rational v0.2.2
[INFO] [stderr]   Downloaded procedural-masquerade v0.1.6
[INFO] [stderr]   Downloaded remove_dir_all v0.5.2
[INFO] [stderr]   Downloaded strum v0.16.0
[INFO] [stderr]   Downloaded strum_macros v0.15.0
[INFO] [stderr]   Downloaded lock_api v0.3.1
[INFO] [stderr]   Downloaded wasm-bindgen-macro-support v0.2.55
[INFO] [stderr]   Downloaded deflate v0.7.20
[INFO] [stderr]   Downloaded parking_lot_core v0.6.2
[INFO] [stderr]   Downloaded void v1.0.2
[INFO] [stderr]   Downloaded caps v0.3.3
[INFO] [stderr]   Downloaded rocket_failure v0.2.0
[INFO] [stderr]   Downloaded onig v5.0.0
[INFO] [stderr]   Downloaded bytesize v1.0.0
[INFO] [stderr]   Downloaded boxxy v0.11.0
[INFO] [stderr]   Downloaded dotenv v0.15.0
[INFO] [stderr]   Downloaded hex v0.4.0
[INFO] [stderr]   Downloaded toml v0.4.10
[INFO] [stderr]   Downloaded syntect v3.3.0
[INFO] [stderr]   Downloaded yansi v0.4.0
[INFO] [stderr]   Downloaded sloppy-rfc4880 v0.1.5
[INFO] [stderr]   Downloaded scheduled-thread-pool v0.2.2
[INFO] [stderr]   Downloaded markup5ever v0.8.1
[INFO] [stderr]   Downloaded libsqlite3-sys v0.16.0
[INFO] [stderr]   Downloaded diesel_full_text_search v1.0.1
[INFO] [stderr]   Downloaded oauth2 v2.0.0
[INFO] [stderr]   Downloaded data-encoding-macro v0.1.7
[INFO] [stderr]   Downloaded r2d2 v0.8.6
[INFO] [stderr]   Downloaded pledge v0.3.1
[INFO] [stderr]   Downloaded kamadak-exif v0.3.1
[INFO] [stderr]   Downloaded unveil v0.2.0
[INFO] [stderr]   Downloaded chrootable-https v0.13.0
[INFO] [stderr]   Downloaded syscallz v0.11.4
[INFO] [stderr]   Downloaded errno-dragonfly v0.1.1
[INFO] [stderr]   Downloaded trust-dns v0.17.0
[INFO] [stderr]   Downloaded rocket_failure_errors v0.2.0
[INFO] [stderr]   Downloaded rustyline v5.0.4
[INFO] [stderr]   Downloaded new_debug_unreachable v1.0.3
[INFO] [stderr]   Downloaded nude v0.2.0
[INFO] [stderr]   Downloaded rusticata-macros v2.0.3
[INFO] [stderr]   Downloaded data-encoding-macro-internal v0.1.7
[INFO] [stderr]   Downloaded mio v0.6.20
[INFO] [stderr]   Downloaded wasm-bindgen-backend v0.2.55
[INFO] [stderr]   Downloaded webpki v0.21.0
[INFO] [stderr]   Downloaded x509-parser v0.6.0
[INFO] [stderr]   Downloaded wasm-bindgen-macro v0.2.55
[INFO] [stderr]   Downloaded num-traits v0.2.10
[INFO] [stderr]   Downloaded crossbeam-queue v0.1.2
[INFO] [stderr]   Downloaded phf_shared v0.7.24
[INFO] [stderr]   Downloaded servo_arc v0.1.1
[INFO] [stderr]   Downloaded libflate v0.1.27
[INFO] [stderr]   Downloaded vcpkg v0.2.7
[INFO] [stderr]   Downloaded num-iter v0.1.39
[INFO] [stderr]   Downloaded crc32fast v1.2.0
[INFO] [stderr]   Downloaded radix_trie v0.1.6
[INFO] [stderr]   Downloaded block-buffer v0.7.3
[INFO] [stderr]   Downloaded string_cache_shared v0.3.0
[INFO] [stderr]   Downloaded typenum v1.11.2
[INFO] [stderr]   Downloaded rand v0.7.2
[INFO] [stderr]   Downloaded rand_jitter v0.1.4
[INFO] [stderr]   Downloaded adler32 v1.0.4
[INFO] [stderr]   Downloaded png v0.15.1
[INFO] [stderr]   Downloaded rustls v0.16.0
[INFO] [stderr]   Downloaded error-chain v0.12.1
[INFO] [stderr]   Downloaded shellwords v1.0.0
[INFO] [stderr]   Downloaded serde v1.0.102
[INFO] [stderr]   Downloaded tokio-executor v0.1.8
[INFO] [stderr]   Downloaded sha3 v0.8.2
[INFO] [stderr]   Downloaded bufstream v0.1.4
[INFO] [stderr]   Downloaded env_logger v0.6.2
[INFO] [stderr]   Downloaded crossbeam-queue v0.2.0
[INFO] [stderr]   Downloaded utf8parse v0.1.1
[INFO] [stderr]   Downloaded sha2 v0.8.0
[INFO] [stderr]   Downloaded keccak v0.1.0
[INFO] [stderr]   Downloaded seccomp-sys v0.1.3
[INFO] [stderr]   Downloaded blake2b_simd v0.5.9
[INFO] [stderr]   Downloaded subtle v1.0.0
[INFO] [stderr]   Downloaded tokio-udp v0.1.5
[INFO] [stderr]   Downloaded pq-sys v0.4.6
[INFO] [stderr]   Downloaded cssparser v0.25.9
[INFO] [stderr]   Downloaded tokio-codec v0.1.1
[INFO] [stderr]   Downloaded net2 v0.2.33
[INFO] [stderr]   Downloaded yaml-rust v0.4.3
[INFO] [stderr]   Downloaded tokio-current-thread v0.1.6
[INFO] [stderr]   Downloaded ctrlc v3.1.3
[INFO] [stderr]   Downloaded ppv-lite86 v0.2.6
[INFO] [stderr]   Downloaded fuchsia-zircon-sys v0.3.3
[INFO] [stderr]   Downloaded proc-macro2 v0.4.30
[INFO] [stderr]   Downloaded quote v0.6.13
[INFO] [stderr]   Downloaded fuchsia-zircon v0.3.3
[INFO] [stderr]   Downloaded parking_lot v0.9.0
[INFO] [stderr]   Downloaded chrono v0.4.9
[INFO] [stderr]   Downloaded tempfile v3.1.0
[INFO] [stderr]   Downloaded opaque-debug v0.2.3
[INFO] [stderr]   Downloaded data-encoding v2.1.2
[INFO] [stderr]   Downloaded thin-slice v0.1.1
[INFO] [stderr]   Downloaded selectors v0.21.0
[INFO] [stderr]   Downloaded structopt v0.3.5
[INFO] [stderr]   Downloaded cc v1.0.47
[INFO] [stderr]   Downloaded filetime v0.2.8
[INFO] [stderr]   Downloaded strum_macros v0.16.0
[INFO] [stderr]   Downloaded miniz_oxide v0.3.5
[INFO] [stderr]   Downloaded lazycell v1.2.1
[INFO] [stderr]   Downloaded ipconfig v0.2.1
[INFO] [stderr]   Downloaded bincode v1.2.0
[INFO] [stderr]   Downloaded quick-error v1.2.2
[INFO] [stderr]   Downloaded wincolor v1.0.2
[INFO] [stderr]   Downloaded html5ever v0.23.0
[INFO] [stderr]   Downloaded kuchiki v0.7.3
[INFO] [stderr]   Downloaded state v0.4.1
[INFO] [stderr]   Downloaded siphasher v0.2.3
[INFO] [stderr]   Downloaded tokio-fs v0.1.6
[INFO] [stderr]   Downloaded maplit v1.0.2
[INFO] [stderr]   Downloaded wasi v0.7.0
[INFO] [stderr]   Downloaded c2-chacha v0.2.3
[INFO] [stderr]   Downloaded string_cache_codegen v0.4.4
[INFO] [stderr]   Downloaded dtoa-short v0.3.2
[INFO] [stderr]   Downloaded rand_chacha v0.2.1
[INFO] [stderr]   Downloaded maxminddb v0.13.0
[INFO] [stderr]   Downloaded tar v0.4.26
[INFO] [stderr]   Downloaded mio-uds v0.6.7
[INFO] [stderr]   Downloaded getrandom v0.1.13
[INFO] [stderr]   Downloaded threadpool v1.7.1
[INFO] [stderr]   Downloaded hlua-badtouch v0.4.2
[INFO] [stderr]   Downloaded lua52-sys v0.1.2
[INFO] [stderr]   Downloaded env_logger v0.7.1
[INFO] [stderr]   Downloaded nom v4.2.3
[INFO] [stderr]   Downloaded crypto-mac v0.7.0
[INFO] [stderr]   Downloaded tokio v0.1.22
[INFO] [stderr]   Downloaded core-foundation-sys v0.6.2
[INFO] [stderr]   Downloaded futures-cpupool v0.1.8
[INFO] [stderr]   Downloaded ct-logs v0.6.0
[INFO] [stderr]   Downloaded string v0.2.1
[INFO] [stderr]   Downloaded lru-cache v0.1.2
[INFO] [stderr]   Downloaded pest_derive v2.1.0
[INFO] [stderr]   Downloaded want v0.2.0
[INFO] [stderr]   Downloaded tokio-threadpool v0.1.16
[INFO] [stderr]   Downloaded hyper-tls v0.3.2
[INFO] [stderr]   Downloaded digest v0.8.1
[INFO] [stderr]   Downloaded tokio-tcp v0.1.3
[INFO] [stderr]   Downloaded unicode-normalization v0.1.11
[INFO] [stderr]   Downloaded xattr v0.2.2
[INFO] [stderr]   Downloaded hermit-abi v0.1.3
[INFO] [stderr]   Downloaded tokio-uds v0.2.5
[INFO] [stderr]   Downloaded inotify v0.6.1
[INFO] [stderr]   Downloaded devise_codegen v0.2.0
[INFO] [stderr]   Downloaded tokio-timer v0.2.11
[INFO] [stderr]   Downloaded linked-hash-map v0.5.2
[INFO] [stderr]   Downloaded smallvec v0.6.13
[INFO] [stderr]   Downloaded js-sys v0.3.32
[INFO] [stderr]   Downloaded winapi-util v0.1.2
[INFO] [stderr]   Downloaded weedle v0.10.0
[INFO] [stderr]   Downloaded num-integer v0.1.41
[INFO] [stderr]   Downloaded wasm-bindgen v0.2.55
[INFO] [stderr]   Downloaded curl-sys v0.4.24
[INFO] [stderr]   Downloaded generic-array v0.9.0
[INFO] [stderr]   Downloaded openssl v0.10.26
[INFO] [stderr]   Downloaded openssl-sys v0.9.53
[INFO] [stderr]   Downloaded schannel v0.1.16
[INFO] [stderr]   Downloaded reqwest v0.9.22
[INFO] [stderr]   Downloaded url v2.1.0
[INFO] [stderr]   Downloaded libc v0.2.65
[INFO] [stderr]   Downloaded security-framework-sys v0.3.3
[INFO] [stderr]   Downloaded handlebars v1.1.0
[INFO] [stderr]   Downloaded flate2 v1.0.13
[INFO] [stderr]   Downloaded resolv-conf v0.6.2
[INFO] [stderr]   Downloaded webpki-roots v0.17.0
[INFO] [stderr]   Downloaded unicode-width v0.1.6
[INFO] [stderr]   Downloaded tokio-rustls v0.10.2
[INFO] [stderr]   Downloaded serde_json v1.0.41
[INFO] [stderr]   Downloaded miow v0.2.1
[INFO] [stderr]   Downloaded hyper-rustls v0.17.1
[INFO] [stderr]   Downloaded pem v0.7.0
[INFO] [stderr]   Downloaded publicsuffix v1.5.4
[INFO] [stderr]   Downloaded strum v0.15.0
[INFO] [stderr]   Downloaded toml v0.5.5
[INFO] [stderr]   Downloaded structopt-derive v0.3.5
[INFO] [stderr]   Downloaded tokio-reactor v0.1.10
[INFO] [stderr]   Downloaded smallvec v1.0.0
[INFO] [stderr]   Downloaded pest v2.1.2
[INFO] [stderr]   Downloaded pest_meta v2.1.2
[INFO] [stderr]   Downloaded tokio-io v0.1.12
[INFO] [stderr]   Downloaded serde_derive v1.0.102
[INFO] [stderr]   Downloaded wasm-bindgen-webidl v0.2.55
[INFO] [stderr]   Downloaded der-parser v3.0.2
[INFO] [stderr]   Downloaded num-bigint v0.2.3
[INFO] [stderr]   Downloaded cfg-if v0.1.9
[INFO] [stderr]   Downloaded proc-macro2 v1.0.6
[INFO] [stderr]   Downloaded static_assertions v0.3.4
[INFO] running `Command { std: "docker" "create" "-v" "/var/lib/crater-agent-workspace/builds/worker-3/target:/opt/rustwide/target:rw,Z" "-v" "/var/lib/crater-agent-workspace/builds/worker-3/source:/opt/rustwide/workdir:ro,Z" "-v" "/var/lib/crater-agent-workspace/cargo-home:/opt/rustwide/cargo-home:ro,Z" "-v" "/var/lib/crater-agent-workspace/rustup-home:/opt/rustwide/rustup-home:ro,Z" "-e" "SOURCE_DIR=/opt/rustwide/workdir" "-e" "CARGO_TARGET_DIR=/opt/rustwide/target" "-e" "CARGO_HOME=/opt/rustwide/cargo-home" "-e" "RUSTUP_HOME=/opt/rustwide/rustup-home" "-w" "/opt/rustwide/workdir" "-m" "1610612736" "--user" "0:0" "--network" "none" "ghcr.io/rust-lang/crates-build-env/linux@sha256:34b6a614d2c27851fe6cbf88fbd1137609cefab8b10d0615aaeb6fd47975d74e" "/opt/rustwide/cargo-home/bin/cargo" "+beta-2021-08-01" "metadata" "--no-deps" "--format-version=1", kill_on_drop: false }`
[INFO] [stdout] a5f978f40bf90edf5b5f5a3b54967748057da82505c1d8075583ea7f2dfb3076
[INFO] [stderr] WARNING: Your kernel does not support swap limit capabilities or the cgroup is not mounted. Memory limited without swap.
[INFO] running `Command { std: "docker" "start" "-a" "a5f978f40bf90edf5b5f5a3b54967748057da82505c1d8075583ea7f2dfb3076", kill_on_drop: false }`
[INFO] running `Command { std: "docker" "inspect" "a5f978f40bf90edf5b5f5a3b54967748057da82505c1d8075583ea7f2dfb3076", kill_on_drop: false }`
[INFO] running `Command { std: "docker" "rm" "-f" "a5f978f40bf90edf5b5f5a3b54967748057da82505c1d8075583ea7f2dfb3076", kill_on_drop: false }`
[INFO] [stdout] a5f978f40bf90edf5b5f5a3b54967748057da82505c1d8075583ea7f2dfb3076
[INFO] running `Command { std: "docker" "create" "-v" "/var/lib/crater-agent-workspace/builds/worker-3/target:/opt/rustwide/target:rw,Z" "-v" "/var/lib/crater-agent-workspace/builds/worker-3/source:/opt/rustwide/workdir:ro,Z" "-v" "/var/lib/crater-agent-workspace/cargo-home:/opt/rustwide/cargo-home:ro,Z" "-v" "/var/lib/crater-agent-workspace/rustup-home:/opt/rustwide/rustup-home:ro,Z" "-e" "SOURCE_DIR=/opt/rustwide/workdir" "-e" "CARGO_TARGET_DIR=/opt/rustwide/target" "-e" "CARGO_INCREMENTAL=0" "-e" "RUST_BACKTRACE=full" "-e" "RUSTFLAGS=--cap-lints=warn" "-e" "CARGO_HOME=/opt/rustwide/cargo-home" "-e" "RUSTUP_HOME=/opt/rustwide/rustup-home" "-w" "/opt/rustwide/workdir" "-m" "1610612736" "--user" "0:0" "--network" "none" "ghcr.io/rust-lang/crates-build-env/linux@sha256:34b6a614d2c27851fe6cbf88fbd1137609cefab8b10d0615aaeb6fd47975d74e" "/opt/rustwide/cargo-home/bin/cargo" "+beta-2021-08-01" "build" "--frozen" "--message-format=json", kill_on_drop: false }`
[INFO] [stderr] WARNING: Your kernel does not support swap limit capabilities or the cgroup is not mounted. Memory limited without swap.
[INFO] [stdout] b127d20f5715029cc634dea368635cd5330040075a848edf580636222371473f
[INFO] running `Command { std: "docker" "start" "-a" "b127d20f5715029cc634dea368635cd5330040075a848edf580636222371473f", kill_on_drop: false }`
[INFO] [stderr]    Compiling libc v0.2.65
[INFO] [stderr]    Compiling syn v1.0.8
[INFO] [stderr]    Compiling serde v1.0.102
[INFO] [stderr]    Compiling smallvec v1.0.0
[INFO] [stderr]    Compiling rayon-core v1.6.1
[INFO] [stderr]    Compiling procedural-masquerade v0.1.6
[INFO] [stderr]    Compiling seccomp-sys v0.1.3
[INFO] [stderr]    Compiling thin-slice v0.1.1
[INFO] [stderr]    Compiling kamadak-exif v0.3.1
[INFO] [stderr]    Compiling strum v0.16.0
[INFO] [stderr]    Compiling bufstream v0.1.4
[INFO] [stderr]    Compiling opener v0.4.1
[INFO] [stderr]    Compiling separator v0.4.1
[INFO] [stderr]    Compiling bytesize v1.0.0
[INFO] [stderr]    Compiling num-integer v0.1.41
[INFO] [stderr]    Compiling backtrace-sys v0.1.32
[INFO] [stderr]    Compiling ring v0.16.9
[INFO] [stderr]    Compiling indexmap v1.3.0
[INFO] [stderr]    Compiling num-bigint v0.2.3
[INFO] [stderr]    Compiling num-rational v0.2.2
[INFO] [stderr]    Compiling nom v5.0.1
[INFO] [stderr]    Compiling libsqlite3-sys v0.16.0
[INFO] [stderr]    Compiling lua52-sys v0.1.2
[INFO] [stderr]    Compiling dtoa-short v0.3.2
[INFO] [stderr]    Compiling servo_arc v0.1.1
[INFO] [stderr]    Compiling unicode-normalization v0.1.11
[INFO] [stderr]    Compiling arrayvec v0.4.12
[INFO] [stderr]    Compiling fxhash v0.2.1
[INFO] [stderr]    Compiling lexical-core v0.4.6
[INFO] [stderr]    Compiling want v0.2.0
[INFO] [stderr]    Compiling crossbeam-utils v0.7.0
[INFO] [stderr]    Compiling libflate v0.1.27
[INFO] [stderr]    Compiling png v0.15.1
[INFO] [stderr]    Compiling crypto-mac v0.7.0
[INFO] [stderr]    Compiling enum-as-inner v0.2.1
[INFO] [stderr]    Compiling num-derive v0.2.5
[INFO] [stderr]    Compiling strum_macros v0.15.0
[INFO] [stderr]    Compiling pem v0.7.0
[INFO] [stderr]    Compiling shellwords v1.0.0
[INFO] [stderr]    Compiling sha2 v0.8.0
[INFO] [stderr]    Compiling sha3 v0.8.2
[INFO] [stderr]    Compiling md-5 v0.8.0
[INFO] [stderr]    Compiling crossbeam-epoch v0.8.0
[INFO] [stderr]    Compiling crossbeam-queue v0.2.0
[INFO] [stderr]    Compiling crossbeam-channel v0.4.0
[INFO] [stderr]    Compiling hmac v0.7.1
[INFO] [stderr]    Compiling blake2 v0.8.1
[INFO] [stderr]    Compiling idna v0.2.0
[INFO] [stderr]    Compiling crossbeam-deque v0.7.2
[INFO] [stderr]    Compiling iovec v0.1.4
[INFO] [stderr]    Compiling num_cpus v1.11.1
[INFO] [stderr]    Compiling rand_os v0.1.3
[INFO] [stderr]    Compiling net2 v0.2.33
[INFO] [stderr]    Compiling parking_lot_core v0.6.2
[INFO] [stderr]    Compiling time v0.1.42
[INFO] [stderr]    Compiling getrandom v0.1.13
[INFO] [stderr]    Compiling atty v0.2.13
[INFO] [stderr]    Compiling socket2 v0.3.11
[INFO] [stderr]    Compiling nix v0.14.1
[INFO] [stderr]    Compiling hostname v0.1.5
[INFO] [stderr]    Compiling dirs-sys v0.3.4
[INFO] [stderr]    Compiling xattr v0.2.2
[INFO] [stderr]    Compiling errno v0.2.4
[INFO] [stderr]    Compiling filetime v0.2.8
[INFO] [stderr]    Compiling nix v0.15.0
[INFO] [stdout] error[E0308]: mismatched types
[INFO] [stdout]    --> /opt/rustwide/cargo-home/registry/src/github.com-1ecc6299db9ec823/lexical-core-0.4.6/src/atof/algorithm/bigcomp.rs:243:55
[INFO] [stdout]     |
[INFO] [stdout] 243 |     let nlz = den.leading_zeros().wrapping_sub(wlz) & (u32::BITS - 1);
[INFO] [stdout]     |                                                       ^^^^^^^^^^^^^^^ expected `usize`, found `u32`
[INFO] [stdout] 
[INFO] [stdout] 
[INFO] [stderr]    Compiling url v2.1.0
[INFO] [stderr]    Compiling num-iter v0.1.39
[INFO] [stdout] error[E0277]: no implementation for `usize & u32`
[INFO] [stdout]    --> /opt/rustwide/cargo-home/registry/src/github.com-1ecc6299db9ec823/lexical-core-0.4.6/src/atof/algorithm/bigcomp.rs:243:53
[INFO] [stdout]     |
[INFO] [stdout] 243 |     let nlz = den.leading_zeros().wrapping_sub(wlz) & (u32::BITS - 1);
[INFO] [stdout]     |                                                     ^ no implementation for `usize & u32`
[INFO] [stdout]     |
[INFO] [stdout]     = help: the trait `BitAnd<u32>` is not implemented for `usize`
[INFO] [stdout] 
[INFO] [stdout] 
[INFO] [stdout] error[E0308]: mismatched types
[INFO] [stdout]    --> /opt/rustwide/cargo-home/registry/src/github.com-1ecc6299db9ec823/lexical-core-0.4.6/src/atof/algorithm/bigcomp.rs:261:40
[INFO] [stdout]     |
[INFO] [stdout] 261 |         let (q, r) = shift.ceil_divmod(Limb::BITS);
[INFO] [stdout]     |                                        ^^^^^^^^^^ expected `usize`, found `u32`
[INFO] [stdout]     |
[INFO] [stdout] help: you can convert a `u32` to a `usize` and panic if the converted value doesn't fit
[INFO] [stdout]     |
[INFO] [stdout] 261 |         let (q, r) = shift.ceil_divmod(Limb::BITS.try_into().unwrap());
[INFO] [stdout]     |                                        ^^^^^^^^^^^^^^^^^^^^^^^^^^^^^^
[INFO] [stdout] 
[INFO] [stdout] 
[INFO] [stdout] error[E0308]: mismatched types
[INFO] [stdout]   --> /opt/rustwide/cargo-home/registry/src/github.com-1ecc6299db9ec823/lexical-core-0.4.6/src/atof/algorithm/bigint.rs:85:24
[INFO] [stdout]    |
[INFO] [stdout] 85 |     let bytes = bits / Limb::BITS;
[INFO] [stdout]    |                        ^^^^^^^^^^ expected `usize`, found `u32`
[INFO] [stdout] 
[INFO] [stdout] 
[INFO] [stdout] error[E0277]: cannot divide `usize` by `u32`
[INFO] [stdout]   --> /opt/rustwide/cargo-home/registry/src/github.com-1ecc6299db9ec823/lexical-core-0.4.6/src/atof/algorithm/bigint.rs:85:22
[INFO] [stdout]    |
[INFO] [stdout] 85 |     let bytes = bits / Limb::BITS;
[INFO] [stdout]    |                      ^ no implementation for `usize / u32`
[INFO] [stdout]    |
[INFO] [stdout]    = help: the trait `Div<u32>` is not implemented for `usize`
[INFO] [stdout] 
[INFO] [stdout] 
[INFO] [stdout] error[E0308]: mismatched types
[INFO] [stdout]     --> /opt/rustwide/cargo-home/registry/src/github.com-1ecc6299db9ec823/lexical-core-0.4.6/src/atof/algorithm/math.rs:1045:42
[INFO] [stdout]      |
[INFO] [stdout] 1045 |     let mut count = index.saturating_mul(Limb::BITS);
[INFO] [stdout]      |                                          ^^^^^^^^^^ expected `usize`, found `u32`
[INFO] [stdout]      |
[INFO] [stdout] help: you can convert a `u32` to a `usize` and panic if the converted value doesn't fit
[INFO] [stdout]      |
[INFO] [stdout] 1045 |     let mut count = index.saturating_mul(Limb::BITS.try_into().unwrap());
[INFO] [stdout]      |                                          ^^^^^^^^^^^^^^^^^^^^^^^^^^^^^^
[INFO] [stdout] 
[INFO] [stdout] 
[INFO] [stdout] error[E0308]: mismatched types
[INFO] [stdout]     --> /opt/rustwide/cargo-home/registry/src/github.com-1ecc6299db9ec823/lexical-core-0.4.6/src/atof/algorithm/math.rs:1060:28
[INFO] [stdout]      |
[INFO] [stdout] 1060 |     Limb::BITS.checked_mul(x.len())
[INFO] [stdout]      |                            ^^^^^^^ expected `u32`, found `usize`
[INFO] [stdout]      |
[INFO] [stdout] help: you can convert a `usize` to a `u32` and panic if the converted value doesn't fit
[INFO] [stdout]      |
[INFO] [stdout] 1060 |     Limb::BITS.checked_mul(x.len().try_into().unwrap())
[INFO] [stdout]      |                            ^^^^^^^^^^^^^^^^^^^^^^^^^^^
[INFO] [stdout] 
[INFO] [stdout] 
[INFO] [stdout] error[E0308]: mismatched types
[INFO] [stdout]     --> /opt/rustwide/cargo-home/registry/src/github.com-1ecc6299db9ec823/lexical-core-0.4.6/src/atof/algorithm/math.rs:1061:22
[INFO] [stdout]      |
[INFO] [stdout] 1061 |         .map(|v| v - nlz)
[INFO] [stdout]      |                      ^^^ expected `u32`, found `usize`
[INFO] [stdout] 
[INFO] [stdout] 
[INFO] [stdout] error[E0277]: cannot subtract `usize` from `u32`
[INFO] [stdout]     --> /opt/rustwide/cargo-home/registry/src/github.com-1ecc6299db9ec823/lexical-core-0.4.6/src/atof/algorithm/math.rs:1061:20
[INFO] [stdout]      |
[INFO] [stdout] 1061 |         .map(|v| v - nlz)
[INFO] [stdout]      |                    ^ no implementation for `u32 - usize`
[INFO] [stdout]      |
[INFO] [stdout]      = help: the trait `Sub<usize>` is not implemented for `u32`
[INFO] [stdout] 
[INFO] [stdout] 
[INFO] [stdout] error[E0308]: mismatched types
[INFO] [stdout]     --> /opt/rustwide/cargo-home/registry/src/github.com-1ecc6299db9ec823/lexical-core-0.4.6/src/atof/algorithm/math.rs:1062:20
[INFO] [stdout]      |
[INFO] [stdout] 1062 |         .unwrap_or(usize::max_value())
[INFO] [stdout]      |                    ^^^^^^^^^^^^^^^^^^ expected `u32`, found `usize`
[INFO] [stdout]      |
[INFO] [stdout] help: you can convert a `usize` to a `u32` and panic if the converted value doesn't fit
[INFO] [stdout]      |
[INFO] [stdout] 1062 |         .unwrap_or(usize::max_value().try_into().unwrap())
[INFO] [stdout]      |                    ^^^^^^^^^^^^^^^^^^^^^^^^^^^^^^^^^^^^^^
[INFO] [stdout] 
[INFO] [stdout] 
[INFO] [stdout] error[E0308]: mismatched types
[INFO] [stdout]     --> /opt/rustwide/cargo-home/registry/src/github.com-1ecc6299db9ec823/lexical-core-0.4.6/src/atof/algorithm/math.rs:1060:5
[INFO] [stdout]      |
[INFO] [stdout] 1056 |   pub fn bit_length(x: &[Limb]) -> usize {
[INFO] [stdout]      |                                    ----- expected `usize` because of return type
[INFO] [stdout] ...
[INFO] [stdout] 1060 | /     Limb::BITS.checked_mul(x.len())
[INFO] [stdout] 1061 | |         .map(|v| v - nlz)
[INFO] [stdout] 1062 | |         .unwrap_or(usize::max_value())
[INFO] [stdout]      | |______________________________________^ expected `usize`, found `u32`
[INFO] [stdout]      |
[INFO] [stdout] help: you can convert a `u32` to a `usize` and panic if the converted value doesn't fit
[INFO] [stdout]      |
[INFO] [stdout] 1060 |     Limb::BITS.checked_mul(x.len())
[INFO] [stdout] 1061 |         .map(|v| v - nlz)
[INFO] [stdout] 1062 |         .unwrap_or(usize::max_value()).try_into().unwrap()
[INFO] [stdout]      |
[INFO] [stdout] 
[INFO] [stdout] 
[INFO] [stdout] error[E0308]: mismatched types
[INFO] [stdout]     --> /opt/rustwide/cargo-home/registry/src/github.com-1ecc6299db9ec823/lexical-core-0.4.6/src/atof/algorithm/math.rs:1087:23
[INFO] [stdout]      |
[INFO] [stdout] 1087 |     debug_assert!(n < bits && n != 0);
[INFO] [stdout]      |                       ^^^^ expected `usize`, found `u32`
[INFO] [stdout]      |
[INFO] [stdout] help: you can convert a `u32` to a `usize` and panic if the converted value doesn't fit
[INFO] [stdout]      |
[INFO] [stdout] 1087 |     debug_assert!(n < bits.try_into().unwrap() && n != 0);
[INFO] [stdout]      |                       ^^^^^^^^^^^^^^^^^^^^^^^^
[INFO] [stdout] 
[INFO] [stdout] 
[INFO] [stdout] error[E0308]: mismatched types
[INFO] [stdout]     --> /opt/rustwide/cargo-home/registry/src/github.com-1ecc6299db9ec823/lexical-core-0.4.6/src/atof/algorithm/math.rs:1094:25
[INFO] [stdout]      |
[INFO] [stdout] 1094 |     let lshift = bits - n;
[INFO] [stdout]      |                         ^ expected `u32`, found `usize`
[INFO] [stdout] 
[INFO] [stdout] 
[INFO] [stdout] error[E0277]: cannot subtract `usize` from `u32`
[INFO] [stdout]     --> /opt/rustwide/cargo-home/registry/src/github.com-1ecc6299db9ec823/lexical-core-0.4.6/src/atof/algorithm/math.rs:1094:23
[INFO] [stdout]      |
[INFO] [stdout] 1094 |     let lshift = bits - n;
[INFO] [stdout]      |                       ^ no implementation for `u32 - usize`
[INFO] [stdout]      |
[INFO] [stdout]      = help: the trait `Sub<usize>` is not implemented for `u32`
[INFO] [stdout] 
[INFO] [stdout] 
[INFO] [stdout] error[E0308]: mismatched types
[INFO] [stdout]     --> /opt/rustwide/cargo-home/registry/src/github.com-1ecc6299db9ec823/lexical-core-0.4.6/src/atof/algorithm/math.rs:1135:19
[INFO] [stdout]      |
[INFO] [stdout] 1135 |     let rem = n % bits;
[INFO] [stdout]      |                   ^^^^ expected `usize`, found `u32`
[INFO] [stdout] 
[INFO] [stdout] 
[INFO] [stdout] error[E0277]: cannot mod `usize` by `u32`
[INFO] [stdout]     --> /opt/rustwide/cargo-home/registry/src/github.com-1ecc6299db9ec823/lexical-core-0.4.6/src/atof/algorithm/math.rs:1135:17
[INFO] [stdout]      |
[INFO] [stdout] 1135 |     let rem = n % bits;
[INFO] [stdout]      |                 ^ no implementation for `usize % u32`
[INFO] [stdout]      |
[INFO] [stdout]      = help: the trait `Rem<u32>` is not implemented for `usize`
[INFO] [stdout] 
[INFO] [stdout] 
[INFO] [stdout] error[E0308]: mismatched types
[INFO] [stdout]     --> /opt/rustwide/cargo-home/registry/src/github.com-1ecc6299db9ec823/lexical-core-0.4.6/src/atof/algorithm/math.rs:1136:19
[INFO] [stdout]      |
[INFO] [stdout] 1136 |     let div = n / bits;
[INFO] [stdout]      |                   ^^^^ expected `usize`, found `u32`
[INFO] [stdout] 
[INFO] [stdout] 
[INFO] [stdout] error[E0277]: cannot divide `usize` by `u32`
[INFO] [stdout]     --> /opt/rustwide/cargo-home/registry/src/github.com-1ecc6299db9ec823/lexical-core-0.4.6/src/atof/algorithm/math.rs:1136:17
[INFO] [stdout]      |
[INFO] [stdout] 1136 |     let div = n / bits;
[INFO] [stdout]      |                 ^ no implementation for `usize / u32`
[INFO] [stdout]      |
[INFO] [stdout]      = help: the trait `Div<u32>` is not implemented for `usize`
[INFO] [stdout] 
[INFO] [stdout] 
[INFO] [stdout] error[E0308]: mismatched types
[INFO] [stdout]     --> /opt/rustwide/cargo-home/registry/src/github.com-1ecc6299db9ec823/lexical-core-0.4.6/src/atof/algorithm/math.rs:1192:23
[INFO] [stdout]      |
[INFO] [stdout] 1192 |     debug_assert!(n < bits);
[INFO] [stdout]      |                       ^^^^ expected `usize`, found `u32`
[INFO] [stdout]      |
[INFO] [stdout] help: you can convert a `u32` to a `usize` and panic if the converted value doesn't fit
[INFO] [stdout]      |
[INFO] [stdout] 1192 |     debug_assert!(n < bits.try_into().unwrap());
[INFO] [stdout]      |                       ^^^^^^^^^^^^^^^^^^^^^^^^
[INFO] [stdout] 
[INFO] [stdout] 
[INFO] [stdout] error[E0308]: mismatched types
[INFO] [stdout]     --> /opt/rustwide/cargo-home/registry/src/github.com-1ecc6299db9ec823/lexical-core-0.4.6/src/atof/algorithm/math.rs:1202:25
[INFO] [stdout]      |
[INFO] [stdout] 1202 |     let rshift = bits - n;
[INFO] [stdout]      |                         ^ expected `u32`, found `usize`
[INFO] [stdout] 
[INFO] [stdout] 
[INFO] [stdout] error[E0277]: cannot subtract `usize` from `u32`
[INFO] [stdout]     --> /opt/rustwide/cargo-home/registry/src/github.com-1ecc6299db9ec823/lexical-core-0.4.6/src/atof/algorithm/math.rs:1202:23
[INFO] [stdout]      |
[INFO] [stdout] 1202 |     let rshift = bits - n;
[INFO] [stdout]      |                       ^ no implementation for `u32 - usize`
[INFO] [stdout]      |
[INFO] [stdout]      = help: the trait `Sub<usize>` is not implemented for `u32`
[INFO] [stdout] 
[INFO] [stdout] 
[INFO] [stdout] error[E0308]: mismatched types
[INFO] [stdout]     --> /opt/rustwide/cargo-home/registry/src/github.com-1ecc6299db9ec823/lexical-core-0.4.6/src/atof/algorithm/math.rs:1254:19
[INFO] [stdout]      |
[INFO] [stdout] 1254 |     let rem = n % bits;
[INFO] [stdout]      |                   ^^^^ expected `usize`, found `u32`
[INFO] [stdout] 
[INFO] [stdout] 
[INFO] [stdout] error[E0277]: cannot mod `usize` by `u32`
[INFO] [stdout]     --> /opt/rustwide/cargo-home/registry/src/github.com-1ecc6299db9ec823/lexical-core-0.4.6/src/atof/algorithm/math.rs:1254:17
[INFO] [stdout]      |
[INFO] [stdout] 1254 |     let rem = n % bits;
[INFO] [stdout]      |                 ^ no implementation for `usize % u32`
[INFO] [stdout]      |
[INFO] [stdout]      = help: the trait `Rem<u32>` is not implemented for `usize`
[INFO] [stdout] 
[INFO] [stdout] 
[INFO] [stdout] error[E0308]: mismatched types
[INFO] [stdout]     --> /opt/rustwide/cargo-home/registry/src/github.com-1ecc6299db9ec823/lexical-core-0.4.6/src/atof/algorithm/math.rs:1255:19
[INFO] [stdout]      |
[INFO] [stdout] 1255 |     let div = n / bits;
[INFO] [stdout]      |                   ^^^^ expected `usize`, found `u32`
[INFO] [stdout] 
[INFO] [stdout] 
[INFO] [stdout] error[E0277]: cannot divide `usize` by `u32`
[INFO] [stdout]     --> /opt/rustwide/cargo-home/registry/src/github.com-1ecc6299db9ec823/lexical-core-0.4.6/src/atof/algorithm/math.rs:1255:17
[INFO] [stdout]      |
[INFO] [stdout] 1255 |     let div = n / bits;
[INFO] [stdout]      |                 ^ no implementation for `usize / u32`
[INFO] [stdout]      |
[INFO] [stdout]      = help: the trait `Div<u32>` is not implemented for `usize`
[INFO] [stdout] 
[INFO] [stdout] 
[INFO] [stdout] error[E0308]: mismatched types
[INFO] [stdout]     --> /opt/rustwide/cargo-home/registry/src/github.com-1ecc6299db9ec823/lexical-core-0.4.6/src/atof/algorithm/math.rs:2066:27
[INFO] [stdout]      |
[INFO] [stdout] 2066 |     let rs = Limb::BITS - s;
[INFO] [stdout]      |                           ^ expected `u32`, found `usize`
[INFO] [stdout] 
[INFO] [stdout] 
[INFO] [stdout] error[E0277]: cannot subtract `usize` from `u32`
[INFO] [stdout]     --> /opt/rustwide/cargo-home/registry/src/github.com-1ecc6299db9ec823/lexical-core-0.4.6/src/atof/algorithm/math.rs:2066:25
[INFO] [stdout]      |
[INFO] [stdout] 2066 |     let rs = Limb::BITS - s;
[INFO] [stdout]      |                         ^ no implementation for `u32 - usize`
[INFO] [stdout]      |
[INFO] [stdout]      = help: the trait `Sub<usize>` is not implemented for `u32`
[INFO] [stdout] 
[INFO] [stdout] 
[INFO] [stdout] error: aborting due to 27 previous errors
[INFO] [stdout] 
[INFO] [stdout] 
[INFO] [stdout] Some errors have detailed explanations: E0277, E0308.
[INFO] [stdout] 
[INFO] [stdout] For more information about an error, try `rustc --explain E0277`.
[INFO] [stdout] 
[INFO] [stderr] error: could not compile `lexical-core` due to 28 previous errors
[INFO] [stderr] warning: build failed, waiting for other jobs to finish...
[INFO] [stderr] error: build failed
[INFO] running `Command { std: "docker" "inspect" "b127d20f5715029cc634dea368635cd5330040075a848edf580636222371473f", kill_on_drop: false }`
[INFO] running `Command { std: "docker" "rm" "-f" "b127d20f5715029cc634dea368635cd5330040075a848edf580636222371473f", kill_on_drop: false }`
[INFO] [stdout] b127d20f5715029cc634dea368635cd5330040075a848edf580636222371473f
