[INFO] cloning repository https://github.com/Phala-Network/pink-sgx
[INFO] running `Command { std: "git" "-c" "credential.helper=" "-c" "credential.helper=/workspace/cargo-home/bin/git-credential-null" "clone" "--bare" "https://github.com/Phala-Network/pink-sgx" "/workspace/cache/git-repos/https%3A%2F%2Fgithub.com%2FPhala-Network%2Fpink-sgx", kill_on_drop: false }`
[INFO] [stderr] Cloning into bare repository '/workspace/cache/git-repos/https%3A%2F%2Fgithub.com%2FPhala-Network%2Fpink-sgx'...
[INFO] running `Command { std: "git" "rev-parse" "HEAD", kill_on_drop: false }`
[INFO] [stdout] 0b5b92ecc1edf11e66099d822dab23adeb4a9c30
[INFO] testing Phala-Network/pink-sgx against beta-2021-08-01 for beta-1.55-1
[INFO] running `Command { std: "git" "clone" "/workspace/cache/git-repos/https%3A%2F%2Fgithub.com%2FPhala-Network%2Fpink-sgx" "/workspace/builds/worker-2/source", kill_on_drop: false }`
[INFO] [stderr] Cloning into '/workspace/builds/worker-2/source'...
[INFO] [stderr] done.
[INFO] validating manifest of git repo https://github.com/Phala-Network/pink-sgx on toolchain beta-2021-08-01
[INFO] running `Command { std: "/workspace/cargo-home/bin/cargo" "+beta-2021-08-01" "metadata" "--manifest-path" "Cargo.toml" "--no-deps", kill_on_drop: false }`
[INFO] removed /workspace/builds/worker-2/source/rust-toolchain
[INFO] started tweaking git repo https://github.com/Phala-Network/pink-sgx
[INFO] finished tweaking git repo https://github.com/Phala-Network/pink-sgx
[INFO] tweaked toml for git repo https://github.com/Phala-Network/pink-sgx written to /workspace/builds/worker-2/source/Cargo.toml
[INFO] crate git repo https://github.com/Phala-Network/pink-sgx already has a lockfile, it will not be regenerated
[INFO] running `Command { std: "/workspace/cargo-home/bin/cargo" "+beta-2021-08-01" "fetch" "--manifest-path" "Cargo.toml", kill_on_drop: false }`
[INFO] [stderr]     Updating git repository `https://github.com/mesalock-linux/serde-sgx`
[INFO] [stderr]     Updating git repository `https://github.com/mesalock-linux/wabt-rs-sgx`
[INFO] [stderr]     Updating git submodule `https://github.com/WebAssembly/wabt.git`
[INFO] [stderr]     Updating git submodule `https://github.com/google/googletest`
[INFO] [stderr]     Updating git submodule `https://github.com/dabeaz/ply`
[INFO] [stderr]     Updating git submodule `https://github.com/WebAssembly/testsuite`
[INFO] [stderr]     Updating git repository `https://github.com/mesalock-linux/wasmi-sgx`
[INFO] [stderr]     Updating git submodule `https://github.com/WebAssembly/testsuite.git`
[INFO] [stderr]     Updating git repository `https://github.com/apache/teaclave-sgx-sdk.git`
[INFO] [stderr]     Updating git submodule `https://github.com/WebAssembly/testsuite`
[INFO] [stderr]     Updating git repository `https://github.com/mesalock-linux/num-rational-sgx`
[INFO] [stderr]     Updating git repository `https://github.com/mesalock-linux/num-traits-sgx`
[INFO] [stderr]     Updating git repository `https://github.com/mesalock-linux/parity-wasm-sgx`
[INFO] [stderr]     Updating git submodule `https://github.com/WebAssembly/testsuite.git`
[INFO] [stderr]     Updating git repository `https://github.com/mesalock-linux/typetag-sgx`
[INFO] [stderr]     Updating git repository `https://github.com/mesalock-linux/num-bigint-sgx`
[INFO] [stderr]     Updating git repository `https://github.com/mesalock-linux/num-integer-sgx`
[INFO] [stderr]     Updating git repository `https://github.com/mesalock-linux/byteorder-sgx`
[INFO] [stderr]     Updating git repository `https://github.com/mesalock-linux/erased-serde-sgx`
[INFO] [stderr]     Updating git repository `https://github.com/mesalock-linux/inventory-sgx`
[INFO] [stderr]     Blocking waiting for file lock on package cache
[INFO] [stderr]  Downloading crates ...
[INFO] [stderr]   Downloaded ghost v0.1.2
[INFO] [stderr]   Downloaded assert_matches v1.5.0
[INFO] [stderr]   Downloaded parity-scale-codec v1.3.7
[INFO] [stderr]   Downloaded pwasm-utils v0.16.0
[INFO] [stderr]   Downloaded parity-scale-codec-derive v1.2.3
[INFO] [stderr]   Downloaded ctor v0.1.19
[INFO] running `Command { std: "docker" "create" "-v" "/var/lib/crater-agent-workspace/builds/worker-2/target:/opt/rustwide/target:rw,Z" "-v" "/var/lib/crater-agent-workspace/builds/worker-2/source:/opt/rustwide/workdir:ro,Z" "-v" "/var/lib/crater-agent-workspace/cargo-home:/opt/rustwide/cargo-home:ro,Z" "-v" "/var/lib/crater-agent-workspace/rustup-home:/opt/rustwide/rustup-home:ro,Z" "-e" "SOURCE_DIR=/opt/rustwide/workdir" "-e" "CARGO_TARGET_DIR=/opt/rustwide/target" "-e" "CARGO_HOME=/opt/rustwide/cargo-home" "-e" "RUSTUP_HOME=/opt/rustwide/rustup-home" "-w" "/opt/rustwide/workdir" "-m" "1610612736" "--user" "0:0" "--network" "none" "ghcr.io/rust-lang/crates-build-env/linux@sha256:34b6a614d2c27851fe6cbf88fbd1137609cefab8b10d0615aaeb6fd47975d74e" "/opt/rustwide/cargo-home/bin/cargo" "+beta-2021-08-01" "metadata" "--no-deps" "--format-version=1", kill_on_drop: false }`
[INFO] [stdout] dc375f0bef8a1e59b5621032d40667a850b4800c6967f792d2f3fada45ede5fb
[INFO] [stderr] WARNING: Your kernel does not support swap limit capabilities or the cgroup is not mounted. Memory limited without swap.
[INFO] running `Command { std: "docker" "start" "-a" "dc375f0bef8a1e59b5621032d40667a850b4800c6967f792d2f3fada45ede5fb", kill_on_drop: false }`
[INFO] running `Command { std: "docker" "inspect" "dc375f0bef8a1e59b5621032d40667a850b4800c6967f792d2f3fada45ede5fb", kill_on_drop: false }`
[INFO] running `Command { std: "docker" "rm" "-f" "dc375f0bef8a1e59b5621032d40667a850b4800c6967f792d2f3fada45ede5fb", kill_on_drop: false }`
[INFO] [stdout] dc375f0bef8a1e59b5621032d40667a850b4800c6967f792d2f3fada45ede5fb
[INFO] running `Command { std: "docker" "create" "-v" "/var/lib/crater-agent-workspace/builds/worker-2/target:/opt/rustwide/target:rw,Z" "-v" "/var/lib/crater-agent-workspace/builds/worker-2/source:/opt/rustwide/workdir:ro,Z" "-v" "/var/lib/crater-agent-workspace/cargo-home:/opt/rustwide/cargo-home:ro,Z" "-v" "/var/lib/crater-agent-workspace/rustup-home:/opt/rustwide/rustup-home:ro,Z" "-e" "SOURCE_DIR=/opt/rustwide/workdir" "-e" "CARGO_TARGET_DIR=/opt/rustwide/target" "-e" "CARGO_INCREMENTAL=0" "-e" "RUST_BACKTRACE=full" "-e" "RUSTFLAGS=--cap-lints=warn" "-e" "CARGO_HOME=/opt/rustwide/cargo-home" "-e" "RUSTUP_HOME=/opt/rustwide/rustup-home" "-w" "/opt/rustwide/workdir" "-m" "1610612736" "--user" "0:0" "--network" "none" "ghcr.io/rust-lang/crates-build-env/linux@sha256:34b6a614d2c27851fe6cbf88fbd1137609cefab8b10d0615aaeb6fd47975d74e" "/opt/rustwide/cargo-home/bin/cargo" "+beta-2021-08-01" "build" "--frozen" "--message-format=json", kill_on_drop: false }`
[INFO] [stderr] WARNING: Your kernel does not support swap limit capabilities or the cgroup is not mounted. Memory limited without swap.
[INFO] [stdout] a258d247a269176a973dde731ad9e2f2e2180e51fda88b5cb7a60e6d7efba0d7
[INFO] running `Command { std: "docker" "start" "-a" "a258d247a269176a973dde731ad9e2f2e2180e51fda88b5cb7a60e6d7efba0d7", kill_on_drop: false }`
[INFO] [stderr]     Blocking waiting for file lock on package cache
[INFO] [stderr]    Compiling sgx_build_helper v0.1.3 (https://github.com/apache/teaclave-sgx-sdk.git?rev=v1.1.3#a6a172e6)
[INFO] [stderr]    Compiling sgx_types v1.1.3 (https://github.com/apache/teaclave-sgx-sdk.git?rev=v1.1.3#a6a172e6)
[INFO] [stderr]    Compiling sgx_tstd v1.1.3 (https://github.com/apache/teaclave-sgx-sdk.git?rev=v1.1.3#a6a172e6)
[INFO] [stderr]    Compiling syn v1.0.64
[INFO] [stderr]    Compiling hashbrown_tstd v0.9.0 (https://github.com/apache/teaclave-sgx-sdk.git?rev=v1.1.3#a6a172e6)
[INFO] [stderr]    Compiling sgx_demangle v1.1.3 (https://github.com/apache/teaclave-sgx-sdk.git?rev=v1.1.3#a6a172e6)
[INFO] [stderr]    Compiling sgx_alloc v1.1.3 (https://github.com/apache/teaclave-sgx-sdk.git?rev=v1.1.3#a6a172e6)
[INFO] [stderr]    Compiling serde_derive v1.0.118 (https://github.com/mesalock-linux/serde-sgx#db0226f1)
[INFO] [stderr]    Compiling serde v1.0.118 (https://github.com/mesalock-linux/serde-sgx#db0226f1)
[INFO] [stderr]    Compiling byteorder v1.3.4 (https://github.com/mesalock-linux/byteorder-sgx#325f392d)
[INFO] [stderr]    Compiling parity-wasm v0.41.0
[INFO] [stderr]    Compiling byte-slice-cast v0.3.5
[INFO] [stderr]    Compiling num-traits v0.2.10 (https://github.com/mesalock-linux/num-traits-sgx#af046e0b)
[INFO] [stderr]    Compiling num-integer v0.1.41 (https://github.com/mesalock-linux/num-integer-sgx#404c50e5)
[INFO] [stderr]    Compiling num-bigint v0.2.5 (https://github.com/mesalock-linux/num-bigint-sgx#76a5bed9)
[INFO] [stderr]    Compiling num-rational v0.2.2 (https://github.com/mesalock-linux/num-rational-sgx#be65f9ce)
[INFO] [stdout] error[E0432]: unresolved import `core::alloc::AllocRef`
[INFO] [stdout]   --> /opt/rustwide/cargo-home/git/checkouts/teaclave-sgx-sdk-be25c2ad2f03718d/a6a172e/sgx_alloc/src/system.rs:26:17
[INFO] [stdout]    |
[INFO] [stdout] 26 |     AllocError, AllocRef, GlobalAlloc, Layout,
[INFO] [stdout]    |                 ^^^^^^^^ no `AllocRef` in `alloc`
[INFO] [stdout] 
[INFO] [stdout] 
[INFO] [stdout] error[E0554]: `#![feature]` may not be used on the beta release channel
[INFO] [stdout]   --> /opt/rustwide/cargo-home/git/checkouts/teaclave-sgx-sdk-be25c2ad2f03718d/a6a172e/sgx_alloc/src/lib.rs:28:1
[INFO] [stdout]    |
[INFO] [stdout] 28 | #![feature(alloc_layout_extra)]
[INFO] [stdout]    | ^^^^^^^^^^^^^^^^^^^^^^^^^^^^^^^
[INFO] [stdout] 
[INFO] [stdout] 
[INFO] [stdout] error[E0554]: `#![feature]` may not be used on the beta release channel
[INFO] [stdout]   --> /opt/rustwide/cargo-home/git/checkouts/teaclave-sgx-sdk-be25c2ad2f03718d/a6a172e/sgx_alloc/src/lib.rs:29:1
[INFO] [stdout]    |
[INFO] [stdout] 29 | #![feature(ptr_internals)]
[INFO] [stdout]    | ^^^^^^^^^^^^^^^^^^^^^^^^^^
[INFO] [stdout] 
[INFO] [stdout] 
[INFO] [stdout] error[E0554]: `#![feature]` may not be used on the beta release channel
[INFO] [stdout]   --> /opt/rustwide/cargo-home/git/checkouts/teaclave-sgx-sdk-be25c2ad2f03718d/a6a172e/sgx_alloc/src/lib.rs:30:1
[INFO] [stdout]    |
[INFO] [stdout] 30 | #![feature(dropck_eyepatch)]
[INFO] [stdout]    | ^^^^^^^^^^^^^^^^^^^^^^^^^^^^
[INFO] [stdout] 
[INFO] [stdout] 
[INFO] [stdout] error[E0554]: `#![feature]` may not be used on the beta release channel
[INFO] [stdout]   --> /opt/rustwide/cargo-home/git/checkouts/teaclave-sgx-sdk-be25c2ad2f03718d/a6a172e/sgx_alloc/src/lib.rs:31:1
[INFO] [stdout]    |
[INFO] [stdout] 31 | #![feature(allocator_api)]
[INFO] [stdout]    | ^^^^^^^^^^^^^^^^^^^^^^^^^^
[INFO] [stdout] 
[INFO] [stdout] 
[INFO] [stdout] error[E0554]: `#![feature]` may not be used on the beta release channel
[INFO] [stdout]   --> /opt/rustwide/cargo-home/git/checkouts/teaclave-sgx-sdk-be25c2ad2f03718d/a6a172e/sgx_alloc/src/lib.rs:32:1
[INFO] [stdout]    |
[INFO] [stdout] 32 | #![feature(core_intrinsics)]
[INFO] [stdout]    | ^^^^^^^^^^^^^^^^^^^^^^^^^^^^
[INFO] [stdout] 
[INFO] [stdout] 
[INFO] [stdout] error[E0554]: `#![feature]` may not be used on the beta release channel
[INFO] [stdout]   --> /opt/rustwide/cargo-home/git/checkouts/teaclave-sgx-sdk-be25c2ad2f03718d/a6a172e/sgx_alloc/src/lib.rs:33:1
[INFO] [stdout]    |
[INFO] [stdout] 33 | #![feature(nonnull_slice_from_raw_parts)]
[INFO] [stdout]    | ^^^^^^^^^^^^^^^^^^^^^^^^^^^^^^^^^^^^^^^^^
[INFO] [stdout] 
[INFO] [stdout] 
[INFO] [stdout] error[E0554]: `#![feature]` may not be used on the beta release channel
[INFO] [stdout]   --> /opt/rustwide/cargo-home/git/checkouts/teaclave-sgx-sdk-be25c2ad2f03718d/a6a172e/sgx_alloc/src/lib.rs:34:1
[INFO] [stdout]    |
[INFO] [stdout] 34 | #![feature(slice_ptr_get)]
[INFO] [stdout]    | ^^^^^^^^^^^^^^^^^^^^^^^^^^
[INFO] [stdout] 
[INFO] [stdout] 
[INFO] [stdout] error: aborting due to 8 previous errors
[INFO] [stdout] 
[INFO] [stdout] 
[INFO] [stdout] Some errors have detailed explanations: E0432, E0554.
[INFO] [stdout] 
[INFO] [stdout] For more information about an error, try `rustc --explain E0432`.
[INFO] [stdout] 
[INFO] [stderr] error: could not compile `sgx_alloc` due to 9 previous errors
[INFO] [stderr] warning: build failed, waiting for other jobs to finish...
[INFO] [stdout] error[E0554]: `#![feature]` may not be used on the beta release channel
[INFO] [stdout]   --> /opt/rustwide/cargo-home/git/checkouts/teaclave-sgx-sdk-be25c2ad2f03718d/a6a172e/sgx_tstd/hashbrown/src/lib.rs:15:5
[INFO] [stdout]    |
[INFO] [stdout] 15 |     feature(test, core_intrinsics, dropck_eyepatch, min_specialization, extend_one)
[INFO] [stdout]    |     ^^^^^^^^^^^^^^^^^^^^^^^^^^^^^^^^^^^^^^^^^^^^^^^^^^^^^^^^^^^^^^^^^^^^^^^^^^^^^^^
[INFO] [stdout] 
[INFO] [stdout] 
[INFO] [stdout] error: aborting due to previous error
[INFO] [stdout] 
[INFO] [stdout] 
[INFO] [stdout] For more information about this error, try `rustc --explain E0554`.
[INFO] [stdout] 
[INFO] [stderr] error: build failed
[INFO] running `Command { std: "docker" "inspect" "a258d247a269176a973dde731ad9e2f2e2180e51fda88b5cb7a60e6d7efba0d7", kill_on_drop: false }`
[INFO] running `Command { std: "docker" "rm" "-f" "a258d247a269176a973dde731ad9e2f2e2180e51fda88b5cb7a60e6d7efba0d7", kill_on_drop: false }`
[INFO] [stdout] a258d247a269176a973dde731ad9e2f2e2180e51fda88b5cb7a60e6d7efba0d7
