[INFO] cloning repository https://github.com/PENGUINLIONG/spirq-rs
[INFO] running `Command { std: "git" "-c" "credential.helper=" "-c" "credential.helper=/workspace/cargo-home/bin/git-credential-null" "clone" "--bare" "https://github.com/PENGUINLIONG/spirq-rs" "/workspace/cache/git-repos/https%3A%2F%2Fgithub.com%2FPENGUINLIONG%2Fspirq-rs", kill_on_drop: false }`
[INFO] [stderr] Cloning into bare repository '/workspace/cache/git-repos/https%3A%2F%2Fgithub.com%2FPENGUINLIONG%2Fspirq-rs'...
[INFO] running `Command { std: "git" "rev-parse" "HEAD", kill_on_drop: false }`
[INFO] [stdout] 743eb58ffbf8a28ed160afbe7aa8e984c670fde4
[INFO] testing PENGUINLIONG/spirq-rs against 1.54.0 for beta-1.55-1
[INFO] running `Command { std: "git" "clone" "/workspace/cache/git-repos/https%3A%2F%2Fgithub.com%2FPENGUINLIONG%2Fspirq-rs" "/workspace/builds/worker-4/source", kill_on_drop: false }`
[INFO] [stderr] Cloning into '/workspace/builds/worker-4/source'...
[INFO] [stderr] done.
[INFO] validating manifest of git repo https://github.com/PENGUINLIONG/spirq-rs on toolchain 1.54.0
[INFO] running `Command { std: "/workspace/cargo-home/bin/cargo" "+1.54.0" "metadata" "--manifest-path" "Cargo.toml" "--no-deps", kill_on_drop: false }`
[INFO] started tweaking git repo https://github.com/PENGUINLIONG/spirq-rs
[INFO] finished tweaking git repo https://github.com/PENGUINLIONG/spirq-rs
[INFO] tweaked toml for git repo https://github.com/PENGUINLIONG/spirq-rs written to /workspace/builds/worker-4/source/Cargo.toml
[INFO] crate git repo https://github.com/PENGUINLIONG/spirq-rs already has a lockfile, it will not be regenerated
[INFO] running `Command { std: "/workspace/cargo-home/bin/cargo" "+1.54.0" "fetch" "--manifest-path" "Cargo.toml", kill_on_drop: false }`
[INFO] running `Command { std: "docker" "create" "-v" "/var/lib/crater-agent-workspace/builds/worker-4/target:/opt/rustwide/target:rw,Z" "-v" "/var/lib/crater-agent-workspace/builds/worker-4/source:/opt/rustwide/workdir:ro,Z" "-v" "/var/lib/crater-agent-workspace/cargo-home:/opt/rustwide/cargo-home:ro,Z" "-v" "/var/lib/crater-agent-workspace/rustup-home:/opt/rustwide/rustup-home:ro,Z" "-e" "SOURCE_DIR=/opt/rustwide/workdir" "-e" "CARGO_TARGET_DIR=/opt/rustwide/target" "-e" "CARGO_HOME=/opt/rustwide/cargo-home" "-e" "RUSTUP_HOME=/opt/rustwide/rustup-home" "-w" "/opt/rustwide/workdir" "-m" "1610612736" "--user" "0:0" "--network" "none" "ghcr.io/rust-lang/crates-build-env/linux@sha256:34b6a614d2c27851fe6cbf88fbd1137609cefab8b10d0615aaeb6fd47975d74e" "/opt/rustwide/cargo-home/bin/cargo" "+1.54.0" "metadata" "--no-deps" "--format-version=1", kill_on_drop: false }`
[INFO] [stdout] 0c4027bfe759bf58a9a5998350883944eebc0f41500ada17f44cc18b940db8d4
[INFO] [stderr] WARNING: Your kernel does not support swap limit capabilities or the cgroup is not mounted. Memory limited without swap.
[INFO] running `Command { std: "docker" "start" "-a" "0c4027bfe759bf58a9a5998350883944eebc0f41500ada17f44cc18b940db8d4", kill_on_drop: false }`
[INFO] running `Command { std: "docker" "inspect" "0c4027bfe759bf58a9a5998350883944eebc0f41500ada17f44cc18b940db8d4", kill_on_drop: false }`
[INFO] running `Command { std: "docker" "rm" "-f" "0c4027bfe759bf58a9a5998350883944eebc0f41500ada17f44cc18b940db8d4", kill_on_drop: false }`
[INFO] [stdout] 0c4027bfe759bf58a9a5998350883944eebc0f41500ada17f44cc18b940db8d4
[INFO] running `Command { std: "docker" "create" "-v" "/var/lib/crater-agent-workspace/builds/worker-4/target:/opt/rustwide/target:rw,Z" "-v" "/var/lib/crater-agent-workspace/builds/worker-4/source:/opt/rustwide/workdir:ro,Z" "-v" "/var/lib/crater-agent-workspace/cargo-home:/opt/rustwide/cargo-home:ro,Z" "-v" "/var/lib/crater-agent-workspace/rustup-home:/opt/rustwide/rustup-home:ro,Z" "-e" "SOURCE_DIR=/opt/rustwide/workdir" "-e" "CARGO_TARGET_DIR=/opt/rustwide/target" "-e" "CARGO_INCREMENTAL=0" "-e" "RUST_BACKTRACE=full" "-e" "RUSTFLAGS=--cap-lints=warn" "-e" "CARGO_HOME=/opt/rustwide/cargo-home" "-e" "RUSTUP_HOME=/opt/rustwide/rustup-home" "-w" "/opt/rustwide/workdir" "-m" "1610612736" "--user" "0:0" "--network" "none" "ghcr.io/rust-lang/crates-build-env/linux@sha256:34b6a614d2c27851fe6cbf88fbd1137609cefab8b10d0615aaeb6fd47975d74e" "/opt/rustwide/cargo-home/bin/cargo" "+1.54.0" "build" "--frozen" "--message-format=json", kill_on_drop: false }`
[INFO] [stdout] 16890f12c0a4ed41aaf509e5908668beb37ecb2737d089a6d5dbf61c35566113
[INFO] [stderr] WARNING: Your kernel does not support swap limit capabilities or the cgroup is not mounted. Memory limited without swap.
[INFO] running `Command { std: "docker" "start" "-a" "16890f12c0a4ed41aaf509e5908668beb37ecb2737d089a6d5dbf61c35566113", kill_on_drop: false }`
[INFO] [stderr]    Compiling syn v1.0.38
[INFO] [stderr]    Compiling num-traits v0.2.12
[INFO] [stderr]    Compiling proc-macro2 v1.0.19
[INFO] [stderr]    Compiling quote v1.0.7
[INFO] [stderr]    Compiling spirv_headers v1.5.0
[INFO] [stderr]    Compiling num-derive v0.3.1
[INFO] [stderr]    Compiling spirq v0.4.14 (/opt/rustwide/workdir)
[INFO] [stderr]     Finished dev [unoptimized + debuginfo] target(s) in 12.31s
[INFO] running `Command { std: "docker" "inspect" "16890f12c0a4ed41aaf509e5908668beb37ecb2737d089a6d5dbf61c35566113", kill_on_drop: false }`
[INFO] running `Command { std: "docker" "rm" "-f" "16890f12c0a4ed41aaf509e5908668beb37ecb2737d089a6d5dbf61c35566113", kill_on_drop: false }`
[INFO] [stdout] 16890f12c0a4ed41aaf509e5908668beb37ecb2737d089a6d5dbf61c35566113
[INFO] running `Command { std: "docker" "create" "-v" "/var/lib/crater-agent-workspace/builds/worker-4/target:/opt/rustwide/target:rw,Z" "-v" "/var/lib/crater-agent-workspace/builds/worker-4/source:/opt/rustwide/workdir:ro,Z" "-v" "/var/lib/crater-agent-workspace/cargo-home:/opt/rustwide/cargo-home:ro,Z" "-v" "/var/lib/crater-agent-workspace/rustup-home:/opt/rustwide/rustup-home:ro,Z" "-e" "SOURCE_DIR=/opt/rustwide/workdir" "-e" "CARGO_TARGET_DIR=/opt/rustwide/target" "-e" "CARGO_INCREMENTAL=0" "-e" "RUST_BACKTRACE=full" "-e" "RUSTFLAGS=--cap-lints=warn" "-e" "CARGO_HOME=/opt/rustwide/cargo-home" "-e" "RUSTUP_HOME=/opt/rustwide/rustup-home" "-w" "/opt/rustwide/workdir" "-m" "1610612736" "--user" "0:0" "--network" "none" "ghcr.io/rust-lang/crates-build-env/linux@sha256:34b6a614d2c27851fe6cbf88fbd1137609cefab8b10d0615aaeb6fd47975d74e" "/opt/rustwide/cargo-home/bin/cargo" "+1.54.0" "test" "--frozen" "--no-run" "--message-format=json", kill_on_drop: false }`
[INFO] [stdout] fb50997fb166ccab3b3e6e3c9c08a0518a53917013f9207477c2fc93c73196d6
[INFO] [stderr] WARNING: Your kernel does not support swap limit capabilities or the cgroup is not mounted. Memory limited without swap.
[INFO] running `Command { std: "docker" "start" "-a" "fb50997fb166ccab3b3e6e3c9c08a0518a53917013f9207477c2fc93c73196d6", kill_on_drop: false }`
[INFO] [stderr]    Compiling cmake v0.1.44
[INFO] [stderr]    Compiling shaderc-sys v0.7.2
[INFO] [stderr] The following warnings were emitted during compilation:
[INFO] [stderr] 
[INFO] [stderr] warning: shaderc: searching for native shaderc libraries on system;  use '--features build-from-source' to force building from source code
[INFO] [stderr] warning: shaderc: cannot find native shaderc library on system; falling back to build from source
[INFO] [stderr] 
[INFO] [stderr] error: failed to run custom build command for `shaderc-sys v0.7.2`
[INFO] [stderr] 
[INFO] [stderr] Caused by:
[INFO] [stderr]   process didn't exit successfully: `/opt/rustwide/target/debug/build/shaderc-sys-c77678cff86553ab/build-script-build` (exit status: 101)
[INFO] [stderr]   --- stdout
[INFO] [stderr]   cargo:warning=shaderc: searching for native shaderc libraries on system;  use '--features build-from-source' to force building from source code
[INFO] [stderr]   cargo:warning=shaderc: cannot find native shaderc library on system; falling back to build from source
[INFO] [stderr]   running: "cmake" "/opt/rustwide/cargo-home/registry/src/github.com-1ecc6299db9ec823/shaderc-sys-0.7.2/build" "-G" "Ninja" "-DCMAKE_INSTALL_LIBDIR=lib" "-DCMAKE_POSITION_INDEPENDENT_CODE=ON" "-DENABLE_SPVREMAPPER=OFF" "-DENABLE_GLSLANG_BINARIES=OFF" "-DSHADERC_SKIP_TESTS=ON" "-DSPIRV_SKIP_EXECUTABLES=ON" "-DSPIRV_WERROR=OFF" "-DCMAKE_INSTALL_PREFIX=/opt/rustwide/target/debug/build/shaderc-sys-42d77773f0cf9d81/out" "-DCMAKE_C_FLAGS= -ffunction-sections -fdata-sections -fPIC -m64" "-DCMAKE_C_COMPILER=/usr/bin/cc" "-DCMAKE_CXX_FLAGS= -ffunction-sections -fdata-sections -fPIC -m64" "-DCMAKE_CXX_COMPILER=/usr/bin/c++" "-DCMAKE_ASM_FLAGS= -ffunction-sections -fdata-sections -fPIC -m64" "-DCMAKE_ASM_COMPILER=/usr/bin/cc" "-DCMAKE_BUILD_TYPE=Release"
[INFO] [stderr]   -- The C compiler identification is GNU 9.3.0
[INFO] [stderr]   -- The CXX compiler identification is GNU 9.3.0
[INFO] [stderr]   -- Check for working C compiler: /usr/bin/cc
[INFO] [stderr]   -- Check for working C compiler: /usr/bin/cc -- works
[INFO] [stderr]   -- Detecting C compiler ABI info
[INFO] [stderr]   -- Detecting C compiler ABI info - done
[INFO] [stderr]   -- Detecting C compile features
[INFO] [stderr]   -- Detecting C compile features - done
[INFO] [stderr]   -- Check for working CXX compiler: /usr/bin/c++
[INFO] [stderr]   -- Check for working CXX compiler: /usr/bin/c++ -- works
[INFO] [stderr]   -- Detecting CXX compiler ABI info
[INFO] [stderr]   -- Detecting CXX compiler ABI info - done
[INFO] [stderr]   -- Detecting CXX compile features
[INFO] [stderr]   -- Detecting CXX compile features - done
[INFO] [stderr]   -- Building SPIRV-Header examples
[INFO] [stderr]   -- Installing SPIRV-Header
[INFO] [stderr]   -- Found PythonInterp: /usr/bin/python3 (found suitable version "3.8.10", minimum required is "3") 
[INFO] [stderr]   -- Google Mock was not found - tests based on that will not build
[INFO] [stderr]   -- optimizer enabled
[INFO] [stderr]   -- Looking for pthread.h
[INFO] [stderr]   -- Looking for pthread.h - found
[INFO] [stderr]   -- Performing Test CMAKE_HAVE_LIBC_PTHREAD
[INFO] [stderr]   -- Performing Test CMAKE_HAVE_LIBC_PTHREAD - Failed
[INFO] [stderr]   -- Check if compiler accepts -pthread
[INFO] [stderr]   -- Check if compiler accepts -pthread - yes
[INFO] [stderr]   -- Found Threads: TRUE  
[INFO] [stderr]   -- Shaderc: build type is "Release".
[INFO] [stderr]   -- Configuring Shaderc to avoid building tests.
[INFO] [stderr]   -- Configuring Shaderc to build examples.
[INFO] [stderr]   -- asciidoctor was not found - no documentation will be generated
[INFO] [stderr]   -- Performing Test COMPILER_SUPPORTS_FALLTHROUGH_WARNING
[INFO] [stderr]   -- Performing Test COMPILER_SUPPORTS_FALLTHROUGH_WARNING - Success
[INFO] [stderr]   -- Performing Test COMPILER_SUPPORTS_EXTRA_SEMI_WARNING
[INFO] [stderr]   -- Performing Test COMPILER_SUPPORTS_EXTRA_SEMI_WARNING - Success
[INFO] [stderr]   -- Performing Test COMPILER_SUPPORTS_PIC
[INFO] [stderr]   -- Performing Test COMPILER_SUPPORTS_PIC - Success
[INFO] [stderr]   -- Configuring done
[INFO] [stderr]   -- Generating done
[INFO] [stderr]   -- Build files have been written to: /opt/rustwide/target/debug/build/shaderc-sys-42d77773f0cf9d81/out/build
[INFO] [stderr]   running: "cmake" "--build" "." "--target" "install" "--config" "Release" "--" "-j16"
[INFO] [stderr]   [1/375] Building CXX object spirv-headers/example/CMakeFiles/SPIRV-Headers-example.dir/example.cpp.o
[INFO] [stderr]   [2/375] cd /opt/rustwide/target/debug/build/shaderc-sys-42d77773f0cf9d81/out/build/spirv-tools && /usr/bin/cmake -DCHANGES_FILE=/opt/rustwide/cargo-home/registry/src/github.com-1ecc6299db9ec823/shaderc-sys-0.7.2/build/spirv-tools/CHANGES -DTEMPLATE_FILE=/opt/rustwide/cargo-home/registry/src/github.com-1ecc6299db9ec823/shaderc-sys-0.7.2/build/spirv-tools/cmake/SPIRV-Tools-shared.pc.in -DOUT_FILE=/opt/rustwide/target/debug/build/shaderc-sys-42d77773f0cf9d81/out/build/spirv-tools/SPIRV-Tools-shared.pc -DCMAKE_INSTALL_PREFIX=/opt/rustwide/target/debug/build/shaderc-sys-42d77773f0cf9d81/out -DCMAKE_INSTALL_LIBDIR=lib -DCMAKE_INSTALL_INCLUDEDIR=include -DSPIRV_SHARED_LIBRARIES=-lSPIRV-Tools-shared -P /opt/rustwide/cargo-home/registry/src/github.com-1ecc6299db9ec823/shaderc-sys-0.7.2/build/spirv-tools/cmake/write_pkg_config.cmake
[INFO] [stderr]   [3/375] cd /opt/rustwide/target/debug/build/shaderc-sys-42d77773f0cf9d81/out/build/spirv-tools && /usr/bin/cmake -DCHANGES_FILE=/opt/rustwide/cargo-home/registry/src/github.com-1ecc6299db9ec823/shaderc-sys-0.7.2/build/spirv-tools/CHANGES -DTEMPLATE_FILE=/opt/rustwide/cargo-home/registry/src/github.com-1ecc6299db9ec823/shaderc-sys-0.7.2/build/spirv-tools/cmake/SPIRV-Tools.pc.in -DOUT_FILE=/opt/rustwide/target/debug/build/shaderc-sys-42d77773f0cf9d81/out/build/spirv-tools/SPIRV-Tools.pc -DCMAKE_INSTALL_PREFIX=/opt/rustwide/target/debug/build/shaderc-sys-42d77773f0cf9d81/out -DCMAKE_INSTALL_LIBDIR=lib -DCMAKE_INSTALL_INCLUDEDIR=include -DSPIRV_LIBRARIES=-lSPIRV-Tools-opt\ -lSPIRV-Tools\ -lSPIRV-Tools-link -P /opt/rustwide/cargo-home/registry/src/github.com-1ecc6299db9ec823/shaderc-sys-0.7.2/build/spirv-tools/cmake/write_pkg_config.cmake
[INFO] [stderr]   [4/375] Generate extended instruction tables for spv-amd-gcn-shader.
[INFO] [stderr]   [5/375] Generate extended instruction tables for spv-amd-shader-explicit-vertex-parameter.
[INFO] [stderr]   [6/375] Generate extended instruction tables for spv-amd-shader-trinary-minmax.
[INFO] [stderr]   [7/375] Update build-version.inc in the SPIRV-Tools build directory (if necessary).
[INFO] [stderr]   [8/375] Generate extended instruction tables for debuginfo.
[INFO] [stderr]   [9/375] Generate language specific header for DebugInfo.
[INFO] [stderr]   [10/375] Generate extended instruction tables for spv-amd-shader-ballot.
[INFO] [stderr]   [11/375] Generate extended instruction tables for nonsemantic.clspvreflection.
[INFO] [stderr]   [12/375] Generate language specific header for OpenCLDebugInfo100.
[INFO] [stderr]   [13/375] Generate tables based on the SPIR-V XML registry.
[INFO] [stderr]   [14/375] Linking CXX static library spirv-headers/example/libSPIRV-Headers-example.a
[INFO] [stderr]   [15/375] Generate extended instruction tables for opencl.debuginfo.100.
[INFO] [stderr]   [16/375] Generate enum-string mapping for SPIR-V vunified1.
[INFO] [stderr]   [17/375] cd /opt/rustwide/target/debug/build/shaderc-sys-42d77773f0cf9d81/out/build/shaderc && /usr/bin/cmake -DCHANGES_FILE=/opt/rustwide/cargo-home/registry/src/github.com-1ecc6299db9ec823/shaderc-sys-0.7.2/build/shaderc/CHANGES -DTEMPLATE_FILE=/opt/rustwide/cargo-home/registry/src/github.com-1ecc6299db9ec823/shaderc-sys-0.7.2/build/shaderc/cmake/shaderc_static.pc.in -DOUT_FILE=/opt/rustwide/target/debug/build/shaderc-sys-42d77773f0cf9d81/out/build/shaderc/shaderc_static.pc -DCMAKE_INSTALL_PREFIX=/opt/rustwide/target/debug/build/shaderc-sys-42d77773f0cf9d81/out -DCMAKE_INSTALL_LIBDIR=lib -DCMAKE_INSTALL_INCLUDEDIR=include -DLIBS=-lshaderc\ \ -lshaderc_util -P /opt/rustwide/cargo-home/registry/src/github.com-1ecc6299db9ec823/shaderc-sys-0.7.2/build/shaderc/cmake/write_pkg_config.cmake
[INFO] [stderr]   [18/375] Generate info tables for SPIR-V vunified1 core instructions and operands.
[INFO] [stderr]   [19/375] cd /opt/rustwide/target/debug/build/shaderc-sys-42d77773f0cf9d81/out/build/shaderc && /usr/bin/cmake -DCHANGES_FILE=/opt/rustwide/cargo-home/registry/src/github.com-1ecc6299db9ec823/shaderc-sys-0.7.2/build/shaderc/CHANGES -DTEMPLATE_FILE=/opt/rustwide/cargo-home/registry/src/github.com-1ecc6299db9ec823/shaderc-sys-0.7.2/build/shaderc/cmake/shaderc_combined.pc.in -DOUT_FILE=/opt/rustwide/target/debug/build/shaderc-sys-42d77773f0cf9d81/out/build/shaderc/shaderc_combined.pc -DCMAKE_INSTALL_PREFIX=/opt/rustwide/target/debug/build/shaderc-sys-42d77773f0cf9d81/out -DCMAKE_INSTALL_LIBDIR=lib -DCMAKE_INSTALL_INCLUDEDIR=include -DLIBS=-lshaderc_combined -P /opt/rustwide/cargo-home/registry/src/github.com-1ecc6299db9ec823/shaderc-sys-0.7.2/build/shaderc/cmake/write_pkg_config.cmake
[INFO] [stderr]   [20/375] Building CXX object glslang/hlsl/CMakeFiles/HLSL.dir/stub.cpp.o
[INFO] [stderr]   [21/375] cd /opt/rustwide/target/debug/build/shaderc-sys-42d77773f0cf9d81/out/build/shaderc && /usr/bin/cmake -DCHANGES_FILE=/opt/rustwide/cargo-home/registry/src/github.com-1ecc6299db9ec823/shaderc-sys-0.7.2/build/shaderc/CHANGES -DTEMPLATE_FILE=/opt/rustwide/cargo-home/registry/src/github.com-1ecc6299db9ec823/shaderc-sys-0.7.2/build/shaderc/cmake/shaderc.pc.in -DOUT_FILE=/opt/rustwide/target/debug/build/shaderc-sys-42d77773f0cf9d81/out/build/shaderc/shaderc.pc -DCMAKE_INSTALL_PREFIX=/opt/rustwide/target/debug/build/shaderc-sys-42d77773f0cf9d81/out -DCMAKE_INSTALL_LIBDIR=lib -DCMAKE_INSTALL_INCLUDEDIR=include -DLIBS=-lshaderc_shared -P /opt/rustwide/cargo-home/registry/src/github.com-1ecc6299db9ec823/shaderc-sys-0.7.2/build/shaderc/cmake/write_pkg_config.cmake
[INFO] [stderr]   [22/375] Check copyright
[INFO] [stderr]   [23/375] Linking CXX static library glslang/hlsl/libHLSL.a
[INFO] [stderr]   [24/375] Building CXX object glslang/glslang/OSDependent/Unix/CMakeFiles/OSDependent.dir/ossource.cpp.o
[INFO] [stderr]   [25/375] Update build-version.inc in the Shaderc build directory (if necessary).
[INFO] [stderr]   [26/375] Generate info tables for GLSL extended instructions and operands vunified1.
[INFO] [stderr]   [27/375] Linking CXX static library glslang/glslang/OSDependent/Unix/libOSDependent.a
[INFO] [stderr]   [28/375] Generate info tables for OpenCL extended instructions and operands vunified1.
[INFO] [stderr]   [29/375] Building CXX object glslang/OGLCompilersDLL/CMakeFiles/OGLCompiler.dir/InitializeDll.cpp.o
[INFO] [stderr]   [30/375] Building CXX object spirv-tools/source/CMakeFiles/SPIRV-Tools-shared.dir/util/bit_vector.cpp.o
[INFO] [stderr]   [31/375] Building CXX object glslang/glslang/CMakeFiles/GenericCodeGen.dir/GenericCodeGen/CodeGen.cpp.o
[INFO] [stderr]   [32/375] Building CXX object spirv-tools/source/CMakeFiles/SPIRV-Tools-static.dir/util/bit_vector.cpp.o
[INFO] [stderr]   [33/375] Building CXX object spirv-tools/source/CMakeFiles/SPIRV-Tools-shared.dir/enum_string_mapping.cpp.o
[INFO] [stderr]   [34/375] Building CXX object spirv-tools/source/CMakeFiles/SPIRV-Tools-shared.dir/ext_inst.cpp.o
[INFO] [stderr]   [35/375] Building CXX object spirv-tools/source/CMakeFiles/SPIRV-Tools-shared.dir/extensions.cpp.o
[INFO] [stderr]   [36/375] Building CXX object spirv-tools/source/CMakeFiles/SPIRV-Tools-shared.dir/diagnostic.cpp.o
[INFO] [stderr]   [37/375] Building CXX object glslang/glslang/CMakeFiles/GenericCodeGen.dir/GenericCodeGen/Link.cpp.o
[INFO] [stderr]   [38/375] Building CXX object spirv-tools/source/CMakeFiles/SPIRV-Tools-shared.dir/libspirv.cpp.o
[INFO] [stderr]   [39/375] Building CXX object spirv-tools/source/CMakeFiles/SPIRV-Tools-shared.dir/software_version.cpp.o
[INFO] [stderr]   [40/375] Building CXX object spirv-tools/source/CMakeFiles/SPIRV-Tools-shared.dir/util/string_utils.cpp.o
[INFO] [stderr]   [41/375] Building CXX object spirv-tools/source/CMakeFiles/SPIRV-Tools-shared.dir/assembly_grammar.cpp.o
[INFO] [stderr]   [42/375] Building CXX object spirv-tools/source/CMakeFiles/SPIRV-Tools-shared.dir/spirv_optimizer_options.cpp.o
[INFO] [stderr]   [43/375] Building CXX object spirv-tools/source/CMakeFiles/SPIRV-Tools-shared.dir/spirv_endian.cpp.o
[INFO] [stderr]   [44/375] Building CXX object spirv-tools/source/CMakeFiles/SPIRV-Tools-shared.dir/print.cpp.o
[INFO] [stderr]   [45/375] Building CXX object glslang/glslang/CMakeFiles/glslang.dir/CInterface/glslang_c_interface.cpp.o
[INFO] [stderr]   [46/375] Building CXX object spirv-tools/source/CMakeFiles/SPIRV-Tools-shared.dir/spirv_fuzzer_options.cpp.o
[INFO] [stderr]   [47/375] Building CXX object spirv-tools/source/CMakeFiles/SPIRV-Tools-shared.dir/spirv_validator_options.cpp.o
[INFO] [stderr]   [48/375] Building CXX object spirv-tools/source/CMakeFiles/SPIRV-Tools-shared.dir/opcode.cpp.o
[INFO] [stderr]   [49/375] Building CXX object spirv-tools/source/CMakeFiles/SPIRV-Tools-shared.dir/spirv_reducer_options.cpp.o
[INFO] [stderr]   [50/375] Building CXX object spirv-tools/source/CMakeFiles/SPIRV-Tools-shared.dir/spirv_target_env.cpp.o
[INFO] [stderr]   [51/375] Building CXX object spirv-tools/source/CMakeFiles/SPIRV-Tools-shared.dir/parsed_operand.cpp.o
[INFO] [stderr]   [52/375] Building CXX object spirv-tools/source/CMakeFiles/SPIRV-Tools-shared.dir/table.cpp.o
[INFO] [stderr]   [53/375] Building CXX object spirv-tools/source/CMakeFiles/SPIRV-Tools-shared.dir/util/parse_number.cpp.o
[INFO] [stderr]   [54/375] Building CXX object spirv-tools/source/CMakeFiles/SPIRV-Tools-shared.dir/operand.cpp.o
[INFO] [stderr]   [55/375] Building CXX object spirv-tools/source/CMakeFiles/SPIRV-Tools-shared.dir/disassemble.cpp.o
[INFO] [stderr]   [56/375] Building CXX object spirv-tools/source/CMakeFiles/SPIRV-Tools-shared.dir/name_mapper.cpp.o
[INFO] [stderr]   [57/375] Building CXX object spirv-tools/source/CMakeFiles/SPIRV-Tools-shared.dir/val/validate_adjacency.cpp.o
[INFO] [stderr]   [58/375] Building CXX object glslang/glslang/CMakeFiles/MachineIndependent.dir/cmake_pch.hxx.gch
[INFO] [stderr]   [59/375] Building CXX object spirv-tools/source/CMakeFiles/SPIRV-Tools-shared.dir/text.cpp.o
[INFO] [stderr]   [60/375] Building CXX object spirv-tools/source/CMakeFiles/SPIRV-Tools-shared.dir/val/validate.cpp.o
[INFO] [stderr]   FAILED: spirv-tools/source/CMakeFiles/SPIRV-Tools-shared.dir/val/validate.cpp.o 
[INFO] [stderr]   /usr/bin/c++  -DSPIRV_CHECK_CONTEXT -DSPIRV_COLOR_TERMINAL -DSPIRV_LINUX -DSPIRV_TIMER_ENABLED -DSPIRV_TOOLS_IMPLEMENTATION -DSPIRV_TOOLS_SHAREDLIB -DSPIRV_Tools_shared_EXPORTS -I/opt/rustwide/cargo-home/registry/src/github.com-1ecc6299db9ec823/shaderc-sys-0.7.2/build/spirv-tools -I/opt/rustwide/cargo-home/registry/src/github.com-1ecc6299db9ec823/shaderc-sys-0.7.2/build/spirv-tools/include -Ispirv-tools -I/opt/rustwide/cargo-home/registry/src/github.com-1ecc6299db9ec823/shaderc-sys-0.7.2/build/spirv-headers/include -ffunction-sections -fdata-sections -fPIC -m64 -O3 -DNDEBUG -fPIC -fvisibility=hidden   -Wall -Wextra -Wnon-virtual-dtor -Wno-missing-field-initializers -std=c++11 -fno-exceptions -fno-rtti -Wno-long-long -Wshadow -Wundef -Wconversion -Wno-sign-conversion -std=gnu++11 -MD -MT spirv-tools/source/CMakeFiles/SPIRV-Tools-shared.dir/val/validate.cpp.o -MF spirv-tools/source/CMakeFiles/SPIRV-Tools-shared.dir/val/validate.cpp.o.d -o spirv-tools/source/CMakeFiles/SPIRV-Tools-shared.dir/val/validate.cpp.o -c /opt/rustwide/cargo-home/registry/src/github.com-1ecc6299db9ec823/shaderc-sys-0.7.2/build/spirv-tools/source/val/validate.cpp
[INFO] [stderr]   c++: fatal error: Killed signal terminated program cc1plus
[INFO] [stderr]   compilation terminated.
[INFO] [stderr]   [61/375] Building CXX object spirv-tools/source/CMakeFiles/SPIRV-Tools-shared.dir/val/validate_arithmetics.cpp.o
[INFO] [stderr]   FAILED: spirv-tools/source/CMakeFiles/SPIRV-Tools-shared.dir/val/validate_arithmetics.cpp.o 
[INFO] [stderr]   /usr/bin/c++  -DSPIRV_CHECK_CONTEXT -DSPIRV_COLOR_TERMINAL -DSPIRV_LINUX -DSPIRV_TIMER_ENABLED -DSPIRV_TOOLS_IMPLEMENTATION -DSPIRV_TOOLS_SHAREDLIB -DSPIRV_Tools_shared_EXPORTS -I/opt/rustwide/cargo-home/registry/src/github.com-1ecc6299db9ec823/shaderc-sys-0.7.2/build/spirv-tools -I/opt/rustwide/cargo-home/registry/src/github.com-1ecc6299db9ec823/shaderc-sys-0.7.2/build/spirv-tools/include -Ispirv-tools -I/opt/rustwide/cargo-home/registry/src/github.com-1ecc6299db9ec823/shaderc-sys-0.7.2/build/spirv-headers/include -ffunction-sections -fdata-sections -fPIC -m64 -O3 -DNDEBUG -fPIC -fvisibility=hidden   -Wall -Wextra -Wnon-virtual-dtor -Wno-missing-field-initializers -std=c++11 -fno-exceptions -fno-rtti -Wno-long-long -Wshadow -Wundef -Wconversion -Wno-sign-conversion -std=gnu++11 -MD -MT spirv-tools/source/CMakeFiles/SPIRV-Tools-shared.dir/val/validate_arithmetics.cpp.o -MF spirv-tools/source/CMakeFiles/SPIRV-Tools-shared.dir/val/validate_arithmetics.cpp.o.d -o spirv-tools/source/CMakeFiles/SPIRV-Tools-shared.dir/val/validate_arithmetics.cpp.o -c /opt/rustwide/cargo-home/registry/src/github.com-1ecc6299db9ec823/shaderc-sys-0.7.2/build/spirv-tools/source/val/validate_arithmetics.cpp
[INFO] [stderr]   c++: fatal error: Killed signal terminated program cc1plus
[INFO] [stderr]   compilation terminated.
[INFO] [stderr]   [62/375] Building CXX object spirv-tools/source/CMakeFiles/SPIRV-Tools-shared.dir/val/validate_builtins.cpp.o
[INFO] [stderr]   FAILED: spirv-tools/source/CMakeFiles/SPIRV-Tools-shared.dir/val/validate_builtins.cpp.o 
[INFO] [stderr]   /usr/bin/c++  -DSPIRV_CHECK_CONTEXT -DSPIRV_COLOR_TERMINAL -DSPIRV_LINUX -DSPIRV_TIMER_ENABLED -DSPIRV_TOOLS_IMPLEMENTATION -DSPIRV_TOOLS_SHAREDLIB -DSPIRV_Tools_shared_EXPORTS -I/opt/rustwide/cargo-home/registry/src/github.com-1ecc6299db9ec823/shaderc-sys-0.7.2/build/spirv-tools -I/opt/rustwide/cargo-home/registry/src/github.com-1ecc6299db9ec823/shaderc-sys-0.7.2/build/spirv-tools/include -Ispirv-tools -I/opt/rustwide/cargo-home/registry/src/github.com-1ecc6299db9ec823/shaderc-sys-0.7.2/build/spirv-headers/include -ffunction-sections -fdata-sections -fPIC -m64 -O3 -DNDEBUG -fPIC -fvisibility=hidden   -Wall -Wextra -Wnon-virtual-dtor -Wno-missing-field-initializers -std=c++11 -fno-exceptions -fno-rtti -Wno-long-long -Wshadow -Wundef -Wconversion -Wno-sign-conversion -std=gnu++11 -MD -MT spirv-tools/source/CMakeFiles/SPIRV-Tools-shared.dir/val/validate_builtins.cpp.o -MF spirv-tools/source/CMakeFiles/SPIRV-Tools-shared.dir/val/validate_builtins.cpp.o.d -o spirv-tools/source/CMakeFiles/SPIRV-Tools-shared.dir/val/validate_builtins.cpp.o -c /opt/rustwide/cargo-home/registry/src/github.com-1ecc6299db9ec823/shaderc-sys-0.7.2/build/spirv-tools/source/val/validate_builtins.cpp
[INFO] [stderr]   c++: fatal error: Killed signal terminated program cc1plus
[INFO] [stderr]   compilation terminated.
[INFO] [stderr]   [63/375] Building CXX object spirv-tools/source/CMakeFiles/SPIRV-Tools-shared.dir/val/validate_cfg.cpp.o
[INFO] [stderr]   FAILED: spirv-tools/source/CMakeFiles/SPIRV-Tools-shared.dir/val/validate_cfg.cpp.o 
[INFO] [stderr]   /usr/bin/c++  -DSPIRV_CHECK_CONTEXT -DSPIRV_COLOR_TERMINAL -DSPIRV_LINUX -DSPIRV_TIMER_ENABLED -DSPIRV_TOOLS_IMPLEMENTATION -DSPIRV_TOOLS_SHAREDLIB -DSPIRV_Tools_shared_EXPORTS -I/opt/rustwide/cargo-home/registry/src/github.com-1ecc6299db9ec823/shaderc-sys-0.7.2/build/spirv-tools -I/opt/rustwide/cargo-home/registry/src/github.com-1ecc6299db9ec823/shaderc-sys-0.7.2/build/spirv-tools/include -Ispirv-tools -I/opt/rustwide/cargo-home/registry/src/github.com-1ecc6299db9ec823/shaderc-sys-0.7.2/build/spirv-headers/include -ffunction-sections -fdata-sections -fPIC -m64 -O3 -DNDEBUG -fPIC -fvisibility=hidden   -Wall -Wextra -Wnon-virtual-dtor -Wno-missing-field-initializers -std=c++11 -fno-exceptions -fno-rtti -Wno-long-long -Wshadow -Wundef -Wconversion -Wno-sign-conversion -std=gnu++11 -MD -MT spirv-tools/source/CMakeFiles/SPIRV-Tools-shared.dir/val/validate_cfg.cpp.o -MF spirv-tools/source/CMakeFiles/SPIRV-Tools-shared.dir/val/validate_cfg.cpp.o.d -o spirv-tools/source/CMakeFiles/SPIRV-Tools-shared.dir/val/validate_cfg.cpp.o -c /opt/rustwide/cargo-home/registry/src/github.com-1ecc6299db9ec823/shaderc-sys-0.7.2/build/spirv-tools/source/val/validate_cfg.cpp
[INFO] [stderr]   c++: fatal error: Killed signal terminated program cc1plus
[INFO] [stderr]   compilation terminated.
[INFO] [stderr]   [64/375] Building CXX object spirv-tools/source/CMakeFiles/SPIRV-Tools-shared.dir/val/validate_atomics.cpp.o
[INFO] [stderr]   FAILED: spirv-tools/source/CMakeFiles/SPIRV-Tools-shared.dir/val/validate_atomics.cpp.o 
[INFO] [stderr]   /usr/bin/c++  -DSPIRV_CHECK_CONTEXT -DSPIRV_COLOR_TERMINAL -DSPIRV_LINUX -DSPIRV_TIMER_ENABLED -DSPIRV_TOOLS_IMPLEMENTATION -DSPIRV_TOOLS_SHAREDLIB -DSPIRV_Tools_shared_EXPORTS -I/opt/rustwide/cargo-home/registry/src/github.com-1ecc6299db9ec823/shaderc-sys-0.7.2/build/spirv-tools -I/opt/rustwide/cargo-home/registry/src/github.com-1ecc6299db9ec823/shaderc-sys-0.7.2/build/spirv-tools/include -Ispirv-tools -I/opt/rustwide/cargo-home/registry/src/github.com-1ecc6299db9ec823/shaderc-sys-0.7.2/build/spirv-headers/include -ffunction-sections -fdata-sections -fPIC -m64 -O3 -DNDEBUG -fPIC -fvisibility=hidden   -Wall -Wextra -Wnon-virtual-dtor -Wno-missing-field-initializers -std=c++11 -fno-exceptions -fno-rtti -Wno-long-long -Wshadow -Wundef -Wconversion -Wno-sign-conversion -std=gnu++11 -MD -MT spirv-tools/source/CMakeFiles/SPIRV-Tools-shared.dir/val/validate_atomics.cpp.o -MF spirv-tools/source/CMakeFiles/SPIRV-Tools-shared.dir/val/validate_atomics.cpp.o.d -o spirv-tools/source/CMakeFiles/SPIRV-Tools-shared.dir/val/validate_atomics.cpp.o -c /opt/rustwide/cargo-home/registry/src/github.com-1ecc6299db9ec823/shaderc-sys-0.7.2/build/spirv-tools/source/val/validate_atomics.cpp
[INFO] [stderr]   c++: fatal error: Killed signal terminated program cc1plus
[INFO] [stderr]   compilation terminated.
[INFO] [stderr]   [65/375] Building CXX object spirv-tools/source/CMakeFiles/SPIRV-Tools-shared.dir/binary.cpp.o
[INFO] [stderr]   [66/375] Building CXX object spirv-tools/source/CMakeFiles/SPIRV-Tools-shared.dir/text_handler.cpp.o
[INFO] [stderr]   [67/375] Building CXX object spirv-tools/source/CMakeFiles/SPIRV-Tools-shared.dir/val/validate_barriers.cpp.o
[INFO] [stderr]   [68/375] Building CXX object spirv-tools/source/CMakeFiles/SPIRV-Tools-shared.dir/val/validate_composites.cpp.o
[INFO] [stderr]   [69/375] Building CXX object spirv-tools/source/CMakeFiles/SPIRV-Tools-shared.dir/val/validate_constants.cpp.o
[INFO] [stderr]   [70/375] Building CXX object spirv-tools/source/CMakeFiles/SPIRV-Tools-shared.dir/val/validate_bitwise.cpp.o
[INFO] [stderr]   [71/375] Building CXX object spirv-tools/source/CMakeFiles/SPIRV-Tools-shared.dir/val/validate_capability.cpp.o
[INFO] [stderr]   [72/375] Building CXX object spirv-tools/source/CMakeFiles/SPIRV-Tools-shared.dir/val/validate_debug.cpp.o
[INFO] [stderr]   [73/375] Building CXX object spirv-tools/source/CMakeFiles/SPIRV-Tools-shared.dir/val/validate_conversion.cpp.o
[INFO] [stderr]   [74/375] Building CXX object spirv-tools/source/CMakeFiles/SPIRV-Tools-shared.dir/val/validate_annotation.cpp.o
[INFO] [stderr]   [75/375] Building CXX object spirv-tools/source/CMakeFiles/SPIRV-Tools-shared.dir/val/validate_decorations.cpp.o
[INFO] [stderr]   ninja: build stopped: subcommand failed.
[INFO] [stderr] 
[INFO] [stderr]   --- stderr
[INFO] [stderr]   CMake Warning:
[INFO] [stderr]     Manually-specified variables were not used by the project:
[INFO] [stderr] 
[INFO] [stderr]       CMAKE_ASM_COMPILER
[INFO] [stderr]       CMAKE_ASM_FLAGS
[INFO] [stderr] 
[INFO] [stderr] 
[INFO] [stderr]   thread 'main' panicked at '
[INFO] [stderr]   command did not execute successfully, got: exit status: 1
[INFO] [stderr] 
[INFO] [stderr]   build script failed, must exit now', /opt/rustwide/cargo-home/registry/src/github.com-1ecc6299db9ec823/cmake-0.1.44/src/lib.rs:885:5
[INFO] [stderr]   stack backtrace:
[INFO] [stderr]      0:     0x55853cf0ece0 - std::backtrace_rs::backtrace::libunwind::trace::h34055254b57d8e79
[INFO] [stderr]                                  at /rustc/a178d0322ce20e33eac124758e837cbd80a6f633/library/std/src/../../backtrace/src/backtrace/libunwind.rs:90:5
[INFO] [stderr]      1:     0x55853cf0ece0 - std::backtrace_rs::backtrace::trace_unsynchronized::h8f1e3fbd9afff6ec
[INFO] [stderr]                                  at /rustc/a178d0322ce20e33eac124758e837cbd80a6f633/library/std/src/../../backtrace/src/backtrace/mod.rs:66:5
[INFO] [stderr]      2:     0x55853cf0ece0 - std::sys_common::backtrace::_print_fmt::h3a99a796b770c360
[INFO] [stderr]                                  at /rustc/a178d0322ce20e33eac124758e837cbd80a6f633/library/std/src/sys_common/backtrace.rs:67:5
[INFO] [stderr]      3:     0x55853cf0ece0 - <std::sys_common::backtrace::_print::DisplayBacktrace as core::fmt::Display>::fmt::h32d1f94a80615d18
[INFO] [stderr]                                  at /rustc/a178d0322ce20e33eac124758e837cbd80a6f633/library/std/src/sys_common/backtrace.rs:46:22
[INFO] [stderr]      4:     0x55853cf2e4cc - core::fmt::write::h306731c068f7162c
[INFO] [stderr]                                  at /rustc/a178d0322ce20e33eac124758e837cbd80a6f633/library/core/src/fmt/mod.rs:1110:17
[INFO] [stderr]      5:     0x55853cf0ba75 - std::io::Write::write_fmt::hd2fa90334eee2a21
[INFO] [stderr]                                  at /rustc/a178d0322ce20e33eac124758e837cbd80a6f633/library/std/src/io/mod.rs:1588:15
[INFO] [stderr]      6:     0x55853cf1124b - std::sys_common::backtrace::_print::h5abaa2601a852287
[INFO] [stderr]                                  at /rustc/a178d0322ce20e33eac124758e837cbd80a6f633/library/std/src/sys_common/backtrace.rs:49:5
[INFO] [stderr]      7:     0x55853cf1124b - std::sys_common::backtrace::print::h8d81445442bb638f
[INFO] [stderr]                                  at /rustc/a178d0322ce20e33eac124758e837cbd80a6f633/library/std/src/sys_common/backtrace.rs:36:9
[INFO] [stderr]      8:     0x55853cf1124b - std::panicking::default_hook::{{closure}}::hcfe804496a9fa747
[INFO] [stderr]                                  at /rustc/a178d0322ce20e33eac124758e837cbd80a6f633/library/std/src/panicking.rs:208:50
[INFO] [stderr]      9:     0x55853cf10d21 - std::panicking::default_hook::hbea8e3ccf2ba8901
[INFO] [stderr]                                  at /rustc/a178d0322ce20e33eac124758e837cbd80a6f633/library/std/src/panicking.rs:225:9
[INFO] [stderr]     10:     0x55853cf11914 - std::panicking::rust_panic_with_hook::h7ee9e1a2d0f8975a
[INFO] [stderr]                                  at /rustc/a178d0322ce20e33eac124758e837cbd80a6f633/library/std/src/panicking.rs:622:17
[INFO] [stderr]     11:     0x55853cf113f7 - std::panicking::begin_panic_handler::{{closure}}::h8ab3b4491718b2c7
[INFO] [stderr]                                  at /rustc/a178d0322ce20e33eac124758e837cbd80a6f633/library/std/src/panicking.rs:519:13
[INFO] [stderr]     12:     0x55853cf0f1dc - std::sys_common::backtrace::__rust_end_short_backtrace::hd489062ffa586a9f
[INFO] [stderr]                                  at /rustc/a178d0322ce20e33eac124758e837cbd80a6f633/library/std/src/sys_common/backtrace.rs:141:18
[INFO] [stderr]     13:     0x55853cf11359 - rust_begin_unwind
[INFO] [stderr]                                  at /rustc/a178d0322ce20e33eac124758e837cbd80a6f633/library/std/src/panicking.rs:515:5
[INFO] [stderr]     14:     0x55853ce94beb - std::panicking::begin_panic_fmt::h5479575e112541f8
[INFO] [stderr]                                  at /rustc/a178d0322ce20e33eac124758e837cbd80a6f633/library/std/src/panicking.rs:457:5
[INFO] [stderr]     15:     0x55853cea8fc3 - cmake::fail::h04c04900ce54c347
[INFO] [stderr]                                  at /opt/rustwide/cargo-home/registry/src/github.com-1ecc6299db9ec823/cmake-0.1.44/src/lib.rs:885:5
[INFO] [stderr]     16:     0x55853cea89d1 - cmake::run::h6b69d1cce04f239f
[INFO] [stderr]                                  at /opt/rustwide/cargo-home/registry/src/github.com-1ecc6299db9ec823/cmake-0.1.44/src/lib.rs:863:9
[INFO] [stderr]     17:     0x55853cea5b85 - cmake::Config::build::hb1ccd8155cdea01c
[INFO] [stderr]                                  at /opt/rustwide/cargo-home/registry/src/github.com-1ecc6299db9ec823/cmake-0.1.44/src/lib.rs:769:9
[INFO] [stderr]     18:     0x55853ce97f7d - build_script_build::build_shaderc_unix::hdf04d38e8ba90641
[INFO] [stderr]                                  at /opt/rustwide/cargo-home/registry/src/github.com-1ecc6299db9ec823/shaderc-sys-0.7.2/build/build.rs:80:5
[INFO] [stderr]     19:     0x55853ce9b588 - build_script_build::main::h043f5cda983a949b
[INFO] [stderr]                                  at /opt/rustwide/cargo-home/registry/src/github.com-1ecc6299db9ec823/shaderc-sys-0.7.2/build/build.rs:326:9
[INFO] [stderr]     20:     0x55853cea0e0b - core::ops::function::FnOnce::call_once::he6cd3b5b3db79ef5
[INFO] [stderr]                                  at /rustc/a178d0322ce20e33eac124758e837cbd80a6f633/library/core/src/ops/function.rs:227:5
[INFO] [stderr]     21:     0x55853cea0c3e - std::sys_common::backtrace::__rust_begin_short_backtrace::h6141196b7ed10ded
[INFO] [stderr]                                  at /rustc/a178d0322ce20e33eac124758e837cbd80a6f633/library/std/src/sys_common/backtrace.rs:125:18
[INFO] [stderr]     22:     0x55853ce9d4c1 - std::rt::lang_start::{{closure}}::hfdd1bdbb3b63207f
[INFO] [stderr]                                  at /rustc/a178d0322ce20e33eac124758e837cbd80a6f633/library/std/src/rt.rs:49:18
[INFO] [stderr]     23:     0x55853cf11e19 - core::ops::function::impls::<impl core::ops::function::FnOnce<A> for &F>::call_once::h2aabc384aab89b7b
[INFO] [stderr]                                  at /rustc/a178d0322ce20e33eac124758e837cbd80a6f633/library/core/src/ops/function.rs:259:13
[INFO] [stderr]     24:     0x55853cf11e19 - std::panicking::try::do_call::hc5fcacb7a85fc7b1
[INFO] [stderr]                                  at /rustc/a178d0322ce20e33eac124758e837cbd80a6f633/library/std/src/panicking.rs:401:40
[INFO] [stderr]     25:     0x55853cf11e19 - std::panicking::try::hb5d9603af3abbe3a
[INFO] [stderr]                                  at /rustc/a178d0322ce20e33eac124758e837cbd80a6f633/library/std/src/panicking.rs:365:19
[INFO] [stderr]     26:     0x55853cf11e19 - std::panic::catch_unwind::h98fe6ac3925e64b4
[INFO] [stderr]                                  at /rustc/a178d0322ce20e33eac124758e837cbd80a6f633/library/std/src/panic.rs:434:14
[INFO] [stderr]     27:     0x55853cf11e19 - std::rt::lang_start_internal::h22ac7383c516f93e
[INFO] [stderr]                                  at /rustc/a178d0322ce20e33eac124758e837cbd80a6f633/library/std/src/rt.rs:34:21
[INFO] [stderr]     28:     0x55853ce9d4a0 - std::rt::lang_start::ha24719d582f34a8b
[INFO] [stderr]                                  at /rustc/a178d0322ce20e33eac124758e837cbd80a6f633/library/std/src/rt.rs:48:5
[INFO] [stderr]     29:     0x55853ce9bbbc - main
[INFO] [stderr]     30:     0x7f093c43e0b3 - __libc_start_main
[INFO] [stderr]     31:     0x55853ce959fe - _start
[INFO] [stderr]     32:                0x0 - <unknown>
[INFO] running `Command { std: "docker" "inspect" "fb50997fb166ccab3b3e6e3c9c08a0518a53917013f9207477c2fc93c73196d6", kill_on_drop: false }`
[INFO] running `Command { std: "docker" "rm" "-f" "fb50997fb166ccab3b3e6e3c9c08a0518a53917013f9207477c2fc93c73196d6", kill_on_drop: false }`
[INFO] [stdout] fb50997fb166ccab3b3e6e3c9c08a0518a53917013f9207477c2fc93c73196d6
