[INFO] cloning repository https://github.com/P1n3appl3/ray
[INFO] running `Command { std: "git" "-c" "credential.helper=" "-c" "credential.helper=/workspace/cargo-home/bin/git-credential-null" "clone" "--bare" "https://github.com/P1n3appl3/ray" "/workspace/cache/git-repos/https%3A%2F%2Fgithub.com%2FP1n3appl3%2Fray", kill_on_drop: false }`
[INFO] [stderr] Cloning into bare repository '/workspace/cache/git-repos/https%3A%2F%2Fgithub.com%2FP1n3appl3%2Fray'...
[INFO] running `Command { std: "git" "rev-parse" "HEAD", kill_on_drop: false }`
[INFO] [stdout] be692709862fd6ac5aab149d90a9ceed5ce69e95
[INFO] testing P1n3appl3/ray against beta-2021-08-01 for beta-1.55-1
[INFO] running `Command { std: "git" "clone" "/workspace/cache/git-repos/https%3A%2F%2Fgithub.com%2FP1n3appl3%2Fray" "/workspace/builds/worker-0/source", kill_on_drop: false }`
[INFO] [stderr] Cloning into '/workspace/builds/worker-0/source'...
[INFO] [stderr] done.
[INFO] validating manifest of git repo https://github.com/P1n3appl3/ray on toolchain beta-2021-08-01
[INFO] running `Command { std: "/workspace/cargo-home/bin/cargo" "+beta-2021-08-01" "metadata" "--manifest-path" "Cargo.toml" "--no-deps", kill_on_drop: false }`
[INFO] started tweaking git repo https://github.com/P1n3appl3/ray
[INFO] finished tweaking git repo https://github.com/P1n3appl3/ray
[INFO] tweaked toml for git repo https://github.com/P1n3appl3/ray written to /workspace/builds/worker-0/source/Cargo.toml
[INFO] crate git repo https://github.com/P1n3appl3/ray already has a lockfile, it will not be regenerated
[INFO] running `Command { std: "/workspace/cargo-home/bin/cargo" "+beta-2021-08-01" "fetch" "--manifest-path" "Cargo.toml", kill_on_drop: false }`
[INFO] [stderr]     Blocking waiting for file lock on package cache
[INFO] [stderr]  Downloading crates ...
[INFO] [stderr]   Downloaded cast v0.2.2
[INFO] [stderr]   Downloaded criterion-plot v0.3.0
[INFO] [stderr]   Downloaded redox_syscall v0.1.52
[INFO] [stderr]   Downloaded tinytemplate v1.0.1
[INFO] [stderr]   Downloaded criterion v0.2.10
[INFO] [stderr]   Downloaded tobj v0.1.7
[INFO] running `Command { std: "docker" "create" "-v" "/var/lib/crater-agent-workspace/builds/worker-0/target:/opt/rustwide/target:rw,Z" "-v" "/var/lib/crater-agent-workspace/builds/worker-0/source:/opt/rustwide/workdir:ro,Z" "-v" "/var/lib/crater-agent-workspace/cargo-home:/opt/rustwide/cargo-home:ro,Z" "-v" "/var/lib/crater-agent-workspace/rustup-home:/opt/rustwide/rustup-home:ro,Z" "-e" "SOURCE_DIR=/opt/rustwide/workdir" "-e" "CARGO_TARGET_DIR=/opt/rustwide/target" "-e" "CARGO_HOME=/opt/rustwide/cargo-home" "-e" "RUSTUP_HOME=/opt/rustwide/rustup-home" "-w" "/opt/rustwide/workdir" "-m" "1610612736" "--user" "0:0" "--network" "none" "ghcr.io/rust-lang/crates-build-env/linux@sha256:34b6a614d2c27851fe6cbf88fbd1137609cefab8b10d0615aaeb6fd47975d74e" "/opt/rustwide/cargo-home/bin/cargo" "+beta-2021-08-01" "metadata" "--no-deps" "--format-version=1", kill_on_drop: false }`
[INFO] [stdout] 13310cbf07ea1f571da489add0cf91a31c20c8ebe3d28323626e9c331f654aec
[INFO] [stderr] WARNING: Your kernel does not support swap limit capabilities or the cgroup is not mounted. Memory limited without swap.
[INFO] running `Command { std: "docker" "start" "-a" "13310cbf07ea1f571da489add0cf91a31c20c8ebe3d28323626e9c331f654aec", kill_on_drop: false }`
[INFO] running `Command { std: "docker" "inspect" "13310cbf07ea1f571da489add0cf91a31c20c8ebe3d28323626e9c331f654aec", kill_on_drop: false }`
[INFO] running `Command { std: "docker" "rm" "-f" "13310cbf07ea1f571da489add0cf91a31c20c8ebe3d28323626e9c331f654aec", kill_on_drop: false }`
[INFO] [stdout] 13310cbf07ea1f571da489add0cf91a31c20c8ebe3d28323626e9c331f654aec
[INFO] running `Command { std: "docker" "create" "-v" "/var/lib/crater-agent-workspace/builds/worker-0/target:/opt/rustwide/target:rw,Z" "-v" "/var/lib/crater-agent-workspace/builds/worker-0/source:/opt/rustwide/workdir:ro,Z" "-v" "/var/lib/crater-agent-workspace/cargo-home:/opt/rustwide/cargo-home:ro,Z" "-v" "/var/lib/crater-agent-workspace/rustup-home:/opt/rustwide/rustup-home:ro,Z" "-e" "SOURCE_DIR=/opt/rustwide/workdir" "-e" "CARGO_TARGET_DIR=/opt/rustwide/target" "-e" "CARGO_INCREMENTAL=0" "-e" "RUST_BACKTRACE=full" "-e" "RUSTFLAGS=--cap-lints=warn" "-e" "CARGO_HOME=/opt/rustwide/cargo-home" "-e" "RUSTUP_HOME=/opt/rustwide/rustup-home" "-w" "/opt/rustwide/workdir" "-m" "1610612736" "--user" "0:0" "--network" "none" "ghcr.io/rust-lang/crates-build-env/linux@sha256:34b6a614d2c27851fe6cbf88fbd1137609cefab8b10d0615aaeb6fd47975d74e" "/opt/rustwide/cargo-home/bin/cargo" "+beta-2021-08-01" "build" "--frozen" "--message-format=json", kill_on_drop: false }`
[INFO] [stdout] 9e5ba651779a63244d95c9853c36fd2ebe5cda5c9886ebdacc3f6348bdef8609
[INFO] [stderr] WARNING: Your kernel does not support swap limit capabilities or the cgroup is not mounted. Memory limited without swap.
[INFO] running `Command { std: "docker" "start" "-a" "9e5ba651779a63244d95c9853c36fd2ebe5cda5c9886ebdacc3f6348bdef8609", kill_on_drop: false }`
[INFO] [stderr]    Compiling syn v0.15.30
[INFO] [stderr]    Compiling num-derive v0.2.4
[INFO] [stderr]    Compiling num-rational v0.2.1
[INFO] [stderr]    Compiling packed_simd v0.3.3
[INFO] [stderr]    Compiling safe-transmute v0.10.1
[INFO] [stderr]    Compiling tobj v0.1.7
[INFO] [stderr]    Compiling gif v0.10.1
[INFO] [stderr]    Compiling deflate v0.7.19
[INFO] [stderr]    Compiling termion v1.5.1
[INFO] [stderr]    Compiling rayon-core v1.4.1
[INFO] [stderr]    Compiling rayon v1.0.3
[INFO] [stdout] error[E0557]: feature has been removed
[INFO] [stdout]    --> /opt/rustwide/cargo-home/registry/src/github.com-1ecc6299db9ec823/packed_simd-0.3.3/src/lib.rs:204:5
[INFO] [stdout]     |
[INFO] [stdout] 204 |     const_fn,
[INFO] [stdout]     |     ^^^^^^^^ feature has been removed
[INFO] [stdout]     |
[INFO] [stdout]     = note: split into finer-grained feature gates
[INFO] [stdout] 
[INFO] [stdout] 
[INFO] [stderr]    Compiling png v0.14.0
[INFO] [stdout] error[E0432]: unresolved import `crate::arch::x86_64::_mm_movemask_pi8`
[INFO] [stdout]   --> /opt/rustwide/cargo-home/registry/src/github.com-1ecc6299db9ec823/packed_simd-0.3.3/src/codegen/reductions/mask/x86/sse.rs:47:21
[INFO] [stdout]    |
[INFO] [stdout] 47 |                 use crate::arch::x86_64::_mm_movemask_pi8;
[INFO] [stdout]    |                     ^^^^^^^^^^^^^^^^^^^^^----------------
[INFO] [stdout]    |                     |                    |
[INFO] [stdout]    |                     |                    help: a similar name exists in the module: `_mm_movemask_epi8`
[INFO] [stdout]    |                     no `_mm_movemask_pi8` in `arch::x86_64`
[INFO] [stdout]    | 
[INFO] [stdout]   ::: /opt/rustwide/cargo-home/registry/src/github.com-1ecc6299db9ec823/packed_simd-0.3.3/src/codegen/reductions/mask.rs:41:1
[INFO] [stdout]    |
[INFO] [stdout] 41 | impl_mask_reductions!(m8x8);
[INFO] [stdout]    | ---------------------------- in this macro invocation
[INFO] [stdout]    |
[INFO] [stdout]    = note: this error originates in the macro `x86_m8x8_sse_impl` (in Nightly builds, run with -Z macro-backtrace for more info)
[INFO] [stdout] 
[INFO] [stdout] 
[INFO] [stdout] error[E0432]: unresolved import `crate::arch::x86_64::_mm_movemask_pi8`
[INFO] [stdout]   --> /opt/rustwide/cargo-home/registry/src/github.com-1ecc6299db9ec823/packed_simd-0.3.3/src/codegen/reductions/mask/x86/sse.rs:62:21
[INFO] [stdout]    |
[INFO] [stdout] 62 |                 use crate::arch::x86_64::_mm_movemask_pi8;
[INFO] [stdout]    |                     ^^^^^^^^^^^^^^^^^^^^^----------------
[INFO] [stdout]    |                     |                    |
[INFO] [stdout]    |                     |                    help: a similar name exists in the module: `_mm_movemask_epi8`
[INFO] [stdout]    |                     no `_mm_movemask_pi8` in `arch::x86_64`
[INFO] [stdout]    | 
[INFO] [stdout]   ::: /opt/rustwide/cargo-home/registry/src/github.com-1ecc6299db9ec823/packed_simd-0.3.3/src/codegen/reductions/mask.rs:41:1
[INFO] [stdout]    |
[INFO] [stdout] 41 | impl_mask_reductions!(m8x8);
[INFO] [stdout]    | ---------------------------- in this macro invocation
[INFO] [stdout]    |
[INFO] [stdout]    = note: this error originates in the macro `x86_m8x8_sse_impl` (in Nightly builds, run with -Z macro-backtrace for more info)
[INFO] [stdout] 
[INFO] [stdout] 
[INFO] [stdout] error[E0432]: unresolved import `crate::arch::x86_64::_mm_movemask_pi8`
[INFO] [stdout]   --> /opt/rustwide/cargo-home/registry/src/github.com-1ecc6299db9ec823/packed_simd-0.3.3/src/codegen/reductions/mask/x86/sse.rs:47:21
[INFO] [stdout]    |
[INFO] [stdout] 47 |                 use crate::arch::x86_64::_mm_movemask_pi8;
[INFO] [stdout]    |                     ^^^^^^^^^^^^^^^^^^^^^----------------
[INFO] [stdout]    |                     |                    |
[INFO] [stdout]    |                     |                    help: a similar name exists in the module: `_mm_movemask_epi8`
[INFO] [stdout]    |                     no `_mm_movemask_pi8` in `arch::x86_64`
[INFO] [stdout]    | 
[INFO] [stdout]   ::: /opt/rustwide/cargo-home/registry/src/github.com-1ecc6299db9ec823/packed_simd-0.3.3/src/codegen/reductions/mask.rs:47:1
[INFO] [stdout]    |
[INFO] [stdout] 47 | impl_mask_reductions!(m16x4);
[INFO] [stdout]    | ----------------------------- in this macro invocation
[INFO] [stdout]    |
[INFO] [stdout]    = note: this error originates in the macro `x86_m8x8_sse_impl` (in Nightly builds, run with -Z macro-backtrace for more info)
[INFO] [stdout] 
[INFO] [stdout] 
[INFO] [stdout] error[E0432]: unresolved import `crate::arch::x86_64::_mm_movemask_pi8`
[INFO] [stdout]   --> /opt/rustwide/cargo-home/registry/src/github.com-1ecc6299db9ec823/packed_simd-0.3.3/src/codegen/reductions/mask/x86/sse.rs:62:21
[INFO] [stdout]    |
[INFO] [stdout] 62 |                 use crate::arch::x86_64::_mm_movemask_pi8;
[INFO] [stdout]    |                     ^^^^^^^^^^^^^^^^^^^^^----------------
[INFO] [stdout]    |                     |                    |
[INFO] [stdout]    |                     |                    help: a similar name exists in the module: `_mm_movemask_epi8`
[INFO] [stdout]    |                     no `_mm_movemask_pi8` in `arch::x86_64`
[INFO] [stdout]    | 
[INFO] [stdout]   ::: /opt/rustwide/cargo-home/registry/src/github.com-1ecc6299db9ec823/packed_simd-0.3.3/src/codegen/reductions/mask.rs:47:1
[INFO] [stdout]    |
[INFO] [stdout] 47 | impl_mask_reductions!(m16x4);
[INFO] [stdout]    | ----------------------------- in this macro invocation
[INFO] [stdout]    |
[INFO] [stdout]    = note: this error originates in the macro `x86_m8x8_sse_impl` (in Nightly builds, run with -Z macro-backtrace for more info)
[INFO] [stdout] 
[INFO] [stdout] 
[INFO] [stdout] error[E0432]: unresolved import `crate::arch::x86_64::_mm_movemask_pi8`
[INFO] [stdout]   --> /opt/rustwide/cargo-home/registry/src/github.com-1ecc6299db9ec823/packed_simd-0.3.3/src/codegen/reductions/mask/x86/sse.rs:47:21
[INFO] [stdout]    |
[INFO] [stdout] 47 |                 use crate::arch::x86_64::_mm_movemask_pi8;
[INFO] [stdout]    |                     ^^^^^^^^^^^^^^^^^^^^^----------------
[INFO] [stdout]    |                     |                    |
[INFO] [stdout]    |                     |                    help: a similar name exists in the module: `_mm_movemask_epi8`
[INFO] [stdout]    |                     no `_mm_movemask_pi8` in `arch::x86_64`
[INFO] [stdout]    | 
[INFO] [stdout]   ::: /opt/rustwide/cargo-home/registry/src/github.com-1ecc6299db9ec823/packed_simd-0.3.3/src/codegen/reductions/mask.rs:52:1
[INFO] [stdout]    |
[INFO] [stdout] 52 | impl_mask_reductions!(m32x2);
[INFO] [stdout]    | ----------------------------- in this macro invocation
[INFO] [stdout]    |
[INFO] [stdout]    = note: this error originates in the macro `x86_m8x8_sse_impl` (in Nightly builds, run with -Z macro-backtrace for more info)
[INFO] [stdout] 
[INFO] [stdout] 
[INFO] [stdout] error[E0432]: unresolved import `crate::arch::x86_64::_mm_movemask_pi8`
[INFO] [stdout]   --> /opt/rustwide/cargo-home/registry/src/github.com-1ecc6299db9ec823/packed_simd-0.3.3/src/codegen/reductions/mask/x86/sse.rs:62:21
[INFO] [stdout]    |
[INFO] [stdout] 62 |                 use crate::arch::x86_64::_mm_movemask_pi8;
[INFO] [stdout]    |                     ^^^^^^^^^^^^^^^^^^^^^----------------
[INFO] [stdout]    |                     |                    |
[INFO] [stdout]    |                     |                    help: a similar name exists in the module: `_mm_movemask_epi8`
[INFO] [stdout]    |                     no `_mm_movemask_pi8` in `arch::x86_64`
[INFO] [stdout]    | 
[INFO] [stdout]   ::: /opt/rustwide/cargo-home/registry/src/github.com-1ecc6299db9ec823/packed_simd-0.3.3/src/codegen/reductions/mask.rs:52:1
[INFO] [stdout]    |
[INFO] [stdout] 52 | impl_mask_reductions!(m32x2);
[INFO] [stdout]    | ----------------------------- in this macro invocation
[INFO] [stdout]    |
[INFO] [stdout]    = note: this error originates in the macro `x86_m8x8_sse_impl` (in Nightly builds, run with -Z macro-backtrace for more info)
[INFO] [stdout] 
[INFO] [stdout] 
[INFO] [stdout] error[E0554]: `#![feature]` may not be used on the beta release channel
[INFO] [stdout]    --> /opt/rustwide/cargo-home/registry/src/github.com-1ecc6299db9ec823/packed_simd-0.3.3/src/lib.rs:202:1
[INFO] [stdout]     |
[INFO] [stdout] 202 | / #![feature(
[INFO] [stdout] 203 | |     repr_simd,
[INFO] [stdout] 204 | |     const_fn,
[INFO] [stdout] 205 | |     platform_intrinsics,
[INFO] [stdout] ...   |
[INFO] [stdout] 215 | |     custom_inner_attributes
[INFO] [stdout] 216 | | )]
[INFO] [stdout]     | |__^
[INFO] [stdout] 
[INFO] [stdout] 
[INFO] [stderr]    Compiling jpeg-decoder v0.1.15
[INFO] [stderr]    Compiling tiff v0.2.2
[INFO] [stderr]    Compiling image v0.21.0
[INFO] [stdout] error: aborting due to 8 previous errors
[INFO] [stdout] 
[INFO] [stdout] 
[INFO] [stdout] Some errors have detailed explanations: E0432, E0554, E0557.
[INFO] [stdout] 
[INFO] [stdout] For more information about an error, try `rustc --explain E0432`.
[INFO] [stdout] 
[INFO] [stderr] error: could not compile `packed_simd` due to 9 previous errors
[INFO] [stderr] warning: build failed, waiting for other jobs to finish...
[INFO] [stderr] error: build failed
[INFO] running `Command { std: "docker" "inspect" "9e5ba651779a63244d95c9853c36fd2ebe5cda5c9886ebdacc3f6348bdef8609", kill_on_drop: false }`
[INFO] running `Command { std: "docker" "rm" "-f" "9e5ba651779a63244d95c9853c36fd2ebe5cda5c9886ebdacc3f6348bdef8609", kill_on_drop: false }`
[INFO] [stdout] 9e5ba651779a63244d95c9853c36fd2ebe5cda5c9886ebdacc3f6348bdef8609
