[INFO] cloning repository https://github.com/OmnipotentEntity/multigroup
[INFO] running `Command { std: "git" "-c" "credential.helper=" "-c" "credential.helper=/workspace/cargo-home/bin/git-credential-null" "clone" "--bare" "https://github.com/OmnipotentEntity/multigroup" "/workspace/cache/git-repos/https%3A%2F%2Fgithub.com%2FOmnipotentEntity%2Fmultigroup", kill_on_drop: false }`
[INFO] [stderr] Cloning into bare repository '/workspace/cache/git-repos/https%3A%2F%2Fgithub.com%2FOmnipotentEntity%2Fmultigroup'...
[INFO] running `Command { std: "git" "rev-parse" "HEAD", kill_on_drop: false }`
[INFO] [stdout] a07f082334d15578454c565a90d02592917c1a96
[INFO] testing OmnipotentEntity/multigroup against beta-2021-08-01 for beta-1.55-1
[INFO] running `Command { std: "git" "clone" "/workspace/cache/git-repos/https%3A%2F%2Fgithub.com%2FOmnipotentEntity%2Fmultigroup" "/workspace/builds/worker-70/source", kill_on_drop: false }`
[INFO] [stderr] Cloning into '/workspace/builds/worker-70/source'...
[INFO] [stderr] done.
[INFO] validating manifest of git repo https://github.com/OmnipotentEntity/multigroup on toolchain beta-2021-08-01
[INFO] running `Command { std: "/workspace/cargo-home/bin/cargo" "+beta-2021-08-01" "metadata" "--manifest-path" "Cargo.toml" "--no-deps", kill_on_drop: false }`
[INFO] started tweaking git repo https://github.com/OmnipotentEntity/multigroup
[INFO] finished tweaking git repo https://github.com/OmnipotentEntity/multigroup
[INFO] tweaked toml for git repo https://github.com/OmnipotentEntity/multigroup written to /workspace/builds/worker-70/source/Cargo.toml
[INFO] crate git repo https://github.com/OmnipotentEntity/multigroup already has a lockfile, it will not be regenerated
[INFO] running `Command { std: "/workspace/cargo-home/bin/cargo" "+beta-2021-08-01" "fetch" "--manifest-path" "Cargo.toml", kill_on_drop: false }`
[INFO] [stderr]     Blocking waiting for file lock on package cache
[INFO] [stderr]     Blocking waiting for file lock on package cache
[INFO] [stderr]  Downloading crates ...
[INFO] [stderr]   Downloaded serde_derive_internals v0.17.0
[INFO] [stderr]   Downloaded serde_derive v1.0.19
[INFO] [stderr]   Downloaded lazy_static v0.2.10
[INFO] [stderr]   Downloaded serde v1.0.19
[INFO] [stderr]   Downloaded url v1.6.0
[INFO] [stderr]   Downloaded quine-mc_cluskey v0.2.4
[INFO] [stderr]   Downloaded if_chain v0.1.2
[INFO] [stderr]   Downloaded semver v0.6.0
[INFO] [stderr]   Downloaded toml v0.4.5
[INFO] [stderr]   Downloaded cargo_metadata v0.2.3
[INFO] [stderr]   Downloaded getopts v0.2.15
[INFO] [stderr]   Downloaded ndarray v0.10.12
[INFO] [stderr]   Downloaded pulldown-cmark v0.0.15
[INFO] [stderr]   Downloaded serde_json v1.0.6
[INFO] [stderr]   Downloaded lapack v0.13.2
[INFO] [stderr]   Downloaded derive-new v0.4.0
[INFO] [stderr]   Downloaded syn v0.8.7
[INFO] [stderr]   Downloaded blas-sys v0.6.9
[INFO] [stderr]   Downloaded itertools v0.7.2
[INFO] [stderr]   Downloaded either v1.3.0
[INFO] [stderr]   Downloaded quote v0.2.3
[INFO] [stderr]   Downloaded clippy_lints v0.0.170
[INFO] [stderr]   Downloaded clippy v0.0.170
[INFO] [stderr]   Downloaded procedurals v0.2.3
[INFO] [stderr]   Downloaded itertools v0.6.5
[INFO] [stderr]   Downloaded ndarray-linalg v0.7.1
[INFO] [stderr]   Downloaded lapack-sys v0.11.7
[INFO] [stderr]   Downloaded openblas-src v0.5.4
[INFO] running `Command { std: "docker" "create" "-v" "/var/lib/crater-agent-workspace/builds/worker-70/target:/opt/rustwide/target:rw,Z" "-v" "/var/lib/crater-agent-workspace/builds/worker-70/source:/opt/rustwide/workdir:ro,Z" "-v" "/var/lib/crater-agent-workspace/cargo-home:/opt/rustwide/cargo-home:ro,Z" "-v" "/var/lib/crater-agent-workspace/rustup-home:/opt/rustwide/rustup-home:ro,Z" "-e" "SOURCE_DIR=/opt/rustwide/workdir" "-e" "CARGO_TARGET_DIR=/opt/rustwide/target" "-e" "CARGO_HOME=/opt/rustwide/cargo-home" "-e" "RUSTUP_HOME=/opt/rustwide/rustup-home" "-w" "/opt/rustwide/workdir" "-m" "1610612736" "--user" "0:0" "--network" "none" "ghcr.io/rust-lang/crates-build-env/linux@sha256:34b6a614d2c27851fe6cbf88fbd1137609cefab8b10d0615aaeb6fd47975d74e" "/opt/rustwide/cargo-home/bin/cargo" "+beta-2021-08-01" "metadata" "--no-deps" "--format-version=1", kill_on_drop: false }`
[INFO] [stdout] c25f1935d2761c7b1a50ce32e80c77e7c69fda9dc31e91a6d224b40b79d3baa6
[INFO] running `Command { std: "docker" "start" "-a" "c25f1935d2761c7b1a50ce32e80c77e7c69fda9dc31e91a6d224b40b79d3baa6", kill_on_drop: false }`
[INFO] running `Command { std: "docker" "inspect" "c25f1935d2761c7b1a50ce32e80c77e7c69fda9dc31e91a6d224b40b79d3baa6", kill_on_drop: false }`
[INFO] running `Command { std: "docker" "rm" "-f" "c25f1935d2761c7b1a50ce32e80c77e7c69fda9dc31e91a6d224b40b79d3baa6", kill_on_drop: false }`
[INFO] [stdout] c25f1935d2761c7b1a50ce32e80c77e7c69fda9dc31e91a6d224b40b79d3baa6
[INFO] running `Command { std: "docker" "create" "-v" "/var/lib/crater-agent-workspace/builds/worker-70/target:/opt/rustwide/target:rw,Z" "-v" "/var/lib/crater-agent-workspace/builds/worker-70/source:/opt/rustwide/workdir:ro,Z" "-v" "/var/lib/crater-agent-workspace/cargo-home:/opt/rustwide/cargo-home:ro,Z" "-v" "/var/lib/crater-agent-workspace/rustup-home:/opt/rustwide/rustup-home:ro,Z" "-e" "SOURCE_DIR=/opt/rustwide/workdir" "-e" "CARGO_TARGET_DIR=/opt/rustwide/target" "-e" "CARGO_INCREMENTAL=0" "-e" "RUST_BACKTRACE=full" "-e" "RUSTFLAGS=--cap-lints=warn" "-e" "CARGO_HOME=/opt/rustwide/cargo-home" "-e" "RUSTUP_HOME=/opt/rustwide/rustup-home" "-w" "/opt/rustwide/workdir" "-m" "1610612736" "--user" "0:0" "--network" "none" "ghcr.io/rust-lang/crates-build-env/linux@sha256:34b6a614d2c27851fe6cbf88fbd1137609cefab8b10d0615aaeb6fd47975d74e" "/opt/rustwide/cargo-home/bin/cargo" "+beta-2021-08-01" "build" "--frozen" "--message-format=json", kill_on_drop: false }`
[INFO] [stdout] 7c43c3c3c70778edbf4d9c1d72d901b765b321465bac409f52f239dd49063d34
[INFO] running `Command { std: "docker" "start" "-a" "7c43c3c3c70778edbf4d9c1d72d901b765b321465bac409f52f239dd49063d34", kill_on_drop: false }`
[INFO] [stderr]     Blocking waiting for file lock on package cache
[INFO] [stderr]    Compiling openblas-src v0.5.4
[INFO] [stderr]    Compiling libc v0.2.33
[INFO] [stderr]    Compiling num-traits v0.1.40
[INFO] [stderr]    Compiling rustc-serialize v0.3.24
[INFO] [stderr]    Compiling matrixmultiply v0.1.14
[INFO] [stderr]    Compiling quote v0.2.3
[INFO] [stderr]    Compiling unicode-xid v0.0.3
[INFO] [stderr]    Compiling either v1.3.0
[INFO] [stderr]    Compiling rawpointer v0.1.0
[INFO] [stderr]    Compiling serde v1.0.19
[INFO] [stderr]    Compiling ndarray v0.10.12
[INFO] [stderr]    Compiling itoa v0.3.4
[INFO] [stderr]    Compiling dtoa v0.4.2
[INFO] [stderr]    Compiling syn v0.11.11
[INFO] [stderr]    Compiling syn v0.8.7
[INFO] [stderr]    Compiling itertools v0.7.2
[INFO] [stderr]    Compiling rand v0.3.18
[INFO] [stderr]    Compiling serde_derive_internals v0.17.0
[INFO] [stderr] error: failed to run custom build command for `openblas-src v0.5.4`
[INFO] [stderr] 
[INFO] [stderr] Caused by:
[INFO] [stderr]   process didn't exit successfully: `/opt/rustwide/target/debug/build/openblas-src-24a9de2f70e81de5/build-script-build` (exit status: 101)
[INFO] [stderr]   --- stdout
[INFO] [stderr]   Running: `"make" "libs" "netlib" "shared" "BINARY=64" "YES_CBLAS=1" "YES_LAPACKE=1" "-j128"`
[INFO] [stderr] 
[INFO] [stderr]   --- stderr
[INFO] [stderr]   /usr/bin/ld: cannot open output file getarch: Read-only file system
[INFO] [stderr]   collect2: error: ld returned 1 exit status
[INFO] [stderr]   make: *** [Makefile.prebuild:54: getarch] Error 1
[INFO] [stderr]   Makefile.system:958: Makefile.: No such file or directory
[INFO] [stderr]   make: *** No rule to make target 'Makefile.'.  Stop.
[INFO] [stderr]   thread 'main' panicked at 'Failed: `"make" "libs" "netlib" "shared" "BINARY=64" "YES_CBLAS=1" "YES_LAPACKE=1" "-j128"` (exit status: 2)', /opt/rustwide/cargo-home/registry/src/github.com-1ecc6299db9ec823/openblas-src-0.5.4/build.rs:39:13
[INFO] [stderr]   stack backtrace:
[INFO] [stderr]      0:     0x55e83720d7a0 - std::backtrace_rs::backtrace::libunwind::trace::hff4d1766e93f64f1
[INFO] [stderr]                                  at /rustc/53fd98ca776cb875bc9e5514f56b52eb74f9e7a9/library/std/src/../../backtrace/src/backtrace/libunwind.rs:90:5
[INFO] [stderr]      1:     0x55e83720d7a0 - std::backtrace_rs::backtrace::trace_unsynchronized::h56bbc8eb78770bcb
[INFO] [stderr]                                  at /rustc/53fd98ca776cb875bc9e5514f56b52eb74f9e7a9/library/std/src/../../backtrace/src/backtrace/mod.rs:66:5
[INFO] [stderr]      2:     0x55e83720d7a0 - std::sys_common::backtrace::_print_fmt::h5c8e75464faca780
[INFO] [stderr]                                  at /rustc/53fd98ca776cb875bc9e5514f56b52eb74f9e7a9/library/std/src/sys_common/backtrace.rs:67:5
[INFO] [stderr]      3:     0x55e83720d7a0 - <std::sys_common::backtrace::_print::DisplayBacktrace as core::fmt::Display>::fmt::h48b88277def8b362
[INFO] [stderr]                                  at /rustc/53fd98ca776cb875bc9e5514f56b52eb74f9e7a9/library/std/src/sys_common/backtrace.rs:46:22
[INFO] [stderr]      4:     0x55e83722ac4c - core::fmt::write::h3381b3176fe2b3d3
[INFO] [stderr]                                  at /rustc/53fd98ca776cb875bc9e5514f56b52eb74f9e7a9/library/core/src/fmt/mod.rs:1115:17
[INFO] [stderr]      5:     0x55e83720bdc5 - std::io::Write::write_fmt::hd42607e5d8e44db0
[INFO] [stderr]                                  at /rustc/53fd98ca776cb875bc9e5514f56b52eb74f9e7a9/library/std/src/io/mod.rs:1665:15
[INFO] [stderr]      6:     0x55e83720f46b - std::sys_common::backtrace::_print::ha537687d6c17dd0d
[INFO] [stderr]                                  at /rustc/53fd98ca776cb875bc9e5514f56b52eb74f9e7a9/library/std/src/sys_common/backtrace.rs:49:5
[INFO] [stderr]      7:     0x55e83720f46b - std::sys_common::backtrace::print::h61376ae57d131d72
[INFO] [stderr]                                  at /rustc/53fd98ca776cb875bc9e5514f56b52eb74f9e7a9/library/std/src/sys_common/backtrace.rs:36:9
[INFO] [stderr]      8:     0x55e83720f46b - std::panicking::default_hook::{{closure}}::h0f7208c0b9644a54
[INFO] [stderr]                                  at /rustc/53fd98ca776cb875bc9e5514f56b52eb74f9e7a9/library/std/src/panicking.rs:208:50
[INFO] [stderr]      9:     0x55e83720ef41 - std::panicking::default_hook::hdac7fc06578c14ce
[INFO] [stderr]                                  at /rustc/53fd98ca776cb875bc9e5514f56b52eb74f9e7a9/library/std/src/panicking.rs:225:9
[INFO] [stderr]     10:     0x55e83720fb34 - std::panicking::rust_panic_with_hook::h72b21c283da3d1ef
[INFO] [stderr]                                  at /rustc/53fd98ca776cb875bc9e5514f56b52eb74f9e7a9/library/std/src/panicking.rs:622:17
[INFO] [stderr]     11:     0x55e83720f617 - std::panicking::begin_panic_handler::{{closure}}::he5778f1729cff84a
[INFO] [stderr]                                  at /rustc/53fd98ca776cb875bc9e5514f56b52eb74f9e7a9/library/std/src/panicking.rs:519:13
[INFO] [stderr]     12:     0x55e83720dc7c - std::sys_common::backtrace::__rust_end_short_backtrace::h2d11ca8b453b4b1d
[INFO] [stderr]                                  at /rustc/53fd98ca776cb875bc9e5514f56b52eb74f9e7a9/library/std/src/sys_common/backtrace.rs:141:18
[INFO] [stderr]     13:     0x55e83720f579 - rust_begin_unwind
[INFO] [stderr]                                  at /rustc/53fd98ca776cb875bc9e5514f56b52eb74f9e7a9/library/std/src/panicking.rs:515:5
[INFO] [stderr]     14:     0x55e8371edb9b - std::panicking::begin_panic_fmt::h746518bde832d259
[INFO] [stderr]                                  at /rustc/53fd98ca776cb875bc9e5514f56b52eb74f9e7a9/library/std/src/panicking.rs:457:5
[INFO] [stderr]     15:     0x55e8371f3f66 - build_script_build::run::h24128b054bb998b9
[INFO] [stderr]                                  at /opt/rustwide/cargo-home/registry/src/github.com-1ecc6299db9ec823/openblas-src-0.5.4/build.rs:39:13
[INFO] [stderr]     16:     0x55e8371f37f3 - build_script_build::main::h82e231583a1049fb
[INFO] [stderr]                                  at /opt/rustwide/cargo-home/registry/src/github.com-1ecc6299db9ec823/openblas-src-0.5.4/build.rs:18:9
[INFO] [stderr]     17:     0x55e8371f8e7b - core::ops::function::FnOnce::call_once::h14c7789fe36b0d35
[INFO] [stderr]                                  at /rustc/53fd98ca776cb875bc9e5514f56b52eb74f9e7a9/library/core/src/ops/function.rs:227:5
[INFO] [stderr]     18:     0x55e8371f7ede - std::sys_common::backtrace::__rust_begin_short_backtrace::hcfb461e635f78ea5
[INFO] [stderr]                                  at /rustc/53fd98ca776cb875bc9e5514f56b52eb74f9e7a9/library/std/src/sys_common/backtrace.rs:125:18
[INFO] [stderr]     19:     0x55e8371f74d1 - std::rt::lang_start::{{closure}}::h360057a380822e64
[INFO] [stderr]                                  at /rustc/53fd98ca776cb875bc9e5514f56b52eb74f9e7a9/library/std/src/rt.rs:63:18
[INFO] [stderr]     20:     0x55e83721003a - core::ops::function::impls::<impl core::ops::function::FnOnce<A> for &F>::call_once::ha88a7d1a4d24e549
[INFO] [stderr]                                  at /rustc/53fd98ca776cb875bc9e5514f56b52eb74f9e7a9/library/core/src/ops/function.rs:259:13
[INFO] [stderr]     21:     0x55e83721003a - std::panicking::try::do_call::hd3b1d7740607ccc7
[INFO] [stderr]                                  at /rustc/53fd98ca776cb875bc9e5514f56b52eb74f9e7a9/library/std/src/panicking.rs:401:40
[INFO] [stderr]     22:     0x55e83721003a - std::panicking::try::h0ee8c65ac7461507
[INFO] [stderr]                                  at /rustc/53fd98ca776cb875bc9e5514f56b52eb74f9e7a9/library/std/src/panicking.rs:365:19
[INFO] [stderr]     23:     0x55e83721003a - std::panic::catch_unwind::head47f0de4ccd838
[INFO] [stderr]                                  at /rustc/53fd98ca776cb875bc9e5514f56b52eb74f9e7a9/library/std/src/panic.rs:434:14
[INFO] [stderr]     24:     0x55e83721003a - std::rt::lang_start_internal::{{closure}}::hbc7de8ec820ac085
[INFO] [stderr]                                  at /rustc/53fd98ca776cb875bc9e5514f56b52eb74f9e7a9/library/std/src/rt.rs:45:48
[INFO] [stderr]     25:     0x55e83721003a - std::panicking::try::do_call::h2609e52e8bad4a7b
[INFO] [stderr]                                  at /rustc/53fd98ca776cb875bc9e5514f56b52eb74f9e7a9/library/std/src/panicking.rs:401:40
[INFO] [stderr]     26:     0x55e83721003a - std::panicking::try::hd0929f0b603e0389
[INFO] [stderr]                                  at /rustc/53fd98ca776cb875bc9e5514f56b52eb74f9e7a9/library/std/src/panicking.rs:365:19
[INFO] [stderr]     27:     0x55e83721003a - std::panic::catch_unwind::h27902b81c3e47571
[INFO] [stderr]                                  at /rustc/53fd98ca776cb875bc9e5514f56b52eb74f9e7a9/library/std/src/panic.rs:434:14
[INFO] [stderr]     28:     0x55e83721003a - std::rt::lang_start_internal::h3fb2d794dd391e3e
[INFO] [stderr]                                  at /rustc/53fd98ca776cb875bc9e5514f56b52eb74f9e7a9/library/std/src/rt.rs:45:20
[INFO] [stderr]     29:     0x55e8371f74a0 - std::rt::lang_start::he0a85e10235cc98f
[INFO] [stderr]                                  at /rustc/53fd98ca776cb875bc9e5514f56b52eb74f9e7a9/library/std/src/rt.rs:62:5
[INFO] [stderr]     30:     0x55e8371f3f8c - main
[INFO] [stderr]     31:     0x7f036aee20b3 - __libc_start_main
[INFO] [stderr]     32:     0x55e8371ee93e - _start
[INFO] [stderr]     33:                0x0 - <unknown>
[INFO] [stderr] warning: build failed, waiting for other jobs to finish...
[INFO] [stderr] error: build failed
[INFO] running `Command { std: "docker" "inspect" "7c43c3c3c70778edbf4d9c1d72d901b765b321465bac409f52f239dd49063d34", kill_on_drop: false }`
[INFO] running `Command { std: "docker" "rm" "-f" "7c43c3c3c70778edbf4d9c1d72d901b765b321465bac409f52f239dd49063d34", kill_on_drop: false }`
[INFO] [stdout] 7c43c3c3c70778edbf4d9c1d72d901b765b321465bac409f52f239dd49063d34
