[INFO] cloning repository https://github.com/Noah-Kennedy/rtfm-prototype
[INFO] running `Command { std: "git" "-c" "credential.helper=" "-c" "credential.helper=/workspace/cargo-home/bin/git-credential-null" "clone" "--bare" "https://github.com/Noah-Kennedy/rtfm-prototype" "/workspace/cache/git-repos/https%3A%2F%2Fgithub.com%2FNoah-Kennedy%2Frtfm-prototype", kill_on_drop: false }`
[INFO] [stderr] Cloning into bare repository '/workspace/cache/git-repos/https%3A%2F%2Fgithub.com%2FNoah-Kennedy%2Frtfm-prototype'...
[INFO] running `Command { std: "git" "rev-parse" "HEAD", kill_on_drop: false }`
[INFO] [stdout] f93d3ef2c2f21ac38d7f40a30705d46d34e488d0
[INFO] testing Noah-Kennedy/rtfm-prototype against 1.54.0 for beta-1.55-1
[INFO] running `Command { std: "git" "clone" "/workspace/cache/git-repos/https%3A%2F%2Fgithub.com%2FNoah-Kennedy%2Frtfm-prototype" "/workspace/builds/worker-44/source", kill_on_drop: false }`
[INFO] [stderr] Cloning into '/workspace/builds/worker-44/source'...
[INFO] [stderr] done.
[INFO] validating manifest of git repo https://github.com/Noah-Kennedy/rtfm-prototype on toolchain 1.54.0
[INFO] running `Command { std: "/workspace/cargo-home/bin/cargo" "+1.54.0" "metadata" "--manifest-path" "Cargo.toml" "--no-deps", kill_on_drop: false }`
[INFO] removed /workspace/builds/worker-44/source/.cargo/config
[INFO] started tweaking git repo https://github.com/Noah-Kennedy/rtfm-prototype
[INFO] finished tweaking git repo https://github.com/Noah-Kennedy/rtfm-prototype
[INFO] tweaked toml for git repo https://github.com/Noah-Kennedy/rtfm-prototype written to /workspace/builds/worker-44/source/Cargo.toml
[INFO] crate git repo https://github.com/Noah-Kennedy/rtfm-prototype already has a lockfile, it will not be regenerated
[INFO] running `Command { std: "/workspace/cargo-home/bin/cargo" "+1.54.0" "fetch" "--manifest-path" "Cargo.toml", kill_on_drop: false }`
[INFO] [stderr]     Blocking waiting for file lock on package cache
[INFO] [stderr]  Downloading crates ...
[INFO] [stderr]   Downloaded rtfm-core v0.3.0
[INFO] [stderr]   Downloaded cortex-m-rtfm-macros v0.5.0
[INFO] [stderr]   Downloaded volatile-register v0.2.0
[INFO] [stderr]   Downloaded heapless v0.5.3
[INFO] [stderr]   Downloaded cortex-m-rtfm v0.5.1
[INFO] [stderr]   Downloaded rtfm-syntax v0.4.0
[INFO] [stderr]   Downloaded as-slice v0.1.3
[INFO] [stderr]   Downloaded aligned v0.3.2
[INFO] [stderr]   Downloaded cortex-m-rt-macros v0.1.8
[INFO] [stderr]   Downloaded nb v0.1.2
[INFO] [stderr]   Downloaded hash32 v0.1.1
[INFO] [stderr]   Downloaded embedded-hal v0.2.3
[INFO] [stderr]   Downloaded aligned v0.2.0
[INFO] [stderr]   Downloaded lsm303dlhc v0.2.0
[INFO] [stderr]   Downloaded r0 v0.2.2
[INFO] [stderr]   Downloaded panic-semihosting v0.5.3
[INFO] [stderr]   Downloaded f3 v0.6.1
[INFO] [stderr]   Downloaded cortex-m v0.5.10
[INFO] [stderr]   Downloaded cortex-m-semihosting v0.3.5
[INFO] [stderr]   Downloaded stm32f30x v0.7.1
[INFO] [stderr]   Downloaded cortex-m-rt v0.6.12
[INFO] [stderr]   Downloaded stm32f30x-hal v0.2.0
[INFO] [stderr]   Downloaded vcell v0.1.2
[INFO] [stderr]   Downloaded cortex-m v0.6.2
[INFO] [stderr]   Downloaded l3gd20 v0.2.0
[INFO] running `Command { std: "docker" "create" "-v" "/var/lib/crater-agent-workspace/builds/worker-44/target:/opt/rustwide/target:rw,Z" "-v" "/var/lib/crater-agent-workspace/builds/worker-44/source:/opt/rustwide/workdir:ro,Z" "-v" "/var/lib/crater-agent-workspace/cargo-home:/opt/rustwide/cargo-home:ro,Z" "-v" "/var/lib/crater-agent-workspace/rustup-home:/opt/rustwide/rustup-home:ro,Z" "-e" "SOURCE_DIR=/opt/rustwide/workdir" "-e" "CARGO_TARGET_DIR=/opt/rustwide/target" "-e" "CARGO_HOME=/opt/rustwide/cargo-home" "-e" "RUSTUP_HOME=/opt/rustwide/rustup-home" "-w" "/opt/rustwide/workdir" "-m" "1610612736" "--user" "0:0" "--network" "none" "ghcr.io/rust-lang/crates-build-env/linux@sha256:34b6a614d2c27851fe6cbf88fbd1137609cefab8b10d0615aaeb6fd47975d74e" "/opt/rustwide/cargo-home/bin/cargo" "+1.54.0" "metadata" "--no-deps" "--format-version=1", kill_on_drop: false }`
[INFO] [stdout] 2ef1e28fe5c1a6e4b78d92e18a0c13a02fc3280940a20aa13d2f328089ddc9fb
[INFO] running `Command { std: "docker" "start" "-a" "2ef1e28fe5c1a6e4b78d92e18a0c13a02fc3280940a20aa13d2f328089ddc9fb", kill_on_drop: false }`
[INFO] running `Command { std: "docker" "inspect" "2ef1e28fe5c1a6e4b78d92e18a0c13a02fc3280940a20aa13d2f328089ddc9fb", kill_on_drop: false }`
[INFO] running `Command { std: "docker" "rm" "-f" "2ef1e28fe5c1a6e4b78d92e18a0c13a02fc3280940a20aa13d2f328089ddc9fb", kill_on_drop: false }`
[INFO] [stdout] 2ef1e28fe5c1a6e4b78d92e18a0c13a02fc3280940a20aa13d2f328089ddc9fb
[INFO] running `Command { std: "docker" "create" "-v" "/var/lib/crater-agent-workspace/builds/worker-44/target:/opt/rustwide/target:rw,Z" "-v" "/var/lib/crater-agent-workspace/builds/worker-44/source:/opt/rustwide/workdir:ro,Z" "-v" "/var/lib/crater-agent-workspace/cargo-home:/opt/rustwide/cargo-home:ro,Z" "-v" "/var/lib/crater-agent-workspace/rustup-home:/opt/rustwide/rustup-home:ro,Z" "-e" "SOURCE_DIR=/opt/rustwide/workdir" "-e" "CARGO_TARGET_DIR=/opt/rustwide/target" "-e" "CARGO_INCREMENTAL=0" "-e" "RUST_BACKTRACE=full" "-e" "RUSTFLAGS=--cap-lints=warn" "-e" "CARGO_HOME=/opt/rustwide/cargo-home" "-e" "RUSTUP_HOME=/opt/rustwide/rustup-home" "-w" "/opt/rustwide/workdir" "-m" "1610612736" "--user" "0:0" "--network" "none" "ghcr.io/rust-lang/crates-build-env/linux@sha256:34b6a614d2c27851fe6cbf88fbd1137609cefab8b10d0615aaeb6fd47975d74e" "/opt/rustwide/cargo-home/bin/cargo" "+1.54.0" "build" "--frozen" "--message-format=json", kill_on_drop: false }`
[INFO] [stdout] 7eb61ff43865997182b8e665499c5df8c3c2f7db809bd0efb2024dbd8a0d7bd2
[INFO] running `Command { std: "docker" "start" "-a" "7eb61ff43865997182b8e665499c5df8c3c2f7db809bd0efb2024dbd8a0d7bd2", kill_on_drop: false }`
[INFO] [stderr]     Blocking waiting for file lock on package cache
[INFO] [stderr]    Compiling typenum v1.11.2
[INFO] [stderr]    Compiling cortex-m v0.6.2
[INFO] [stderr]    Compiling proc-macro2 v1.0.9
[INFO] [stderr]    Compiling stable_deref_trait v1.1.1
[INFO] [stderr]    Compiling syn v1.0.16
[INFO] [stderr]    Compiling vcell v0.1.2
[INFO] [stderr]    Compiling cortex-m-rt v0.6.12
[INFO] [stderr]    Compiling cortex-m v0.5.10
[INFO] [stderr]    Compiling byteorder v1.3.4
[INFO] [stderr]    Compiling r0 v0.2.2
[INFO] [stderr]    Compiling nb v0.1.2
[INFO] [stderr]    Compiling stm32f30x v0.7.1
[INFO] [stderr]    Compiling aligned v0.2.0
[INFO] [stderr]    Compiling heapless v0.5.3
[INFO] [stderr]    Compiling cortex-m-semihosting v0.3.5
[INFO] [stderr]    Compiling f3 v0.6.1
[INFO] [stderr]    Compiling cortex-m-rtfm v0.5.1
[INFO] [stderr]    Compiling rtfm-core v0.3.0
[INFO] [stderr]    Compiling panic-halt v0.2.0
[INFO] [stderr]    Compiling indexmap v1.3.2
[INFO] [stderr]    Compiling bare-metal v0.2.5
[INFO] [stderr]    Compiling cast v0.2.3
[INFO] [stderr]    Compiling volatile-register v0.2.0
[INFO] [stderr]    Compiling embedded-hal v0.2.3
[INFO] [stderr]    Compiling quote v1.0.3
[INFO] [stderr]    Compiling hash32 v0.1.1
[INFO] [stderr]    Compiling generic-array v0.13.2
[INFO] [stderr]    Compiling generic-array v0.12.3
[INFO] [stderr]    Compiling generic-array v0.11.1
[INFO] [stderr]    Compiling as-slice v0.1.3
[INFO] [stderr]    Compiling l3gd20 v0.2.0
[INFO] [stderr]    Compiling lsm303dlhc v0.2.0
[INFO] [stderr]    Compiling aligned v0.3.2
[INFO] [stderr]    Compiling panic-semihosting v0.5.3
[INFO] [stderr]    Compiling rtfm-syntax v0.4.0
[INFO] [stderr]    Compiling cortex-m-rt-macros v0.1.8
[INFO] [stderr]    Compiling cortex-m-rtfm-macros v0.5.0
[INFO] [stderr]    Compiling stm32f30x-hal v0.2.0
[INFO] [stderr]    Compiling rmc-rtfm v0.1.0 (/opt/rustwide/workdir)
[INFO] [stdout] error[E0432]: unresolved import `rtfm::cyccnt`
[INFO] [stdout]   --> src/main.rs:17:11
[INFO] [stdout]    |
[INFO] [stdout] 17 | use rtfm::cyccnt::{Instant, U32Ext, CYCCNT};
[INFO] [stdout]    |           ^^^^^^ could not find `cyccnt` in `rtfm`
[INFO] [stdout] 
[INFO] [stdout] 
[INFO] [stdout] error[E0433]: failed to resolve: could not find `cyccnt` in `rtfm`
[INFO] [stdout]   --> src/main.rs:31:51
[INFO] [stdout]    |
[INFO] [stdout] 31 | #[rtfm::app(device = stm32f30x, monotonic = rtfm::cyccnt::CYCCNT)]
[INFO] [stdout]    |                                                   ^^^^^^ could not find `cyccnt` in `rtfm`
[INFO] [stdout] 
[INFO] [stdout] 
[INFO] [stdout] warning: unused import: `rtfm::Monotonic`
[INFO] [stdout]   --> src/main.rs:18:5
[INFO] [stdout]    |
[INFO] [stdout] 18 | use rtfm::Monotonic;
[INFO] [stdout]    |     ^^^^^^^^^^^^^^^
[INFO] [stdout]    |
[INFO] [stdout]    = note: `#[warn(unused_imports)]` on by default
[INFO] [stdout] 
[INFO] [stdout] 
[INFO] [stdout] error: duplicate lang item in crate `panic_halt`: `panic_impl`.
[INFO] [stdout]   |
[INFO] [stdout]   = note: the lang item is first defined in crate `panic_semihosting` (which `rmc_rtfm` depends on)
[INFO] [stdout]   = note: first definition in `panic_semihosting` loaded from /opt/rustwide/target/debug/deps/libpanic_semihosting-13597cf4c2d789cd.rlib
[INFO] [stdout]   = note: second definition in `panic_halt` loaded from /opt/rustwide/target/debug/deps/libpanic_halt-dbe8b58349a170e0.rlib
[INFO] [stdout] 
[INFO] [stdout] 
[INFO] [stdout] error: language item required, but not found: `eh_personality`
[INFO] [stdout] 
[INFO] [stdout] 
[INFO] [stdout] error[E0599]: no method named `cycles` found for type `u32` in the current scope
[INFO] [stdout]   --> src/main.rs:56:56
[INFO] [stdout]    |
[INFO] [stdout] 56 |         cx.schedule.turn_off_led(now + LED_ON_TIME_CYC.cycles()).unwrap();
[INFO] [stdout]    |                                                        ^^^^^^ method not found in `u32`
[INFO] [stdout] 
[INFO] [stdout] 
[INFO] [stdout] error[E0599]: no method named `cycles` found for type `u32` in the current scope
[INFO] [stdout]   --> src/main.rs:83:61
[INFO] [stdout]    |
[INFO] [stdout] 83 |         cx.schedule.blink_led(cx.scheduled + LED_PERIOD_CYC.cycles()).unwrap();
[INFO] [stdout]    |                                                             ^^^^^^ method not found in `u32`
[INFO] [stdout] 
[INFO] [stdout] 
[INFO] [stdout] error[E0599]: no method named `cycles` found for type `u32` in the current scope
[INFO] [stdout]   --> src/main.rs:99:64
[INFO] [stdout]    |
[INFO] [stdout] 99 |         cx.schedule.turn_off_led(cx.scheduled + LED_PERIOD_CYC.cycles()).unwrap();
[INFO] [stdout]    |                                                                ^^^^^^ method not found in `u32`
[INFO] [stdout] 
[INFO] [stdout] 
[INFO] [stdout] error[E0282]: type annotations needed
[INFO] [stdout]   --> src/main.rs:31:1
[INFO] [stdout]    |
[INFO] [stdout] 31 | #[rtfm::app(device = stm32f30x, monotonic = rtfm::cyccnt::CYCCNT)]
[INFO] [stdout]    | ^^^^^^^^^^^^^^^^^^^^^^^^^^^^^^^^^^^^^^^^^^^^^^^^^^^^^^^^^^^^^^^^^^
[INFO] [stdout]    |
[INFO] [stdout]    = note: type must be known at this point
[INFO] [stdout]    = note: this error originates in the attribute macro `rtfm::app` (in Nightly builds, run with -Z macro-backtrace for more info)
[INFO] [stdout] 
[INFO] [stdout] 
[INFO] [stdout] error: aborting due to 8 previous errors; 1 warning emitted
[INFO] [stdout] 
[INFO] [stdout] 
[INFO] [stdout] Some errors have detailed explanations: E0282, E0432, E0433, E0599.
[INFO] [stdout] 
[INFO] [stderr] error: could not compile `rmc-rtfm`
[INFO] [stdout] For more information about an error, try `rustc --explain E0282`.
[INFO] [stdout] 
[INFO] [stderr] 
[INFO] [stderr] To learn more, run the command again with --verbose.
[INFO] running `Command { std: "docker" "inspect" "7eb61ff43865997182b8e665499c5df8c3c2f7db809bd0efb2024dbd8a0d7bd2", kill_on_drop: false }`
[INFO] running `Command { std: "docker" "rm" "-f" "7eb61ff43865997182b8e665499c5df8c3c2f7db809bd0efb2024dbd8a0d7bd2", kill_on_drop: false }`
[INFO] [stdout] 7eb61ff43865997182b8e665499c5df8c3c2f7db809bd0efb2024dbd8a0d7bd2
