[INFO] cloning repository https://github.com/Moggers/watertank-rs
[INFO] running `Command { std: "git" "-c" "credential.helper=" "-c" "credential.helper=/workspace/cargo-home/bin/git-credential-null" "clone" "--bare" "https://github.com/Moggers/watertank-rs" "/workspace/cache/git-repos/https%3A%2F%2Fgithub.com%2FMoggers%2Fwatertank-rs", kill_on_drop: false }`
[INFO] [stderr] Cloning into bare repository '/workspace/cache/git-repos/https%3A%2F%2Fgithub.com%2FMoggers%2Fwatertank-rs'...
[INFO] running `Command { std: "git" "rev-parse" "HEAD", kill_on_drop: false }`
[INFO] [stdout] c4db69ec75dc041a6433c508bd0f943e2abad14c
[INFO] testing Moggers/watertank-rs against beta-2021-08-01 for beta-1.55-1
[INFO] running `Command { std: "git" "clone" "/workspace/cache/git-repos/https%3A%2F%2Fgithub.com%2FMoggers%2Fwatertank-rs" "/workspace/builds/worker-60/source", kill_on_drop: false }`
[INFO] [stderr] Cloning into '/workspace/builds/worker-60/source'...
[INFO] [stderr] done.
[INFO] validating manifest of git repo https://github.com/Moggers/watertank-rs on toolchain beta-2021-08-01
[INFO] running `Command { std: "/workspace/cargo-home/bin/cargo" "+beta-2021-08-01" "metadata" "--manifest-path" "Cargo.toml" "--no-deps", kill_on_drop: false }`
[INFO] removed /workspace/builds/worker-60/source/.cargo/config
[INFO] started tweaking git repo https://github.com/Moggers/watertank-rs
[INFO] finished tweaking git repo https://github.com/Moggers/watertank-rs
[INFO] tweaked toml for git repo https://github.com/Moggers/watertank-rs written to /workspace/builds/worker-60/source/Cargo.toml
[INFO] crate git repo https://github.com/Moggers/watertank-rs already has a lockfile, it will not be regenerated
[INFO] running `Command { std: "/workspace/cargo-home/bin/cargo" "+beta-2021-08-01" "fetch" "--manifest-path" "Cargo.toml", kill_on_drop: false }`
[INFO] [stderr]     Blocking waiting for file lock on package cache
[INFO] [stderr]     Blocking waiting for file lock on package cache
[INFO] [stderr]  Downloading crates ...
[INFO] [stderr]   Downloaded volatile-register v0.1.2
[INFO] [stderr]   Downloaded proc-macro2 v0.3.5
[INFO] [stderr]   Downloaded cty v0.1.5
[INFO] [stderr]   Downloaded cortex-m-semihosting v0.3.0
[INFO] [stderr]   Downloaded cortex-m v0.1.7
[INFO] [stderr]   Downloaded linked_list_allocator v0.6.1
[INFO] [stderr]   Downloaded alloc-cortex-m v0.3.4
[INFO] [stderr]   Downloaded bare-metal v0.2.0
[INFO] [stderr]   Downloaded cortex-m v0.5.2
[INFO] [stderr]   Downloaded cortex-m-rt v0.5.1
[INFO] [stderr]   Downloaded panic-semihosting v0.2.0
[INFO] [stderr]   Downloaded bindgen v0.37.0
[INFO] running `Command { std: "docker" "create" "-v" "/var/lib/crater-agent-workspace/builds/worker-60/target:/opt/rustwide/target:rw,Z" "-v" "/var/lib/crater-agent-workspace/builds/worker-60/source:/opt/rustwide/workdir:ro,Z" "-v" "/var/lib/crater-agent-workspace/cargo-home:/opt/rustwide/cargo-home:ro,Z" "-v" "/var/lib/crater-agent-workspace/rustup-home:/opt/rustwide/rustup-home:ro,Z" "-e" "SOURCE_DIR=/opt/rustwide/workdir" "-e" "CARGO_TARGET_DIR=/opt/rustwide/target" "-e" "CARGO_HOME=/opt/rustwide/cargo-home" "-e" "RUSTUP_HOME=/opt/rustwide/rustup-home" "-w" "/opt/rustwide/workdir" "-m" "1610612736" "--user" "0:0" "--network" "none" "ghcr.io/rust-lang/crates-build-env/linux@sha256:34b6a614d2c27851fe6cbf88fbd1137609cefab8b10d0615aaeb6fd47975d74e" "/opt/rustwide/cargo-home/bin/cargo" "+beta-2021-08-01" "metadata" "--no-deps" "--format-version=1", kill_on_drop: false }`
[INFO] [stdout] 05658cfff6ee42829656e212edfc8beaac39a17a153078b178ba771d8f4680a4
[INFO] running `Command { std: "docker" "start" "-a" "05658cfff6ee42829656e212edfc8beaac39a17a153078b178ba771d8f4680a4", kill_on_drop: false }`
[INFO] running `Command { std: "docker" "inspect" "05658cfff6ee42829656e212edfc8beaac39a17a153078b178ba771d8f4680a4", kill_on_drop: false }`
[INFO] running `Command { std: "docker" "rm" "-f" "05658cfff6ee42829656e212edfc8beaac39a17a153078b178ba771d8f4680a4", kill_on_drop: false }`
[INFO] [stdout] 05658cfff6ee42829656e212edfc8beaac39a17a153078b178ba771d8f4680a4
[INFO] running `Command { std: "docker" "create" "-v" "/var/lib/crater-agent-workspace/builds/worker-60/target:/opt/rustwide/target:rw,Z" "-v" "/var/lib/crater-agent-workspace/builds/worker-60/source:/opt/rustwide/workdir:ro,Z" "-v" "/var/lib/crater-agent-workspace/cargo-home:/opt/rustwide/cargo-home:ro,Z" "-v" "/var/lib/crater-agent-workspace/rustup-home:/opt/rustwide/rustup-home:ro,Z" "-e" "SOURCE_DIR=/opt/rustwide/workdir" "-e" "CARGO_TARGET_DIR=/opt/rustwide/target" "-e" "CARGO_INCREMENTAL=0" "-e" "RUST_BACKTRACE=full" "-e" "RUSTFLAGS=--cap-lints=warn" "-e" "CARGO_HOME=/opt/rustwide/cargo-home" "-e" "RUSTUP_HOME=/opt/rustwide/rustup-home" "-w" "/opt/rustwide/workdir" "-m" "1610612736" "--user" "0:0" "--network" "none" "ghcr.io/rust-lang/crates-build-env/linux@sha256:34b6a614d2c27851fe6cbf88fbd1137609cefab8b10d0615aaeb6fd47975d74e" "/opt/rustwide/cargo-home/bin/cargo" "+beta-2021-08-01" "build" "--frozen" "--message-format=json", kill_on_drop: false }`
[INFO] [stdout] bf0cffac7bf113570b9ea602e452714ebbb0e4f2e9306118dadbac48168a03bb
[INFO] running `Command { std: "docker" "start" "-a" "bf0cffac7bf113570b9ea602e452714ebbb0e4f2e9306118dadbac48168a03bb", kill_on_drop: false }`
[INFO] [stderr]    Compiling libc v0.2.41
[INFO] [stderr]    Compiling cc v1.0.15
[INFO] [stderr]    Compiling cfg-if v0.1.3
[INFO] [stderr]    Compiling glob v0.2.11
[INFO] [stderr]    Compiling lazy_static v1.0.0
[INFO] [stderr]    Compiling ucd-util v0.1.1
[INFO] [stderr]    Compiling void v1.0.2
[INFO] [stderr]    Compiling rustc-serialize v0.3.24
[INFO] [stderr]    Compiling term v0.4.6
[INFO] [stderr]    Compiling utf8-ranges v1.0.0
[INFO] [stderr]    Compiling regex v0.2.11
[INFO] [stderr]    Compiling bitflags v0.8.2
[INFO] [stderr]    Compiling unicode-width v0.1.5
[INFO] [stderr]    Compiling strsim v0.7.0
[INFO] [stderr]    Compiling bitflags v1.0.3
[INFO] [stderr]    Compiling vec_map v0.8.1
[INFO] [stderr]    Compiling regex v1.0.0
[INFO] [stderr]    Compiling libloading v0.4.3
[INFO] [stderr]    Compiling quick-error v1.2.1
[INFO] [stderr]    Compiling bindgen v0.37.0
[INFO] [stderr]    Compiling termcolor v0.3.6
[INFO] [stderr]    Compiling bitflags v0.9.1
[INFO] [stderr]    Compiling vcell v0.1.0
[INFO] [stderr]    Compiling lazy_static v0.2.11
[INFO] [stderr]    Compiling volatile-register v0.1.2
[INFO] [stderr]    Compiling bare-metal v0.2.0
[INFO] [stderr]    Compiling aligned v0.2.0
[INFO] [stderr]    Compiling fs_extra v1.1.0
[INFO] [stderr]    Compiling r0 v0.2.2
[INFO] [stderr]    Compiling linked_list_allocator v0.6.1
[INFO] [stderr]    Compiling cty v0.1.5
[INFO] [stderr]    Compiling proc-macro2 v0.3.5
[INFO] [stderr]    Compiling unreachable v1.0.0
[INFO] [stderr]    Compiling textwrap v0.9.0
[INFO] [stderr]    Compiling regex-syntax v0.5.6
[INFO] [stderr]    Compiling regex-syntax v0.6.0
[INFO] [stdout] error[E0557]: feature has been removed
[INFO] [stdout]  --> /opt/rustwide/cargo-home/registry/src/github.com-1ecc6299db9ec823/linked_list_allocator-0.6.1/src/lib.rs:1:12
[INFO] [stdout]   |
[INFO] [stdout] 1 | #![feature(const_fn)]
[INFO] [stdout]   |            ^^^^^^^^ feature has been removed
[INFO] [stdout]   |
[INFO] [stdout]   = note: split into finer-grained feature gates
[INFO] [stdout] 
[INFO] [stdout] 
[INFO] [stdout] error[E0432]: unresolved imports `core::alloc::Alloc`, `core::alloc::AllocErr`, `core::alloc::Opaque`
[INFO] [stdout]   --> /opt/rustwide/cargo-home/registry/src/github.com-1ecc6299db9ec823/linked_list_allocator-0.6.1/src/lib.rs:13:19
[INFO] [stdout]    |
[INFO] [stdout] 13 | use core::alloc::{Alloc, AllocErr, GlobalAlloc, Layout, Opaque};
[INFO] [stdout]    |                   ^^^^^  ^^^^^^^^                       ^^^^^^ no `Opaque` in `alloc`
[INFO] [stdout]    |                   |      |
[INFO] [stdout]    |                   |      no `AllocErr` in `alloc`
[INFO] [stdout]    |                   |      help: a similar name exists in the module: `AllocError`
[INFO] [stdout]    |                   no `Alloc` in `alloc`
[INFO] [stdout] 
[INFO] [stdout] 
[INFO] [stdout] error[E0432]: unresolved imports `core::alloc::AllocErr`, `core::alloc::Opaque`
[INFO] [stdout]  --> /opt/rustwide/cargo-home/registry/src/github.com-1ecc6299db9ec823/linked_list_allocator-0.6.1/src/hole.rs:1:19
[INFO] [stdout]   |
[INFO] [stdout] 1 | use core::alloc::{AllocErr, Layout, Opaque};
[INFO] [stdout]   |                   ^^^^^^^^          ^^^^^^ no `Opaque` in `alloc`
[INFO] [stdout]   |                   |
[INFO] [stdout]   |                   no `AllocErr` in `alloc`
[INFO] [stdout]   |                   help: a similar name exists in the module: `AllocError`
[INFO] [stdout] 
[INFO] [stdout] 
[INFO] [stdout] error[E0554]: `#![feature]` may not be used on the beta release channel
[INFO] [stdout]  --> /opt/rustwide/cargo-home/registry/src/github.com-1ecc6299db9ec823/linked_list_allocator-0.6.1/src/lib.rs:1:1
[INFO] [stdout]   |
[INFO] [stdout] 1 | #![feature(const_fn)]
[INFO] [stdout]   | ^^^^^^^^^^^^^^^^^^^^^
[INFO] [stdout] 
[INFO] [stdout] 
[INFO] [stdout] error[E0554]: `#![feature]` may not be used on the beta release channel
[INFO] [stdout]  --> /opt/rustwide/cargo-home/registry/src/github.com-1ecc6299db9ec823/linked_list_allocator-0.6.1/src/lib.rs:2:1
[INFO] [stdout]   |
[INFO] [stdout] 2 | #![feature(alloc, allocator_api)]
[INFO] [stdout]   | ^^^^^^^^^^^^^^^^^^^^^^^^^^^^^^^^^
[INFO] [stdout] 
[INFO] [stdout] 
[INFO] [stdout] error[E0554]: `#![feature]` may not be used on the beta release channel
[INFO] [stdout]  --> /opt/rustwide/cargo-home/registry/src/github.com-1ecc6299db9ec823/linked_list_allocator-0.6.1/src/lib.rs:3:1
[INFO] [stdout]   |
[INFO] [stdout] 3 | #![feature(pointer_methods)]
[INFO] [stdout]   | ^^^^^^^^^^^^^^^^^^^^^^^^^^^^
[INFO] [stdout] 
[INFO] [stdout] 
[INFO] [stderr]    Compiling volatile-register v0.2.0
[INFO] [stderr]    Compiling log v0.4.1
[INFO] [stdout] error: aborting due to 6 previous errors
[INFO] [stdout] 
[INFO] [stdout] 
[INFO] [stdout] Some errors have detailed explanations: E0432, E0554, E0557.
[INFO] [stdout] 
[INFO] [stdout] For more information about an error, try `rustc --explain E0432`.
[INFO] [stdout] 
[INFO] [stderr]    Compiling thread_local v0.3.5
[INFO] [stderr] error: could not compile `linked_list_allocator` due to 7 previous errors
[INFO] [stderr] warning: build failed, waiting for other jobs to finish...
[INFO] [stderr] error: build failed
[INFO] running `Command { std: "docker" "inspect" "bf0cffac7bf113570b9ea602e452714ebbb0e4f2e9306118dadbac48168a03bb", kill_on_drop: false }`
[INFO] running `Command { std: "docker" "rm" "-f" "bf0cffac7bf113570b9ea602e452714ebbb0e4f2e9306118dadbac48168a03bb", kill_on_drop: false }`
[INFO] [stdout] bf0cffac7bf113570b9ea602e452714ebbb0e4f2e9306118dadbac48168a03bb
