[INFO] cloning repository https://github.com/Moggers/amethyst_servo
[INFO] running `Command { std: "git" "-c" "credential.helper=" "-c" "credential.helper=/workspace/cargo-home/bin/git-credential-null" "clone" "--bare" "https://github.com/Moggers/amethyst_servo" "/workspace/cache/git-repos/https%3A%2F%2Fgithub.com%2FMoggers%2Famethyst_servo", kill_on_drop: false }`
[INFO] [stderr] Cloning into bare repository '/workspace/cache/git-repos/https%3A%2F%2Fgithub.com%2FMoggers%2Famethyst_servo'...
[INFO] running `Command { std: "git" "rev-parse" "HEAD", kill_on_drop: false }`
[INFO] [stdout] 82c3b28937004b24fc31558655e00fde7d6bb324
[INFO] testing Moggers/amethyst_servo against 1.54.0 for beta-1.55-1
[INFO] running `Command { std: "git" "clone" "/workspace/cache/git-repos/https%3A%2F%2Fgithub.com%2FMoggers%2Famethyst_servo" "/workspace/builds/worker-4/source", kill_on_drop: false }`
[INFO] [stderr] Cloning into '/workspace/builds/worker-4/source'...
[INFO] [stderr] done.
[INFO] validating manifest of git repo https://github.com/Moggers/amethyst_servo on toolchain 1.54.0
[INFO] running `Command { std: "/workspace/cargo-home/bin/cargo" "+1.54.0" "metadata" "--manifest-path" "Cargo.toml" "--no-deps", kill_on_drop: false }`
[INFO] started tweaking git repo https://github.com/Moggers/amethyst_servo
[INFO] finished tweaking git repo https://github.com/Moggers/amethyst_servo
[INFO] tweaked toml for git repo https://github.com/Moggers/amethyst_servo written to /workspace/builds/worker-4/source/Cargo.toml
[INFO] crate git repo https://github.com/Moggers/amethyst_servo already has a lockfile, it will not be regenerated
[INFO] running `Command { std: "/workspace/cargo-home/bin/cargo" "+1.54.0" "fetch" "--manifest-path" "Cargo.toml", kill_on_drop: false }`
[INFO] [stderr]     Blocking waiting for file lock on package cache
[INFO] [stderr]     Updating git repository `https://github.com/moggers/amethyst`
[INFO] [stderr]     Blocking waiting for file lock on package cache
[INFO] [stderr]  Downloading crates ...
[INFO] [stderr]   Downloaded gfx_device_gl v0.15.2
[INFO] [stderr]   Downloaded winit v0.10.0
[INFO] [stderr]   Downloaded specs v0.10.0
[INFO] [stderr]   Downloaded mint v0.2.0
[INFO] [stderr]   Downloaded genmesh v0.5.0
[INFO] [stderr]   Downloaded coreaudio-rs v0.7.0
[INFO] [stderr]   Downloaded half v1.1.0
[INFO] [stderr]   Downloaded twox-hash v1.1.0
[INFO] [stderr]   Downloaded shred v0.5.2
[INFO] [stderr]   Downloaded cpal v0.4.6
[INFO] [stderr]   Downloaded futures v0.1.19
[INFO] [stderr]   Downloaded gl_generator v0.8.0
[INFO] [stderr]   Downloaded hibitset v0.3.2
[INFO] [stderr]   Downloaded glutin v0.12.2
[INFO] [stderr]   Downloaded tinyfiledialogs v3.3.5
[INFO] [stderr]   Downloaded gfx_glyph v0.9.1
[INFO] [stderr]   Downloaded gfx_window_glutin v0.20.0
[INFO] [stderr]   Downloaded mint v0.5.0
[INFO] [stderr]   Downloaded core-foundation-sys v0.4.6
[INFO] [stderr]   Downloaded shrev v0.8.1
[INFO] [stderr]   Downloaded fern v0.5.4
[INFO] [stderr]   Downloaded cocoa v0.13.0
[INFO] [stderr]   Downloaded gleam v0.4.28
[INFO] [stderr]   Downloaded core-graphics v0.12.4
[INFO] [stderr]   Downloaded blurdroid v0.1.5
[INFO] [stderr]   Downloaded uuid v0.6.2
[INFO] [stderr]   Downloaded core-foundation v0.4.6
[INFO] [stderr]   Downloaded ipc-channel v0.10.0
[INFO] [stderr]   Downloaded servo-websocket v0.21.0
[INFO] [stderr]   Downloaded mozjs v0.4.0
[INFO] running `Command { std: "docker" "create" "-v" "/var/lib/crater-agent-workspace/builds/worker-4/target:/opt/rustwide/target:rw,Z" "-v" "/var/lib/crater-agent-workspace/builds/worker-4/source:/opt/rustwide/workdir:ro,Z" "-v" "/var/lib/crater-agent-workspace/cargo-home:/opt/rustwide/cargo-home:ro,Z" "-v" "/var/lib/crater-agent-workspace/rustup-home:/opt/rustwide/rustup-home:ro,Z" "-e" "SOURCE_DIR=/opt/rustwide/workdir" "-e" "CARGO_TARGET_DIR=/opt/rustwide/target" "-e" "CARGO_HOME=/opt/rustwide/cargo-home" "-e" "RUSTUP_HOME=/opt/rustwide/rustup-home" "-w" "/opt/rustwide/workdir" "-m" "1610612736" "--user" "0:0" "--network" "none" "ghcr.io/rust-lang/crates-build-env/linux@sha256:34b6a614d2c27851fe6cbf88fbd1137609cefab8b10d0615aaeb6fd47975d74e" "/opt/rustwide/cargo-home/bin/cargo" "+1.54.0" "metadata" "--no-deps" "--format-version=1", kill_on_drop: false }`
[INFO] [stdout] f546a2de56f812e4a5a3fa22e348210709a5de615ded0a2e102f5fcece8844f3
[INFO] running `Command { std: "docker" "start" "-a" "f546a2de56f812e4a5a3fa22e348210709a5de615ded0a2e102f5fcece8844f3", kill_on_drop: false }`
[INFO] running `Command { std: "docker" "inspect" "f546a2de56f812e4a5a3fa22e348210709a5de615ded0a2e102f5fcece8844f3", kill_on_drop: false }`
[INFO] running `Command { std: "docker" "rm" "-f" "f546a2de56f812e4a5a3fa22e348210709a5de615ded0a2e102f5fcece8844f3", kill_on_drop: false }`
[INFO] [stdout] f546a2de56f812e4a5a3fa22e348210709a5de615ded0a2e102f5fcece8844f3
[INFO] running `Command { std: "docker" "create" "-v" "/var/lib/crater-agent-workspace/builds/worker-4/target:/opt/rustwide/target:rw,Z" "-v" "/var/lib/crater-agent-workspace/builds/worker-4/source:/opt/rustwide/workdir:ro,Z" "-v" "/var/lib/crater-agent-workspace/cargo-home:/opt/rustwide/cargo-home:ro,Z" "-v" "/var/lib/crater-agent-workspace/rustup-home:/opt/rustwide/rustup-home:ro,Z" "-e" "SOURCE_DIR=/opt/rustwide/workdir" "-e" "CARGO_TARGET_DIR=/opt/rustwide/target" "-e" "CARGO_INCREMENTAL=0" "-e" "RUST_BACKTRACE=full" "-e" "RUSTFLAGS=--cap-lints=warn" "-e" "CARGO_HOME=/opt/rustwide/cargo-home" "-e" "RUSTUP_HOME=/opt/rustwide/rustup-home" "-w" "/opt/rustwide/workdir" "-m" "1610612736" "--user" "0:0" "--network" "none" "ghcr.io/rust-lang/crates-build-env/linux@sha256:34b6a614d2c27851fe6cbf88fbd1137609cefab8b10d0615aaeb6fd47975d74e" "/opt/rustwide/cargo-home/bin/cargo" "+1.54.0" "build" "--frozen" "--message-format=json", kill_on_drop: false }`
[INFO] [stdout] 33c23baabec3fd1cdeadf83e0d9d65a98c3bc9afa8de08ee79cdb9f41fb816e8
[INFO] running `Command { std: "docker" "start" "-a" "33c23baabec3fd1cdeadf83e0d9d65a98c3bc9afa8de08ee79cdb9f41fb816e8", kill_on_drop: false }`
[INFO] [stderr]     Blocking waiting for file lock on package cache
[INFO] [stderr]     Blocking waiting for file lock on package cache
[INFO] [stderr]    Compiling libc v0.2.39
[INFO] [stderr]    Compiling cc v1.0.9
[INFO] [stderr]    Compiling cfg-if v0.1.2
[INFO] [stderr]    Compiling quote v0.3.15
[INFO] [stderr]    Compiling unicode-xid v0.0.4
[INFO] [stderr]    Compiling pkg-config v0.3.9
[INFO] [stderr]    Compiling lazy_static v1.0.0
[INFO] [stderr]    Compiling bitflags v1.0.1
[INFO] [stderr]    Compiling num-traits v0.2.2
[INFO] [stderr]    Compiling version_check v0.1.3
[INFO] [stderr]    Compiling byteorder v1.2.1
[INFO] [stderr]    Compiling nodrop v0.1.12
[INFO] [stderr]    Compiling siphasher v0.2.2
[INFO] [stderr]    Compiling void v1.0.2
[INFO] [stderr]    Compiling fnv v1.0.6
[INFO] [stderr]    Compiling unicode-normalization v0.1.5
[INFO] [stderr]    Compiling matches v0.1.6
[INFO] [stderr]    Compiling smallvec v0.6.0
[INFO] [stderr]    Compiling string_cache_shared v0.3.0
[INFO] [stderr]    Compiling dtoa v0.4.2
[INFO] [stderr]    Compiling stable_deref_trait v1.0.0
[INFO] [stderr]    Compiling khronos_api v2.1.0
[INFO] [stderr]    Compiling itoa v0.4.1
[INFO] [stderr]    Compiling precomputed-hash v0.1.1
[INFO] [stderr]    Compiling lazycell v0.6.0
[INFO] [stderr]    Compiling slab v0.4.0
[INFO] [stderr]    Compiling mac v0.1.1
[INFO] [stderr]    Compiling mozjs_sys v0.50.1
[INFO] [stderr]    Compiling utf-8 v0.7.2
[INFO] [stderr]    Compiling scopeguard v0.3.3
[INFO] [stderr]    Compiling memoffset v0.2.1
[INFO] [stderr]    Compiling procedural-masquerade v0.1.5
[INFO] [stderr]    Compiling itoa v0.3.4
[INFO] [stderr]    Compiling rayon-core v1.4.0
[INFO] [stderr]    Compiling smallbitvec v1.0.7
[INFO] [stderr]    Compiling httparse v1.2.4
[INFO] [stderr]    Compiling safemem v0.2.0
[INFO] [stderr]    Compiling rustc-serialize v0.3.24
[INFO] [stderr]    Compiling xdg v2.1.0
[INFO] [stderr]    Compiling getopts v0.2.17
[INFO] [stderr]    Compiling regex v0.2.10
[INFO] [stderr]    Compiling ucd-util v0.1.1
[INFO] [stderr]    Compiling utf8-ranges v1.0.0
[INFO] [stderr]    Compiling adler32 v1.0.2
[INFO] [stderr]    Compiling lzw v0.10.0
[INFO] [stderr]    Compiling color_quant v1.0.0
[INFO] [stderr]    Compiling winapi-build v0.1.1
[INFO] [stderr]    Compiling scoped_threadpool v0.1.9
[INFO] [stderr]    Compiling signpost v0.1.0 (https://github.com/pcwalton/signpost.git#7ed71250)
[INFO] [stderr]    Compiling rustc-demangle v0.1.7
[INFO] [stderr]    Compiling winapi v0.2.8
[INFO] [stderr]    Compiling ident_case v1.0.0
[INFO] [stderr]    Compiling same-file v0.1.3
[INFO] [stderr]    Compiling atom v0.3.4
[INFO] [stderr]    Compiling approx v0.1.1
[INFO] [stderr]    Compiling token_store v0.1.2
[INFO] [stderr]    Compiling unicode-segmentation v1.2.0
[INFO] [stderr]    Compiling regex-syntax v0.3.9
[INFO] [stderr]    Compiling futures v0.1.19
[INFO] [stderr]    Compiling odds v0.2.26
[INFO] [stderr]    Compiling utf8-ranges v0.1.3
[INFO] [stderr]    Compiling cgmath v0.16.1
[INFO] [stderr]    Compiling mopa v0.2.2
[INFO] [stderr]    Compiling tuple_utils v0.2.0
[INFO] [stderr]    Compiling atomic_refcell v0.1.1
[INFO] [stderr]    Compiling xi-unicode v0.1.0
[INFO] [stderr]    Compiling mint v0.5.0
[INFO] [stderr]    Compiling sha1 v0.2.0
[INFO] [stderr]    Compiling foreign-types-shared v0.1.1
[INFO] [stderr]    Compiling openssl v0.9.24
[INFO] [stderr]    Compiling webrender v0.57.0 (https://github.com/servo/webrender#00b85801)
[INFO] [stderr]    Compiling binary-space-partition v0.1.2
[INFO] [stderr]    Compiling bitreader v0.3.1
[INFO] [stderr]    Compiling semver v0.1.20
[INFO] [stderr]    Compiling bitflags v0.9.1
[INFO] [stderr]    Compiling thread_profiler v0.1.3
[INFO] [stderr]    Compiling alloc-no-stdlib v1.2.0
[INFO] [stderr]    Compiling lazy_static v0.2.11
[INFO] [stderr]    Compiling antidote v1.0.0
[INFO] [stderr]    Compiling slab v0.3.0
[INFO] [stderr]    Compiling shrev v0.8.1
[INFO] [stderr]    Compiling bitflags v0.7.0
[INFO] [stderr]    Compiling linked-hash-map v0.5.1
[INFO] [stderr]    Compiling hex v0.3.1
[INFO] [stderr]    Compiling mp3-metadata v0.3.0
[INFO] [stderr]    Compiling claxon v0.3.1
[INFO] [stderr]    Compiling dom_struct v0.0.1 (https://github.com/servo/servo?branch=master#e8fdc677)
[INFO] [stderr]    Compiling hetseq v0.1.5
[INFO] [stderr]    Compiling lazy_static v0.1.16
[INFO] [stderr]    Compiling ref_slice v1.1.1
[INFO] [stderr]    Compiling half v1.1.0
[INFO] [stderr]    Compiling wavefront_obj v5.1.0
[INFO] [stderr]    Compiling mitochondria v1.1.2
[INFO] [stderr]    Compiling ref_filter_map v1.0.1
[INFO] [stderr]    Compiling script_plugins v0.0.1 (https://github.com/servo/servo?branch=master#e8fdc677)
[INFO] [stderr]    Compiling swapper v0.1.0
[INFO] [stderr]    Compiling hound v1.1.0
[INFO] [stderr]    Compiling mint v0.2.0
[INFO] [stderr]    Compiling proc-macro2 v0.2.3
[INFO] [stderr]    Compiling itertools v0.5.10
[INFO] [stderr]    Compiling itertools v0.7.8
[INFO] [stderr]    Compiling log v0.4.1
[INFO] [stderr]    Compiling crossbeam-utils v0.2.2
[INFO] [stderr]    Compiling encoding_rs v0.7.2
[INFO] [stdout] error[E0462]: found staticlib `rustc` instead of rlib or dylib
[INFO] [stdout]   --> /opt/rustwide/cargo-home/git/checkouts/servo-12bfca331f128de3/e8fdc67/components/script_plugins/lib.rs:26:1
[INFO] [stdout]    |
[INFO] [stdout] 26 | extern crate rustc;
[INFO] [stdout]    | ^^^^^^^^^^^^^^^^^^^
[INFO] [stdout]    |
[INFO] [stdout]    = help: please recompile that crate using --crate-type lib
[INFO] [stdout]    = note: the following crate versions were found:
[INFO] [stdout]            crate `rustc`: /opt/rustwide/rustup-home/toolchains/1.54.0-x86_64-unknown-linux-gnu/lib/rustlib/x86_64-unknown-linux-gnu/lib/librustc-stable_rt.msan.a
[INFO] [stdout]            crate `rustc`: /opt/rustwide/rustup-home/toolchains/1.54.0-x86_64-unknown-linux-gnu/lib/rustlib/x86_64-unknown-linux-gnu/lib/librustc-stable_rt.lsan.a
[INFO] [stdout]            crate `rustc`: /opt/rustwide/rustup-home/toolchains/1.54.0-x86_64-unknown-linux-gnu/lib/rustlib/x86_64-unknown-linux-gnu/lib/librustc-stable_rt.tsan.a
[INFO] [stdout]            crate `rustc`: /opt/rustwide/rustup-home/toolchains/1.54.0-x86_64-unknown-linux-gnu/lib/rustlib/x86_64-unknown-linux-gnu/lib/librustc-stable_rt.asan.a
[INFO] [stdout] 
[INFO] [stdout] 
[INFO] [stdout] error[E0658]: use of unstable library feature 'proc_macro_quote'
[INFO] [stdout]   --> /opt/rustwide/cargo-home/git/checkouts/servo-12bfca331f128de3/e8fdc67/components/dom_struct/lib.rs:17:22
[INFO] [stdout]    |
[INFO] [stdout] 17 |     let attributes = quote! {
[INFO] [stdout]    |                      ^^^^^
[INFO] [stdout]    |
[INFO] [stdout]    = note: see issue #54722 <https://github.com/rust-lang/rust/issues/54722> for more information
[INFO] [stdout] 
[INFO] [stdout] 
[INFO] [stdout] error: aborting due to previous error
[INFO] [stdout] 
[INFO] [stdout] 
[INFO] [stdout] error[E0554]: `#![feature]` may not be used on the stable release channel
[INFO] [stdout]  --> /opt/rustwide/cargo-home/git/checkouts/servo-12bfca331f128de3/e8fdc67/components/dom_struct/lib.rs:5:1
[INFO] [stdout]   |
[INFO] [stdout] 5 | #![feature(proc_macro)]
[INFO] [stdout]   | ^^^^^^^^^^^^^^^^^^^^^^^ help: remove the attribute
[INFO] [stdout]   |
[INFO] [stdout]   = help: the feature `proc_macro` has been stable since 1.29.0 and no longer requires an attribute to enable
[INFO] [stdout] 
[INFO] [stdout] 
[INFO] [stderr] error: could not compile `script_plugins`
[INFO] [stderr] 
[INFO] [stderr] To learn more, run the command again with --verbose.
[INFO] [stderr] warning: build failed, waiting for other jobs to finish...
[INFO] [stdout] error[E0658]: use of unstable library feature 'proc_macro_quote'
[INFO] [stdout]  --> /opt/rustwide/cargo-home/git/checkouts/servo-12bfca331f128de3/e8fdc67/components/dom_struct/lib.rs:9:31
[INFO] [stdout]   |
[INFO] [stdout] 9 | use proc_macro::{TokenStream, quote};
[INFO] [stdout]   |                               ^^^^^
[INFO] [stdout]   |
[INFO] [stdout]   = note: see issue #54722 <https://github.com/rust-lang/rust/issues/54722> for more information
[INFO] [stdout] 
[INFO] [stdout] 
[INFO] [stdout] error: aborting due to 3 previous errors
[INFO] [stdout] 
[INFO] [stdout] 
[INFO] [stdout] Some errors have detailed explanations: E0554, E0658.
[INFO] [stdout] 
[INFO] [stdout] For more information about an error, try `rustc --explain E0554`.
[INFO] [stdout] 
[INFO] [stderr] error: build failed
[INFO] running `Command { std: "docker" "inspect" "33c23baabec3fd1cdeadf83e0d9d65a98c3bc9afa8de08ee79cdb9f41fb816e8", kill_on_drop: false }`
[INFO] running `Command { std: "docker" "rm" "-f" "33c23baabec3fd1cdeadf83e0d9d65a98c3bc9afa8de08ee79cdb9f41fb816e8", kill_on_drop: false }`
[INFO] [stdout] 33c23baabec3fd1cdeadf83e0d9d65a98c3bc9afa8de08ee79cdb9f41fb816e8
