[INFO] cloning repository https://github.com/Mart-Bogdan-Trash/win-api-buffers-experiments
[INFO] running `Command { std: "git" "-c" "credential.helper=" "-c" "credential.helper=/workspace/cargo-home/bin/git-credential-null" "clone" "--bare" "https://github.com/Mart-Bogdan-Trash/win-api-buffers-experiments" "/workspace/cache/git-repos/https%3A%2F%2Fgithub.com%2FMart-Bogdan-Trash%2Fwin-api-buffers-experiments", kill_on_drop: false }`
[INFO] [stderr] Cloning into bare repository '/workspace/cache/git-repos/https%3A%2F%2Fgithub.com%2FMart-Bogdan-Trash%2Fwin-api-buffers-experiments'...
[INFO] running `Command { std: "git" "rev-parse" "HEAD", kill_on_drop: false }`
[INFO] [stdout] 0e7701665b6b057b184ac470c36ae50091b822da
[INFO] testing Mart-Bogdan-Trash/win-api-buffers-experiments against 1.54.0 for beta-1.55-1
[INFO] running `Command { std: "git" "clone" "/workspace/cache/git-repos/https%3A%2F%2Fgithub.com%2FMart-Bogdan-Trash%2Fwin-api-buffers-experiments" "/workspace/builds/worker-107/source", kill_on_drop: false }`
[INFO] [stderr] Cloning into '/workspace/builds/worker-107/source'...
[INFO] [stderr] done.
[INFO] validating manifest of git repo https://github.com/Mart-Bogdan-Trash/win-api-buffers-experiments on toolchain 1.54.0
[INFO] running `Command { std: "/workspace/cargo-home/bin/cargo" "+1.54.0" "metadata" "--manifest-path" "Cargo.toml" "--no-deps", kill_on_drop: false }`
[INFO] started tweaking git repo https://github.com/Mart-Bogdan-Trash/win-api-buffers-experiments
[INFO] finished tweaking git repo https://github.com/Mart-Bogdan-Trash/win-api-buffers-experiments
[INFO] tweaked toml for git repo https://github.com/Mart-Bogdan-Trash/win-api-buffers-experiments written to /workspace/builds/worker-107/source/Cargo.toml
[INFO] crate git repo https://github.com/Mart-Bogdan-Trash/win-api-buffers-experiments already has a lockfile, it will not be regenerated
[INFO] running `Command { std: "/workspace/cargo-home/bin/cargo" "+1.54.0" "fetch" "--manifest-path" "Cargo.toml", kill_on_drop: false }`
[INFO] [stderr]     Blocking waiting for file lock on package cache
[INFO] [stderr]     Blocking waiting for file lock on package cache
[INFO] running `Command { std: "docker" "create" "-v" "/var/lib/crater-agent-workspace/builds/worker-107/target:/opt/rustwide/target:rw,Z" "-v" "/var/lib/crater-agent-workspace/builds/worker-107/source:/opt/rustwide/workdir:ro,Z" "-v" "/var/lib/crater-agent-workspace/cargo-home:/opt/rustwide/cargo-home:ro,Z" "-v" "/var/lib/crater-agent-workspace/rustup-home:/opt/rustwide/rustup-home:ro,Z" "-e" "SOURCE_DIR=/opt/rustwide/workdir" "-e" "CARGO_TARGET_DIR=/opt/rustwide/target" "-e" "CARGO_HOME=/opt/rustwide/cargo-home" "-e" "RUSTUP_HOME=/opt/rustwide/rustup-home" "-w" "/opt/rustwide/workdir" "-m" "1610612736" "--user" "0:0" "--network" "none" "ghcr.io/rust-lang/crates-build-env/linux@sha256:34b6a614d2c27851fe6cbf88fbd1137609cefab8b10d0615aaeb6fd47975d74e" "/opt/rustwide/cargo-home/bin/cargo" "+1.54.0" "metadata" "--no-deps" "--format-version=1", kill_on_drop: false }`
[INFO] [stdout] 830a9133a1d64c2262b354257131ea5a0a5da39f0979c4c83c32c4c49407d2fd
[INFO] running `Command { std: "docker" "start" "-a" "830a9133a1d64c2262b354257131ea5a0a5da39f0979c4c83c32c4c49407d2fd", kill_on_drop: false }`
[INFO] running `Command { std: "docker" "inspect" "830a9133a1d64c2262b354257131ea5a0a5da39f0979c4c83c32c4c49407d2fd", kill_on_drop: false }`
[INFO] running `Command { std: "docker" "rm" "-f" "830a9133a1d64c2262b354257131ea5a0a5da39f0979c4c83c32c4c49407d2fd", kill_on_drop: false }`
[INFO] [stdout] 830a9133a1d64c2262b354257131ea5a0a5da39f0979c4c83c32c4c49407d2fd
[INFO] running `Command { std: "docker" "create" "-v" "/var/lib/crater-agent-workspace/builds/worker-107/target:/opt/rustwide/target:rw,Z" "-v" "/var/lib/crater-agent-workspace/builds/worker-107/source:/opt/rustwide/workdir:ro,Z" "-v" "/var/lib/crater-agent-workspace/cargo-home:/opt/rustwide/cargo-home:ro,Z" "-v" "/var/lib/crater-agent-workspace/rustup-home:/opt/rustwide/rustup-home:ro,Z" "-e" "SOURCE_DIR=/opt/rustwide/workdir" "-e" "CARGO_TARGET_DIR=/opt/rustwide/target" "-e" "CARGO_INCREMENTAL=0" "-e" "RUST_BACKTRACE=full" "-e" "RUSTFLAGS=--cap-lints=warn" "-e" "CARGO_HOME=/opt/rustwide/cargo-home" "-e" "RUSTUP_HOME=/opt/rustwide/rustup-home" "-w" "/opt/rustwide/workdir" "-m" "1610612736" "--user" "0:0" "--network" "none" "ghcr.io/rust-lang/crates-build-env/linux@sha256:34b6a614d2c27851fe6cbf88fbd1137609cefab8b10d0615aaeb6fd47975d74e" "/opt/rustwide/cargo-home/bin/cargo" "+1.54.0" "build" "--frozen" "--message-format=json", kill_on_drop: false }`
[INFO] [stdout] 797c189b8c7be9176ef0653673f91df2e3259c1e017d7335e21ba0772c301d87
[INFO] running `Command { std: "docker" "start" "-a" "797c189b8c7be9176ef0653673f91df2e3259c1e017d7335e21ba0772c301d87", kill_on_drop: false }`
[INFO] [stderr]    Compiling winapi v0.3.7
[INFO] [stderr]    Compiling win-api-buffers v0.1.0 (/opt/rustwide/workdir)
[INFO] [stdout] error[E0433]: failed to resolve: could not find `shared` in `winapi`
[INFO] [stdout]  --> src/main.rs:2:13
[INFO] [stdout]   |
[INFO] [stdout] 2 | use winapi::shared::ntdef::LPWSTR;
[INFO] [stdout]   |             ^^^^^^ could not find `shared` in `winapi`
[INFO] [stdout] 
[INFO] [stdout] 
[INFO] [stdout] error[E0433]: failed to resolve: could not find `um` in `winapi`
[INFO] [stdout]  --> src/main.rs:3:13
[INFO] [stdout]   |
[INFO] [stdout] 3 | use winapi::um::fileapi::GetFinalPathNameByHandleW;
[INFO] [stdout]   |             ^^ could not find `um` in `winapi`
[INFO] [stdout] 
[INFO] [stdout] 
[INFO] [stdout] error[E0433]: failed to resolve: could not find `um` in `winapi`
[INFO] [stdout]  --> src/main.rs:4:13
[INFO] [stdout]   |
[INFO] [stdout] 4 | use winapi::um::processenv::GetStdHandle;
[INFO] [stdout]   |             ^^ could not find `um` in `winapi`
[INFO] [stdout] 
[INFO] [stdout] 
[INFO] [stdout] error[E0433]: failed to resolve: could not find `um` in `winapi`
[INFO] [stdout]  --> src/main.rs:5:13
[INFO] [stdout]   |
[INFO] [stdout] 5 | use winapi::um::winnt::HANDLE;
[INFO] [stdout]   |             ^^ could not find `um` in `winapi`
[INFO] [stdout] 
[INFO] [stdout] 
[INFO] [stdout] error[E0433]: failed to resolve: could not find `windows` in `os`
[INFO] [stdout]   --> src/main.rs:10:14
[INFO] [stdout]    |
[INFO] [stdout] 10 | use std::os::windows::prelude::*;
[INFO] [stdout]    |              ^^^^^^^ could not find `windows` in `os`
[INFO] [stdout] 
[INFO] [stdout] 
[INFO] [stdout] error[E0433]: failed to resolve: could not find `um` in `winapi`
[INFO] [stdout]   --> src/main.rs:14:51
[INFO] [stdout]    |
[INFO] [stdout] 14 |         let handle: HANDLE = GetStdHandle(winapi::um::winbase::STD_OUTPUT_HANDLE);
[INFO] [stdout]    |                                                   ^^ could not find `um` in `winapi`
[INFO] [stdout] 
[INFO] [stdout] 
[INFO] [stdout] error[E0412]: cannot find type `HANDLE` in this scope
[INFO] [stdout]   --> src/main.rs:14:21
[INFO] [stdout]    |
[INFO] [stdout] 14 |         let handle: HANDLE = GetStdHandle(winapi::um::winbase::STD_OUTPUT_HANDLE);
[INFO] [stdout]    |                     ^^^^^^ not found in this scope
[INFO] [stdout] 
[INFO] [stdout] 
[INFO] [stdout] error[E0425]: cannot find function, tuple struct or tuple variant `GetStdHandle` in this scope
[INFO] [stdout]   --> src/main.rs:14:30
[INFO] [stdout]    |
[INFO] [stdout] 14 |         let handle: HANDLE = GetStdHandle(winapi::um::winbase::STD_OUTPUT_HANDLE);
[INFO] [stdout]    |                              ^^^^^^^^^^^^ not found in this scope
[INFO] [stdout] 
[INFO] [stdout] 
[INFO] [stdout] error[E0425]: cannot find function, tuple struct or tuple variant `GetFinalPathNameByHandleW` in this scope
[INFO] [stdout]   --> src/main.rs:18:28
[INFO] [stdout]    |
[INFO] [stdout] 18 |             let name_len = GetFinalPathNameByHandleW(
[INFO] [stdout]    |                            ^^^^^^^^^^^^^^^^^^^^^^^^^ not found in this scope
[INFO] [stdout] 
[INFO] [stdout] 
[INFO] [stdout] error[E0412]: cannot find type `LPWSTR` in this scope
[INFO] [stdout]   --> src/main.rs:20:39
[INFO] [stdout]    |
[INFO] [stdout] 20 |                 &mut buf as *mut _ as LPWSTR,
[INFO] [stdout]    |                                       ^^^^^^ not found in this scope
[INFO] [stdout] 
[INFO] [stdout] 
[INFO] [stdout] error[E0599]: no function or associated item named `from_wide` found for struct `OsString` in the current scope
[INFO] [stdout]   --> src/main.rs:30:33
[INFO] [stdout]    |
[INFO] [stdout] 30 |             let str = OsString::from_wide(&buf[0..(name_len as usize)]);
[INFO] [stdout]    |                                 ^^^^^^^^^ function or associated item not found in `OsString`
[INFO] [stdout] 
[INFO] [stdout] 
[INFO] [stdout] error: aborting due to 11 previous errors
[INFO] [stdout] 
[INFO] [stdout] 
[INFO] [stdout] Some errors have detailed explanations: E0412, E0425, E0433, E0599.
[INFO] [stdout] 
[INFO] [stdout] For more information about an error, try `rustc --explain E0412`.
[INFO] [stdout] 
[INFO] [stderr] error: could not compile `win-api-buffers`
[INFO] [stderr] 
[INFO] [stderr] To learn more, run the command again with --verbose.
[INFO] running `Command { std: "docker" "inspect" "797c189b8c7be9176ef0653673f91df2e3259c1e017d7335e21ba0772c301d87", kill_on_drop: false }`
[INFO] running `Command { std: "docker" "rm" "-f" "797c189b8c7be9176ef0653673f91df2e3259c1e017d7335e21ba0772c301d87", kill_on_drop: false }`
[INFO] [stdout] 797c189b8c7be9176ef0653673f91df2e3259c1e017d7335e21ba0772c301d87
